[INFO] fetching crate vmap 0.5.1...
[INFO] testing vmap-0.5.1 against 1.75.0 for beta-1.76-1
[INFO] extracting crate vmap 0.5.1 into /workspace/builds/worker-1-tc1/source
[INFO] validating manifest of crates.io crate vmap 0.5.1 on toolchain 1.75.0
[INFO] running `Command { std: CARGO_HOME="/workspace/cargo-home" RUSTUP_HOME="/workspace/rustup-home" "/workspace/cargo-home/bin/cargo" "+1.75.0" "metadata" "--manifest-path" "Cargo.toml" "--no-deps", kill_on_drop: false }`
[INFO] started tweaking crates.io crate vmap 0.5.1
[INFO] finished tweaking crates.io crate vmap 0.5.1
[INFO] tweaked toml for crates.io crate vmap 0.5.1 written to /workspace/builds/worker-1-tc1/source/Cargo.toml
[INFO] running `Command { std: CARGO_HOME="/workspace/cargo-home" RUSTUP_HOME="/workspace/rustup-home" "/workspace/cargo-home/bin/cargo" "+1.75.0" "generate-lockfile" "--manifest-path" "Cargo.toml", kill_on_drop: false }`
[INFO] [stderr]     Blocking waiting for file lock on package cache
[INFO] [stderr]     Updating crates.io index
[INFO] running `Command { std: CARGO_HOME="/workspace/cargo-home" RUSTUP_HOME="/workspace/rustup-home" "/workspace/cargo-home/bin/cargo" "+1.75.0" "fetch" "--manifest-path" "Cargo.toml", kill_on_drop: false }`
[INFO] [stderr]     Blocking waiting for file lock on package cache
[INFO] [stderr]     Blocking waiting for file lock on package cache
[INFO] [stderr]  Downloading crates ...
[INFO] [stderr]   Downloaded system_error v0.1.1
[INFO] running `Command { std: "docker" "create" "-v" "/var/lib/crater-agent-workspace/builds/worker-1-tc1/target:/opt/rustwide/target:rw,Z" "-v" "/var/lib/crater-agent-workspace/builds/worker-1-tc1/source:/opt/rustwide/workdir:ro,Z" "-v" "/var/lib/crater-agent-workspace/cargo-home:/opt/rustwide/cargo-home:ro,Z" "-v" "/var/lib/crater-agent-workspace/rustup-home:/opt/rustwide/rustup-home:ro,Z" "-e" "SOURCE_DIR=/opt/rustwide/workdir" "-e" "CARGO_TARGET_DIR=/opt/rustwide/target" "-e" "CARGO_HOME=/opt/rustwide/cargo-home" "-e" "RUSTUP_HOME=/opt/rustwide/rustup-home" "-w" "/opt/rustwide/workdir" "-m" "1610612736" "--user" "0:0" "--network" "none" "ghcr.io/rust-lang/crates-build-env/linux@sha256:2788e3201cd34a07e3172128adcd8b3090168a8e3bcc40d7c032b9dda1df7d1c" "/opt/rustwide/cargo-home/bin/cargo" "+1.75.0" "metadata" "--no-deps" "--format-version=1", kill_on_drop: false }`
[INFO] [stdout] eb8e0c4dd0ed05a0a9339085c258a6a43b9a23cace77091a96c18306ee1e81de
[INFO] running `Command { std: "docker" "start" "-a" "eb8e0c4dd0ed05a0a9339085c258a6a43b9a23cace77091a96c18306ee1e81de", kill_on_drop: false }`
[INFO] running `Command { std: "docker" "inspect" "eb8e0c4dd0ed05a0a9339085c258a6a43b9a23cace77091a96c18306ee1e81de", kill_on_drop: false }`
[INFO] running `Command { std: "docker" "rm" "-f" "eb8e0c4dd0ed05a0a9339085c258a6a43b9a23cace77091a96c18306ee1e81de", kill_on_drop: false }`
[INFO] [stdout] eb8e0c4dd0ed05a0a9339085c258a6a43b9a23cace77091a96c18306ee1e81de
[INFO] running `Command { std: "docker" "create" "-v" "/var/lib/crater-agent-workspace/builds/worker-1-tc1/target:/opt/rustwide/target:rw,Z" "-v" "/var/lib/crater-agent-workspace/builds/worker-1-tc1/source:/opt/rustwide/workdir:ro,Z" "-v" "/var/lib/crater-agent-workspace/cargo-home:/opt/rustwide/cargo-home:ro,Z" "-v" "/var/lib/crater-agent-workspace/rustup-home:/opt/rustwide/rustup-home:ro,Z" "-e" "SOURCE_DIR=/opt/rustwide/workdir" "-e" "CARGO_TARGET_DIR=/opt/rustwide/target" "-e" "CARGO_INCREMENTAL=0" "-e" "RUST_BACKTRACE=full" "-e" "RUSTFLAGS=--cap-lints=warn" "-e" "RUSTDOCFLAGS=--cap-lints=warn" "-e" "CARGO_HOME=/opt/rustwide/cargo-home" "-e" "RUSTUP_HOME=/opt/rustwide/rustup-home" "-w" "/opt/rustwide/workdir" "-m" "1610612736" "--user" "0:0" "--network" "none" "ghcr.io/rust-lang/crates-build-env/linux@sha256:2788e3201cd34a07e3172128adcd8b3090168a8e3bcc40d7c032b9dda1df7d1c" "/opt/rustwide/cargo-home/bin/cargo" "+1.75.0" "build" "--frozen" "--message-format=json", kill_on_drop: false }`
[INFO] [stdout] ba39b4358672aa6940406da0967405987a6e7e8b4cc68fe22920a895151e698e
[INFO] running `Command { std: "docker" "start" "-a" "ba39b4358672aa6940406da0967405987a6e7e8b4cc68fe22920a895151e698e", kill_on_drop: false }`
[INFO] [stderr]    Compiling cfg-if v0.1.10
[INFO] [stderr]    Compiling system_error v0.1.1
[INFO] [stderr]    Compiling vmap v0.5.1 (/opt/rustwide/workdir)
[INFO] [stderr]     Finished dev [unoptimized + debuginfo] target(s) in 0.36s
[INFO] running `Command { std: "docker" "inspect" "ba39b4358672aa6940406da0967405987a6e7e8b4cc68fe22920a895151e698e", kill_on_drop: false }`
[INFO] running `Command { std: "docker" "rm" "-f" "ba39b4358672aa6940406da0967405987a6e7e8b4cc68fe22920a895151e698e", kill_on_drop: false }`
[INFO] [stdout] ba39b4358672aa6940406da0967405987a6e7e8b4cc68fe22920a895151e698e
[INFO] running `Command { std: "docker" "create" "-v" "/var/lib/crater-agent-workspace/builds/worker-1-tc1/target:/opt/rustwide/target:rw,Z" "-v" "/var/lib/crater-agent-workspace/builds/worker-1-tc1/source:/opt/rustwide/workdir:ro,Z" "-v" "/var/lib/crater-agent-workspace/cargo-home:/opt/rustwide/cargo-home:ro,Z" "-v" "/var/lib/crater-agent-workspace/rustup-home:/opt/rustwide/rustup-home:ro,Z" "-e" "SOURCE_DIR=/opt/rustwide/workdir" "-e" "CARGO_TARGET_DIR=/opt/rustwide/target" "-e" "CARGO_INCREMENTAL=0" "-e" "RUST_BACKTRACE=full" "-e" "RUSTFLAGS=--cap-lints=warn" "-e" "RUSTDOCFLAGS=--cap-lints=warn" "-e" "CARGO_HOME=/opt/rustwide/cargo-home" "-e" "RUSTUP_HOME=/opt/rustwide/rustup-home" "-w" "/opt/rustwide/workdir" "-m" "1610612736" "--user" "0:0" "--network" "none" "ghcr.io/rust-lang/crates-build-env/linux@sha256:2788e3201cd34a07e3172128adcd8b3090168a8e3bcc40d7c032b9dda1df7d1c" "/opt/rustwide/cargo-home/bin/cargo" "+1.75.0" "test" "--frozen" "--no-run" "--message-format=json", kill_on_drop: false }`
[INFO] [stdout] b28c9273234e7dc9abf40e24255b93c03e37ddb8a08ed1a81e6bb7dfb147c3ab
[INFO] running `Command { std: "docker" "start" "-a" "b28c9273234e7dc9abf40e24255b93c03e37ddb8a08ed1a81e6bb7dfb147c3ab", kill_on_drop: false }`
[INFO] [stderr]    Compiling rand v0.4.6
[INFO] [stderr]    Compiling remove_dir_all v0.5.3
[INFO] [stderr]    Compiling tempdir v0.3.7
[INFO] [stderr]    Compiling vmap v0.5.1 (/opt/rustwide/workdir)
[INFO] [stderr]     Finished test [unoptimized + debuginfo] target(s) in 1.30s
[INFO] running `Command { std: "docker" "inspect" "b28c9273234e7dc9abf40e24255b93c03e37ddb8a08ed1a81e6bb7dfb147c3ab", kill_on_drop: false }`
[INFO] running `Command { std: "docker" "rm" "-f" "b28c9273234e7dc9abf40e24255b93c03e37ddb8a08ed1a81e6bb7dfb147c3ab", kill_on_drop: false }`
[INFO] [stdout] b28c9273234e7dc9abf40e24255b93c03e37ddb8a08ed1a81e6bb7dfb147c3ab
[INFO] running `Command { std: "docker" "create" "-v" "/var/lib/crater-agent-workspace/builds/worker-1-tc1/target:/opt/rustwide/target:rw,Z" "-v" "/var/lib/crater-agent-workspace/builds/worker-1-tc1/source:/opt/rustwide/workdir:ro,Z" "-v" "/var/lib/crater-agent-workspace/cargo-home:/opt/rustwide/cargo-home:ro,Z" "-v" "/var/lib/crater-agent-workspace/rustup-home:/opt/rustwide/rustup-home:ro,Z" "-e" "SOURCE_DIR=/opt/rustwide/workdir" "-e" "CARGO_TARGET_DIR=/opt/rustwide/target" "-e" "CARGO_INCREMENTAL=0" "-e" "RUST_BACKTRACE=full" "-e" "RUSTFLAGS=--cap-lints=warn" "-e" "RUSTDOCFLAGS=--cap-lints=warn" "-e" "CARGO_HOME=/opt/rustwide/cargo-home" "-e" "RUSTUP_HOME=/opt/rustwide/rustup-home" "-w" "/opt/rustwide/workdir" "-m" "1610612736" "--user" "0:0" "--network" "none" "ghcr.io/rust-lang/crates-build-env/linux@sha256:2788e3201cd34a07e3172128adcd8b3090168a8e3bcc40d7c032b9dda1df7d1c" "/opt/rustwide/cargo-home/bin/cargo" "+1.75.0" "test" "--frozen", kill_on_drop: false }`
[INFO] [stdout] 3983375e8bcb91976f3f3f4943fd8fe57ed7d46b0388c67818f9bbe11a7792a4
[INFO] running `Command { std: "docker" "start" "-a" "3983375e8bcb91976f3f3f4943fd8fe57ed7d46b0388c67818f9bbe11a7792a4", kill_on_drop: false }`
[INFO] [stderr]     Finished test [unoptimized + debuginfo] target(s) in 0.01s
[INFO] [stderr]      Running unittests src/lib.rs (/opt/rustwide/target/debug/deps/vmap-93e3f2613efb5f34)
[INFO] [stdout] 
[INFO] [stdout] running 17 tests
[INFO] [stdout] test io::tests::overwrite ... ok
[INFO] [stdout] test io::tests::size ... ok
[INFO] [stdout] test tests::alloc_exact ... ok
[INFO] [stdout] test io::tests::wrap ... ok
[INFO] [stdout] test tests::allocation_size ... ok
[INFO] [stdout] test tests::alloc_min ... ok
[INFO] [stdout] test tests::alloc_offset ... ok
[INFO] [stdout] test tests::copy ... ok
[INFO] [stdout] test tests::read_max ... ok
[INFO] [stdout] test tests::read_end ... ok
[INFO] [stdout] test tests::read_exact ... ok
[INFO] [stdout] test tests::read_min ... ok
[INFO] [stdout] test tests::truncate ... ok
[INFO] [stdout] test tests::volatile ... ok
[INFO] [stdout] test tests::unaligned ... ok
[INFO] [stdout] test tests::write_into_mut ... ok
[INFO] [stdout] test io::tests::ring_sizes_vs_page_size ... ok
[INFO] [stdout] 
[INFO] [stdout] test result: ok. 17 passed; 0 failed; 0 ignored; 0 measured; 0 filtered out; finished in 0.06s
[INFO] [stdout] 
[INFO] [stderr]    Doc-tests vmap
[INFO] [stdout] 
[INFO] [stdout] running 49 tests
[INFO] [stdout] test src/error.rs - error::Error::operation (line 206) ... ok
[INFO] [stdout] test src/error.rs - error::Error::kernel (line 114) ... ok
[INFO] [stdout] test src/error.rs - error::Error::input (line 69) ... ok
[INFO] [stdout] test src/error.rs - error::Operation::as_str (line 338) ... ok
[INFO] [stdout] test src/error.rs - error::Error::io (line 47) ... ok
[INFO] [stdout] test src/error.rs - error::Error::kind (line 181) ... ok
[INFO] [stdout] test src/error.rs - error::Error::last_os_error (line 137) ... ok
[INFO] [stdout] test src/error.rs - error::Error::system (line 91) ... ok
[INFO] [stdout] test src/io/buffer.rs - io::buffer::BufWriter (line 118) ... ok
[INFO] [stdout] test src/io/ring.rs - io::ring::Ring (line 22) ... ok
[INFO] [stdout] test src/lib.rs - (line 56) ... ok
[INFO] [stdout] test src/lib.rs - (line 30) ... ok
[INFO] [stdout] test src/io/buffer.rs - io::buffer::BufReader (line 14) ... ok
[INFO] [stdout] test src/error.rs - error::Input::as_str (line 401) ... ok
[INFO] [stdout] test src/io/ring.rs - io::ring::InfiniteRing (line 159) ... ok
[INFO] [stdout] test src/error.rs - error::Error::raw_os_error (line 153) ... ok
[INFO] [stdout] test src/lib.rs - Size (line 290) ... ok
[INFO] [stdout] test src/lib.rs - (line 92) ... ok
[INFO] [stdout] test src/lib.rs - Size::size (line 412) ... ok
[INFO] [stdout] test src/lib.rs - Size::count (line 430) ... ok
[INFO] [stdout] test src/lib.rs - Size::round (line 354) ... ok
[INFO] [stdout] test src/lib.rs - allocation_size (line 257) ... ok
[INFO] [stdout] test src/lib.rs - Size::offset (line 394) ... ok
[INFO] [stdout] test src/lib.rs - Size::truncate (line 374) ... ok
[INFO] [stdout] test src/lib.rs - Size::with_size (line 338) ... ok
[INFO] [stdout] test src/lib.rs - page_size (line 236) ... ok
[INFO] [stdout] test src/map.rs - map::MapMut::new (line 250) ... ok
[INFO] [stdout] test src/map.rs - map::Map (line 19) ... ok
[INFO] [stdout] test src/map.rs - map::MapMut::into_map (line 272) ... ok
[INFO] [stdout] test src/map.rs - map::Map::into_map_mut (line 78) ... ok
[INFO] [stdout] test src/map.rs - map::Options<T>::alloc (line 1228) ... ok
[INFO] [stdout] test src/map.rs - map::Map::with_options (line 49) ... ok
[INFO] [stdout] test src/map.rs - map::Options<T>::copy (line 578) ... ok
[INFO] [stdout] test src/map.rs - map::Options<T>::create_new (line 652) ... ok
[INFO] [stdout] test src/map.rs - map::MapMut::with_options (line 217) ... ok
[INFO] [stdout] test src/map.rs - map::Options<T>::len (line 856) ... ok
[INFO] [stdout] test src/map.rs - map::Options<T>::len (line 815) ... ok
[INFO] [stdout] test src/map.rs - map::Options<T>::offset (line 730) ... ok
[INFO] [stdout] test src/map.rs - map::Options<T>::len (line 780) ... ok
[INFO] [stdout] test src/map.rs - map::Options<T>::map_if (line 1163) ... ok
[INFO] [stdout] test src/map.rs - map::Options<T>::create (line 609) ... ok
[INFO] [stdout] test src/map.rs - map::Options<T>::open (line 1053) ... ok
[INFO] [stdout] test src/map.rs - map::Options<T>::map (line 1127) ... ok
[INFO] [stdout] test src/map.rs - map::Options<T>::write (line 546) ... FAILED
[INFO] [stdout] test src/map.rs - map::Options<T>::resize (line 952) ... ok
[INFO] [stdout] test src/map.rs - map::Options<T>::truncate (line 688) ... ok
[INFO] [stdout] test src/map.rs - map::Options<T>::resize (line 992) ... ok
[INFO] [stdout] test src/map.rs - map::Options<T>::open_if (line 1091) ... ok
[INFO] [stdout] test src/map.rs - map::Options<T>::resize (line 924) ... ok
[INFO] [stdout] 
[INFO] [stdout] failures:
[INFO] [stdout] 
[INFO] [stdout] ---- src/map.rs - map::Options<T>::write (line 546) stdout ----
[INFO] [stdout] Test executable failed (exit status: 1).
[INFO] [stdout] 
[INFO] [stdout] stderr:
[INFO] [stdout] Error: Error { op: MapFile, kind: ReadOnlyFilesystem, io: Os { code: 30, kind: ReadOnlyFilesystem, message: "Read-only file system" } }
[INFO] [stdout] 
[INFO] [stdout] 
[INFO] [stdout] 
[INFO] [stdout] failures:
[INFO] [stdout]     src/map.rs - map::Options<T>::write (line 546)
[INFO] [stdout] 
[INFO] [stdout] test result: FAILED. 48 passed; 1 failed; 0 ignored; 0 measured; 0 filtered out; finished in 1.34s
[INFO] [stdout] 
[INFO] [stderr] error: doctest failed, to rerun pass `--doc`
[INFO] running `Command { std: "docker" "inspect" "3983375e8bcb91976f3f3f4943fd8fe57ed7d46b0388c67818f9bbe11a7792a4", kill_on_drop: false }`
[INFO] running `Command { std: "docker" "rm" "-f" "3983375e8bcb91976f3f3f4943fd8fe57ed7d46b0388c67818f9bbe11a7792a4", kill_on_drop: false }`
[INFO] [stdout] 3983375e8bcb91976f3f3f4943fd8fe57ed7d46b0388c67818f9bbe11a7792a4
[INFO] testing vmap-0.5.1 against beta-2023-12-22 for beta-1.76-1
[INFO] extracting crate vmap 0.5.1 into /workspace/builds/worker-1-tc2/source
[INFO] validating manifest of crates.io crate vmap 0.5.1 on toolchain beta-2023-12-22
[INFO] running `Command { std: CARGO_HOME="/workspace/cargo-home" RUSTUP_HOME="/workspace/rustup-home" "/workspace/cargo-home/bin/cargo" "+beta-2023-12-22" "metadata" "--manifest-path" "Cargo.toml" "--no-deps", kill_on_drop: false }`
[INFO] started tweaking crates.io crate vmap 0.5.1
[INFO] finished tweaking crates.io crate vmap 0.5.1
[INFO] tweaked toml for crates.io crate vmap 0.5.1 written to /workspace/builds/worker-1-tc2/source/Cargo.toml
[INFO] running `Command { std: CARGO_HOME="/workspace/cargo-home" RUSTUP_HOME="/workspace/rustup-home" "/workspace/cargo-home/bin/cargo" "+beta-2023-12-22" "generate-lockfile" "--manifest-path" "Cargo.toml", kill_on_drop: false }`
[INFO] [stderr]     Updating crates.io index
[INFO] running `Command { std: CARGO_HOME="/workspace/cargo-home" RUSTUP_HOME="/workspace/rustup-home" "/workspace/cargo-home/bin/cargo" "+beta-2023-12-22" "fetch" "--manifest-path" "Cargo.toml", kill_on_drop: false }`
[INFO] running `Command { std: "docker" "create" "-v" "/var/lib/crater-agent-workspace/builds/worker-1-tc2/target:/opt/rustwide/target:rw,Z" "-v" "/var/lib/crater-agent-workspace/builds/worker-1-tc2/source:/opt/rustwide/workdir:ro,Z" "-v" "/var/lib/crater-agent-workspace/cargo-home:/opt/rustwide/cargo-home:ro,Z" "-v" "/var/lib/crater-agent-workspace/rustup-home:/opt/rustwide/rustup-home:ro,Z" "-e" "SOURCE_DIR=/opt/rustwide/workdir" "-e" "CARGO_TARGET_DIR=/opt/rustwide/target" "-e" "CARGO_HOME=/opt/rustwide/cargo-home" "-e" "RUSTUP_HOME=/opt/rustwide/rustup-home" "-w" "/opt/rustwide/workdir" "-m" "1610612736" "--user" "0:0" "--network" "none" "ghcr.io/rust-lang/crates-build-env/linux@sha256:2788e3201cd34a07e3172128adcd8b3090168a8e3bcc40d7c032b9dda1df7d1c" "/opt/rustwide/cargo-home/bin/cargo" "+beta-2023-12-22" "metadata" "--no-deps" "--format-version=1", kill_on_drop: false }`
[INFO] [stdout] 3a301d24d771248eb033bd49a1a9cf189f9aeb81ffed3fa171741e3054a288b8
[INFO] running `Command { std: "docker" "start" "-a" "3a301d24d771248eb033bd49a1a9cf189f9aeb81ffed3fa171741e3054a288b8", kill_on_drop: false }`
[INFO] running `Command { std: "docker" "inspect" "3a301d24d771248eb033bd49a1a9cf189f9aeb81ffed3fa171741e3054a288b8", kill_on_drop: false }`
[INFO] running `Command { std: "docker" "rm" "-f" "3a301d24d771248eb033bd49a1a9cf189f9aeb81ffed3fa171741e3054a288b8", kill_on_drop: false }`
[INFO] [stdout] 3a301d24d771248eb033bd49a1a9cf189f9aeb81ffed3fa171741e3054a288b8
[INFO] running `Command { std: "docker" "create" "-v" "/var/lib/crater-agent-workspace/builds/worker-1-tc2/target:/opt/rustwide/target:rw,Z" "-v" "/var/lib/crater-agent-workspace/builds/worker-1-tc2/source:/opt/rustwide/workdir:ro,Z" "-v" "/var/lib/crater-agent-workspace/cargo-home:/opt/rustwide/cargo-home:ro,Z" "-v" "/var/lib/crater-agent-workspace/rustup-home:/opt/rustwide/rustup-home:ro,Z" "-e" "SOURCE_DIR=/opt/rustwide/workdir" "-e" "CARGO_TARGET_DIR=/opt/rustwide/target" "-e" "CARGO_INCREMENTAL=0" "-e" "RUST_BACKTRACE=full" "-e" "RUSTFLAGS=--cap-lints=warn" "-e" "RUSTDOCFLAGS=--cap-lints=warn" "-e" "CARGO_HOME=/opt/rustwide/cargo-home" "-e" "RUSTUP_HOME=/opt/rustwide/rustup-home" "-w" "/opt/rustwide/workdir" "-m" "1610612736" "--user" "0:0" "--network" "none" "ghcr.io/rust-lang/crates-build-env/linux@sha256:2788e3201cd34a07e3172128adcd8b3090168a8e3bcc40d7c032b9dda1df7d1c" "/opt/rustwide/cargo-home/bin/cargo" "+beta-2023-12-22" "build" "--frozen" "--message-format=json", kill_on_drop: false }`
[INFO] [stdout] 6944682157deadff1822d95afff3432d97a5157d5b15474adaf289367f52a593
[INFO] running `Command { std: "docker" "start" "-a" "6944682157deadff1822d95afff3432d97a5157d5b15474adaf289367f52a593", kill_on_drop: false }`
[INFO] [stderr]    Compiling cfg-if v0.1.10
[INFO] [stderr]    Compiling system_error v0.1.1
[INFO] [stderr]    Compiling vmap v0.5.1 (/opt/rustwide/workdir)
[INFO] [stderr]     Finished dev [unoptimized + debuginfo] target(s) in 0.26s
[INFO] running `Command { std: "docker" "inspect" "6944682157deadff1822d95afff3432d97a5157d5b15474adaf289367f52a593", kill_on_drop: false }`
[INFO] running `Command { std: "docker" "rm" "-f" "6944682157deadff1822d95afff3432d97a5157d5b15474adaf289367f52a593", kill_on_drop: false }`
[INFO] [stdout] 6944682157deadff1822d95afff3432d97a5157d5b15474adaf289367f52a593
[INFO] running `Command { std: "docker" "create" "-v" "/var/lib/crater-agent-workspace/builds/worker-1-tc2/target:/opt/rustwide/target:rw,Z" "-v" "/var/lib/crater-agent-workspace/builds/worker-1-tc2/source:/opt/rustwide/workdir:ro,Z" "-v" "/var/lib/crater-agent-workspace/cargo-home:/opt/rustwide/cargo-home:ro,Z" "-v" "/var/lib/crater-agent-workspace/rustup-home:/opt/rustwide/rustup-home:ro,Z" "-e" "SOURCE_DIR=/opt/rustwide/workdir" "-e" "CARGO_TARGET_DIR=/opt/rustwide/target" "-e" "CARGO_INCREMENTAL=0" "-e" "RUST_BACKTRACE=full" "-e" "RUSTFLAGS=--cap-lints=warn" "-e" "RUSTDOCFLAGS=--cap-lints=warn" "-e" "CARGO_HOME=/opt/rustwide/cargo-home" "-e" "RUSTUP_HOME=/opt/rustwide/rustup-home" "-w" "/opt/rustwide/workdir" "-m" "1610612736" "--user" "0:0" "--network" "none" "ghcr.io/rust-lang/crates-build-env/linux@sha256:2788e3201cd34a07e3172128adcd8b3090168a8e3bcc40d7c032b9dda1df7d1c" "/opt/rustwide/cargo-home/bin/cargo" "+beta-2023-12-22" "test" "--frozen" "--no-run" "--message-format=json", kill_on_drop: false }`
[INFO] [stdout] 1b198a453490a84dfb6f113a58be910fb38fac95e8018202c97c0565293b8dc8
[INFO] running `Command { std: "docker" "start" "-a" "1b198a453490a84dfb6f113a58be910fb38fac95e8018202c97c0565293b8dc8", kill_on_drop: false }`
[INFO] [stderr]    Compiling rand v0.4.6
[INFO] [stderr]    Compiling remove_dir_all v0.5.3
[INFO] [stderr]    Compiling tempdir v0.3.7
[INFO] [stderr]    Compiling vmap v0.5.1 (/opt/rustwide/workdir)
[INFO] [stderr]     Finished test [unoptimized + debuginfo] target(s) in 0.94s
[INFO] running `Command { std: "docker" "inspect" "1b198a453490a84dfb6f113a58be910fb38fac95e8018202c97c0565293b8dc8", kill_on_drop: false }`
[INFO] running `Command { std: "docker" "rm" "-f" "1b198a453490a84dfb6f113a58be910fb38fac95e8018202c97c0565293b8dc8", kill_on_drop: false }`
[INFO] [stdout] 1b198a453490a84dfb6f113a58be910fb38fac95e8018202c97c0565293b8dc8
[INFO] running `Command { std: "docker" "create" "-v" "/var/lib/crater-agent-workspace/builds/worker-1-tc2/target:/opt/rustwide/target:rw,Z" "-v" "/var/lib/crater-agent-workspace/builds/worker-1-tc2/source:/opt/rustwide/workdir:ro,Z" "-v" "/var/lib/crater-agent-workspace/cargo-home:/opt/rustwide/cargo-home:ro,Z" "-v" "/var/lib/crater-agent-workspace/rustup-home:/opt/rustwide/rustup-home:ro,Z" "-e" "SOURCE_DIR=/opt/rustwide/workdir" "-e" "CARGO_TARGET_DIR=/opt/rustwide/target" "-e" "CARGO_INCREMENTAL=0" "-e" "RUST_BACKTRACE=full" "-e" "RUSTFLAGS=--cap-lints=warn" "-e" "RUSTDOCFLAGS=--cap-lints=warn" "-e" "CARGO_HOME=/opt/rustwide/cargo-home" "-e" "RUSTUP_HOME=/opt/rustwide/rustup-home" "-w" "/opt/rustwide/workdir" "-m" "1610612736" "--user" "0:0" "--network" "none" "ghcr.io/rust-lang/crates-build-env/linux@sha256:2788e3201cd34a07e3172128adcd8b3090168a8e3bcc40d7c032b9dda1df7d1c" "/opt/rustwide/cargo-home/bin/cargo" "+beta-2023-12-22" "test" "--frozen", kill_on_drop: false }`
[INFO] [stdout] 66412e77f3af22fa3713644e3ea73f7ea72c5f3c8854b0972082ef6d98a43f76
[INFO] running `Command { std: "docker" "start" "-a" "66412e77f3af22fa3713644e3ea73f7ea72c5f3c8854b0972082ef6d98a43f76", kill_on_drop: false }`
[INFO] [stderr]     Finished test [unoptimized + debuginfo] target(s) in 0.01s
[INFO] [stderr]      Running unittests src/lib.rs (/opt/rustwide/target/debug/deps/vmap-79ee42a8b592766f)
[INFO] [stdout] 
[INFO] [stdout] running 17 tests
[INFO] [stdout] test io::tests::size ... ok
[INFO] [stdout] test io::tests::wrap ... ok
[INFO] [stdout] test tests::alloc_exact ... ok
[INFO] [stdout] test io::tests::overwrite ... ok
[INFO] [stdout] test tests::alloc_offset ... ok
[INFO] [stdout] test tests::alloc_min ... ok
[INFO] [stdout] test tests::allocation_size ... ok
[INFO] [stdout] test tests::copy ... ok
[INFO] [stdout] test tests::read_end ... ok
[INFO] [stdout] test tests::read_exact ... ok
[INFO] [stdout] test tests::read_min ... ok
[INFO] [stdout] test tests::read_max ... ok
[INFO] [stdout] test tests::truncate ... ok
[INFO] [stdout] test tests::unaligned ... ok
[INFO] [stdout] test tests::write_into_mut ... ok
[INFO] [stdout] test tests::volatile ... ok
[INFO] [stdout] test io::tests::ring_sizes_vs_page_size ... ok
[INFO] [stdout] 
[INFO] [stdout] test result: ok. 17 passed; 0 failed; 0 ignored; 0 measured; 0 filtered out; finished in 0.06s
[INFO] [stdout] 
[INFO] [stderr]    Doc-tests vmap
[INFO] [stdout] 
[INFO] [stdout] running 49 tests
[INFO] [stdout] test src/error.rs - error::Operation::as_str (line 338) ... ok
[INFO] [stdout] test src/error.rs - error::Input::as_str (line 401) ... ok
[INFO] [stdout] test src/error.rs - error::Error::kernel (line 114) ... ok
[INFO] [stdout] test src/error.rs - error::Error::raw_os_error (line 153) ... ok
[INFO] [stdout] test src/error.rs - error::Error::last_os_error (line 137) ... ok
[INFO] [stdout] test src/error.rs - error::Error::kind (line 181) ... ok
[INFO] [stdout] test src/error.rs - error::Error::input (line 69) ... ok
[INFO] [stdout] test src/error.rs - error::Error::operation (line 206) ... ok
[INFO] [stdout] test src/error.rs - error::Error::system (line 91) ... ok
[INFO] [stdout] test src/error.rs - error::Error::io (line 47) ... ok
[INFO] [stdout] test src/io/ring.rs - io::ring::InfiniteRing (line 159) ... ok
[INFO] [stdout] test src/io/buffer.rs - io::buffer::BufWriter (line 118) ... ok
[INFO] [stdout] test src/lib.rs - (line 30) ... ok
[INFO] [stdout] test src/lib.rs - (line 56) ... ok
[INFO] [stdout] test src/io/buffer.rs - io::buffer::BufReader (line 14) ... ok
[INFO] [stdout] test src/io/ring.rs - io::ring::Ring (line 22) ... ok
[INFO] [stdout] test src/lib.rs - Size::offset (line 394) ... ok
[INFO] [stdout] test src/lib.rs - Size (line 290) ... ok
[INFO] [stdout] test src/lib.rs - Size::truncate (line 374) ... ok
[INFO] [stdout] test src/lib.rs - allocation_size (line 257) ... ok
[INFO] [stdout] test src/lib.rs - Size::size (line 412) ... ok
[INFO] [stdout] test src/lib.rs - Size::count (line 430) ... ok
[INFO] [stdout] test src/lib.rs - Size::round (line 354) ... ok
[INFO] [stdout] test src/lib.rs - page_size (line 236) ... ok
[INFO] [stdout] test src/lib.rs - (line 92) ... ok
[INFO] [stdout] test src/lib.rs - Size::with_size (line 338) ... ok
[INFO] [stdout] test src/map.rs - map::Map (line 19) ... ok
[INFO] [stdout] test src/map.rs - map::Map::with_options (line 49) ... ok
[INFO] [stdout] test src/map.rs - map::Map::into_map_mut (line 78) ... ok
[INFO] [stdout] test src/map.rs - map::MapMut::new (line 250) ... ok
[INFO] [stdout] test src/map.rs - map::MapMut::into_map (line 272) ... ok
[INFO] [stdout] test src/map.rs - map::Options<T>::alloc (line 1228) ... ok
[INFO] [stdout] test src/map.rs - map::Options<T>::create_new (line 652) ... ok
[INFO] [stdout] test src/map.rs - map::MapMut::with_options (line 217) ... ok
[INFO] [stdout] test src/map.rs - map::Options<T>::copy (line 578) ... ok
[INFO] [stdout] test src/map.rs - map::Options<T>::create (line 609) ... ok
[INFO] [stdout] test src/map.rs - map::Options<T>::len (line 815) ... ok
[INFO] [stdout] test src/map.rs - map::Options<T>::len (line 780) ... ok
[INFO] [stdout] test src/map.rs - map::Options<T>::map_if (line 1163) ... ok
[INFO] [stdout] test src/map.rs - map::Options<T>::map (line 1127) ... ok
[INFO] [stdout] test src/map.rs - map::Options<T>::len (line 856) ... ok
[INFO] [stdout] test src/map.rs - map::Options<T>::open_if (line 1091) ... ok
[INFO] [stdout] test src/map.rs - map::Options<T>::offset (line 730) ... ok
[INFO] [stdout] test src/map.rs - map::Options<T>::open (line 1053) ... ok
[INFO] [stdout] test src/map.rs - map::Options<T>::resize (line 952) ... ok
[INFO] [stdout] test src/map.rs - map::Options<T>::resize (line 924) ... ok
[INFO] [stdout] test src/map.rs - map::Options<T>::write (line 546) ... FAILED
[INFO] [stdout] test src/map.rs - map::Options<T>::resize (line 992) ... ok
[INFO] [stdout] test src/map.rs - map::Options<T>::truncate (line 688) ... ok
[INFO] [stdout] 
[INFO] [stdout] failures:
[INFO] [stdout] 
[INFO] [stdout] ---- src/map.rs - map::Options<T>::write (line 546) stdout ----
[INFO] [stdout] Test executable failed (exit status: 1).
[INFO] [stdout] 
[INFO] [stdout] stderr:
[INFO] [stdout] Error: Error { op: MapFile, kind: ReadOnlyFilesystem, io: Os { code: 30, kind: ReadOnlyFilesystem, message: "Read-only file system" } }
[INFO] [stdout] 
[INFO] [stdout] 
[INFO] [stdout] 
[INFO] [stdout] failures:
[INFO] [stdout]     src/map.rs - map::Options<T>::write (line 546)
[INFO] [stdout] 
[INFO] [stdout] test result: FAILED. 48 passed; 1 failed; 0 ignored; 0 measured; 0 filtered out; finished in 1.02s
[INFO] [stdout] 
[INFO] [stderr] error: doctest failed, to rerun pass `--doc`
[INFO] running `Command { std: "docker" "inspect" "66412e77f3af22fa3713644e3ea73f7ea72c5f3c8854b0972082ef6d98a43f76", kill_on_drop: false }`
[INFO] running `Command { std: "docker" "rm" "-f" "66412e77f3af22fa3713644e3ea73f7ea72c5f3c8854b0972082ef6d98a43f76", kill_on_drop: false }`
[INFO] [stdout] 66412e77f3af22fa3713644e3ea73f7ea72c5f3c8854b0972082ef6d98a43f76
