[INFO] fetching crate vkontakte_api 0.0.6...
[INFO] testing vkontakte_api-0.0.6 against 1.75.0 for beta-1.76-1
[INFO] extracting crate vkontakte_api 0.0.6 into /workspace/builds/worker-1-tc1/source
[INFO] validating manifest of crates.io crate vkontakte_api 0.0.6 on toolchain 1.75.0
[INFO] running `Command { std: CARGO_HOME="/workspace/cargo-home" RUSTUP_HOME="/workspace/rustup-home" "/workspace/cargo-home/bin/cargo" "+1.75.0" "metadata" "--manifest-path" "Cargo.toml" "--no-deps", kill_on_drop: false }`
[INFO] started tweaking crates.io crate vkontakte_api 0.0.6
[INFO] finished tweaking crates.io crate vkontakte_api 0.0.6
[INFO] tweaked toml for crates.io crate vkontakte_api 0.0.6 written to /workspace/builds/worker-1-tc1/source/Cargo.toml
[INFO] running `Command { std: CARGO_HOME="/workspace/cargo-home" RUSTUP_HOME="/workspace/rustup-home" "/workspace/cargo-home/bin/cargo" "+1.75.0" "generate-lockfile" "--manifest-path" "Cargo.toml", kill_on_drop: false }`
[INFO] [stderr]     Updating crates.io index
[INFO] running `Command { std: CARGO_HOME="/workspace/cargo-home" RUSTUP_HOME="/workspace/rustup-home" "/workspace/cargo-home/bin/cargo" "+1.75.0" "fetch" "--manifest-path" "Cargo.toml", kill_on_drop: false }`
[INFO] [stderr]  Downloading crates ...
[INFO] [stderr]   Downloaded json v0.12.4
[INFO] running `Command { std: "docker" "create" "-v" "/var/lib/crater-agent-workspace/builds/worker-1-tc1/target:/opt/rustwide/target:rw,Z" "-v" "/var/lib/crater-agent-workspace/builds/worker-1-tc1/source:/opt/rustwide/workdir:ro,Z" "-v" "/var/lib/crater-agent-workspace/cargo-home:/opt/rustwide/cargo-home:ro,Z" "-v" "/var/lib/crater-agent-workspace/rustup-home:/opt/rustwide/rustup-home:ro,Z" "-e" "SOURCE_DIR=/opt/rustwide/workdir" "-e" "CARGO_TARGET_DIR=/opt/rustwide/target" "-e" "CARGO_HOME=/opt/rustwide/cargo-home" "-e" "RUSTUP_HOME=/opt/rustwide/rustup-home" "-w" "/opt/rustwide/workdir" "-m" "1610612736" "--user" "0:0" "--network" "none" "ghcr.io/rust-lang/crates-build-env/linux@sha256:2788e3201cd34a07e3172128adcd8b3090168a8e3bcc40d7c032b9dda1df7d1c" "/opt/rustwide/cargo-home/bin/cargo" "+1.75.0" "metadata" "--no-deps" "--format-version=1", kill_on_drop: false }`
[INFO] [stdout] d73c3312aac793dde8d8db2a431e30988700f5547b97ff68decdf2858c297b27
[INFO] running `Command { std: "docker" "start" "-a" "d73c3312aac793dde8d8db2a431e30988700f5547b97ff68decdf2858c297b27", kill_on_drop: false }`
[INFO] running `Command { std: "docker" "inspect" "d73c3312aac793dde8d8db2a431e30988700f5547b97ff68decdf2858c297b27", kill_on_drop: false }`
[INFO] running `Command { std: "docker" "rm" "-f" "d73c3312aac793dde8d8db2a431e30988700f5547b97ff68decdf2858c297b27", kill_on_drop: false }`
[INFO] [stdout] d73c3312aac793dde8d8db2a431e30988700f5547b97ff68decdf2858c297b27
[INFO] running `Command { std: "docker" "create" "-v" "/var/lib/crater-agent-workspace/builds/worker-1-tc1/target:/opt/rustwide/target:rw,Z" "-v" "/var/lib/crater-agent-workspace/builds/worker-1-tc1/source:/opt/rustwide/workdir:ro,Z" "-v" "/var/lib/crater-agent-workspace/cargo-home:/opt/rustwide/cargo-home:ro,Z" "-v" "/var/lib/crater-agent-workspace/rustup-home:/opt/rustwide/rustup-home:ro,Z" "-e" "SOURCE_DIR=/opt/rustwide/workdir" "-e" "CARGO_TARGET_DIR=/opt/rustwide/target" "-e" "CARGO_INCREMENTAL=0" "-e" "RUST_BACKTRACE=full" "-e" "RUSTFLAGS=--cap-lints=warn" "-e" "RUSTDOCFLAGS=--cap-lints=warn" "-e" "CARGO_HOME=/opt/rustwide/cargo-home" "-e" "RUSTUP_HOME=/opt/rustwide/rustup-home" "-w" "/opt/rustwide/workdir" "-m" "1610612736" "--user" "0:0" "--network" "none" "ghcr.io/rust-lang/crates-build-env/linux@sha256:2788e3201cd34a07e3172128adcd8b3090168a8e3bcc40d7c032b9dda1df7d1c" "/opt/rustwide/cargo-home/bin/cargo" "+1.75.0" "build" "--frozen" "--message-format=json", kill_on_drop: false }`
[INFO] [stdout] 601664c6ea21f74749d56a67a38d044f975d981c86c679c14bdc863484fb8189
[INFO] running `Command { std: "docker" "start" "-a" "601664c6ea21f74749d56a67a38d044f975d981c86c679c14bdc863484fb8189", kill_on_drop: false }`
[INFO] [stderr]    Compiling libc v0.2.151
[INFO] [stderr]    Compiling proc-macro2 v1.0.75
[INFO] [stderr]    Compiling once_cell v1.19.0
[INFO] [stderr]    Compiling vcpkg v0.2.15
[INFO] [stderr]    Compiling pkg-config v0.3.28
[INFO] [stderr]    Compiling pin-project-lite v0.2.13
[INFO] [stderr]    Compiling bytes v1.5.0
[INFO] [stderr]    Compiling unicode-ident v1.0.12
[INFO] [stderr]    Compiling autocfg v1.1.0
[INFO] [stderr]    Compiling futures-core v0.3.30
[INFO] [stderr]    Compiling itoa v1.0.10
[INFO] [stderr]    Compiling fnv v1.0.7
[INFO] [stderr]    Compiling foreign-types-shared v0.1.1
[INFO] [stderr]    Compiling cfg-if v1.0.0
[INFO] [stderr]    Compiling openssl v0.10.62
[INFO] [stderr]    Compiling foreign-types v0.3.2
[INFO] [stderr]    Compiling equivalent v1.0.1
[INFO] [stderr]    Compiling memchr v2.7.1
[INFO] [stderr]    Compiling native-tls v0.2.11
[INFO] [stderr]    Compiling hashbrown v0.14.3
[INFO] [stderr]    Compiling futures-task v0.3.30
[INFO] [stderr]    Compiling futures-io v0.3.30
[INFO] [stderr]    Compiling tracing-core v0.1.32
[INFO] [stderr]    Compiling pin-utils v0.1.0
[INFO] [stderr]    Compiling tinyvec_macros v0.1.1
[INFO] [stderr]    Compiling httparse v1.8.0
[INFO] [stderr]    Compiling futures-sink v0.3.30
[INFO] [stderr]    Compiling bitflags v2.4.1
[INFO] [stderr]    Compiling tinyvec v1.6.0
[INFO] [stderr]    Compiling percent-encoding v2.3.1
[INFO] [stderr]    Compiling try-lock v0.2.5
[INFO] [stderr]    Compiling openssl-probe v0.1.5
[INFO] [stderr]    Compiling slab v0.4.9
[INFO] [stderr]    Compiling log v0.4.20
[INFO] [stderr]    Compiling serde v1.0.194
[INFO] [stderr]    Compiling http v0.2.11
[INFO] [stderr]    Compiling form_urlencoded v1.2.1
[INFO] [stderr]    Compiling tracing v0.1.40
[INFO] [stderr]    Compiling want v0.3.1
[INFO] [stderr]    Compiling futures-channel v0.3.30
[INFO] [stderr]    Compiling tower-service v0.3.2
[INFO] [stderr]    Compiling httpdate v1.0.3
[INFO] [stderr]    Compiling indexmap v2.1.0
[INFO] [stderr]    Compiling unicode-bidi v0.3.14
[INFO] [stderr]    Compiling futures-util v0.3.30
[INFO] [stderr]    Compiling ryu v1.0.16
[INFO] [stderr]    Compiling quote v1.0.35
[INFO] [stderr]    Compiling encoding_rs v0.8.33
[INFO] [stderr]    Compiling ipnet v2.9.0
[INFO] [stderr]    Compiling num_cpus v1.16.0
[INFO] [stderr]    Compiling socket2 v0.5.5
[INFO] [stderr]    Compiling mio v0.8.10
[INFO] [stderr]    Compiling syn v2.0.48
[INFO] [stderr]    Compiling unicode-normalization v0.1.22
[INFO] [stderr]    Compiling base64 v0.21.5
[INFO] [stderr]    Compiling cc v1.0.83
[INFO] [stderr]    Compiling mime v0.3.17
[INFO] [stderr]    Compiling http-body v0.4.6
[INFO] [stderr]    Compiling tokio v1.35.1
[INFO] [stderr]    Compiling json v0.12.4
[INFO] [stderr]    Compiling idna v0.5.0
[INFO] [stderr]    Compiling openssl-sys v0.9.98
[INFO] [stderr]    Compiling url v2.5.0
[INFO] [stderr]    Compiling serde_urlencoded v0.7.1
[INFO] [stderr]    Compiling openssl-macros v0.1.1
[INFO] [stderr]    Compiling tokio-util v0.7.10
[INFO] [stderr]    Compiling h2 v0.3.22
[INFO] [stderr]    Compiling hyper v0.14.28
[INFO] [stderr]    Compiling tokio-native-tls v0.3.1
[INFO] [stderr]    Compiling hyper-tls v0.5.0
[INFO] [stderr]    Compiling reqwest v0.11.23
[INFO] [stderr]    Compiling vkontakte_api v0.0.6 (/opt/rustwide/workdir)
[INFO] [stderr]     Finished dev [unoptimized + debuginfo] target(s) in 12.81s
[INFO] running `Command { std: "docker" "inspect" "601664c6ea21f74749d56a67a38d044f975d981c86c679c14bdc863484fb8189", kill_on_drop: false }`
[INFO] running `Command { std: "docker" "rm" "-f" "601664c6ea21f74749d56a67a38d044f975d981c86c679c14bdc863484fb8189", kill_on_drop: false }`
[INFO] [stdout] 601664c6ea21f74749d56a67a38d044f975d981c86c679c14bdc863484fb8189
[INFO] running `Command { std: "docker" "create" "-v" "/var/lib/crater-agent-workspace/builds/worker-1-tc1/target:/opt/rustwide/target:rw,Z" "-v" "/var/lib/crater-agent-workspace/builds/worker-1-tc1/source:/opt/rustwide/workdir:ro,Z" "-v" "/var/lib/crater-agent-workspace/cargo-home:/opt/rustwide/cargo-home:ro,Z" "-v" "/var/lib/crater-agent-workspace/rustup-home:/opt/rustwide/rustup-home:ro,Z" "-e" "SOURCE_DIR=/opt/rustwide/workdir" "-e" "CARGO_TARGET_DIR=/opt/rustwide/target" "-e" "CARGO_INCREMENTAL=0" "-e" "RUST_BACKTRACE=full" "-e" "RUSTFLAGS=--cap-lints=warn" "-e" "RUSTDOCFLAGS=--cap-lints=warn" "-e" "CARGO_HOME=/opt/rustwide/cargo-home" "-e" "RUSTUP_HOME=/opt/rustwide/rustup-home" "-w" "/opt/rustwide/workdir" "-m" "1610612736" "--user" "0:0" "--network" "none" "ghcr.io/rust-lang/crates-build-env/linux@sha256:2788e3201cd34a07e3172128adcd8b3090168a8e3bcc40d7c032b9dda1df7d1c" "/opt/rustwide/cargo-home/bin/cargo" "+1.75.0" "test" "--frozen" "--no-run" "--message-format=json", kill_on_drop: false }`
[INFO] [stdout] acc6414dc5b4ea41c76184a2d764acfb5d950cb702af90d9be688dc1e34d45d4
[INFO] running `Command { std: "docker" "start" "-a" "acc6414dc5b4ea41c76184a2d764acfb5d950cb702af90d9be688dc1e34d45d4", kill_on_drop: false }`
[INFO] [stderr]    Compiling vkontakte_api v0.0.6 (/opt/rustwide/workdir)
[INFO] [stderr]     Finished test [unoptimized + debuginfo] target(s) in 0.49s
[INFO] running `Command { std: "docker" "inspect" "acc6414dc5b4ea41c76184a2d764acfb5d950cb702af90d9be688dc1e34d45d4", kill_on_drop: false }`
[INFO] running `Command { std: "docker" "rm" "-f" "acc6414dc5b4ea41c76184a2d764acfb5d950cb702af90d9be688dc1e34d45d4", kill_on_drop: false }`
[INFO] [stdout] acc6414dc5b4ea41c76184a2d764acfb5d950cb702af90d9be688dc1e34d45d4
[INFO] running `Command { std: "docker" "create" "-v" "/var/lib/crater-agent-workspace/builds/worker-1-tc1/target:/opt/rustwide/target:rw,Z" "-v" "/var/lib/crater-agent-workspace/builds/worker-1-tc1/source:/opt/rustwide/workdir:ro,Z" "-v" "/var/lib/crater-agent-workspace/cargo-home:/opt/rustwide/cargo-home:ro,Z" "-v" "/var/lib/crater-agent-workspace/rustup-home:/opt/rustwide/rustup-home:ro,Z" "-e" "SOURCE_DIR=/opt/rustwide/workdir" "-e" "CARGO_TARGET_DIR=/opt/rustwide/target" "-e" "CARGO_INCREMENTAL=0" "-e" "RUST_BACKTRACE=full" "-e" "RUSTFLAGS=--cap-lints=warn" "-e" "RUSTDOCFLAGS=--cap-lints=warn" "-e" "CARGO_HOME=/opt/rustwide/cargo-home" "-e" "RUSTUP_HOME=/opt/rustwide/rustup-home" "-w" "/opt/rustwide/workdir" "-m" "1610612736" "--user" "0:0" "--network" "none" "ghcr.io/rust-lang/crates-build-env/linux@sha256:2788e3201cd34a07e3172128adcd8b3090168a8e3bcc40d7c032b9dda1df7d1c" "/opt/rustwide/cargo-home/bin/cargo" "+1.75.0" "test" "--frozen", kill_on_drop: false }`
[INFO] [stdout] f3b9e8c0aec5a20b42545ef927fbe77eca0d099de2e3d0a3dc76abb2b66c6b07
[INFO] running `Command { std: "docker" "start" "-a" "f3b9e8c0aec5a20b42545ef927fbe77eca0d099de2e3d0a3dc76abb2b66c6b07", kill_on_drop: false }`
[INFO] [stderr]     Finished test [unoptimized + debuginfo] target(s) in 0.06s
[INFO] [stderr]      Running unittests src/lib.rs (/opt/rustwide/target/debug/deps/vkontakte_api-ac6580dbf73820bf)
[INFO] [stdout] 
[INFO] [stdout] running 0 tests
[INFO] [stdout] 
[INFO] [stdout] test result: ok. 0 passed; 0 failed; 0 ignored; 0 measured; 0 filtered out; finished in 0.00s
[INFO] [stdout] 
[INFO] [stderr]    Doc-tests vkontakte_api
[INFO] [stdout] 
[INFO] [stdout] running 12 tests
[INFO] [stdout] test src/api/messages/methods.rs - api::messages::methods::get_long_poll_history (line 355) ... FAILED
[INFO] [stdout] test src/api/messages/methods.rs - api::messages::methods::edit (line 45) ... FAILED
[INFO] [stdout] test src/api/account/methods.rs - api::account::methods::unregister_device (line 564) ... FAILED
[INFO] [stdout] test src/api/account/methods.rs - api::account::methods::set_push_settings (line 469) ... FAILED
[INFO] [stdout] test src/api/account/methods.rs - api::account::methods::change_password (line 46) ... FAILED
[INFO] [stdout] test src/api/account/methods.rs - api::account::methods::set_silence_mode (line 510) ... FAILED
[INFO] [stdout] test src/api/messages/methods.rs - api::messages::methods::edit (line 141) ... FAILED
[INFO] [stdout] test src/api/account/methods.rs - api::account::methods::save_profile_info (line 359) ... FAILED
[INFO] [stdout] test src/api/account/methods.rs - api::account::methods::set_info (line 393) ... FAILED
[INFO] [stdout] test src/api/messages/methods.rs - api::messages::methods::get_long_poll_history (line 453) ... FAILED
[INFO] [stdout] test src/api/messages/methods.rs - api::messages::methods::send (line 719) ... FAILED
[INFO] [stdout] test src/api/account/methods.rs - api::account::methods::get_active_offers (line 85) ... FAILED
[INFO] [stdout] 
[INFO] [stdout] failures:
[INFO] [stdout] 
[INFO] [stdout] ---- src/api/messages/methods.rs - api::messages::methods::get_long_poll_history (line 355) stdout ----
[INFO] [stdout] error: visibility `pub` is not followed by an item
[INFO] [stdout]  --> src/api/messages/methods.rs:357:1
[INFO] [stdout]   |
[INFO] [stdout] 4 | pub ts: usize,
[INFO] [stdout]   | ^^^ the visibility
[INFO] [stdout]   |
[INFO] [stdout]   = help: you likely meant to define an item, e.g., `pub fn foo() {}`
[INFO] [stdout] 
[INFO] [stdout] error: expected identifier, found `:`
[INFO] [stdout]  --> src/api/messages/methods.rs:357:7
[INFO] [stdout]   |
[INFO] [stdout] 4 | pub ts: usize,
[INFO] [stdout]   |       ^ expected identifier
[INFO] [stdout] 
[INFO] [stdout] error: aborting due to 2 previous errors
[INFO] [stdout] 
[INFO] [stdout] Couldn't compile the test.
[INFO] [stdout] ---- src/api/messages/methods.rs - api::messages::methods::edit (line 45) stdout ----
[INFO] [stdout] error: visibility `pub` is not followed by an item
[INFO] [stdout]   --> src/api/messages/methods.rs:56:1
[INFO] [stdout]    |
[INFO] [stdout] 13 | pub peer_id: i64,
[INFO] [stdout]    | ^^^ the visibility
[INFO] [stdout]    |
[INFO] [stdout]    = help: you likely meant to define an item, e.g., `pub fn foo() {}`
[INFO] [stdout] 
[INFO] [stdout] error: expected identifier, found `:`
[INFO] [stdout]   --> src/api/messages/methods.rs:56:12
[INFO] [stdout]    |
[INFO] [stdout] 13 | pub peer_id: i64,
[INFO] [stdout]    |            ^ expected identifier
[INFO] [stdout] 
[INFO] [stdout] error: aborting due to 2 previous errors
[INFO] [stdout] 
[INFO] [stdout] Couldn't compile the test.
[INFO] [stdout] ---- src/api/account/methods.rs - api::account::methods::unregister_device (line 564) stdout ----
[INFO] [stdout] error: cannot find macro `create_query` in this scope
[INFO] [stdout]  --> src/api/account/methods.rs:565:25
[INFO] [stdout]   |
[INFO] [stdout] 3 | unregister_device(&api, create_query!{});
[INFO] [stdout]   |                         ^^^^^^^^^^^^
[INFO] [stdout]   |
[INFO] [stdout] help: consider importing this macro
[INFO] [stdout]   |
[INFO] [stdout] 2 + use vkontakte_api::create_query;
[INFO] [stdout]   |
[INFO] [stdout] 
[INFO] [stdout] error[E0425]: cannot find function `unregister_device` in this scope
[INFO] [stdout]  --> src/api/account/methods.rs:565:1
[INFO] [stdout]   |
[INFO] [stdout] 3 | unregister_device(&api, create_query!{});
[INFO] [stdout]   | ^^^^^^^^^^^^^^^^^ not found in this scope
[INFO] [stdout]   |
[INFO] [stdout] help: consider importing this function
[INFO] [stdout]   |
[INFO] [stdout] 2 + use vkontakte_api::api::account::unregister_device;
[INFO] [stdout]   |
[INFO] [stdout] 
[INFO] [stdout] error[E0425]: cannot find value `api` in this scope
[INFO] [stdout]  --> src/api/account/methods.rs:565:20
[INFO] [stdout]   |
[INFO] [stdout] 3 | unregister_device(&api, create_query!{});
[INFO] [stdout]   |                    ^^^ not found in this scope
[INFO] [stdout] 
[INFO] [stdout] error: aborting due to 3 previous errors
[INFO] [stdout] 
[INFO] [stdout] For more information about this error, try `rustc --explain E0425`.
[INFO] [stdout] Couldn't compile the test.
[INFO] [stdout] ---- src/api/account/methods.rs - api::account::methods::set_push_settings (line 469) stdout ----
[INFO] [stdout] error: cannot find macro `create_query` in this scope
[INFO] [stdout]  --> src/api/account/methods.rs:470:25
[INFO] [stdout]   |
[INFO] [stdout] 3 | set_push_settings(&api, create_query!{});
[INFO] [stdout]   |                         ^^^^^^^^^^^^
[INFO] [stdout]   |
[INFO] [stdout] help: consider importing this macro
[INFO] [stdout]   |
[INFO] [stdout] 2 + use vkontakte_api::create_query;
[INFO] [stdout]   |
[INFO] [stdout] 
[INFO] [stdout] error[E0425]: cannot find function `set_push_settings` in this scope
[INFO] [stdout]  --> src/api/account/methods.rs:470:1
[INFO] [stdout]   |
[INFO] [stdout] 3 | set_push_settings(&api, create_query!{});
[INFO] [stdout]   | ^^^^^^^^^^^^^^^^^ not found in this scope
[INFO] [stdout]   |
[INFO] [stdout] help: consider importing this function
[INFO] [stdout]   |
[INFO] [stdout] 2 + use vkontakte_api::api::account::set_push_settings;
[INFO] [stdout]   |
[INFO] [stdout] 
[INFO] [stdout] error[E0425]: cannot find value `api` in this scope
[INFO] [stdout]  --> src/api/account/methods.rs:470:20
[INFO] [stdout]   |
[INFO] [stdout] 3 | set_push_settings(&api, create_query!{});
[INFO] [stdout]   |                    ^^^ not found in this scope
[INFO] [stdout] 
[INFO] [stdout] error: aborting due to 3 previous errors
[INFO] [stdout] 
[INFO] [stdout] For more information about this error, try `rustc --explain E0425`.
[INFO] [stdout] Couldn't compile the test.
[INFO] [stdout] ---- src/api/account/methods.rs - api::account::methods::change_password (line 46) stdout ----
[INFO] [stdout] error: cannot find macro `create_query` in this scope
[INFO] [stdout]  --> src/api/account/methods.rs:47:28
[INFO] [stdout]   |
[INFO] [stdout] 3 | change_password(&api, 123, create_query! {
[INFO] [stdout]   |                            ^^^^^^^^^^^^
[INFO] [stdout]   |
[INFO] [stdout] help: consider importing this macro
[INFO] [stdout]   |
[INFO] [stdout] 2 + use vkontakte_api::create_query;
[INFO] [stdout]   |
[INFO] [stdout] 
[INFO] [stdout] error[E0425]: cannot find function `change_password` in this scope
[INFO] [stdout]  --> src/api/account/methods.rs:47:1
[INFO] [stdout]   |
[INFO] [stdout] 3 | change_password(&api, 123, create_query! {
[INFO] [stdout]   | ^^^^^^^^^^^^^^^ not found in this scope
[INFO] [stdout]   |
[INFO] [stdout] help: consider importing this function
[INFO] [stdout]   |
[INFO] [stdout] 2 + use vkontakte_api::api::account::change_password;
[INFO] [stdout]   |
[INFO] [stdout] 
[INFO] [stdout] error[E0425]: cannot find value `api` in this scope
[INFO] [stdout]  --> src/api/account/methods.rs:47:18
[INFO] [stdout]   |
[INFO] [stdout] 3 | change_password(&api, 123, create_query! {
[INFO] [stdout]   |                  ^^^ not found in this scope
[INFO] [stdout] 
[INFO] [stdout] error: aborting due to 3 previous errors
[INFO] [stdout] 
[INFO] [stdout] For more information about this error, try `rustc --explain E0425`.
[INFO] [stdout] Couldn't compile the test.
[INFO] [stdout] ---- src/api/account/methods.rs - api::account::methods::set_silence_mode (line 510) stdout ----
[INFO] [stdout] error: cannot find macro `create_query` in this scope
[INFO] [stdout]  --> src/api/account/methods.rs:511:24
[INFO] [stdout]   |
[INFO] [stdout] 3 | set_silence_mode(&api, create_query!{});
[INFO] [stdout]   |                        ^^^^^^^^^^^^
[INFO] [stdout]   |
[INFO] [stdout] help: consider importing this macro
[INFO] [stdout]   |
[INFO] [stdout] 2 + use vkontakte_api::create_query;
[INFO] [stdout]   |
[INFO] [stdout] 
[INFO] [stdout] error[E0425]: cannot find function `set_silence_mode` in this scope
[INFO] [stdout]  --> src/api/account/methods.rs:511:1
[INFO] [stdout]   |
[INFO] [stdout] 3 | set_silence_mode(&api, create_query!{});
[INFO] [stdout]   | ^^^^^^^^^^^^^^^^ not found in this scope
[INFO] [stdout]   |
[INFO] [stdout] help: consider importing this function
[INFO] [stdout]   |
[INFO] [stdout] 2 + use vkontakte_api::api::account::set_silence_mode;
[INFO] [stdout]   |
[INFO] [stdout] 
[INFO] [stdout] error[E0425]: cannot find value `api` in this scope
[INFO] [stdout]  --> src/api/account/methods.rs:511:19
[INFO] [stdout]   |
[INFO] [stdout] 3 | set_silence_mode(&api, create_query!{});
[INFO] [stdout]   |                   ^^^ not found in this scope
[INFO] [stdout] 
[INFO] [stdout] error: aborting due to 3 previous errors
[INFO] [stdout] 
[INFO] [stdout] For more information about this error, try `rustc --explain E0425`.
[INFO] [stdout] Couldn't compile the test.
[INFO] [stdout] ---- src/api/messages/methods.rs - api::messages::methods::edit (line 141) stdout ----
[INFO] [stdout] error: cannot find macro `create_query` in this scope
[INFO] [stdout]  --> src/api/messages/methods.rs:142:12
[INFO] [stdout]   |
[INFO] [stdout] 3 | edit(&api, create_query!{});
[INFO] [stdout]   |            ^^^^^^^^^^^^
[INFO] [stdout]   |
[INFO] [stdout] help: consider importing this macro
[INFO] [stdout]   |
[INFO] [stdout] 2 + use vkontakte_api::create_query;
[INFO] [stdout]   |
[INFO] [stdout] 
[INFO] [stdout] error[E0425]: cannot find function `edit` in this scope
[INFO] [stdout]  --> src/api/messages/methods.rs:142:1
[INFO] [stdout]   |
[INFO] [stdout] 3 | edit(&api, create_query!{});
[INFO] [stdout]   | ^^^^ not found in this scope
[INFO] [stdout]   |
[INFO] [stdout] help: consider importing one of these items
[INFO] [stdout]   |
[INFO] [stdout] 2 + use vkontakte_api::api::groups::edit;
[INFO] [stdout]   |
[INFO] [stdout] 2 + use vkontakte_api::api::messages::edit;
[INFO] [stdout]   |
[INFO] [stdout] 
[INFO] [stdout] error[E0425]: cannot find value `api` in this scope
[INFO] [stdout]  --> src/api/messages/methods.rs:142:7
[INFO] [stdout]   |
[INFO] [stdout] 3 | edit(&api, create_query!{});
[INFO] [stdout]   |       ^^^ not found in this scope
[INFO] [stdout] 
[INFO] [stdout] error: aborting due to 3 previous errors
[INFO] [stdout] 
[INFO] [stdout] For more information about this error, try `rustc --explain E0425`.
[INFO] [stdout] Couldn't compile the test.
[INFO] [stdout] ---- src/api/account/methods.rs - api::account::methods::save_profile_info (line 359) stdout ----
[INFO] [stdout] error: cannot find macro `create_query` in this scope
[INFO] [stdout]  --> src/api/account/methods.rs:360:25
[INFO] [stdout]   |
[INFO] [stdout] 3 | save_profile_info(&api, create_query!{});
[INFO] [stdout]   |                         ^^^^^^^^^^^^
[INFO] [stdout]   |
[INFO] [stdout] help: consider importing this macro
[INFO] [stdout]   |
[INFO] [stdout] 2 + use vkontakte_api::create_query;
[INFO] [stdout]   |
[INFO] [stdout] 
[INFO] [stdout] error[E0425]: cannot find function `save_profile_info` in this scope
[INFO] [stdout]  --> src/api/account/methods.rs:360:1
[INFO] [stdout]   |
[INFO] [stdout] 3 | save_profile_info(&api, create_query!{});
[INFO] [stdout]   | ^^^^^^^^^^^^^^^^^ not found in this scope
[INFO] [stdout]   |
[INFO] [stdout] help: consider importing this function
[INFO] [stdout]   |
[INFO] [stdout] 2 + use vkontakte_api::api::account::save_profile_info;
[INFO] [stdout]   |
[INFO] [stdout] 
[INFO] [stdout] error[E0425]: cannot find value `api` in this scope
[INFO] [stdout]  --> src/api/account/methods.rs:360:20
[INFO] [stdout]   |
[INFO] [stdout] 3 | save_profile_info(&api, create_query!{});
[INFO] [stdout]   |                    ^^^ not found in this scope
[INFO] [stdout] 
[INFO] [stdout] error: aborting due to 3 previous errors
[INFO] [stdout] 
[INFO] [stdout] For more information about this error, try `rustc --explain E0425`.
[INFO] [stdout] Couldn't compile the test.
[INFO] [stdout] ---- src/api/account/methods.rs - api::account::methods::set_info (line 393) stdout ----
[INFO] [stdout] error: cannot find macro `create_query` in this scope
[INFO] [stdout]  --> src/api/account/methods.rs:394:16
[INFO] [stdout]   |
[INFO] [stdout] 3 | set_info(&api, create_query!{});
[INFO] [stdout]   |                ^^^^^^^^^^^^
[INFO] [stdout]   |
[INFO] [stdout] help: consider importing this macro
[INFO] [stdout]   |
[INFO] [stdout] 2 + use vkontakte_api::create_query;
[INFO] [stdout]   |
[INFO] [stdout] 
[INFO] [stdout] error[E0425]: cannot find function `set_info` in this scope
[INFO] [stdout]  --> src/api/account/methods.rs:394:1
[INFO] [stdout]   |
[INFO] [stdout] 3 | set_info(&api, create_query!{});
[INFO] [stdout]   | ^^^^^^^^ not found in this scope
[INFO] [stdout]   |
[INFO] [stdout] help: consider importing this function
[INFO] [stdout]   |
[INFO] [stdout] 2 + use vkontakte_api::api::account::set_info;
[INFO] [stdout]   |
[INFO] [stdout] 
[INFO] [stdout] error[E0425]: cannot find value `api` in this scope
[INFO] [stdout]  --> src/api/account/methods.rs:394:11
[INFO] [stdout]   |
[INFO] [stdout] 3 | set_info(&api, create_query!{});
[INFO] [stdout]   |           ^^^ not found in this scope
[INFO] [stdout] 
[INFO] [stdout] error: aborting due to 3 previous errors
[INFO] [stdout] 
[INFO] [stdout] For more information about this error, try `rustc --explain E0425`.
[INFO] [stdout] Couldn't compile the test.
[INFO] [stdout] ---- src/api/messages/methods.rs - api::messages::methods::get_long_poll_history (line 453) stdout ----
[INFO] [stdout] error: cannot find macro `create_query` in this scope
[INFO] [stdout]  --> src/api/messages/methods.rs:454:29
[INFO] [stdout]   |
[INFO] [stdout] 3 | get_long_poll_history(&api, create_query!{});
[INFO] [stdout]   |                             ^^^^^^^^^^^^
[INFO] [stdout]   |
[INFO] [stdout] help: consider importing this macro
[INFO] [stdout]   |
[INFO] [stdout] 2 + use vkontakte_api::create_query;
[INFO] [stdout]   |
[INFO] [stdout] 
[INFO] [stdout] error[E0425]: cannot find function `get_long_poll_history` in this scope
[INFO] [stdout]  --> src/api/messages/methods.rs:454:1
[INFO] [stdout]   |
[INFO] [stdout] 3 | get_long_poll_history(&api, create_query!{});
[INFO] [stdout]   | ^^^^^^^^^^^^^^^^^^^^^ not found in this scope
[INFO] [stdout]   |
[INFO] [stdout] help: consider importing this function
[INFO] [stdout]   |
[INFO] [stdout] 2 + use vkontakte_api::api::messages::get_long_poll_history;
[INFO] [stdout]   |
[INFO] [stdout] 
[INFO] [stdout] error[E0425]: cannot find value `api` in this scope
[INFO] [stdout]  --> src/api/messages/methods.rs:454:24
[INFO] [stdout]   |
[INFO] [stdout] 3 | get_long_poll_history(&api, create_query!{});
[INFO] [stdout]   |                        ^^^ not found in this scope
[INFO] [stdout] 
[INFO] [stdout] error: aborting due to 3 previous errors
[INFO] [stdout] 
[INFO] [stdout] For more information about this error, try `rustc --explain E0425`.
[INFO] [stdout] Couldn't compile the test.
[INFO] [stdout] ---- src/api/messages/methods.rs - api::messages::methods::send (line 719) stdout ----
[INFO] [stdout] error: cannot find macro `create_query` in this scope
[INFO] [stdout]  --> src/api/messages/methods.rs:720:12
[INFO] [stdout]   |
[INFO] [stdout] 3 | send(&api, create_query!{});
[INFO] [stdout]   |            ^^^^^^^^^^^^
[INFO] [stdout]   |
[INFO] [stdout] help: consider importing this macro
[INFO] [stdout]   |
[INFO] [stdout] 2 + use vkontakte_api::create_query;
[INFO] [stdout]   |
[INFO] [stdout] 
[INFO] [stdout] error[E0425]: cannot find function `send` in this scope
[INFO] [stdout]  --> src/api/messages/methods.rs:720:1
[INFO] [stdout]   |
[INFO] [stdout] 3 | send(&api, create_query!{});
[INFO] [stdout]   | ^^^^ not found in this scope
[INFO] [stdout]   |
[INFO] [stdout] help: consider importing this function
[INFO] [stdout]   |
[INFO] [stdout] 2 + use vkontakte_api::api::messages::send;
[INFO] [stdout]   |
[INFO] [stdout] 
[INFO] [stdout] error[E0425]: cannot find value `api` in this scope
[INFO] [stdout]  --> src/api/messages/methods.rs:720:7
[INFO] [stdout]   |
[INFO] [stdout] 3 | send(&api, create_query!{});
[INFO] [stdout]   |       ^^^ not found in this scope
[INFO] [stdout] 
[INFO] [stdout] error: aborting due to 3 previous errors
[INFO] [stdout] 
[INFO] [stdout] For more information about this error, try `rustc --explain E0425`.
[INFO] [stdout] Couldn't compile the test.
[INFO] [stdout] ---- src/api/account/methods.rs - api::account::methods::get_active_offers (line 85) stdout ----
[INFO] [stdout] error: cannot find macro `create_query` in this scope
[INFO] [stdout]  --> src/api/account/methods.rs:86:25
[INFO] [stdout]   |
[INFO] [stdout] 3 | get_active_offers(&api, create_query!{});
[INFO] [stdout]   |                         ^^^^^^^^^^^^
[INFO] [stdout]   |
[INFO] [stdout] help: consider importing this macro
[INFO] [stdout]   |
[INFO] [stdout] 2 + use vkontakte_api::create_query;
[INFO] [stdout]   |
[INFO] [stdout] 
[INFO] [stdout] error[E0425]: cannot find function `get_active_offers` in this scope
[INFO] [stdout]  --> src/api/account/methods.rs:86:1
[INFO] [stdout]   |
[INFO] [stdout] 3 | get_active_offers(&api, create_query!{});
[INFO] [stdout]   | ^^^^^^^^^^^^^^^^^ not found in this scope
[INFO] [stdout]   |
[INFO] [stdout] help: consider importing this function
[INFO] [stdout]   |
[INFO] [stdout] 2 + use vkontakte_api::api::account::get_active_offers;
[INFO] [stdout]   |
[INFO] [stdout] 
[INFO] [stdout] error[E0425]: cannot find value `api` in this scope
[INFO] [stdout]  --> src/api/account/methods.rs:86:20
[INFO] [stdout]   |
[INFO] [stdout] 3 | get_active_offers(&api, create_query!{});
[INFO] [stdout]   |                    ^^^ not found in this scope
[INFO] [stdout] 
[INFO] [stdout] error: aborting due to 3 previous errors
[INFO] [stdout] 
[INFO] [stdout] For more information about this error, try `rustc --explain E0425`.
[INFO] [stdout] Couldn't compile the test.
[INFO] [stdout] 
[INFO] [stdout] failures:
[INFO] [stdout]     src/api/account/methods.rs - api::account::methods::change_password (line 46)
[INFO] [stdout]     src/api/account/methods.rs - api::account::methods::get_active_offers (line 85)
[INFO] [stdout]     src/api/account/methods.rs - api::account::methods::save_profile_info (line 359)
[INFO] [stdout]     src/api/account/methods.rs - api::account::methods::set_info (line 393)
[INFO] [stdout]     src/api/account/methods.rs - api::account::methods::set_push_settings (line 469)
[INFO] [stdout]     src/api/account/methods.rs - api::account::methods::set_silence_mode (line 510)
[INFO] [stdout]     src/api/account/methods.rs - api::account::methods::unregister_device (line 564)
[INFO] [stdout]     src/api/messages/methods.rs - api::messages::methods::edit (line 141)
[INFO] [stdout]     src/api/messages/methods.rs - api::messages::methods::edit (line 45)
[INFO] [stdout]     src/api/messages/methods.rs - api::messages::methods::get_long_poll_history (line 355)
[INFO] [stdout]     src/api/messages/methods.rs - api::messages::methods::get_long_poll_history (line 453)
[INFO] [stdout]     src/api/messages/methods.rs - api::messages::methods::send (line 719)
[INFO] [stdout] 
[INFO] [stdout] test result: FAILED. 0 passed; 12 failed; 0 ignored; 0 measured; 0 filtered out; finished in 0.08s
[INFO] [stdout] 
[INFO] [stderr] error: doctest failed, to rerun pass `--doc`
[INFO] running `Command { std: "docker" "inspect" "f3b9e8c0aec5a20b42545ef927fbe77eca0d099de2e3d0a3dc76abb2b66c6b07", kill_on_drop: false }`
[INFO] running `Command { std: "docker" "rm" "-f" "f3b9e8c0aec5a20b42545ef927fbe77eca0d099de2e3d0a3dc76abb2b66c6b07", kill_on_drop: false }`
[INFO] [stdout] f3b9e8c0aec5a20b42545ef927fbe77eca0d099de2e3d0a3dc76abb2b66c6b07
[INFO] testing vkontakte_api-0.0.6 against beta-2023-12-22 for beta-1.76-1
[INFO] extracting crate vkontakte_api 0.0.6 into /workspace/builds/worker-1-tc2/source
[INFO] validating manifest of crates.io crate vkontakte_api 0.0.6 on toolchain beta-2023-12-22
[INFO] running `Command { std: CARGO_HOME="/workspace/cargo-home" RUSTUP_HOME="/workspace/rustup-home" "/workspace/cargo-home/bin/cargo" "+beta-2023-12-22" "metadata" "--manifest-path" "Cargo.toml" "--no-deps", kill_on_drop: false }`
[INFO] started tweaking crates.io crate vkontakte_api 0.0.6
[INFO] finished tweaking crates.io crate vkontakte_api 0.0.6
[INFO] tweaked toml for crates.io crate vkontakte_api 0.0.6 written to /workspace/builds/worker-1-tc2/source/Cargo.toml
[INFO] running `Command { std: CARGO_HOME="/workspace/cargo-home" RUSTUP_HOME="/workspace/rustup-home" "/workspace/cargo-home/bin/cargo" "+beta-2023-12-22" "generate-lockfile" "--manifest-path" "Cargo.toml", kill_on_drop: false }`
[INFO] [stderr]     Updating crates.io index
[INFO] running `Command { std: CARGO_HOME="/workspace/cargo-home" RUSTUP_HOME="/workspace/rustup-home" "/workspace/cargo-home/bin/cargo" "+beta-2023-12-22" "fetch" "--manifest-path" "Cargo.toml", kill_on_drop: false }`
[INFO] running `Command { std: "docker" "create" "-v" "/var/lib/crater-agent-workspace/builds/worker-1-tc2/target:/opt/rustwide/target:rw,Z" "-v" "/var/lib/crater-agent-workspace/builds/worker-1-tc2/source:/opt/rustwide/workdir:ro,Z" "-v" "/var/lib/crater-agent-workspace/cargo-home:/opt/rustwide/cargo-home:ro,Z" "-v" "/var/lib/crater-agent-workspace/rustup-home:/opt/rustwide/rustup-home:ro,Z" "-e" "SOURCE_DIR=/opt/rustwide/workdir" "-e" "CARGO_TARGET_DIR=/opt/rustwide/target" "-e" "CARGO_HOME=/opt/rustwide/cargo-home" "-e" "RUSTUP_HOME=/opt/rustwide/rustup-home" "-w" "/opt/rustwide/workdir" "-m" "1610612736" "--user" "0:0" "--network" "none" "ghcr.io/rust-lang/crates-build-env/linux@sha256:2788e3201cd34a07e3172128adcd8b3090168a8e3bcc40d7c032b9dda1df7d1c" "/opt/rustwide/cargo-home/bin/cargo" "+beta-2023-12-22" "metadata" "--no-deps" "--format-version=1", kill_on_drop: false }`
[INFO] [stdout] 68259c4af41dfe800762898cd85cfe10063288ad7c6644106fb3c26931513752
[INFO] running `Command { std: "docker" "start" "-a" "68259c4af41dfe800762898cd85cfe10063288ad7c6644106fb3c26931513752", kill_on_drop: false }`
[INFO] running `Command { std: "docker" "inspect" "68259c4af41dfe800762898cd85cfe10063288ad7c6644106fb3c26931513752", kill_on_drop: false }`
[INFO] running `Command { std: "docker" "rm" "-f" "68259c4af41dfe800762898cd85cfe10063288ad7c6644106fb3c26931513752", kill_on_drop: false }`
[INFO] [stdout] 68259c4af41dfe800762898cd85cfe10063288ad7c6644106fb3c26931513752
[INFO] running `Command { std: "docker" "create" "-v" "/var/lib/crater-agent-workspace/builds/worker-1-tc2/target:/opt/rustwide/target:rw,Z" "-v" "/var/lib/crater-agent-workspace/builds/worker-1-tc2/source:/opt/rustwide/workdir:ro,Z" "-v" "/var/lib/crater-agent-workspace/cargo-home:/opt/rustwide/cargo-home:ro,Z" "-v" "/var/lib/crater-agent-workspace/rustup-home:/opt/rustwide/rustup-home:ro,Z" "-e" "SOURCE_DIR=/opt/rustwide/workdir" "-e" "CARGO_TARGET_DIR=/opt/rustwide/target" "-e" "CARGO_INCREMENTAL=0" "-e" "RUST_BACKTRACE=full" "-e" "RUSTFLAGS=--cap-lints=warn" "-e" "RUSTDOCFLAGS=--cap-lints=warn" "-e" "CARGO_HOME=/opt/rustwide/cargo-home" "-e" "RUSTUP_HOME=/opt/rustwide/rustup-home" "-w" "/opt/rustwide/workdir" "-m" "1610612736" "--user" "0:0" "--network" "none" "ghcr.io/rust-lang/crates-build-env/linux@sha256:2788e3201cd34a07e3172128adcd8b3090168a8e3bcc40d7c032b9dda1df7d1c" "/opt/rustwide/cargo-home/bin/cargo" "+beta-2023-12-22" "build" "--frozen" "--message-format=json", kill_on_drop: false }`
[INFO] [stdout] 099bff3241f263693e0ea86cfbd49ab8a070f3441ce764b7c45a1d762d3153e6
[INFO] running `Command { std: "docker" "start" "-a" "099bff3241f263693e0ea86cfbd49ab8a070f3441ce764b7c45a1d762d3153e6", kill_on_drop: false }`
[INFO] [stderr]    Compiling libc v0.2.151
[INFO] [stderr]    Compiling pin-project-lite v0.2.13
[INFO] [stderr]    Compiling vcpkg v0.2.15
[INFO] [stderr]    Compiling once_cell v1.19.0
[INFO] [stderr]    Compiling pkg-config v0.3.28
[INFO] [stderr]    Compiling proc-macro2 v1.0.75
[INFO] [stderr]    Compiling unicode-ident v1.0.12
[INFO] [stderr]    Compiling bytes v1.5.0
[INFO] [stderr]    Compiling autocfg v1.1.0
[INFO] [stderr]    Compiling itoa v1.0.10
[INFO] [stderr]    Compiling futures-core v0.3.30
[INFO] [stderr]    Compiling cfg-if v1.0.0
[INFO] [stderr]    Compiling openssl v0.10.62
[INFO] [stderr]    Compiling foreign-types-shared v0.1.1
[INFO] [stderr]    Compiling fnv v1.0.7
[INFO] [stderr]    Compiling hashbrown v0.14.3
[INFO] [stderr]    Compiling foreign-types v0.3.2
[INFO] [stderr]    Compiling futures-io v0.3.30
[INFO] [stderr]    Compiling bitflags v2.4.1
[INFO] [stderr]    Compiling memchr v2.7.1
[INFO] [stderr]    Compiling tinyvec_macros v0.1.1
[INFO] [stderr]    Compiling futures-sink v0.3.30
[INFO] [stderr]    Compiling tracing-core v0.1.32
[INFO] [stderr]    Compiling httparse v1.8.0
[INFO] [stderr]    Compiling pin-utils v0.1.0
[INFO] [stderr]    Compiling futures-task v0.3.30
[INFO] [stderr]    Compiling equivalent v1.0.1
[INFO] [stderr]    Compiling native-tls v0.2.11
[INFO] [stderr]    Compiling tinyvec v1.6.0
[INFO] [stderr]    Compiling serde v1.0.194
[INFO] [stderr]    Compiling try-lock v0.2.5
[INFO] [stderr]    Compiling percent-encoding v2.3.1
[INFO] [stderr]    Compiling openssl-probe v0.1.5
[INFO] [stderr]    Compiling slab v0.4.9
[INFO] [stderr]    Compiling log v0.4.20
[INFO] [stderr]    Compiling http v0.2.11
[INFO] [stderr]    Compiling tracing v0.1.40
[INFO] [stderr]    Compiling form_urlencoded v1.2.1
[INFO] [stderr]    Compiling indexmap v2.1.0
[INFO] [stderr]    Compiling want v0.3.1
[INFO] [stderr]    Compiling futures-channel v0.3.30
[INFO] [stderr]    Compiling quote v1.0.35
[INFO] [stderr]    Compiling unicode-bidi v0.3.14
[INFO] [stderr]    Compiling httpdate v1.0.3
[INFO] [stderr]    Compiling tower-service v0.3.2
[INFO] [stderr]    Compiling ryu v1.0.16
[INFO] [stderr]    Compiling futures-util v0.3.30
[INFO] [stderr]    Compiling encoding_rs v0.8.33
[INFO] [stderr]    Compiling base64 v0.21.5
[INFO] [stderr]    Compiling syn v2.0.48
[INFO] [stderr]    Compiling unicode-normalization v0.1.22
[INFO] [stderr]    Compiling num_cpus v1.16.0
[INFO] [stderr]    Compiling cc v1.0.83
[INFO] [stderr]    Compiling mio v0.8.10
[INFO] [stderr]    Compiling socket2 v0.5.5
[INFO] [stderr]    Compiling ipnet v2.9.0
[INFO] [stderr]    Compiling mime v0.3.17
[INFO] [stderr]    Compiling json v0.12.4
[INFO] [stderr]    Compiling http-body v0.4.6
[INFO] [stderr]    Compiling tokio v1.35.1
[INFO] [stderr]    Compiling idna v0.5.0
[INFO] [stderr]    Compiling openssl-sys v0.9.98
[INFO] [stderr]    Compiling url v2.5.0
[INFO] [stderr]    Compiling serde_urlencoded v0.7.1
[INFO] [stderr]    Compiling openssl-macros v0.1.1
[INFO] [stderr]    Compiling tokio-util v0.7.10
[INFO] [stderr]    Compiling h2 v0.3.22
[INFO] [stderr]    Compiling tokio-native-tls v0.3.1
[INFO] [stderr]    Compiling hyper v0.14.28
[INFO] [stderr]    Compiling hyper-tls v0.5.0
[INFO] [stderr]    Compiling reqwest v0.11.23
[INFO] [stderr]    Compiling vkontakte_api v0.0.6 (/opt/rustwide/workdir)
[INFO] [stderr]     Finished dev [unoptimized + debuginfo] target(s) in 14.07s
[INFO] running `Command { std: "docker" "inspect" "099bff3241f263693e0ea86cfbd49ab8a070f3441ce764b7c45a1d762d3153e6", kill_on_drop: false }`
[INFO] running `Command { std: "docker" "rm" "-f" "099bff3241f263693e0ea86cfbd49ab8a070f3441ce764b7c45a1d762d3153e6", kill_on_drop: false }`
[INFO] [stdout] 099bff3241f263693e0ea86cfbd49ab8a070f3441ce764b7c45a1d762d3153e6
[INFO] running `Command { std: "docker" "create" "-v" "/var/lib/crater-agent-workspace/builds/worker-1-tc2/target:/opt/rustwide/target:rw,Z" "-v" "/var/lib/crater-agent-workspace/builds/worker-1-tc2/source:/opt/rustwide/workdir:ro,Z" "-v" "/var/lib/crater-agent-workspace/cargo-home:/opt/rustwide/cargo-home:ro,Z" "-v" "/var/lib/crater-agent-workspace/rustup-home:/opt/rustwide/rustup-home:ro,Z" "-e" "SOURCE_DIR=/opt/rustwide/workdir" "-e" "CARGO_TARGET_DIR=/opt/rustwide/target" "-e" "CARGO_INCREMENTAL=0" "-e" "RUST_BACKTRACE=full" "-e" "RUSTFLAGS=--cap-lints=warn" "-e" "RUSTDOCFLAGS=--cap-lints=warn" "-e" "CARGO_HOME=/opt/rustwide/cargo-home" "-e" "RUSTUP_HOME=/opt/rustwide/rustup-home" "-w" "/opt/rustwide/workdir" "-m" "1610612736" "--user" "0:0" "--network" "none" "ghcr.io/rust-lang/crates-build-env/linux@sha256:2788e3201cd34a07e3172128adcd8b3090168a8e3bcc40d7c032b9dda1df7d1c" "/opt/rustwide/cargo-home/bin/cargo" "+beta-2023-12-22" "test" "--frozen" "--no-run" "--message-format=json", kill_on_drop: false }`
[INFO] [stdout] ba58cf00d43c0e5c25101e99dba880bb739d15c4e807a41b14f45649fcb718f0
[INFO] running `Command { std: "docker" "start" "-a" "ba58cf00d43c0e5c25101e99dba880bb739d15c4e807a41b14f45649fcb718f0", kill_on_drop: false }`
[INFO] [stderr]    Compiling vkontakte_api v0.0.6 (/opt/rustwide/workdir)
[INFO] [stderr]     Finished test [unoptimized + debuginfo] target(s) in 0.50s
[INFO] running `Command { std: "docker" "inspect" "ba58cf00d43c0e5c25101e99dba880bb739d15c4e807a41b14f45649fcb718f0", kill_on_drop: false }`
[INFO] running `Command { std: "docker" "rm" "-f" "ba58cf00d43c0e5c25101e99dba880bb739d15c4e807a41b14f45649fcb718f0", kill_on_drop: false }`
[INFO] [stdout] ba58cf00d43c0e5c25101e99dba880bb739d15c4e807a41b14f45649fcb718f0
[INFO] running `Command { std: "docker" "create" "-v" "/var/lib/crater-agent-workspace/builds/worker-1-tc2/target:/opt/rustwide/target:rw,Z" "-v" "/var/lib/crater-agent-workspace/builds/worker-1-tc2/source:/opt/rustwide/workdir:ro,Z" "-v" "/var/lib/crater-agent-workspace/cargo-home:/opt/rustwide/cargo-home:ro,Z" "-v" "/var/lib/crater-agent-workspace/rustup-home:/opt/rustwide/rustup-home:ro,Z" "-e" "SOURCE_DIR=/opt/rustwide/workdir" "-e" "CARGO_TARGET_DIR=/opt/rustwide/target" "-e" "CARGO_INCREMENTAL=0" "-e" "RUST_BACKTRACE=full" "-e" "RUSTFLAGS=--cap-lints=warn" "-e" "RUSTDOCFLAGS=--cap-lints=warn" "-e" "CARGO_HOME=/opt/rustwide/cargo-home" "-e" "RUSTUP_HOME=/opt/rustwide/rustup-home" "-w" "/opt/rustwide/workdir" "-m" "1610612736" "--user" "0:0" "--network" "none" "ghcr.io/rust-lang/crates-build-env/linux@sha256:2788e3201cd34a07e3172128adcd8b3090168a8e3bcc40d7c032b9dda1df7d1c" "/opt/rustwide/cargo-home/bin/cargo" "+beta-2023-12-22" "test" "--frozen", kill_on_drop: false }`
[INFO] [stdout] 10fdc38c82ea1f22be9d22e99bc6d18393bd3a57a5914865f4c4a14213c7eb30
[INFO] running `Command { std: "docker" "start" "-a" "10fdc38c82ea1f22be9d22e99bc6d18393bd3a57a5914865f4c4a14213c7eb30", kill_on_drop: false }`
[INFO] [stderr]     Finished test [unoptimized + debuginfo] target(s) in 0.06s
[INFO] [stderr]      Running unittests src/lib.rs (/opt/rustwide/target/debug/deps/vkontakte_api-08dd0b9e2d64e8b1)
[INFO] [stdout] 
[INFO] [stdout] running 0 tests
[INFO] [stdout] 
[INFO] [stdout] test result: ok. 0 passed; 0 failed; 0 ignored; 0 measured; 0 filtered out; finished in 0.00s
[INFO] [stdout] 
[INFO] [stderr]    Doc-tests vkontakte_api
[INFO] [stdout] 
[INFO] [stdout] running 12 tests
[INFO] [stdout] test src/api/account/methods.rs - api::account::methods::get_active_offers (line 85) ... FAILED
[INFO] [stdout] test src/api/messages/methods.rs - api::messages::methods::edit (line 45) ... FAILED
[INFO] [stdout] test src/api/account/methods.rs - api::account::methods::unregister_device (line 564) ... FAILED
[INFO] [stdout] test src/api/account/methods.rs - api::account::methods::set_silence_mode (line 510) ... FAILED
[INFO] [stdout] test src/api/account/methods.rs - api::account::methods::save_profile_info (line 359) ... FAILED
[INFO] [stdout] test src/api/account/methods.rs - api::account::methods::set_push_settings (line 469) ... FAILED
[INFO] [stdout] test src/api/messages/methods.rs - api::messages::methods::send (line 719) ... FAILED
[INFO] [stdout] test src/api/account/methods.rs - api::account::methods::change_password (line 46) ... FAILED
[INFO] [stdout] test src/api/account/methods.rs - api::account::methods::set_info (line 393) ... FAILED
[INFO] [stdout] test src/api/messages/methods.rs - api::messages::methods::edit (line 141) ... FAILED
[INFO] [stdout] test src/api/messages/methods.rs - api::messages::methods::get_long_poll_history (line 355) ... FAILED
[INFO] [stdout] test src/api/messages/methods.rs - api::messages::methods::get_long_poll_history (line 453) ... FAILED
[INFO] [stdout] 
[INFO] [stdout] failures:
[INFO] [stdout] 
[INFO] [stdout] ---- src/api/account/methods.rs - api::account::methods::get_active_offers (line 85) stdout ----
[INFO] [stdout] error: cannot find macro `create_query` in this scope
[INFO] [stdout]  --> src/api/account/methods.rs:86:25
[INFO] [stdout]   |
[INFO] [stdout] 3 | get_active_offers(&api, create_query!{});
[INFO] [stdout]   |                         ^^^^^^^^^^^^
[INFO] [stdout]   |
[INFO] [stdout] help: consider importing this macro
[INFO] [stdout]   |
[INFO] [stdout] 2 + use vkontakte_api::create_query;
[INFO] [stdout]   |
[INFO] [stdout] 
[INFO] [stdout] error[E0425]: cannot find function `get_active_offers` in this scope
[INFO] [stdout]  --> src/api/account/methods.rs:86:1
[INFO] [stdout]   |
[INFO] [stdout] 3 | get_active_offers(&api, create_query!{});
[INFO] [stdout]   | ^^^^^^^^^^^^^^^^^ not found in this scope
[INFO] [stdout]   |
[INFO] [stdout] help: consider importing this function
[INFO] [stdout]   |
[INFO] [stdout] 2 + use vkontakte_api::api::account::get_active_offers;
[INFO] [stdout]   |
[INFO] [stdout] 
[INFO] [stdout] error[E0425]: cannot find value `api` in this scope
[INFO] [stdout]  --> src/api/account/methods.rs:86:20
[INFO] [stdout]   |
[INFO] [stdout] 3 | get_active_offers(&api, create_query!{});
[INFO] [stdout]   |                    ^^^ not found in this scope
[INFO] [stdout] 
[INFO] [stdout] error: aborting due to 3 previous errors
[INFO] [stdout] 
[INFO] [stdout] For more information about this error, try `rustc --explain E0425`.
[INFO] [stdout] Couldn't compile the test.
[INFO] [stdout] ---- src/api/messages/methods.rs - api::messages::methods::edit (line 45) stdout ----
[INFO] [stdout] error: visibility `pub` is not followed by an item
[INFO] [stdout]   --> src/api/messages/methods.rs:56:1
[INFO] [stdout]    |
[INFO] [stdout] 13 | pub peer_id: i64,
[INFO] [stdout]    | ^^^ the visibility
[INFO] [stdout]    |
[INFO] [stdout]    = help: you likely meant to define an item, e.g., `pub fn foo() {}`
[INFO] [stdout] 
[INFO] [stdout] error: expected identifier, found `:`
[INFO] [stdout]   --> src/api/messages/methods.rs:56:12
[INFO] [stdout]    |
[INFO] [stdout] 13 | pub peer_id: i64,
[INFO] [stdout]    |            ^ expected identifier
[INFO] [stdout] 
[INFO] [stdout] error: aborting due to 2 previous errors
[INFO] [stdout] 
[INFO] [stdout] Couldn't compile the test.
[INFO] [stdout] ---- src/api/account/methods.rs - api::account::methods::unregister_device (line 564) stdout ----
[INFO] [stdout] error: cannot find macro `create_query` in this scope
[INFO] [stdout]  --> src/api/account/methods.rs:565:25
[INFO] [stdout]   |
[INFO] [stdout] 3 | unregister_device(&api, create_query!{});
[INFO] [stdout]   |                         ^^^^^^^^^^^^
[INFO] [stdout]   |
[INFO] [stdout] help: consider importing this macro
[INFO] [stdout]   |
[INFO] [stdout] 2 + use vkontakte_api::create_query;
[INFO] [stdout]   |
[INFO] [stdout] 
[INFO] [stdout] error[E0425]: cannot find function `unregister_device` in this scope
[INFO] [stdout]  --> src/api/account/methods.rs:565:1
[INFO] [stdout]   |
[INFO] [stdout] 3 | unregister_device(&api, create_query!{});
[INFO] [stdout]   | ^^^^^^^^^^^^^^^^^ not found in this scope
[INFO] [stdout]   |
[INFO] [stdout] help: consider importing this function
[INFO] [stdout]   |
[INFO] [stdout] 2 + use vkontakte_api::api::account::unregister_device;
[INFO] [stdout]   |
[INFO] [stdout] 
[INFO] [stdout] error[E0425]: cannot find value `api` in this scope
[INFO] [stdout]  --> src/api/account/methods.rs:565:20
[INFO] [stdout]   |
[INFO] [stdout] 3 | unregister_device(&api, create_query!{});
[INFO] [stdout]   |                    ^^^ not found in this scope
[INFO] [stdout] 
[INFO] [stdout] error: aborting due to 3 previous errors
[INFO] [stdout] 
[INFO] [stdout] For more information about this error, try `rustc --explain E0425`.
[INFO] [stdout] Couldn't compile the test.
[INFO] [stdout] ---- src/api/account/methods.rs - api::account::methods::set_silence_mode (line 510) stdout ----
[INFO] [stdout] error: cannot find macro `create_query` in this scope
[INFO] [stdout]  --> src/api/account/methods.rs:511:24
[INFO] [stdout]   |
[INFO] [stdout] 3 | set_silence_mode(&api, create_query!{});
[INFO] [stdout]   |                        ^^^^^^^^^^^^
[INFO] [stdout]   |
[INFO] [stdout] help: consider importing this macro
[INFO] [stdout]   |
[INFO] [stdout] 2 + use vkontakte_api::create_query;
[INFO] [stdout]   |
[INFO] [stdout] 
[INFO] [stdout] error[E0425]: cannot find function `set_silence_mode` in this scope
[INFO] [stdout]  --> src/api/account/methods.rs:511:1
[INFO] [stdout]   |
[INFO] [stdout] 3 | set_silence_mode(&api, create_query!{});
[INFO] [stdout]   | ^^^^^^^^^^^^^^^^ not found in this scope
[INFO] [stdout]   |
[INFO] [stdout] help: consider importing this function
[INFO] [stdout]   |
[INFO] [stdout] 2 + use vkontakte_api::api::account::set_silence_mode;
[INFO] [stdout]   |
[INFO] [stdout] 
[INFO] [stdout] error[E0425]: cannot find value `api` in this scope
[INFO] [stdout]  --> src/api/account/methods.rs:511:19
[INFO] [stdout]   |
[INFO] [stdout] 3 | set_silence_mode(&api, create_query!{});
[INFO] [stdout]   |                   ^^^ not found in this scope
[INFO] [stdout] 
[INFO] [stdout] error: aborting due to 3 previous errors
[INFO] [stdout] 
[INFO] [stdout] For more information about this error, try `rustc --explain E0425`.
[INFO] [stdout] Couldn't compile the test.
[INFO] [stdout] ---- src/api/account/methods.rs - api::account::methods::save_profile_info (line 359) stdout ----
[INFO] [stdout] error: cannot find macro `create_query` in this scope
[INFO] [stdout]  --> src/api/account/methods.rs:360:25
[INFO] [stdout]   |
[INFO] [stdout] 3 | save_profile_info(&api, create_query!{});
[INFO] [stdout]   |                         ^^^^^^^^^^^^
[INFO] [stdout]   |
[INFO] [stdout] help: consider importing this macro
[INFO] [stdout]   |
[INFO] [stdout] 2 + use vkontakte_api::create_query;
[INFO] [stdout]   |
[INFO] [stdout] 
[INFO] [stdout] error[E0425]: cannot find function `save_profile_info` in this scope
[INFO] [stdout]  --> src/api/account/methods.rs:360:1
[INFO] [stdout]   |
[INFO] [stdout] 3 | save_profile_info(&api, create_query!{});
[INFO] [stdout]   | ^^^^^^^^^^^^^^^^^ not found in this scope
[INFO] [stdout]   |
[INFO] [stdout] help: consider importing this function
[INFO] [stdout]   |
[INFO] [stdout] 2 + use vkontakte_api::api::account::save_profile_info;
[INFO] [stdout]   |
[INFO] [stdout] 
[INFO] [stdout] error[E0425]: cannot find value `api` in this scope
[INFO] [stdout]  --> src/api/account/methods.rs:360:20
[INFO] [stdout]   |
[INFO] [stdout] 3 | save_profile_info(&api, create_query!{});
[INFO] [stdout]   |                    ^^^ not found in this scope
[INFO] [stdout] 
[INFO] [stdout] error: aborting due to 3 previous errors
[INFO] [stdout] 
[INFO] [stdout] For more information about this error, try `rustc --explain E0425`.
[INFO] [stdout] Couldn't compile the test.
[INFO] [stdout] ---- src/api/account/methods.rs - api::account::methods::set_push_settings (line 469) stdout ----
[INFO] [stdout] error: cannot find macro `create_query` in this scope
[INFO] [stdout]  --> src/api/account/methods.rs:470:25
[INFO] [stdout]   |
[INFO] [stdout] 3 | set_push_settings(&api, create_query!{});
[INFO] [stdout]   |                         ^^^^^^^^^^^^
[INFO] [stdout]   |
[INFO] [stdout] help: consider importing this macro
[INFO] [stdout]   |
[INFO] [stdout] 2 + use vkontakte_api::create_query;
[INFO] [stdout]   |
[INFO] [stdout] 
[INFO] [stdout] error[E0425]: cannot find function `set_push_settings` in this scope
[INFO] [stdout]  --> src/api/account/methods.rs:470:1
[INFO] [stdout]   |
[INFO] [stdout] 3 | set_push_settings(&api, create_query!{});
[INFO] [stdout]   | ^^^^^^^^^^^^^^^^^ not found in this scope
[INFO] [stdout]   |
[INFO] [stdout] help: consider importing this function
[INFO] [stdout]   |
[INFO] [stdout] 2 + use vkontakte_api::api::account::set_push_settings;
[INFO] [stdout]   |
[INFO] [stdout] 
[INFO] [stdout] error[E0425]: cannot find value `api` in this scope
[INFO] [stdout]  --> src/api/account/methods.rs:470:20
[INFO] [stdout]   |
[INFO] [stdout] 3 | set_push_settings(&api, create_query!{});
[INFO] [stdout]   |                    ^^^ not found in this scope
[INFO] [stdout] 
[INFO] [stdout] error: aborting due to 3 previous errors
[INFO] [stdout] 
[INFO] [stdout] For more information about this error, try `rustc --explain E0425`.
[INFO] [stdout] Couldn't compile the test.
[INFO] [stdout] ---- src/api/messages/methods.rs - api::messages::methods::send (line 719) stdout ----
[INFO] [stdout] error: cannot find macro `create_query` in this scope
[INFO] [stdout]  --> src/api/messages/methods.rs:720:12
[INFO] [stdout]   |
[INFO] [stdout] 3 | send(&api, create_query!{});
[INFO] [stdout]   |            ^^^^^^^^^^^^
[INFO] [stdout]   |
[INFO] [stdout] help: consider importing this macro
[INFO] [stdout]   |
[INFO] [stdout] 2 + use vkontakte_api::create_query;
[INFO] [stdout]   |
[INFO] [stdout] 
[INFO] [stdout] error[E0425]: cannot find function `send` in this scope
[INFO] [stdout]  --> src/api/messages/methods.rs:720:1
[INFO] [stdout]   |
[INFO] [stdout] 3 | send(&api, create_query!{});
[INFO] [stdout]   | ^^^^ not found in this scope
[INFO] [stdout]   |
[INFO] [stdout] help: consider importing this function
[INFO] [stdout]   |
[INFO] [stdout] 2 + use vkontakte_api::api::messages::send;
[INFO] [stdout]   |
[INFO] [stdout] 
[INFO] [stdout] error[E0425]: cannot find value `api` in this scope
[INFO] [stdout]  --> src/api/messages/methods.rs:720:7
[INFO] [stdout]   |
[INFO] [stdout] 3 | send(&api, create_query!{});
[INFO] [stdout]   |       ^^^ not found in this scope
[INFO] [stdout] 
[INFO] [stdout] error: aborting due to 3 previous errors
[INFO] [stdout] 
[INFO] [stdout] For more information about this error, try `rustc --explain E0425`.
[INFO] [stdout] Couldn't compile the test.
[INFO] [stdout] ---- src/api/account/methods.rs - api::account::methods::change_password (line 46) stdout ----
[INFO] [stdout] error: cannot find macro `create_query` in this scope
[INFO] [stdout]  --> src/api/account/methods.rs:47:28
[INFO] [stdout]   |
[INFO] [stdout] 3 | change_password(&api, 123, create_query! {
[INFO] [stdout]   |                            ^^^^^^^^^^^^
[INFO] [stdout]   |
[INFO] [stdout] help: consider importing this macro
[INFO] [stdout]   |
[INFO] [stdout] 2 + use vkontakte_api::create_query;
[INFO] [stdout]   |
[INFO] [stdout] 
[INFO] [stdout] error[E0425]: cannot find function `change_password` in this scope
[INFO] [stdout]  --> src/api/account/methods.rs:47:1
[INFO] [stdout]   |
[INFO] [stdout] 3 | change_password(&api, 123, create_query! {
[INFO] [stdout]   | ^^^^^^^^^^^^^^^ not found in this scope
[INFO] [stdout]   |
[INFO] [stdout] help: consider importing this function
[INFO] [stdout]   |
[INFO] [stdout] 2 + use vkontakte_api::api::account::change_password;
[INFO] [stdout]   |
[INFO] [stdout] 
[INFO] [stdout] error[E0425]: cannot find value `api` in this scope
[INFO] [stdout]  --> src/api/account/methods.rs:47:18
[INFO] [stdout]   |
[INFO] [stdout] 3 | change_password(&api, 123, create_query! {
[INFO] [stdout]   |                  ^^^ not found in this scope
[INFO] [stdout] 
[INFO] [stdout] error: aborting due to 3 previous errors
[INFO] [stdout] 
[INFO] [stdout] For more information about this error, try `rustc --explain E0425`.
[INFO] [stdout] Couldn't compile the test.
[INFO] [stdout] ---- src/api/account/methods.rs - api::account::methods::set_info (line 393) stdout ----
[INFO] [stdout] error: cannot find macro `create_query` in this scope
[INFO] [stdout]  --> src/api/account/methods.rs:394:16
[INFO] [stdout]   |
[INFO] [stdout] 3 | set_info(&api, create_query!{});
[INFO] [stdout]   |                ^^^^^^^^^^^^
[INFO] [stdout]   |
[INFO] [stdout] help: consider importing this macro
[INFO] [stdout]   |
[INFO] [stdout] 2 + use vkontakte_api::create_query;
[INFO] [stdout]   |
[INFO] [stdout] 
[INFO] [stdout] error[E0425]: cannot find function `set_info` in this scope
[INFO] [stdout]  --> src/api/account/methods.rs:394:1
[INFO] [stdout]   |
[INFO] [stdout] 3 | set_info(&api, create_query!{});
[INFO] [stdout]   | ^^^^^^^^ not found in this scope
[INFO] [stdout]   |
[INFO] [stdout] help: consider importing this function
[INFO] [stdout]   |
[INFO] [stdout] 2 + use vkontakte_api::api::account::set_info;
[INFO] [stdout]   |
[INFO] [stdout] 
[INFO] [stdout] error[E0425]: cannot find value `api` in this scope
[INFO] [stdout]  --> src/api/account/methods.rs:394:11
[INFO] [stdout]   |
[INFO] [stdout] 3 | set_info(&api, create_query!{});
[INFO] [stdout]   |           ^^^ not found in this scope
[INFO] [stdout] 
[INFO] [stdout] error: aborting due to 3 previous errors
[INFO] [stdout] 
[INFO] [stdout] For more information about this error, try `rustc --explain E0425`.
[INFO] [stdout] Couldn't compile the test.
[INFO] [stdout] ---- src/api/messages/methods.rs - api::messages::methods::edit (line 141) stdout ----
[INFO] [stdout] error: cannot find macro `create_query` in this scope
[INFO] [stdout]  --> src/api/messages/methods.rs:142:12
[INFO] [stdout]   |
[INFO] [stdout] 3 | edit(&api, create_query!{});
[INFO] [stdout]   |            ^^^^^^^^^^^^
[INFO] [stdout]   |
[INFO] [stdout] help: consider importing this macro
[INFO] [stdout]   |
[INFO] [stdout] 2 + use vkontakte_api::create_query;
[INFO] [stdout]   |
[INFO] [stdout] 
[INFO] [stdout] error[E0425]: cannot find function `edit` in this scope
[INFO] [stdout]  --> src/api/messages/methods.rs:142:1
[INFO] [stdout]   |
[INFO] [stdout] 3 | edit(&api, create_query!{});
[INFO] [stdout]   | ^^^^ not found in this scope
[INFO] [stdout]   |
[INFO] [stdout] help: consider importing one of these items
[INFO] [stdout]   |
[INFO] [stdout] 2 + use vkontakte_api::api::groups::edit;
[INFO] [stdout]   |
[INFO] [stdout] 2 + use vkontakte_api::api::messages::edit;
[INFO] [stdout]   |
[INFO] [stdout] 
[INFO] [stdout] error[E0425]: cannot find value `api` in this scope
[INFO] [stdout]  --> src/api/messages/methods.rs:142:7
[INFO] [stdout]   |
[INFO] [stdout] 3 | edit(&api, create_query!{});
[INFO] [stdout]   |       ^^^ not found in this scope
[INFO] [stdout] 
[INFO] [stdout] error: aborting due to 3 previous errors
[INFO] [stdout] 
[INFO] [stdout] For more information about this error, try `rustc --explain E0425`.
[INFO] [stdout] Couldn't compile the test.
[INFO] [stdout] ---- src/api/messages/methods.rs - api::messages::methods::get_long_poll_history (line 355) stdout ----
[INFO] [stdout] error: visibility `pub` is not followed by an item
[INFO] [stdout]  --> src/api/messages/methods.rs:357:1
[INFO] [stdout]   |
[INFO] [stdout] 4 | pub ts: usize,
[INFO] [stdout]   | ^^^ the visibility
[INFO] [stdout]   |
[INFO] [stdout]   = help: you likely meant to define an item, e.g., `pub fn foo() {}`
[INFO] [stdout] 
[INFO] [stdout] error: expected identifier, found `:`
[INFO] [stdout]  --> src/api/messages/methods.rs:357:7
[INFO] [stdout]   |
[INFO] [stdout] 4 | pub ts: usize,
[INFO] [stdout]   |       ^ expected identifier
[INFO] [stdout] 
[INFO] [stdout] error: aborting due to 2 previous errors
[INFO] [stdout] 
[INFO] [stdout] Couldn't compile the test.
[INFO] [stdout] ---- src/api/messages/methods.rs - api::messages::methods::get_long_poll_history (line 453) stdout ----
[INFO] [stdout] error: cannot find macro `create_query` in this scope
[INFO] [stdout]  --> src/api/messages/methods.rs:454:29
[INFO] [stdout]   |
[INFO] [stdout] 3 | get_long_poll_history(&api, create_query!{});
[INFO] [stdout]   |                             ^^^^^^^^^^^^
[INFO] [stdout]   |
[INFO] [stdout] help: consider importing this macro
[INFO] [stdout]   |
[INFO] [stdout] 2 + use vkontakte_api::create_query;
[INFO] [stdout]   |
[INFO] [stdout] 
[INFO] [stdout] error[E0425]: cannot find function `get_long_poll_history` in this scope
[INFO] [stdout]  --> src/api/messages/methods.rs:454:1
[INFO] [stdout]   |
[INFO] [stdout] 3 | get_long_poll_history(&api, create_query!{});
[INFO] [stdout]   | ^^^^^^^^^^^^^^^^^^^^^ not found in this scope
[INFO] [stdout]   |
[INFO] [stdout] help: consider importing this function
[INFO] [stdout]   |
[INFO] [stdout] 2 + use vkontakte_api::api::messages::get_long_poll_history;
[INFO] [stdout]   |
[INFO] [stdout] 
[INFO] [stdout] error[E0425]: cannot find value `api` in this scope
[INFO] [stdout]  --> src/api/messages/methods.rs:454:24
[INFO] [stdout]   |
[INFO] [stdout] 3 | get_long_poll_history(&api, create_query!{});
[INFO] [stdout]   |                        ^^^ not found in this scope
[INFO] [stdout] 
[INFO] [stdout] error: aborting due to 3 previous errors
[INFO] [stdout] 
[INFO] [stdout] For more information about this error, try `rustc --explain E0425`.
[INFO] [stdout] Couldn't compile the test.
[INFO] [stdout] 
[INFO] [stdout] failures:
[INFO] [stdout]     src/api/account/methods.rs - api::account::methods::change_password (line 46)
[INFO] [stdout]     src/api/account/methods.rs - api::account::methods::get_active_offers (line 85)
[INFO] [stdout]     src/api/account/methods.rs - api::account::methods::save_profile_info (line 359)
[INFO] [stdout]     src/api/account/methods.rs - api::account::methods::set_info (line 393)
[INFO] [stdout]     src/api/account/methods.rs - api::account::methods::set_push_settings (line 469)
[INFO] [stdout]     src/api/account/methods.rs - api::account::methods::set_silence_mode (line 510)
[INFO] [stdout]     src/api/account/methods.rs - api::account::methods::unregister_device (line 564)
[INFO] [stdout]     src/api/messages/methods.rs - api::messages::methods::edit (line 141)
[INFO] [stdout]     src/api/messages/methods.rs - api::messages::methods::edit (line 45)
[INFO] [stdout]     src/api/messages/methods.rs - api::messages::methods::get_long_poll_history (line 355)
[INFO] [stdout]     src/api/messages/methods.rs - api::messages::methods::get_long_poll_history (line 453)
[INFO] [stdout]     src/api/messages/methods.rs - api::messages::methods::send (line 719)
[INFO] [stdout] 
[INFO] [stdout] test result: FAILED. 0 passed; 12 failed; 0 ignored; 0 measured; 0 filtered out; finished in 0.20s
[INFO] [stdout] 
[INFO] [stderr] error: doctest failed, to rerun pass `--doc`
[INFO] running `Command { std: "docker" "inspect" "10fdc38c82ea1f22be9d22e99bc6d18393bd3a57a5914865f4c4a14213c7eb30", kill_on_drop: false }`
[INFO] running `Command { std: "docker" "rm" "-f" "10fdc38c82ea1f22be9d22e99bc6d18393bd3a57a5914865f4c4a14213c7eb30", kill_on_drop: false }`
[INFO] [stdout] 10fdc38c82ea1f22be9d22e99bc6d18393bd3a57a5914865f4c4a14213c7eb30
