[INFO] fetching crate vk-token-manager 0.2.0...
[INFO] testing vk-token-manager-0.2.0 against 1.75.0 for beta-1.76-1
[INFO] extracting crate vk-token-manager 0.2.0 into /workspace/builds/worker-0-tc1/source
[INFO] validating manifest of crates.io crate vk-token-manager 0.2.0 on toolchain 1.75.0
[INFO] running `Command { std: CARGO_HOME="/workspace/cargo-home" RUSTUP_HOME="/workspace/rustup-home" "/workspace/cargo-home/bin/cargo" "+1.75.0" "metadata" "--manifest-path" "Cargo.toml" "--no-deps", kill_on_drop: false }`
[INFO] started tweaking crates.io crate vk-token-manager 0.2.0
[INFO] finished tweaking crates.io crate vk-token-manager 0.2.0
[INFO] tweaked toml for crates.io crate vk-token-manager 0.2.0 written to /workspace/builds/worker-0-tc1/source/Cargo.toml
[INFO] running `Command { std: CARGO_HOME="/workspace/cargo-home" RUSTUP_HOME="/workspace/rustup-home" "/workspace/cargo-home/bin/cargo" "+1.75.0" "generate-lockfile" "--manifest-path" "Cargo.toml", kill_on_drop: false }`
[INFO] [stderr]     Blocking waiting for file lock on package cache
[INFO] [stderr]     Updating crates.io index
[INFO] running `Command { std: CARGO_HOME="/workspace/cargo-home" RUSTUP_HOME="/workspace/rustup-home" "/workspace/cargo-home/bin/cargo" "+1.75.0" "fetch" "--manifest-path" "Cargo.toml", kill_on_drop: false }`
[INFO] running `Command { std: "docker" "create" "-v" "/var/lib/crater-agent-workspace/builds/worker-0-tc1/target:/opt/rustwide/target:rw,Z" "-v" "/var/lib/crater-agent-workspace/builds/worker-0-tc1/source:/opt/rustwide/workdir:ro,Z" "-v" "/var/lib/crater-agent-workspace/cargo-home:/opt/rustwide/cargo-home:ro,Z" "-v" "/var/lib/crater-agent-workspace/rustup-home:/opt/rustwide/rustup-home:ro,Z" "-e" "SOURCE_DIR=/opt/rustwide/workdir" "-e" "CARGO_TARGET_DIR=/opt/rustwide/target" "-e" "CARGO_HOME=/opt/rustwide/cargo-home" "-e" "RUSTUP_HOME=/opt/rustwide/rustup-home" "-w" "/opt/rustwide/workdir" "-m" "1610612736" "--user" "0:0" "--network" "none" "ghcr.io/rust-lang/crates-build-env/linux@sha256:2788e3201cd34a07e3172128adcd8b3090168a8e3bcc40d7c032b9dda1df7d1c" "/opt/rustwide/cargo-home/bin/cargo" "+1.75.0" "metadata" "--no-deps" "--format-version=1", kill_on_drop: false }`
[INFO] [stdout] 04b84b8078028c10ef5c809cdb881d13f7523ef16c1f5514aaa4fce7843f6b4e
[INFO] running `Command { std: "docker" "start" "-a" "04b84b8078028c10ef5c809cdb881d13f7523ef16c1f5514aaa4fce7843f6b4e", kill_on_drop: false }`
[INFO] running `Command { std: "docker" "inspect" "04b84b8078028c10ef5c809cdb881d13f7523ef16c1f5514aaa4fce7843f6b4e", kill_on_drop: false }`
[INFO] running `Command { std: "docker" "rm" "-f" "04b84b8078028c10ef5c809cdb881d13f7523ef16c1f5514aaa4fce7843f6b4e", kill_on_drop: false }`
[INFO] [stdout] 04b84b8078028c10ef5c809cdb881d13f7523ef16c1f5514aaa4fce7843f6b4e
[INFO] running `Command { std: "docker" "create" "-v" "/var/lib/crater-agent-workspace/builds/worker-0-tc1/target:/opt/rustwide/target:rw,Z" "-v" "/var/lib/crater-agent-workspace/builds/worker-0-tc1/source:/opt/rustwide/workdir:ro,Z" "-v" "/var/lib/crater-agent-workspace/cargo-home:/opt/rustwide/cargo-home:ro,Z" "-v" "/var/lib/crater-agent-workspace/rustup-home:/opt/rustwide/rustup-home:ro,Z" "-e" "SOURCE_DIR=/opt/rustwide/workdir" "-e" "CARGO_TARGET_DIR=/opt/rustwide/target" "-e" "CARGO_INCREMENTAL=0" "-e" "RUST_BACKTRACE=full" "-e" "RUSTFLAGS=--cap-lints=warn" "-e" "RUSTDOCFLAGS=--cap-lints=warn" "-e" "CARGO_HOME=/opt/rustwide/cargo-home" "-e" "RUSTUP_HOME=/opt/rustwide/rustup-home" "-w" "/opt/rustwide/workdir" "-m" "1610612736" "--user" "0:0" "--network" "none" "ghcr.io/rust-lang/crates-build-env/linux@sha256:2788e3201cd34a07e3172128adcd8b3090168a8e3bcc40d7c032b9dda1df7d1c" "/opt/rustwide/cargo-home/bin/cargo" "+1.75.0" "build" "--frozen" "--message-format=json", kill_on_drop: false }`
[INFO] [stdout] d406de44a32112a7a6b5d4edde605580c3bbd968f5e4453be314801214db02be
[INFO] running `Command { std: "docker" "start" "-a" "d406de44a32112a7a6b5d4edde605580c3bbd968f5e4453be314801214db02be", kill_on_drop: false }`
[INFO] [stderr]    Compiling proc-macro2 v1.0.75
[INFO] [stderr]    Compiling unicode-ident v1.0.12
[INFO] [stderr]    Compiling async-trait v0.1.77
[INFO] [stderr]    Compiling quote v1.0.35
[INFO] [stderr]    Compiling syn v2.0.48
[INFO] [stderr]    Compiling vk-token-manager v0.2.0 (/opt/rustwide/workdir)
[INFO] [stderr]     Finished dev [unoptimized + debuginfo] target(s) in 4.38s
[INFO] running `Command { std: "docker" "inspect" "d406de44a32112a7a6b5d4edde605580c3bbd968f5e4453be314801214db02be", kill_on_drop: false }`
[INFO] running `Command { std: "docker" "rm" "-f" "d406de44a32112a7a6b5d4edde605580c3bbd968f5e4453be314801214db02be", kill_on_drop: false }`
[INFO] [stdout] d406de44a32112a7a6b5d4edde605580c3bbd968f5e4453be314801214db02be
[INFO] running `Command { std: "docker" "create" "-v" "/var/lib/crater-agent-workspace/builds/worker-0-tc1/target:/opt/rustwide/target:rw,Z" "-v" "/var/lib/crater-agent-workspace/builds/worker-0-tc1/source:/opt/rustwide/workdir:ro,Z" "-v" "/var/lib/crater-agent-workspace/cargo-home:/opt/rustwide/cargo-home:ro,Z" "-v" "/var/lib/crater-agent-workspace/rustup-home:/opt/rustwide/rustup-home:ro,Z" "-e" "SOURCE_DIR=/opt/rustwide/workdir" "-e" "CARGO_TARGET_DIR=/opt/rustwide/target" "-e" "CARGO_INCREMENTAL=0" "-e" "RUST_BACKTRACE=full" "-e" "RUSTFLAGS=--cap-lints=warn" "-e" "RUSTDOCFLAGS=--cap-lints=warn" "-e" "CARGO_HOME=/opt/rustwide/cargo-home" "-e" "RUSTUP_HOME=/opt/rustwide/rustup-home" "-w" "/opt/rustwide/workdir" "-m" "1610612736" "--user" "0:0" "--network" "none" "ghcr.io/rust-lang/crates-build-env/linux@sha256:2788e3201cd34a07e3172128adcd8b3090168a8e3bcc40d7c032b9dda1df7d1c" "/opt/rustwide/cargo-home/bin/cargo" "+1.75.0" "test" "--frozen" "--no-run" "--message-format=json", kill_on_drop: false }`
[INFO] [stdout] d41006cdbf603d01ec8e03685aa54759144bd9615e158dd3b3121495a05a0e9c
[INFO] running `Command { std: "docker" "start" "-a" "d41006cdbf603d01ec8e03685aa54759144bd9615e158dd3b3121495a05a0e9c", kill_on_drop: false }`
[INFO] [stderr]    Compiling vk-token-manager v0.2.0 (/opt/rustwide/workdir)
[INFO] [stderr]     Finished test [unoptimized + debuginfo] target(s) in 0.32s
[INFO] running `Command { std: "docker" "inspect" "d41006cdbf603d01ec8e03685aa54759144bd9615e158dd3b3121495a05a0e9c", kill_on_drop: false }`
[INFO] running `Command { std: "docker" "rm" "-f" "d41006cdbf603d01ec8e03685aa54759144bd9615e158dd3b3121495a05a0e9c", kill_on_drop: false }`
[INFO] [stdout] d41006cdbf603d01ec8e03685aa54759144bd9615e158dd3b3121495a05a0e9c
[INFO] running `Command { std: "docker" "create" "-v" "/var/lib/crater-agent-workspace/builds/worker-0-tc1/target:/opt/rustwide/target:rw,Z" "-v" "/var/lib/crater-agent-workspace/builds/worker-0-tc1/source:/opt/rustwide/workdir:ro,Z" "-v" "/var/lib/crater-agent-workspace/cargo-home:/opt/rustwide/cargo-home:ro,Z" "-v" "/var/lib/crater-agent-workspace/rustup-home:/opt/rustwide/rustup-home:ro,Z" "-e" "SOURCE_DIR=/opt/rustwide/workdir" "-e" "CARGO_TARGET_DIR=/opt/rustwide/target" "-e" "CARGO_INCREMENTAL=0" "-e" "RUST_BACKTRACE=full" "-e" "RUSTFLAGS=--cap-lints=warn" "-e" "RUSTDOCFLAGS=--cap-lints=warn" "-e" "CARGO_HOME=/opt/rustwide/cargo-home" "-e" "RUSTUP_HOME=/opt/rustwide/rustup-home" "-w" "/opt/rustwide/workdir" "-m" "1610612736" "--user" "0:0" "--network" "none" "ghcr.io/rust-lang/crates-build-env/linux@sha256:2788e3201cd34a07e3172128adcd8b3090168a8e3bcc40d7c032b9dda1df7d1c" "/opt/rustwide/cargo-home/bin/cargo" "+1.75.0" "test" "--frozen", kill_on_drop: false }`
[INFO] [stdout] d86385e7e2625ef5f6cd8baf812392a342dd0f235570fb5d18707e8c50480f38
[INFO] running `Command { std: "docker" "start" "-a" "d86385e7e2625ef5f6cd8baf812392a342dd0f235570fb5d18707e8c50480f38", kill_on_drop: false }`
[INFO] [stderr]     Finished test [unoptimized + debuginfo] target(s) in 0.01s
[INFO] [stderr]      Running unittests src/lib.rs (/opt/rustwide/target/debug/deps/vk_token_manager-1b434022423c843a)
[INFO] [stdout] 
[INFO] [stdout] running 0 tests
[INFO] [stdout] 
[INFO] [stdout] test result: ok. 0 passed; 0 failed; 0 ignored; 0 measured; 0 filtered out; finished in 0.00s
[INFO] [stdout] 
[INFO] [stderr]    Doc-tests vk-token-manager
[INFO] [stdout] 
[INFO] [stdout] running 11 tests
[INFO] [stdout] test src/manager.rs - manager::ManageTokens::add_token (line 91) ... ignored
[INFO] [stdout] test src/manager.rs - manager::ManageTokens::get_by_id (line 83) ... ignored
[INFO] [stdout] test src/token.rs - token::GetToken::get_token (line 53) ... ignored
[INFO] [stdout] test src/lib.rs - (line 4) ... FAILED
[INFO] [stdout] test src/token.rs - token::Token::new (line 26) ... FAILED
[INFO] [stdout] test src/manager.rs - manager::TokenManager (line 43) ... FAILED
[INFO] [stdout] test src/manager.rs - manager (line 4) - compile ... FAILED
[INFO] [stdout] test src/token.rs - token (line 6) ... FAILED
[INFO] [stdout] test src/token.rs - token::Token (line 15) ... FAILED
[INFO] [stdout] test src/manager.rs - manager::TokenManager::new (line 54) ... FAILED
[INFO] [stdout] test src/manager.rs - manager::GroupId::new (line 33) ... FAILED
[INFO] [stdout] 
[INFO] [stdout] failures:
[INFO] [stdout] 
[INFO] [stdout] ---- src/lib.rs - (line 4) stdout ----
[INFO] [stdout] error[E0432]: unresolved import `token_manager`
[INFO] [stdout]  --> src/lib.rs:5:5
[INFO] [stdout]   |
[INFO] [stdout] 3 | use token_manager::{TokenManager, ManageTokens};
[INFO] [stdout]   |     ^^^^^^^^^^^^^ use of undeclared crate or module `token_manager`
[INFO] [stdout]   |
[INFO] [stdout] help: there is a crate or module with a similar name
[INFO] [stdout]   |
[INFO] [stdout] 3 | use vk_token_manager::{TokenManager, ManageTokens};
[INFO] [stdout]   |     ~~~~~~~~~~~~~~~~
[INFO] [stdout] 
[INFO] [stdout] error[E0432]: unresolved import `token_manager`
[INFO] [stdout]  --> src/lib.rs:6:5
[INFO] [stdout]   |
[INFO] [stdout] 4 | use token_manager::{GroupId, SimpleToken, Token};
[INFO] [stdout]   |     ^^^^^^^^^^^^^ use of undeclared crate or module `token_manager`
[INFO] [stdout]   |
[INFO] [stdout] help: there is a crate or module with a similar name
[INFO] [stdout]   |
[INFO] [stdout] 4 | use vk_token_manager::{GroupId, SimpleToken, Token};
[INFO] [stdout]   |     ~~~~~~~~~~~~~~~~
[INFO] [stdout] 
[INFO] [stdout] error: aborting due to 2 previous errors
[INFO] [stdout] 
[INFO] [stdout] For more information about this error, try `rustc --explain E0432`.
[INFO] [stdout] Couldn't compile the test.
[INFO] [stdout] ---- src/token.rs - token::Token::new (line 26) stdout ----
[INFO] [stdout] error[E0433]: failed to resolve: use of undeclared crate or module `token_manager`
[INFO] [stdout]  --> src/token.rs:27:5
[INFO] [stdout]   |
[INFO] [stdout] 3 | use token_manager::token::Token;
[INFO] [stdout]   |     ^^^^^^^^^^^^^ use of undeclared crate or module `token_manager`
[INFO] [stdout]   |
[INFO] [stdout] help: there is a crate or module with a similar name
[INFO] [stdout]   |
[INFO] [stdout] 3 | use vk_token_manager::token::Token;
[INFO] [stdout]   |     ~~~~~~~~~~~~~~~~
[INFO] [stdout] 
[INFO] [stdout] error: aborting due to previous error
[INFO] [stdout] 
[INFO] [stdout] For more information about this error, try `rustc --explain E0433`.
[INFO] [stdout] Couldn't compile the test.
[INFO] [stdout] ---- src/manager.rs - manager::TokenManager (line 43) stdout ----
[INFO] [stdout] error[E0433]: failed to resolve: use of undeclared type `TokenManager`
[INFO] [stdout]  --> src/manager.rs:44:15
[INFO] [stdout]   |
[INFO] [stdout] 3 | let manager = TokenManager::new();
[INFO] [stdout]   |               ^^^^^^^^^^^^ use of undeclared type `TokenManager`
[INFO] [stdout]   |
[INFO] [stdout] help: consider importing this struct
[INFO] [stdout]   |
[INFO] [stdout] 2 + use vk_token_manager::TokenManager;
[INFO] [stdout]   |
[INFO] [stdout] 
[INFO] [stdout] error: aborting due to previous error
[INFO] [stdout] 
[INFO] [stdout] For more information about this error, try `rustc --explain E0433`.
[INFO] [stdout] Couldn't compile the test.
[INFO] [stdout] ---- src/manager.rs - manager (line 4) stdout ----
[INFO] [stdout] error[E0432]: unresolved import `token_manager`
[INFO] [stdout]  --> src/manager.rs:5:5
[INFO] [stdout]   |
[INFO] [stdout] 3 | use token_manager::{TokenManager, ManageTokens};
[INFO] [stdout]   |     ^^^^^^^^^^^^^ use of undeclared crate or module `token_manager`
[INFO] [stdout]   |
[INFO] [stdout] help: there is a crate or module with a similar name
[INFO] [stdout]   |
[INFO] [stdout] 3 | use vk_token_manager::{TokenManager, ManageTokens};
[INFO] [stdout]   |     ~~~~~~~~~~~~~~~~
[INFO] [stdout] 
[INFO] [stdout] error[E0432]: unresolved import `token_manager`
[INFO] [stdout]  --> src/manager.rs:6:5
[INFO] [stdout]   |
[INFO] [stdout] 4 | use token_manager::{GroupId, SimpleToken, Token};
[INFO] [stdout]   |     ^^^^^^^^^^^^^ use of undeclared crate or module `token_manager`
[INFO] [stdout]   |
[INFO] [stdout] help: there is a crate or module with a similar name
[INFO] [stdout]   |
[INFO] [stdout] 4 | use vk_token_manager::{GroupId, SimpleToken, Token};
[INFO] [stdout]   |     ~~~~~~~~~~~~~~~~
[INFO] [stdout] 
[INFO] [stdout] error: aborting due to 2 previous errors
[INFO] [stdout] 
[INFO] [stdout] For more information about this error, try `rustc --explain E0432`.
[INFO] [stdout] Couldn't compile the test.
[INFO] [stdout] ---- src/token.rs - token (line 6) stdout ----
[INFO] [stdout] error[E0432]: unresolved import `token_manager`
[INFO] [stdout]  --> src/token.rs:7:5
[INFO] [stdout]   |
[INFO] [stdout] 3 | use token_manager::{Token};
[INFO] [stdout]   |     ^^^^^^^^^^^^^ use of undeclared crate or module `token_manager`
[INFO] [stdout]   |
[INFO] [stdout] help: there is a crate or module with a similar name
[INFO] [stdout]   |
[INFO] [stdout] 3 | use vk_token_manager::{Token};
[INFO] [stdout]   |     ~~~~~~~~~~~~~~~~
[INFO] [stdout] 
[INFO] [stdout] error: aborting due to previous error
[INFO] [stdout] 
[INFO] [stdout] For more information about this error, try `rustc --explain E0432`.
[INFO] [stdout] Couldn't compile the test.
[INFO] [stdout] ---- src/token.rs - token::Token (line 15) stdout ----
[INFO] [stdout] error[E0433]: failed to resolve: use of undeclared crate or module `token_manager`
[INFO] [stdout]  --> src/token.rs:16:5
[INFO] [stdout]   |
[INFO] [stdout] 3 | use token_manager::token::Token;
[INFO] [stdout]   |     ^^^^^^^^^^^^^ use of undeclared crate or module `token_manager`
[INFO] [stdout]   |
[INFO] [stdout] help: there is a crate or module with a similar name
[INFO] [stdout]   |
[INFO] [stdout] 3 | use vk_token_manager::token::Token;
[INFO] [stdout]   |     ~~~~~~~~~~~~~~~~
[INFO] [stdout] 
[INFO] [stdout] error: aborting due to previous error
[INFO] [stdout] 
[INFO] [stdout] For more information about this error, try `rustc --explain E0433`.
[INFO] [stdout] Couldn't compile the test.
[INFO] [stdout] ---- src/manager.rs - manager::TokenManager::new (line 54) stdout ----
[INFO] [stdout] error[E0433]: failed to resolve: use of undeclared type `TokenManager`
[INFO] [stdout]  --> src/manager.rs:55:15
[INFO] [stdout]   |
[INFO] [stdout] 3 | let manager = TokenManager::new();
[INFO] [stdout]   |               ^^^^^^^^^^^^ use of undeclared type `TokenManager`
[INFO] [stdout]   |
[INFO] [stdout] help: consider importing this struct
[INFO] [stdout]   |
[INFO] [stdout] 2 + use vk_token_manager::TokenManager;
[INFO] [stdout]   |
[INFO] [stdout] 
[INFO] [stdout] error: aborting due to previous error
[INFO] [stdout] 
[INFO] [stdout] For more information about this error, try `rustc --explain E0433`.
[INFO] [stdout] Couldn't compile the test.
[INFO] [stdout] ---- src/manager.rs - manager::GroupId::new (line 33) stdout ----
[INFO] [stdout] error[E0433]: failed to resolve: use of undeclared type `GroupId`
[INFO] [stdout]  --> src/manager.rs:34:16
[INFO] [stdout]   |
[INFO] [stdout] 3 | let group_id = GroupId::new(15);
[INFO] [stdout]   |                ^^^^^^^ use of undeclared type `GroupId`
[INFO] [stdout]   |
[INFO] [stdout] help: consider importing this struct
[INFO] [stdout]   |
[INFO] [stdout] 2 + use vk_token_manager::GroupId;
[INFO] [stdout]   |
[INFO] [stdout] 
[INFO] [stdout] error: aborting due to previous error
[INFO] [stdout] 
[INFO] [stdout] For more information about this error, try `rustc --explain E0433`.
[INFO] [stdout] Couldn't compile the test.
[INFO] [stdout] 
[INFO] [stdout] failures:
[INFO] [stdout]     src/lib.rs - (line 4)
[INFO] [stdout]     src/manager.rs - manager (line 4)
[INFO] [stdout]     src/manager.rs - manager::GroupId::new (line 33)
[INFO] [stdout]     src/manager.rs - manager::TokenManager (line 43)
[INFO] [stdout]     src/manager.rs - manager::TokenManager::new (line 54)
[INFO] [stdout]     src/token.rs - token (line 6)
[INFO] [stdout]     src/token.rs - token::Token (line 15)
[INFO] [stdout]     src/token.rs - token::Token::new (line 26)
[INFO] [stdout] 
[INFO] [stdout] test result: FAILED. 0 passed; 8 failed; 3 ignored; 0 measured; 0 filtered out; finished in 0.10s
[INFO] [stdout] 
[INFO] [stderr] error: doctest failed, to rerun pass `--doc`
[INFO] running `Command { std: "docker" "inspect" "d86385e7e2625ef5f6cd8baf812392a342dd0f235570fb5d18707e8c50480f38", kill_on_drop: false }`
[INFO] running `Command { std: "docker" "rm" "-f" "d86385e7e2625ef5f6cd8baf812392a342dd0f235570fb5d18707e8c50480f38", kill_on_drop: false }`
[INFO] [stdout] d86385e7e2625ef5f6cd8baf812392a342dd0f235570fb5d18707e8c50480f38
[INFO] testing vk-token-manager-0.2.0 against beta-2023-12-22 for beta-1.76-1
[INFO] extracting crate vk-token-manager 0.2.0 into /workspace/builds/worker-0-tc2/source
[INFO] validating manifest of crates.io crate vk-token-manager 0.2.0 on toolchain beta-2023-12-22
[INFO] running `Command { std: CARGO_HOME="/workspace/cargo-home" RUSTUP_HOME="/workspace/rustup-home" "/workspace/cargo-home/bin/cargo" "+beta-2023-12-22" "metadata" "--manifest-path" "Cargo.toml" "--no-deps", kill_on_drop: false }`
[INFO] started tweaking crates.io crate vk-token-manager 0.2.0
[INFO] finished tweaking crates.io crate vk-token-manager 0.2.0
[INFO] tweaked toml for crates.io crate vk-token-manager 0.2.0 written to /workspace/builds/worker-0-tc2/source/Cargo.toml
[INFO] running `Command { std: CARGO_HOME="/workspace/cargo-home" RUSTUP_HOME="/workspace/rustup-home" "/workspace/cargo-home/bin/cargo" "+beta-2023-12-22" "generate-lockfile" "--manifest-path" "Cargo.toml", kill_on_drop: false }`
[INFO] [stderr]     Updating crates.io index
[INFO] running `Command { std: CARGO_HOME="/workspace/cargo-home" RUSTUP_HOME="/workspace/rustup-home" "/workspace/cargo-home/bin/cargo" "+beta-2023-12-22" "fetch" "--manifest-path" "Cargo.toml", kill_on_drop: false }`
[INFO] running `Command { std: "docker" "create" "-v" "/var/lib/crater-agent-workspace/builds/worker-0-tc2/target:/opt/rustwide/target:rw,Z" "-v" "/var/lib/crater-agent-workspace/builds/worker-0-tc2/source:/opt/rustwide/workdir:ro,Z" "-v" "/var/lib/crater-agent-workspace/cargo-home:/opt/rustwide/cargo-home:ro,Z" "-v" "/var/lib/crater-agent-workspace/rustup-home:/opt/rustwide/rustup-home:ro,Z" "-e" "SOURCE_DIR=/opt/rustwide/workdir" "-e" "CARGO_TARGET_DIR=/opt/rustwide/target" "-e" "CARGO_HOME=/opt/rustwide/cargo-home" "-e" "RUSTUP_HOME=/opt/rustwide/rustup-home" "-w" "/opt/rustwide/workdir" "-m" "1610612736" "--user" "0:0" "--network" "none" "ghcr.io/rust-lang/crates-build-env/linux@sha256:2788e3201cd34a07e3172128adcd8b3090168a8e3bcc40d7c032b9dda1df7d1c" "/opt/rustwide/cargo-home/bin/cargo" "+beta-2023-12-22" "metadata" "--no-deps" "--format-version=1", kill_on_drop: false }`
[INFO] [stdout] ad3506e68626798ca738bca998d99a9493dcd3a7e8522a5fdf9ef0a712b7ab26
[INFO] running `Command { std: "docker" "start" "-a" "ad3506e68626798ca738bca998d99a9493dcd3a7e8522a5fdf9ef0a712b7ab26", kill_on_drop: false }`
[INFO] running `Command { std: "docker" "inspect" "ad3506e68626798ca738bca998d99a9493dcd3a7e8522a5fdf9ef0a712b7ab26", kill_on_drop: false }`
[INFO] running `Command { std: "docker" "rm" "-f" "ad3506e68626798ca738bca998d99a9493dcd3a7e8522a5fdf9ef0a712b7ab26", kill_on_drop: false }`
[INFO] [stdout] ad3506e68626798ca738bca998d99a9493dcd3a7e8522a5fdf9ef0a712b7ab26
[INFO] running `Command { std: "docker" "create" "-v" "/var/lib/crater-agent-workspace/builds/worker-0-tc2/target:/opt/rustwide/target:rw,Z" "-v" "/var/lib/crater-agent-workspace/builds/worker-0-tc2/source:/opt/rustwide/workdir:ro,Z" "-v" "/var/lib/crater-agent-workspace/cargo-home:/opt/rustwide/cargo-home:ro,Z" "-v" "/var/lib/crater-agent-workspace/rustup-home:/opt/rustwide/rustup-home:ro,Z" "-e" "SOURCE_DIR=/opt/rustwide/workdir" "-e" "CARGO_TARGET_DIR=/opt/rustwide/target" "-e" "CARGO_INCREMENTAL=0" "-e" "RUST_BACKTRACE=full" "-e" "RUSTFLAGS=--cap-lints=warn" "-e" "RUSTDOCFLAGS=--cap-lints=warn" "-e" "CARGO_HOME=/opt/rustwide/cargo-home" "-e" "RUSTUP_HOME=/opt/rustwide/rustup-home" "-w" "/opt/rustwide/workdir" "-m" "1610612736" "--user" "0:0" "--network" "none" "ghcr.io/rust-lang/crates-build-env/linux@sha256:2788e3201cd34a07e3172128adcd8b3090168a8e3bcc40d7c032b9dda1df7d1c" "/opt/rustwide/cargo-home/bin/cargo" "+beta-2023-12-22" "build" "--frozen" "--message-format=json", kill_on_drop: false }`
[INFO] [stdout] 442a88494402b3cc1af28f1057be33bf763326d97ab7cda68e4d4e4df9b8ca6d
[INFO] running `Command { std: "docker" "start" "-a" "442a88494402b3cc1af28f1057be33bf763326d97ab7cda68e4d4e4df9b8ca6d", kill_on_drop: false }`
[INFO] [stderr]    Compiling proc-macro2 v1.0.75
[INFO] [stderr]    Compiling unicode-ident v1.0.12
[INFO] [stderr]    Compiling async-trait v0.1.77
[INFO] [stderr]    Compiling quote v1.0.35
[INFO] [stderr]    Compiling syn v2.0.48
[INFO] [stderr]    Compiling vk-token-manager v0.2.0 (/opt/rustwide/workdir)
[INFO] [stderr]     Finished dev [unoptimized + debuginfo] target(s) in 3.21s
[INFO] running `Command { std: "docker" "inspect" "442a88494402b3cc1af28f1057be33bf763326d97ab7cda68e4d4e4df9b8ca6d", kill_on_drop: false }`
[INFO] running `Command { std: "docker" "rm" "-f" "442a88494402b3cc1af28f1057be33bf763326d97ab7cda68e4d4e4df9b8ca6d", kill_on_drop: false }`
[INFO] [stdout] 442a88494402b3cc1af28f1057be33bf763326d97ab7cda68e4d4e4df9b8ca6d
[INFO] running `Command { std: "docker" "create" "-v" "/var/lib/crater-agent-workspace/builds/worker-0-tc2/target:/opt/rustwide/target:rw,Z" "-v" "/var/lib/crater-agent-workspace/builds/worker-0-tc2/source:/opt/rustwide/workdir:ro,Z" "-v" "/var/lib/crater-agent-workspace/cargo-home:/opt/rustwide/cargo-home:ro,Z" "-v" "/var/lib/crater-agent-workspace/rustup-home:/opt/rustwide/rustup-home:ro,Z" "-e" "SOURCE_DIR=/opt/rustwide/workdir" "-e" "CARGO_TARGET_DIR=/opt/rustwide/target" "-e" "CARGO_INCREMENTAL=0" "-e" "RUST_BACKTRACE=full" "-e" "RUSTFLAGS=--cap-lints=warn" "-e" "RUSTDOCFLAGS=--cap-lints=warn" "-e" "CARGO_HOME=/opt/rustwide/cargo-home" "-e" "RUSTUP_HOME=/opt/rustwide/rustup-home" "-w" "/opt/rustwide/workdir" "-m" "1610612736" "--user" "0:0" "--network" "none" "ghcr.io/rust-lang/crates-build-env/linux@sha256:2788e3201cd34a07e3172128adcd8b3090168a8e3bcc40d7c032b9dda1df7d1c" "/opt/rustwide/cargo-home/bin/cargo" "+beta-2023-12-22" "test" "--frozen" "--no-run" "--message-format=json", kill_on_drop: false }`
[INFO] [stdout] bb4a6c5a7c3acaf8960dfd9b26501eb35ec23e3690618475f1409882aa86053e
[INFO] running `Command { std: "docker" "start" "-a" "bb4a6c5a7c3acaf8960dfd9b26501eb35ec23e3690618475f1409882aa86053e", kill_on_drop: false }`
[INFO] [stderr]    Compiling vk-token-manager v0.2.0 (/opt/rustwide/workdir)
[INFO] [stderr]     Finished test [unoptimized + debuginfo] target(s) in 0.19s
[INFO] running `Command { std: "docker" "inspect" "bb4a6c5a7c3acaf8960dfd9b26501eb35ec23e3690618475f1409882aa86053e", kill_on_drop: false }`
[INFO] running `Command { std: "docker" "rm" "-f" "bb4a6c5a7c3acaf8960dfd9b26501eb35ec23e3690618475f1409882aa86053e", kill_on_drop: false }`
[INFO] [stdout] bb4a6c5a7c3acaf8960dfd9b26501eb35ec23e3690618475f1409882aa86053e
[INFO] running `Command { std: "docker" "create" "-v" "/var/lib/crater-agent-workspace/builds/worker-0-tc2/target:/opt/rustwide/target:rw,Z" "-v" "/var/lib/crater-agent-workspace/builds/worker-0-tc2/source:/opt/rustwide/workdir:ro,Z" "-v" "/var/lib/crater-agent-workspace/cargo-home:/opt/rustwide/cargo-home:ro,Z" "-v" "/var/lib/crater-agent-workspace/rustup-home:/opt/rustwide/rustup-home:ro,Z" "-e" "SOURCE_DIR=/opt/rustwide/workdir" "-e" "CARGO_TARGET_DIR=/opt/rustwide/target" "-e" "CARGO_INCREMENTAL=0" "-e" "RUST_BACKTRACE=full" "-e" "RUSTFLAGS=--cap-lints=warn" "-e" "RUSTDOCFLAGS=--cap-lints=warn" "-e" "CARGO_HOME=/opt/rustwide/cargo-home" "-e" "RUSTUP_HOME=/opt/rustwide/rustup-home" "-w" "/opt/rustwide/workdir" "-m" "1610612736" "--user" "0:0" "--network" "none" "ghcr.io/rust-lang/crates-build-env/linux@sha256:2788e3201cd34a07e3172128adcd8b3090168a8e3bcc40d7c032b9dda1df7d1c" "/opt/rustwide/cargo-home/bin/cargo" "+beta-2023-12-22" "test" "--frozen", kill_on_drop: false }`
[INFO] [stdout] 63ac0818f7ac0befa0f852cc1ecaf0b58fe6332a8cf9d02b940b148d4ea8aadb
[INFO] running `Command { std: "docker" "start" "-a" "63ac0818f7ac0befa0f852cc1ecaf0b58fe6332a8cf9d02b940b148d4ea8aadb", kill_on_drop: false }`
[INFO] [stderr]     Finished test [unoptimized + debuginfo] target(s) in 0.00s
[INFO] [stderr]      Running unittests src/lib.rs (/opt/rustwide/target/debug/deps/vk_token_manager-d5fdafb658484a3b)
[INFO] [stdout] 
[INFO] [stdout] running 0 tests
[INFO] [stdout] 
[INFO] [stdout] test result: ok. 0 passed; 0 failed; 0 ignored; 0 measured; 0 filtered out; finished in 0.00s
[INFO] [stdout] 
[INFO] [stderr]    Doc-tests vk-token-manager
[INFO] [stdout] 
[INFO] [stdout] running 11 tests
[INFO] [stdout] test src/manager.rs - manager::ManageTokens::add_token (line 91) ... ignored
[INFO] [stdout] test src/manager.rs - manager::ManageTokens::get_by_id (line 83) ... ignored
[INFO] [stdout] test src/token.rs - token::GetToken::get_token (line 53) ... ignored
[INFO] [stdout] test src/token.rs - token (line 6) ... FAILED
[INFO] [stdout] test src/token.rs - token::Token (line 15) ... FAILED
[INFO] [stdout] test src/lib.rs - (line 4) ... FAILED
[INFO] [stdout] test src/token.rs - token::Token::new (line 26) ... FAILED
[INFO] [stdout] test src/manager.rs - manager (line 4) - compile ... FAILED
[INFO] [stdout] test src/manager.rs - manager::TokenManager::new (line 54) ... FAILED
[INFO] [stdout] test src/manager.rs - manager::TokenManager (line 43) ... FAILED
[INFO] [stdout] test src/manager.rs - manager::GroupId::new (line 33) ... FAILED
[INFO] [stdout] 
[INFO] [stdout] failures:
[INFO] [stdout] 
[INFO] [stdout] ---- src/token.rs - token (line 6) stdout ----
[INFO] [stdout] error[E0432]: unresolved import `token_manager`
[INFO] [stdout]  --> src/token.rs:7:5
[INFO] [stdout]   |
[INFO] [stdout] 3 | use token_manager::{Token};
[INFO] [stdout]   |     ^^^^^^^^^^^^^ use of undeclared crate or module `token_manager`
[INFO] [stdout]   |
[INFO] [stdout] help: there is a crate or module with a similar name
[INFO] [stdout]   |
[INFO] [stdout] 3 | use vk_token_manager::{Token};
[INFO] [stdout]   |     ~~~~~~~~~~~~~~~~
[INFO] [stdout] 
[INFO] [stdout] error: aborting due to 1 previous error
[INFO] [stdout] 
[INFO] [stdout] For more information about this error, try `rustc --explain E0432`.
[INFO] [stdout] Couldn't compile the test.
[INFO] [stdout] ---- src/token.rs - token::Token (line 15) stdout ----
[INFO] [stdout] error[E0433]: failed to resolve: use of undeclared crate or module `token_manager`
[INFO] [stdout]  --> src/token.rs:16:5
[INFO] [stdout]   |
[INFO] [stdout] 3 | use token_manager::token::Token;
[INFO] [stdout]   |     ^^^^^^^^^^^^^ use of undeclared crate or module `token_manager`
[INFO] [stdout]   |
[INFO] [stdout] help: there is a crate or module with a similar name
[INFO] [stdout]   |
[INFO] [stdout] 3 | use vk_token_manager::token::Token;
[INFO] [stdout]   |     ~~~~~~~~~~~~~~~~
[INFO] [stdout] 
[INFO] [stdout] error: aborting due to 1 previous error
[INFO] [stdout] 
[INFO] [stdout] For more information about this error, try `rustc --explain E0433`.
[INFO] [stdout] Couldn't compile the test.
[INFO] [stdout] ---- src/lib.rs - (line 4) stdout ----
[INFO] [stdout] error[E0432]: unresolved import `token_manager`
[INFO] [stdout]  --> src/lib.rs:5:5
[INFO] [stdout]   |
[INFO] [stdout] 3 | use token_manager::{TokenManager, ManageTokens};
[INFO] [stdout]   |     ^^^^^^^^^^^^^ use of undeclared crate or module `token_manager`
[INFO] [stdout]   |
[INFO] [stdout] help: there is a crate or module with a similar name
[INFO] [stdout]   |
[INFO] [stdout] 3 | use vk_token_manager::{TokenManager, ManageTokens};
[INFO] [stdout]   |     ~~~~~~~~~~~~~~~~
[INFO] [stdout] 
[INFO] [stdout] error[E0432]: unresolved import `token_manager`
[INFO] [stdout]  --> src/lib.rs:6:5
[INFO] [stdout]   |
[INFO] [stdout] 4 | use token_manager::{GroupId, SimpleToken, Token};
[INFO] [stdout]   |     ^^^^^^^^^^^^^ use of undeclared crate or module `token_manager`
[INFO] [stdout]   |
[INFO] [stdout] help: there is a crate or module with a similar name
[INFO] [stdout]   |
[INFO] [stdout] 4 | use vk_token_manager::{GroupId, SimpleToken, Token};
[INFO] [stdout]   |     ~~~~~~~~~~~~~~~~
[INFO] [stdout] 
[INFO] [stdout] error: aborting due to 2 previous errors
[INFO] [stdout] 
[INFO] [stdout] For more information about this error, try `rustc --explain E0432`.
[INFO] [stdout] Couldn't compile the test.
[INFO] [stdout] ---- src/token.rs - token::Token::new (line 26) stdout ----
[INFO] [stdout] error[E0433]: failed to resolve: use of undeclared crate or module `token_manager`
[INFO] [stdout]  --> src/token.rs:27:5
[INFO] [stdout]   |
[INFO] [stdout] 3 | use token_manager::token::Token;
[INFO] [stdout]   |     ^^^^^^^^^^^^^ use of undeclared crate or module `token_manager`
[INFO] [stdout]   |
[INFO] [stdout] help: there is a crate or module with a similar name
[INFO] [stdout]   |
[INFO] [stdout] 3 | use vk_token_manager::token::Token;
[INFO] [stdout]   |     ~~~~~~~~~~~~~~~~
[INFO] [stdout] 
[INFO] [stdout] error: aborting due to 1 previous error
[INFO] [stdout] 
[INFO] [stdout] For more information about this error, try `rustc --explain E0433`.
[INFO] [stdout] Couldn't compile the test.
[INFO] [stdout] ---- src/manager.rs - manager (line 4) stdout ----
[INFO] [stdout] error[E0432]: unresolved import `token_manager`
[INFO] [stdout]  --> src/manager.rs:5:5
[INFO] [stdout]   |
[INFO] [stdout] 3 | use token_manager::{TokenManager, ManageTokens};
[INFO] [stdout]   |     ^^^^^^^^^^^^^ use of undeclared crate or module `token_manager`
[INFO] [stdout]   |
[INFO] [stdout] help: there is a crate or module with a similar name
[INFO] [stdout]   |
[INFO] [stdout] 3 | use vk_token_manager::{TokenManager, ManageTokens};
[INFO] [stdout]   |     ~~~~~~~~~~~~~~~~
[INFO] [stdout] 
[INFO] [stdout] error[E0432]: unresolved import `token_manager`
[INFO] [stdout]  --> src/manager.rs:6:5
[INFO] [stdout]   |
[INFO] [stdout] 4 | use token_manager::{GroupId, SimpleToken, Token};
[INFO] [stdout]   |     ^^^^^^^^^^^^^ use of undeclared crate or module `token_manager`
[INFO] [stdout]   |
[INFO] [stdout] help: there is a crate or module with a similar name
[INFO] [stdout]   |
[INFO] [stdout] 4 | use vk_token_manager::{GroupId, SimpleToken, Token};
[INFO] [stdout]   |     ~~~~~~~~~~~~~~~~
[INFO] [stdout] 
[INFO] [stdout] error: aborting due to 2 previous errors
[INFO] [stdout] 
[INFO] [stdout] For more information about this error, try `rustc --explain E0432`.
[INFO] [stdout] Couldn't compile the test.
[INFO] [stdout] ---- src/manager.rs - manager::TokenManager::new (line 54) stdout ----
[INFO] [stdout] error[E0433]: failed to resolve: use of undeclared type `TokenManager`
[INFO] [stdout]  --> src/manager.rs:55:15
[INFO] [stdout]   |
[INFO] [stdout] 3 | let manager = TokenManager::new();
[INFO] [stdout]   |               ^^^^^^^^^^^^ use of undeclared type `TokenManager`
[INFO] [stdout]   |
[INFO] [stdout] help: consider importing this struct
[INFO] [stdout]   |
[INFO] [stdout] 2 + use vk_token_manager::TokenManager;
[INFO] [stdout]   |
[INFO] [stdout] 
[INFO] [stdout] error: aborting due to 1 previous error
[INFO] [stdout] 
[INFO] [stdout] For more information about this error, try `rustc --explain E0433`.
[INFO] [stdout] Couldn't compile the test.
[INFO] [stdout] ---- src/manager.rs - manager::TokenManager (line 43) stdout ----
[INFO] [stdout] error[E0433]: failed to resolve: use of undeclared type `TokenManager`
[INFO] [stdout]  --> src/manager.rs:44:15
[INFO] [stdout]   |
[INFO] [stdout] 3 | let manager = TokenManager::new();
[INFO] [stdout]   |               ^^^^^^^^^^^^ use of undeclared type `TokenManager`
[INFO] [stdout]   |
[INFO] [stdout] help: consider importing this struct
[INFO] [stdout]   |
[INFO] [stdout] 2 + use vk_token_manager::TokenManager;
[INFO] [stdout]   |
[INFO] [stdout] 
[INFO] [stdout] error: aborting due to 1 previous error
[INFO] [stdout] 
[INFO] [stdout] For more information about this error, try `rustc --explain E0433`.
[INFO] [stdout] Couldn't compile the test.
[INFO] [stdout] ---- src/manager.rs - manager::GroupId::new (line 33) stdout ----
[INFO] [stdout] error[E0433]: failed to resolve: use of undeclared type `GroupId`
[INFO] [stdout]  --> src/manager.rs:34:16
[INFO] [stdout]   |
[INFO] [stdout] 3 | let group_id = GroupId::new(15);
[INFO] [stdout]   |                ^^^^^^^ use of undeclared type `GroupId`
[INFO] [stdout]   |
[INFO] [stdout] help: consider importing this struct
[INFO] [stdout]   |
[INFO] [stdout] 2 + use vk_token_manager::GroupId;
[INFO] [stdout]   |
[INFO] [stdout] 
[INFO] [stdout] error: aborting due to 1 previous error
[INFO] [stdout] 
[INFO] [stdout] For more information about this error, try `rustc --explain E0433`.
[INFO] [stdout] Couldn't compile the test.
[INFO] [stdout] 
[INFO] [stdout] failures:
[INFO] [stdout]     src/lib.rs - (line 4)
[INFO] [stdout]     src/manager.rs - manager (line 4)
[INFO] [stdout]     src/manager.rs - manager::GroupId::new (line 33)
[INFO] [stdout]     src/manager.rs - manager::TokenManager (line 43)
[INFO] [stdout]     src/manager.rs - manager::TokenManager::new (line 54)
[INFO] [stdout]     src/token.rs - token (line 6)
[INFO] [stdout]     src/token.rs - token::Token (line 15)
[INFO] [stdout]     src/token.rs - token::Token::new (line 26)
[INFO] [stdout] 
[INFO] [stdout] test result: FAILED. 0 passed; 8 failed; 3 ignored; 0 measured; 0 filtered out; finished in 0.05s
[INFO] [stdout] 
[INFO] [stderr] error: doctest failed, to rerun pass `--doc`
[INFO] running `Command { std: "docker" "inspect" "63ac0818f7ac0befa0f852cc1ecaf0b58fe6332a8cf9d02b940b148d4ea8aadb", kill_on_drop: false }`
[INFO] running `Command { std: "docker" "rm" "-f" "63ac0818f7ac0befa0f852cc1ecaf0b58fe6332a8cf9d02b940b148d4ea8aadb", kill_on_drop: false }`
[INFO] [stdout] 63ac0818f7ac0befa0f852cc1ecaf0b58fe6332a8cf9d02b940b148d4ea8aadb
