[INFO] fetching crate visual-hash 3.3.2...
[INFO] testing visual-hash-3.3.2 against 1.75.0 for beta-1.76-1
[INFO] extracting crate visual-hash 3.3.2 into /workspace/builds/worker-7-tc1/source
[INFO] validating manifest of crates.io crate visual-hash 3.3.2 on toolchain 1.75.0
[INFO] running `Command { std: CARGO_HOME="/workspace/cargo-home" RUSTUP_HOME="/workspace/rustup-home" "/workspace/cargo-home/bin/cargo" "+1.75.0" "metadata" "--manifest-path" "Cargo.toml" "--no-deps", kill_on_drop: false }`
[INFO] started tweaking crates.io crate visual-hash 3.3.2
[INFO] finished tweaking crates.io crate visual-hash 3.3.2
[INFO] tweaked toml for crates.io crate visual-hash 3.3.2 written to /workspace/builds/worker-7-tc1/source/Cargo.toml
[INFO] crate crates.io crate visual-hash 3.3.2 already has a lockfile, it will not be regenerated
[INFO] running `Command { std: CARGO_HOME="/workspace/cargo-home" RUSTUP_HOME="/workspace/rustup-home" "/workspace/cargo-home/bin/cargo" "+1.75.0" "fetch" "--manifest-path" "Cargo.toml", kill_on_drop: false }`
[INFO] [stderr]     Updating crates.io index
[INFO] [stderr]  Downloading crates ...
[INFO] [stderr]   Downloaded strength_reduce v0.2.3
[INFO] [stderr]   Downloaded transpose v0.2.1
[INFO] [stderr]   Downloaded rustdct v0.7.0
[INFO] [stderr]   Downloaded bytemuck v1.12.2
[INFO] [stderr]   Downloaded rustfft v6.0.1
[INFO] [stderr]   Downloaded tiff v0.7.4
[INFO] running `Command { std: "docker" "create" "-v" "/var/lib/crater-agent-workspace/builds/worker-7-tc1/target:/opt/rustwide/target:rw,Z" "-v" "/var/lib/crater-agent-workspace/builds/worker-7-tc1/source:/opt/rustwide/workdir:ro,Z" "-v" "/var/lib/crater-agent-workspace/cargo-home:/opt/rustwide/cargo-home:ro,Z" "-v" "/var/lib/crater-agent-workspace/rustup-home:/opt/rustwide/rustup-home:ro,Z" "-e" "SOURCE_DIR=/opt/rustwide/workdir" "-e" "CARGO_TARGET_DIR=/opt/rustwide/target" "-e" "CARGO_HOME=/opt/rustwide/cargo-home" "-e" "RUSTUP_HOME=/opt/rustwide/rustup-home" "-w" "/opt/rustwide/workdir" "-m" "1610612736" "--user" "0:0" "--network" "none" "ghcr.io/rust-lang/crates-build-env/linux@sha256:2788e3201cd34a07e3172128adcd8b3090168a8e3bcc40d7c032b9dda1df7d1c" "/opt/rustwide/cargo-home/bin/cargo" "+1.75.0" "metadata" "--no-deps" "--format-version=1", kill_on_drop: false }`
[INFO] [stdout] a9f3c5b31a2d72fd1e25ffd48c0fcbf5052d42012ffd01d9c46d02f8f3a0e612
[INFO] running `Command { std: "docker" "start" "-a" "a9f3c5b31a2d72fd1e25ffd48c0fcbf5052d42012ffd01d9c46d02f8f3a0e612", kill_on_drop: false }`
[INFO] running `Command { std: "docker" "inspect" "a9f3c5b31a2d72fd1e25ffd48c0fcbf5052d42012ffd01d9c46d02f8f3a0e612", kill_on_drop: false }`
[INFO] running `Command { std: "docker" "rm" "-f" "a9f3c5b31a2d72fd1e25ffd48c0fcbf5052d42012ffd01d9c46d02f8f3a0e612", kill_on_drop: false }`
[INFO] [stdout] a9f3c5b31a2d72fd1e25ffd48c0fcbf5052d42012ffd01d9c46d02f8f3a0e612
[INFO] running `Command { std: "docker" "create" "-v" "/var/lib/crater-agent-workspace/builds/worker-7-tc1/target:/opt/rustwide/target:rw,Z" "-v" "/var/lib/crater-agent-workspace/builds/worker-7-tc1/source:/opt/rustwide/workdir:ro,Z" "-v" "/var/lib/crater-agent-workspace/cargo-home:/opt/rustwide/cargo-home:ro,Z" "-v" "/var/lib/crater-agent-workspace/rustup-home:/opt/rustwide/rustup-home:ro,Z" "-e" "SOURCE_DIR=/opt/rustwide/workdir" "-e" "CARGO_TARGET_DIR=/opt/rustwide/target" "-e" "CARGO_INCREMENTAL=0" "-e" "RUST_BACKTRACE=full" "-e" "RUSTFLAGS=--cap-lints=warn" "-e" "RUSTDOCFLAGS=--cap-lints=warn" "-e" "CARGO_HOME=/opt/rustwide/cargo-home" "-e" "RUSTUP_HOME=/opt/rustwide/rustup-home" "-w" "/opt/rustwide/workdir" "-m" "1610612736" "--user" "0:0" "--network" "none" "ghcr.io/rust-lang/crates-build-env/linux@sha256:2788e3201cd34a07e3172128adcd8b3090168a8e3bcc40d7c032b9dda1df7d1c" "/opt/rustwide/cargo-home/bin/cargo" "+1.75.0" "build" "--frozen" "--message-format=json", kill_on_drop: false }`
[INFO] [stdout] 1a7336cb1160cf69397b55ecb44fc7acb1c7b365602941ecc17e0309e9ed2a0d
[INFO] running `Command { std: "docker" "start" "-a" "1a7336cb1160cf69397b55ecb44fc7acb1c7b365602941ecc17e0309e9ed2a0d", kill_on_drop: false }`
[INFO] [stderr]    Compiling num-traits v0.2.15
[INFO] [stderr]    Compiling num-integer v0.1.45
[INFO] [stderr]    Compiling proc-macro2 v1.0.47
[INFO] [stderr]    Compiling unicode-ident v1.0.5
[INFO] [stderr]    Compiling quote v1.0.21
[INFO] [stderr]    Compiling syn v1.0.103
[INFO] [stderr]    Compiling num-rational v0.4.1
[INFO] [stderr]    Compiling strength_reduce v0.2.3
[INFO] [stderr]    Compiling serde_derive v1.0.147
[INFO] [stderr]    Compiling serde v1.0.147
[INFO] [stderr]    Compiling bytemuck v1.12.2
[INFO] [stderr]    Compiling byteorder v1.4.3
[INFO] [stderr]    Compiling color_quant v1.1.0
[INFO] [stderr]    Compiling base64 v0.13.1
[INFO] [stderr]    Compiling num-complex v0.4.2
[INFO] [stderr]    Compiling primal-check v0.3.3
[INFO] [stderr]    Compiling transpose v0.2.1
[INFO] [stderr]    Compiling rustfft v6.0.1
[INFO] [stderr]    Compiling image v0.24.4
[INFO] [stderr]    Compiling rustdct v0.7.0
[INFO] [stderr]    Compiling visual-hash v3.3.2 (/opt/rustwide/workdir)
[INFO] [stderr]     Finished dev [unoptimized + debuginfo] target(s) in 9.27s
[INFO] running `Command { std: "docker" "inspect" "1a7336cb1160cf69397b55ecb44fc7acb1c7b365602941ecc17e0309e9ed2a0d", kill_on_drop: false }`
[INFO] running `Command { std: "docker" "rm" "-f" "1a7336cb1160cf69397b55ecb44fc7acb1c7b365602941ecc17e0309e9ed2a0d", kill_on_drop: false }`
[INFO] [stdout] 1a7336cb1160cf69397b55ecb44fc7acb1c7b365602941ecc17e0309e9ed2a0d
[INFO] running `Command { std: "docker" "create" "-v" "/var/lib/crater-agent-workspace/builds/worker-7-tc1/target:/opt/rustwide/target:rw,Z" "-v" "/var/lib/crater-agent-workspace/builds/worker-7-tc1/source:/opt/rustwide/workdir:ro,Z" "-v" "/var/lib/crater-agent-workspace/cargo-home:/opt/rustwide/cargo-home:ro,Z" "-v" "/var/lib/crater-agent-workspace/rustup-home:/opt/rustwide/rustup-home:ro,Z" "-e" "SOURCE_DIR=/opt/rustwide/workdir" "-e" "CARGO_TARGET_DIR=/opt/rustwide/target" "-e" "CARGO_INCREMENTAL=0" "-e" "RUST_BACKTRACE=full" "-e" "RUSTFLAGS=--cap-lints=warn" "-e" "RUSTDOCFLAGS=--cap-lints=warn" "-e" "CARGO_HOME=/opt/rustwide/cargo-home" "-e" "RUSTUP_HOME=/opt/rustwide/rustup-home" "-w" "/opt/rustwide/workdir" "-m" "1610612736" "--user" "0:0" "--network" "none" "ghcr.io/rust-lang/crates-build-env/linux@sha256:2788e3201cd34a07e3172128adcd8b3090168a8e3bcc40d7c032b9dda1df7d1c" "/opt/rustwide/cargo-home/bin/cargo" "+1.75.0" "test" "--frozen" "--no-run" "--message-format=json", kill_on_drop: false }`
[INFO] [stdout] d50e4608efff32b6cbe8e543264e563dd65cd7c115279debb156d089e4de48c3
[INFO] running `Command { std: "docker" "start" "-a" "d50e4608efff32b6cbe8e543264e563dd65cd7c115279debb156d089e4de48c3", kill_on_drop: false }`
[INFO] [stderr]    Compiling libc v0.2.137
[INFO] [stderr]    Compiling syn v1.0.103
[INFO] [stderr]    Compiling crossbeam-utils v0.8.12
[INFO] [stderr]    Compiling memoffset v0.6.5
[INFO] [stderr]    Compiling crossbeam-epoch v0.9.11
[INFO] [stderr]    Compiling rayon-core v1.9.3
[INFO] [stderr]    Compiling adler v1.0.2
[INFO] [stderr]    Compiling lock_api v0.4.9
[INFO] [stderr]    Compiling crc32fast v1.3.2
[INFO] [stderr]    Compiling rayon v1.5.3
[INFO] [stderr]    Compiling futures-core v0.3.25
[INFO] [stderr]    Compiling proc-macro-error-attr v1.0.4
[INFO] [stderr]    Compiling either v1.8.0
[INFO] [stderr]    Compiling proc-macro-error v1.0.4
[INFO] [stderr]    Compiling bitflags v1.3.2
[INFO] [stderr]    Compiling weezl v0.1.7
[INFO] [stderr]    Compiling miniz_oxide v0.5.4
[INFO] [stderr]    Compiling miniz_oxide v0.6.2
[INFO] [stderr]    Compiling futures-sink v0.3.25
[INFO] [stderr]    Compiling smallvec v1.10.0
[INFO] [stderr]    Compiling bit_field v0.10.1
[INFO] [stderr]    Compiling lebe v0.5.2
[INFO] [stderr]    Compiling half v2.1.0
[INFO] [stderr]    Compiling gif v0.11.4
[INFO] [stderr]    Compiling anyhow v1.0.66
[INFO] [stderr]    Compiling heck v0.4.0
[INFO] [stderr]    Compiling os_str_bytes v6.3.1
[INFO] [stderr]    Compiling scoped_threadpool v0.1.9
[INFO] [stderr]    Compiling once_cell v1.16.0
[INFO] [stderr]    Compiling termcolor v1.1.3
[INFO] [stderr]    Compiling spin v0.9.4
[INFO] [stderr]    Compiling flate2 v1.0.24
[INFO] [stderr]    Compiling crossbeam-channel v0.5.6
[INFO] [stderr]    Compiling clap_lex v0.3.0
[INFO] [stderr]    Compiling strsim v0.10.0
[INFO] [stderr]    Compiling png v0.17.7
[INFO] [stderr]    Compiling num_cpus v1.13.1
[INFO] [stderr]    Compiling getrandom v0.2.8
[INFO] [stderr]    Compiling atty v0.2.14
[INFO] [stderr]    Compiling crossbeam-deque v0.8.2
[INFO] [stderr]    Compiling nanorand v0.7.0
[INFO] [stderr]    Compiling threadpool v1.8.1
[INFO] [stderr]    Compiling jpeg-decoder v0.2.6
[INFO] [stderr]    Compiling pin-project-internal v1.0.12
[INFO] [stderr]    Compiling serde_derive v1.0.147
[INFO] [stderr]    Compiling clap_derive v4.0.18
[INFO] [stderr]    Compiling tiff v0.7.4
[INFO] [stderr]    Compiling pin-project v1.0.12
[INFO] [stderr]    Compiling flume v0.10.14
[INFO] [stderr]    Compiling exr v1.5.2
[INFO] [stderr]    Compiling clap v4.0.18
[INFO] [stderr]    Compiling serde v1.0.147
[INFO] [stderr]    Compiling image v0.24.4
[INFO] [stderr]    Compiling visual-hash v3.3.2 (/opt/rustwide/workdir)
[INFO] [stderr]     Finished test [unoptimized + debuginfo] target(s) in 17.33s
[INFO] running `Command { std: "docker" "inspect" "d50e4608efff32b6cbe8e543264e563dd65cd7c115279debb156d089e4de48c3", kill_on_drop: false }`
[INFO] running `Command { std: "docker" "rm" "-f" "d50e4608efff32b6cbe8e543264e563dd65cd7c115279debb156d089e4de48c3", kill_on_drop: false }`
[INFO] [stdout] d50e4608efff32b6cbe8e543264e563dd65cd7c115279debb156d089e4de48c3
[INFO] running `Command { std: "docker" "create" "-v" "/var/lib/crater-agent-workspace/builds/worker-7-tc1/target:/opt/rustwide/target:rw,Z" "-v" "/var/lib/crater-agent-workspace/builds/worker-7-tc1/source:/opt/rustwide/workdir:ro,Z" "-v" "/var/lib/crater-agent-workspace/cargo-home:/opt/rustwide/cargo-home:ro,Z" "-v" "/var/lib/crater-agent-workspace/rustup-home:/opt/rustwide/rustup-home:ro,Z" "-e" "SOURCE_DIR=/opt/rustwide/workdir" "-e" "CARGO_TARGET_DIR=/opt/rustwide/target" "-e" "CARGO_INCREMENTAL=0" "-e" "RUST_BACKTRACE=full" "-e" "RUSTFLAGS=--cap-lints=warn" "-e" "RUSTDOCFLAGS=--cap-lints=warn" "-e" "CARGO_HOME=/opt/rustwide/cargo-home" "-e" "RUSTUP_HOME=/opt/rustwide/rustup-home" "-w" "/opt/rustwide/workdir" "-m" "1610612736" "--user" "0:0" "--network" "none" "ghcr.io/rust-lang/crates-build-env/linux@sha256:2788e3201cd34a07e3172128adcd8b3090168a8e3bcc40d7c032b9dda1df7d1c" "/opt/rustwide/cargo-home/bin/cargo" "+1.75.0" "test" "--frozen", kill_on_drop: false }`
[INFO] [stdout] 6d12222a61429966ccf23954e7e6f6e4a9d38188ed36b808ac2983cf61b6e804
[INFO] running `Command { std: "docker" "start" "-a" "6d12222a61429966ccf23954e7e6f6e4a9d38188ed36b808ac2983cf61b6e804", kill_on_drop: false }`
[INFO] [stderr]     Finished test [unoptimized + debuginfo] target(s) in 0.10s
[INFO] [stderr]      Running unittests src/lib.rs (/opt/rustwide/target/debug/deps/visual_hash-c3b97ac6181bc93f)
[INFO] [stdout] 
[INFO] [stdout] running 3 tests
[INFO] [stdout] test dct::test_transpose ... ok
[INFO] [stdout] test traits::test_bools_to_bytes ... ok
[INFO] [stdout] test dct::test_crop_2d_dct ... ok
[INFO] [stdout] 
[INFO] [stdout] test result: ok. 3 passed; 0 failed; 0 ignored; 0 measured; 0 filtered out; finished in 0.00s
[INFO] [stdout] 
[INFO] [stderr]      Running unittests src/bin/hash_image.rs (/opt/rustwide/target/debug/deps/hash_image-b097fa7ef83e5af3)
[INFO] [stdout] 
[INFO] [stdout] running 0 tests
[INFO] [stdout] 
[INFO] [stdout] test result: ok. 0 passed; 0 failed; 0 ignored; 0 measured; 0 filtered out; finished in 0.00s
[INFO] [stdout] 
[INFO] [stderr]    Doc-tests visual-hash
[INFO] [stdout] 
[INFO] [stdout] running 3 tests
[INFO] [stdout] test src/lib.rs - HasherConfig (line 91) ... FAILED
[INFO] [stdout] test src/lib.rs - HasherConfig (line 49) ... FAILED
[INFO] [stdout] test src/lib.rs - (line 4) - compile ... FAILED
[INFO] [stdout] 
[INFO] [stdout] failures:
[INFO] [stdout] 
[INFO] [stdout] ---- src/lib.rs - HasherConfig (line 91) stdout ----
[INFO] [stdout] error[E0432]: unresolved import `img_hash`
[INFO] [stdout]  --> src/lib.rs:92:5
[INFO] [stdout]   |
[INFO] [stdout] 3 | use img_hash::*;
[INFO] [stdout]   |     ^^^^^^^^ use of undeclared crate or module `img_hash`
[INFO] [stdout] 
[INFO] [stdout] error[E0433]: failed to resolve: use of undeclared type `HasherConfig`
[INFO] [stdout]  --> src/lib.rs:95:14
[INFO] [stdout]   |
[INFO] [stdout] 6 | let config = HasherConfig::new();
[INFO] [stdout]   |              ^^^^^^^^^^^^ use of undeclared type `HasherConfig`
[INFO] [stdout]   |
[INFO] [stdout] help: consider importing this struct
[INFO] [stdout]   |
[INFO] [stdout] 2 + use visual_hash::HasherConfig;
[INFO] [stdout]   |
[INFO] [stdout] 
[INFO] [stdout] error[E0433]: failed to resolve: use of undeclared type `HasherConfig`
[INFO] [stdout]  --> src/lib.rs:98:14
[INFO] [stdout]   |
[INFO] [stdout] 9 | let config = HasherConfig::with_bytes_type::<[u8; 8]>();
[INFO] [stdout]   |              ^^^^^^^^^^^^ use of undeclared type `HasherConfig`
[INFO] [stdout]   |
[INFO] [stdout] help: consider importing this struct
[INFO] [stdout]   |
[INFO] [stdout] 2 + use visual_hash::HasherConfig;
[INFO] [stdout]   |
[INFO] [stdout] 
[INFO] [stdout] error: aborting due to 3 previous errors
[INFO] [stdout] 
[INFO] [stdout] Some errors have detailed explanations: E0432, E0433.
[INFO] [stdout] For more information about an error, try `rustc --explain E0432`.
[INFO] [stdout] Couldn't compile the test.
[INFO] [stdout] ---- src/lib.rs - HasherConfig (line 49) stdout ----
[INFO] [stdout] error[E0432]: unresolved import `img_hash`
[INFO] [stdout]  --> src/lib.rs:50:5
[INFO] [stdout]   |
[INFO] [stdout] 3 | use img_hash::HasherConfig;
[INFO] [stdout]   |     ^^^^^^^^ use of undeclared crate or module `img_hash`
[INFO] [stdout] 
[INFO] [stdout] error: aborting due to previous error
[INFO] [stdout] 
[INFO] [stdout] For more information about this error, try `rustc --explain E0432`.
[INFO] [stdout] Couldn't compile the test.
[INFO] [stdout] ---- src/lib.rs - (line 4) stdout ----
[INFO] [stdout] error[E0432]: unresolved import `img_hash`
[INFO] [stdout]  --> src/lib.rs:5:5
[INFO] [stdout]   |
[INFO] [stdout] 3 | use img_hash::{HasherConfig, HashAlg};
[INFO] [stdout]   |     ^^^^^^^^ use of undeclared crate or module `img_hash`
[INFO] [stdout] 
[INFO] [stdout] error: aborting due to previous error
[INFO] [stdout] 
[INFO] [stdout] For more information about this error, try `rustc --explain E0432`.
[INFO] [stdout] Couldn't compile the test.
[INFO] [stdout] 
[INFO] [stdout] failures:
[INFO] [stdout]     src/lib.rs - (line 4)
[INFO] [stdout]     src/lib.rs - HasherConfig (line 49)
[INFO] [stdout]     src/lib.rs - HasherConfig (line 91)
[INFO] [stdout] 
[INFO] [stdout] test result: FAILED. 0 passed; 3 failed; 0 ignored; 0 measured; 0 filtered out; finished in 0.23s
[INFO] [stdout] 
[INFO] [stderr] error: doctest failed, to rerun pass `--doc`
[INFO] running `Command { std: "docker" "inspect" "6d12222a61429966ccf23954e7e6f6e4a9d38188ed36b808ac2983cf61b6e804", kill_on_drop: false }`
[INFO] running `Command { std: "docker" "rm" "-f" "6d12222a61429966ccf23954e7e6f6e4a9d38188ed36b808ac2983cf61b6e804", kill_on_drop: false }`
[INFO] [stdout] 6d12222a61429966ccf23954e7e6f6e4a9d38188ed36b808ac2983cf61b6e804
[INFO] testing visual-hash-3.3.2 against beta-2023-12-22 for beta-1.76-1
[INFO] extracting crate visual-hash 3.3.2 into /workspace/builds/worker-7-tc2/source
[INFO] validating manifest of crates.io crate visual-hash 3.3.2 on toolchain beta-2023-12-22
[INFO] running `Command { std: CARGO_HOME="/workspace/cargo-home" RUSTUP_HOME="/workspace/rustup-home" "/workspace/cargo-home/bin/cargo" "+beta-2023-12-22" "metadata" "--manifest-path" "Cargo.toml" "--no-deps", kill_on_drop: false }`
[INFO] started tweaking crates.io crate visual-hash 3.3.2
[INFO] finished tweaking crates.io crate visual-hash 3.3.2
[INFO] tweaked toml for crates.io crate visual-hash 3.3.2 written to /workspace/builds/worker-7-tc2/source/Cargo.toml
[INFO] crate crates.io crate visual-hash 3.3.2 already has a lockfile, it will not be regenerated
[INFO] running `Command { std: CARGO_HOME="/workspace/cargo-home" RUSTUP_HOME="/workspace/rustup-home" "/workspace/cargo-home/bin/cargo" "+beta-2023-12-22" "fetch" "--manifest-path" "Cargo.toml", kill_on_drop: false }`
[INFO] running `Command { std: "docker" "create" "-v" "/var/lib/crater-agent-workspace/builds/worker-7-tc2/target:/opt/rustwide/target:rw,Z" "-v" "/var/lib/crater-agent-workspace/builds/worker-7-tc2/source:/opt/rustwide/workdir:ro,Z" "-v" "/var/lib/crater-agent-workspace/cargo-home:/opt/rustwide/cargo-home:ro,Z" "-v" "/var/lib/crater-agent-workspace/rustup-home:/opt/rustwide/rustup-home:ro,Z" "-e" "SOURCE_DIR=/opt/rustwide/workdir" "-e" "CARGO_TARGET_DIR=/opt/rustwide/target" "-e" "CARGO_HOME=/opt/rustwide/cargo-home" "-e" "RUSTUP_HOME=/opt/rustwide/rustup-home" "-w" "/opt/rustwide/workdir" "-m" "1610612736" "--user" "0:0" "--network" "none" "ghcr.io/rust-lang/crates-build-env/linux@sha256:2788e3201cd34a07e3172128adcd8b3090168a8e3bcc40d7c032b9dda1df7d1c" "/opt/rustwide/cargo-home/bin/cargo" "+beta-2023-12-22" "metadata" "--no-deps" "--format-version=1", kill_on_drop: false }`
[INFO] [stdout] 19d41495aa8327133afc6a23753e38e5e3d475e20a88ab84a490f52e773efe94
[INFO] running `Command { std: "docker" "start" "-a" "19d41495aa8327133afc6a23753e38e5e3d475e20a88ab84a490f52e773efe94", kill_on_drop: false }`
[INFO] running `Command { std: "docker" "inspect" "19d41495aa8327133afc6a23753e38e5e3d475e20a88ab84a490f52e773efe94", kill_on_drop: false }`
[INFO] running `Command { std: "docker" "rm" "-f" "19d41495aa8327133afc6a23753e38e5e3d475e20a88ab84a490f52e773efe94", kill_on_drop: false }`
[INFO] [stdout] 19d41495aa8327133afc6a23753e38e5e3d475e20a88ab84a490f52e773efe94
[INFO] running `Command { std: "docker" "create" "-v" "/var/lib/crater-agent-workspace/builds/worker-7-tc2/target:/opt/rustwide/target:rw,Z" "-v" "/var/lib/crater-agent-workspace/builds/worker-7-tc2/source:/opt/rustwide/workdir:ro,Z" "-v" "/var/lib/crater-agent-workspace/cargo-home:/opt/rustwide/cargo-home:ro,Z" "-v" "/var/lib/crater-agent-workspace/rustup-home:/opt/rustwide/rustup-home:ro,Z" "-e" "SOURCE_DIR=/opt/rustwide/workdir" "-e" "CARGO_TARGET_DIR=/opt/rustwide/target" "-e" "CARGO_INCREMENTAL=0" "-e" "RUST_BACKTRACE=full" "-e" "RUSTFLAGS=--cap-lints=warn" "-e" "RUSTDOCFLAGS=--cap-lints=warn" "-e" "CARGO_HOME=/opt/rustwide/cargo-home" "-e" "RUSTUP_HOME=/opt/rustwide/rustup-home" "-w" "/opt/rustwide/workdir" "-m" "1610612736" "--user" "0:0" "--network" "none" "ghcr.io/rust-lang/crates-build-env/linux@sha256:2788e3201cd34a07e3172128adcd8b3090168a8e3bcc40d7c032b9dda1df7d1c" "/opt/rustwide/cargo-home/bin/cargo" "+beta-2023-12-22" "build" "--frozen" "--message-format=json", kill_on_drop: false }`
[INFO] [stdout] f5edbc62ba52c959781d7c2cf75776c2497fa16459a5cd1fd993a4aa5daa911f
[INFO] running `Command { std: "docker" "start" "-a" "f5edbc62ba52c959781d7c2cf75776c2497fa16459a5cd1fd993a4aa5daa911f", kill_on_drop: false }`
[INFO] [stderr]    Compiling num-traits v0.2.15
[INFO] [stderr]    Compiling num-integer v0.1.45
[INFO] [stderr]    Compiling proc-macro2 v1.0.47
[INFO] [stderr]    Compiling unicode-ident v1.0.5
[INFO] [stderr]    Compiling quote v1.0.21
[INFO] [stderr]    Compiling syn v1.0.103
[INFO] [stderr]    Compiling num-rational v0.4.1
[INFO] [stderr]    Compiling strength_reduce v0.2.3
[INFO] [stderr]    Compiling serde_derive v1.0.147
[INFO] [stderr]    Compiling serde v1.0.147
[INFO] [stderr]    Compiling byteorder v1.4.3
[INFO] [stderr]    Compiling bytemuck v1.12.2
[INFO] [stderr]    Compiling color_quant v1.1.0
[INFO] [stderr]    Compiling base64 v0.13.1
[INFO] [stderr]    Compiling num-complex v0.4.2
[INFO] [stderr]    Compiling transpose v0.2.1
[INFO] [stderr]    Compiling primal-check v0.3.3
[INFO] [stderr]    Compiling rustfft v6.0.1
[INFO] [stderr]    Compiling image v0.24.4
[INFO] [stderr]    Compiling rustdct v0.7.0
[INFO] [stderr]    Compiling visual-hash v3.3.2 (/opt/rustwide/workdir)
[INFO] [stderr]     Finished dev [unoptimized + debuginfo] target(s) in 19.91s
[INFO] running `Command { std: "docker" "inspect" "f5edbc62ba52c959781d7c2cf75776c2497fa16459a5cd1fd993a4aa5daa911f", kill_on_drop: false }`
[INFO] running `Command { std: "docker" "rm" "-f" "f5edbc62ba52c959781d7c2cf75776c2497fa16459a5cd1fd993a4aa5daa911f", kill_on_drop: false }`
[INFO] [stdout] f5edbc62ba52c959781d7c2cf75776c2497fa16459a5cd1fd993a4aa5daa911f
[INFO] running `Command { std: "docker" "create" "-v" "/var/lib/crater-agent-workspace/builds/worker-7-tc2/target:/opt/rustwide/target:rw,Z" "-v" "/var/lib/crater-agent-workspace/builds/worker-7-tc2/source:/opt/rustwide/workdir:ro,Z" "-v" "/var/lib/crater-agent-workspace/cargo-home:/opt/rustwide/cargo-home:ro,Z" "-v" "/var/lib/crater-agent-workspace/rustup-home:/opt/rustwide/rustup-home:ro,Z" "-e" "SOURCE_DIR=/opt/rustwide/workdir" "-e" "CARGO_TARGET_DIR=/opt/rustwide/target" "-e" "CARGO_INCREMENTAL=0" "-e" "RUST_BACKTRACE=full" "-e" "RUSTFLAGS=--cap-lints=warn" "-e" "RUSTDOCFLAGS=--cap-lints=warn" "-e" "CARGO_HOME=/opt/rustwide/cargo-home" "-e" "RUSTUP_HOME=/opt/rustwide/rustup-home" "-w" "/opt/rustwide/workdir" "-m" "1610612736" "--user" "0:0" "--network" "none" "ghcr.io/rust-lang/crates-build-env/linux@sha256:2788e3201cd34a07e3172128adcd8b3090168a8e3bcc40d7c032b9dda1df7d1c" "/opt/rustwide/cargo-home/bin/cargo" "+beta-2023-12-22" "test" "--frozen" "--no-run" "--message-format=json", kill_on_drop: false }`
[INFO] [stdout] 676d4ed8360a7d2f568313838602ca7e0b0b15a8d1730a5a1777cc4f79436095
[INFO] running `Command { std: "docker" "start" "-a" "676d4ed8360a7d2f568313838602ca7e0b0b15a8d1730a5a1777cc4f79436095", kill_on_drop: false }`
[INFO] [stderr]    Compiling libc v0.2.137
[INFO] [stderr]    Compiling syn v1.0.103
[INFO] [stderr]    Compiling crossbeam-utils v0.8.12
[INFO] [stderr]    Compiling memoffset v0.6.5
[INFO] [stderr]    Compiling crossbeam-epoch v0.9.11
[INFO] [stderr]    Compiling rayon-core v1.9.3
[INFO] [stderr]    Compiling adler v1.0.2
[INFO] [stderr]    Compiling lock_api v0.4.9
[INFO] [stderr]    Compiling crc32fast v1.3.2
[INFO] [stderr]    Compiling rayon v1.5.3
[INFO] [stderr]    Compiling futures-core v0.3.25
[INFO] [stderr]    Compiling proc-macro-error-attr v1.0.4
[INFO] [stderr]    Compiling either v1.8.0
[INFO] [stderr]    Compiling proc-macro-error v1.0.4
[INFO] [stderr]    Compiling futures-sink v0.3.25
[INFO] [stderr]    Compiling bitflags v1.3.2
[INFO] [stderr]    Compiling weezl v0.1.7
[INFO] [stderr]    Compiling miniz_oxide v0.5.4
[INFO] [stderr]    Compiling miniz_oxide v0.6.2
[INFO] [stderr]    Compiling lebe v0.5.2
[INFO] [stderr]    Compiling half v2.1.0
[INFO] [stderr]    Compiling bit_field v0.10.1
[INFO] [stderr]    Compiling smallvec v1.10.0
[INFO] [stderr]    Compiling gif v0.11.4
[INFO] [stderr]    Compiling anyhow v1.0.66
[INFO] [stderr]    Compiling os_str_bytes v6.3.1
[INFO] [stderr]    Compiling scoped_threadpool v0.1.9
[INFO] [stderr]    Compiling heck v0.4.0
[INFO] [stderr]    Compiling termcolor v1.1.3
[INFO] [stderr]    Compiling once_cell v1.16.0
[INFO] [stderr]    Compiling strsim v0.10.0
[INFO] [stderr]    Compiling spin v0.9.4
[INFO] [stderr]    Compiling clap_lex v0.3.0
[INFO] [stderr]    Compiling flate2 v1.0.24
[INFO] [stderr]    Compiling crossbeam-channel v0.5.6
[INFO] [stderr]    Compiling crossbeam-deque v0.8.2
[INFO] [stderr]    Compiling png v0.17.7
[INFO] [stderr]    Compiling num_cpus v1.13.1
[INFO] [stderr]    Compiling getrandom v0.2.8
[INFO] [stderr]    Compiling atty v0.2.14
[INFO] [stderr]    Compiling threadpool v1.8.1
[INFO] [stderr]    Compiling nanorand v0.7.0
[INFO] [stderr]    Compiling jpeg-decoder v0.2.6
[INFO] [stderr]    Compiling pin-project-internal v1.0.12
[INFO] [stderr]    Compiling serde_derive v1.0.147
[INFO] [stderr]    Compiling clap_derive v4.0.18
[INFO] [stderr]    Compiling tiff v0.7.4
[INFO] [stderr]    Compiling pin-project v1.0.12
[INFO] [stderr]    Compiling flume v0.10.14
[INFO] [stderr]    Compiling exr v1.5.2
[INFO] [stderr]    Compiling clap v4.0.18
[INFO] [stderr]    Compiling serde v1.0.147
[INFO] [stderr]    Compiling image v0.24.4
[INFO] [stderr]    Compiling visual-hash v3.3.2 (/opt/rustwide/workdir)
[INFO] [stderr]     Finished test [unoptimized + debuginfo] target(s) in 21.96s
[INFO] running `Command { std: "docker" "inspect" "676d4ed8360a7d2f568313838602ca7e0b0b15a8d1730a5a1777cc4f79436095", kill_on_drop: false }`
[INFO] running `Command { std: "docker" "rm" "-f" "676d4ed8360a7d2f568313838602ca7e0b0b15a8d1730a5a1777cc4f79436095", kill_on_drop: false }`
[INFO] [stdout] 676d4ed8360a7d2f568313838602ca7e0b0b15a8d1730a5a1777cc4f79436095
[INFO] running `Command { std: "docker" "create" "-v" "/var/lib/crater-agent-workspace/builds/worker-7-tc2/target:/opt/rustwide/target:rw,Z" "-v" "/var/lib/crater-agent-workspace/builds/worker-7-tc2/source:/opt/rustwide/workdir:ro,Z" "-v" "/var/lib/crater-agent-workspace/cargo-home:/opt/rustwide/cargo-home:ro,Z" "-v" "/var/lib/crater-agent-workspace/rustup-home:/opt/rustwide/rustup-home:ro,Z" "-e" "SOURCE_DIR=/opt/rustwide/workdir" "-e" "CARGO_TARGET_DIR=/opt/rustwide/target" "-e" "CARGO_INCREMENTAL=0" "-e" "RUST_BACKTRACE=full" "-e" "RUSTFLAGS=--cap-lints=warn" "-e" "RUSTDOCFLAGS=--cap-lints=warn" "-e" "CARGO_HOME=/opt/rustwide/cargo-home" "-e" "RUSTUP_HOME=/opt/rustwide/rustup-home" "-w" "/opt/rustwide/workdir" "-m" "1610612736" "--user" "0:0" "--network" "none" "ghcr.io/rust-lang/crates-build-env/linux@sha256:2788e3201cd34a07e3172128adcd8b3090168a8e3bcc40d7c032b9dda1df7d1c" "/opt/rustwide/cargo-home/bin/cargo" "+beta-2023-12-22" "test" "--frozen", kill_on_drop: false }`
[INFO] [stdout] ddb73ee92453de0af7948d76188f969e392622329edf1b94d3a255712ddb030a
[INFO] running `Command { std: "docker" "start" "-a" "ddb73ee92453de0af7948d76188f969e392622329edf1b94d3a255712ddb030a", kill_on_drop: false }`
[INFO] [stderr]     Finished test [unoptimized + debuginfo] target(s) in 0.06s
[INFO] [stderr]      Running unittests src/lib.rs (/opt/rustwide/target/debug/deps/visual_hash-6f38a39f5b189584)
[INFO] [stdout] 
[INFO] [stdout] running 3 tests
[INFO] [stdout] test dct::test_transpose ... ok
[INFO] [stdout] test dct::test_crop_2d_dct ... ok
[INFO] [stdout] test traits::test_bools_to_bytes ... ok
[INFO] [stdout] 
[INFO] [stdout] test result: ok. 3 passed; 0 failed; 0 ignored; 0 measured; 0 filtered out; finished in 0.00s
[INFO] [stdout] 
[INFO] [stderr]      Running unittests src/bin/hash_image.rs (/opt/rustwide/target/debug/deps/hash_image-992b136842a85327)
[INFO] [stdout] 
[INFO] [stdout] running 0 tests
[INFO] [stdout] 
[INFO] [stdout] test result: ok. 0 passed; 0 failed; 0 ignored; 0 measured; 0 filtered out; finished in 0.00s
[INFO] [stdout] 
[INFO] [stderr]    Doc-tests visual-hash
[INFO] [stdout] 
[INFO] [stdout] running 3 tests
[INFO] [stdout] test src/lib.rs - (line 4) - compile ... FAILED
[INFO] [stdout] test src/lib.rs - HasherConfig (line 49) ... FAILED
[INFO] [stdout] test src/lib.rs - HasherConfig (line 91) ... FAILED
[INFO] [stdout] 
[INFO] [stdout] failures:
[INFO] [stdout] 
[INFO] [stdout] ---- src/lib.rs - (line 4) stdout ----
[INFO] [stdout] error[E0432]: unresolved import `img_hash`
[INFO] [stdout]  --> src/lib.rs:5:5
[INFO] [stdout]   |
[INFO] [stdout] 3 | use img_hash::{HasherConfig, HashAlg};
[INFO] [stdout]   |     ^^^^^^^^ use of undeclared crate or module `img_hash`
[INFO] [stdout] 
[INFO] [stdout] error: aborting due to 1 previous error
[INFO] [stdout] 
[INFO] [stdout] For more information about this error, try `rustc --explain E0432`.
[INFO] [stdout] Couldn't compile the test.
[INFO] [stdout] ---- src/lib.rs - HasherConfig (line 49) stdout ----
[INFO] [stdout] error[E0432]: unresolved import `img_hash`
[INFO] [stdout]  --> src/lib.rs:50:5
[INFO] [stdout]   |
[INFO] [stdout] 3 | use img_hash::HasherConfig;
[INFO] [stdout]   |     ^^^^^^^^ use of undeclared crate or module `img_hash`
[INFO] [stdout] 
[INFO] [stdout] error: aborting due to 1 previous error
[INFO] [stdout] 
[INFO] [stdout] For more information about this error, try `rustc --explain E0432`.
[INFO] [stdout] Couldn't compile the test.
[INFO] [stdout] ---- src/lib.rs - HasherConfig (line 91) stdout ----
[INFO] [stdout] error[E0432]: unresolved import `img_hash`
[INFO] [stdout]  --> src/lib.rs:92:5
[INFO] [stdout]   |
[INFO] [stdout] 3 | use img_hash::*;
[INFO] [stdout]   |     ^^^^^^^^ use of undeclared crate or module `img_hash`
[INFO] [stdout] 
[INFO] [stdout] error[E0433]: failed to resolve: use of undeclared type `HasherConfig`
[INFO] [stdout]  --> src/lib.rs:95:14
[INFO] [stdout]   |
[INFO] [stdout] 6 | let config = HasherConfig::new();
[INFO] [stdout]   |              ^^^^^^^^^^^^ use of undeclared type `HasherConfig`
[INFO] [stdout]   |
[INFO] [stdout] help: consider importing this struct
[INFO] [stdout]   |
[INFO] [stdout] 2 + use visual_hash::HasherConfig;
[INFO] [stdout]   |
[INFO] [stdout] 
[INFO] [stdout] error[E0433]: failed to resolve: use of undeclared type `HasherConfig`
[INFO] [stdout]  --> src/lib.rs:98:14
[INFO] [stdout]   |
[INFO] [stdout] 9 | let config = HasherConfig::with_bytes_type::<[u8; 8]>();
[INFO] [stdout]   |              ^^^^^^^^^^^^ use of undeclared type `HasherConfig`
[INFO] [stdout]   |
[INFO] [stdout] help: consider importing this struct
[INFO] [stdout]   |
[INFO] [stdout] 2 + use visual_hash::HasherConfig;
[INFO] [stdout]   |
[INFO] [stdout] 
[INFO] [stdout] error: aborting due to 3 previous errors
[INFO] [stdout] 
[INFO] [stdout] Some errors have detailed explanations: E0432, E0433.
[INFO] [stdout] For more information about an error, try `rustc --explain E0432`.
[INFO] [stdout] Couldn't compile the test.
[INFO] [stdout] 
[INFO] [stdout] failures:
[INFO] [stdout]     src/lib.rs - (line 4)
[INFO] [stdout]     src/lib.rs - HasherConfig (line 49)
[INFO] [stdout]     src/lib.rs - HasherConfig (line 91)
[INFO] [stdout] 
[INFO] [stdout] test result: FAILED. 0 passed; 3 failed; 0 ignored; 0 measured; 0 filtered out; finished in 0.06s
[INFO] [stdout] 
[INFO] [stderr] error: doctest failed, to rerun pass `--doc`
[INFO] running `Command { std: "docker" "inspect" "ddb73ee92453de0af7948d76188f969e392622329edf1b94d3a255712ddb030a", kill_on_drop: false }`
[INFO] running `Command { std: "docker" "rm" "-f" "ddb73ee92453de0af7948d76188f969e392622329edf1b94d3a255712ddb030a", kill_on_drop: false }`
[INFO] [stdout] ddb73ee92453de0af7948d76188f969e392622329edf1b94d3a255712ddb030a
