[INFO] fetching crate vin-core 8.1.0...
[INFO] testing vin-core-8.1.0 against 1.75.0 for beta-1.76-1
[INFO] extracting crate vin-core 8.1.0 into /workspace/builds/worker-3-tc1/source
[INFO] validating manifest of crates.io crate vin-core 8.1.0 on toolchain 1.75.0
[INFO] running `Command { std: CARGO_HOME="/workspace/cargo-home" RUSTUP_HOME="/workspace/rustup-home" "/workspace/cargo-home/bin/cargo" "+1.75.0" "metadata" "--manifest-path" "Cargo.toml" "--no-deps", kill_on_drop: false }`
[INFO] started tweaking crates.io crate vin-core 8.1.0
[INFO] finished tweaking crates.io crate vin-core 8.1.0
[INFO] tweaked toml for crates.io crate vin-core 8.1.0 written to /workspace/builds/worker-3-tc1/source/Cargo.toml
[INFO] running `Command { std: CARGO_HOME="/workspace/cargo-home" RUSTUP_HOME="/workspace/rustup-home" "/workspace/cargo-home/bin/cargo" "+1.75.0" "generate-lockfile" "--manifest-path" "Cargo.toml", kill_on_drop: false }`
[INFO] [stderr]     Updating crates.io index
[INFO] running `Command { std: CARGO_HOME="/workspace/cargo-home" RUSTUP_HOME="/workspace/rustup-home" "/workspace/cargo-home/bin/cargo" "+1.75.0" "fetch" "--manifest-path" "Cargo.toml", kill_on_drop: false }`
[INFO] running `Command { std: "docker" "create" "-v" "/var/lib/crater-agent-workspace/builds/worker-3-tc1/target:/opt/rustwide/target:rw,Z" "-v" "/var/lib/crater-agent-workspace/builds/worker-3-tc1/source:/opt/rustwide/workdir:ro,Z" "-v" "/var/lib/crater-agent-workspace/cargo-home:/opt/rustwide/cargo-home:ro,Z" "-v" "/var/lib/crater-agent-workspace/rustup-home:/opt/rustwide/rustup-home:ro,Z" "-e" "SOURCE_DIR=/opt/rustwide/workdir" "-e" "CARGO_TARGET_DIR=/opt/rustwide/target" "-e" "CARGO_HOME=/opt/rustwide/cargo-home" "-e" "RUSTUP_HOME=/opt/rustwide/rustup-home" "-w" "/opt/rustwide/workdir" "-m" "1610612736" "--user" "0:0" "--network" "none" "ghcr.io/rust-lang/crates-build-env/linux@sha256:2788e3201cd34a07e3172128adcd8b3090168a8e3bcc40d7c032b9dda1df7d1c" "/opt/rustwide/cargo-home/bin/cargo" "+1.75.0" "metadata" "--no-deps" "--format-version=1", kill_on_drop: false }`
[INFO] [stdout] 68b8f0ccd0c460fc3d6a7bd9e894b6bae67ef4aea518d4ce5953206270a17065
[INFO] running `Command { std: "docker" "start" "-a" "68b8f0ccd0c460fc3d6a7bd9e894b6bae67ef4aea518d4ce5953206270a17065", kill_on_drop: false }`
[INFO] running `Command { std: "docker" "inspect" "68b8f0ccd0c460fc3d6a7bd9e894b6bae67ef4aea518d4ce5953206270a17065", kill_on_drop: false }`
[INFO] running `Command { std: "docker" "rm" "-f" "68b8f0ccd0c460fc3d6a7bd9e894b6bae67ef4aea518d4ce5953206270a17065", kill_on_drop: false }`
[INFO] [stdout] 68b8f0ccd0c460fc3d6a7bd9e894b6bae67ef4aea518d4ce5953206270a17065
[INFO] running `Command { std: "docker" "create" "-v" "/var/lib/crater-agent-workspace/builds/worker-3-tc1/target:/opt/rustwide/target:rw,Z" "-v" "/var/lib/crater-agent-workspace/builds/worker-3-tc1/source:/opt/rustwide/workdir:ro,Z" "-v" "/var/lib/crater-agent-workspace/cargo-home:/opt/rustwide/cargo-home:ro,Z" "-v" "/var/lib/crater-agent-workspace/rustup-home:/opt/rustwide/rustup-home:ro,Z" "-e" "SOURCE_DIR=/opt/rustwide/workdir" "-e" "CARGO_TARGET_DIR=/opt/rustwide/target" "-e" "CARGO_INCREMENTAL=0" "-e" "RUST_BACKTRACE=full" "-e" "RUSTFLAGS=--cap-lints=warn" "-e" "RUSTDOCFLAGS=--cap-lints=warn" "-e" "CARGO_HOME=/opt/rustwide/cargo-home" "-e" "RUSTUP_HOME=/opt/rustwide/rustup-home" "-w" "/opt/rustwide/workdir" "-m" "1610612736" "--user" "0:0" "--network" "none" "ghcr.io/rust-lang/crates-build-env/linux@sha256:2788e3201cd34a07e3172128adcd8b3090168a8e3bcc40d7c032b9dda1df7d1c" "/opt/rustwide/cargo-home/bin/cargo" "+1.75.0" "build" "--frozen" "--message-format=json", kill_on_drop: false }`
[INFO] [stdout] f0ebad4c7ce88d763ee3acbcdc6c89659e4c5deed83a10e110f979faeacc04a2
[INFO] running `Command { std: "docker" "start" "-a" "f0ebad4c7ce88d763ee3acbcdc6c89659e4c5deed83a10e110f979faeacc04a2", kill_on_drop: false }`
[INFO] [stderr]    Compiling crossbeam-utils v0.8.18
[INFO] [stderr]    Compiling futures-sink v0.3.30
[INFO] [stderr]    Compiling futures-io v0.3.30
[INFO] [stderr]    Compiling syn v2.0.48
[INFO] [stderr]    Compiling thiserror v1.0.56
[INFO] [stderr]    Compiling anyhow v1.0.79
[INFO] [stderr]    Compiling async-trait v0.1.77
[INFO] [stderr]    Compiling event-listener v2.5.3
[INFO] [stderr]    Compiling futures-channel v0.3.30
[INFO] [stderr]    Compiling downcast-rs v1.2.0
[INFO] [stderr]    Compiling lazy_static v1.4.0
[INFO] [stderr]    Compiling log v0.4.20
[INFO] [stderr]    Compiling crossbeam-epoch v0.9.17
[INFO] [stderr]    Compiling crossbeam-channel v0.5.10
[INFO] [stderr]    Compiling concurrent-queue v2.4.0
[INFO] [stderr]    Compiling crossbeam-queue v0.3.10
[INFO] [stderr]    Compiling async-channel v1.9.0
[INFO] [stderr]    Compiling crossbeam-deque v0.8.4
[INFO] [stderr]    Compiling crossbeam v0.8.3
[INFO] [stderr]    Compiling futures-macro v0.3.30
[INFO] [stderr]    Compiling tokio-macros v2.2.0
[INFO] [stderr]    Compiling thiserror-impl v1.0.56
[INFO] [stderr]    Compiling tokio v1.35.1
[INFO] [stderr]    Compiling futures-util v0.3.30
[INFO] [stderr]    Compiling futures-executor v0.3.30
[INFO] [stderr]    Compiling futures v0.3.30
[INFO] [stderr]    Compiling vin-core v8.1.0 (/opt/rustwide/workdir)
[INFO] [stderr]     Finished dev [unoptimized + debuginfo] target(s) in 8.85s
[INFO] running `Command { std: "docker" "inspect" "f0ebad4c7ce88d763ee3acbcdc6c89659e4c5deed83a10e110f979faeacc04a2", kill_on_drop: false }`
[INFO] running `Command { std: "docker" "rm" "-f" "f0ebad4c7ce88d763ee3acbcdc6c89659e4c5deed83a10e110f979faeacc04a2", kill_on_drop: false }`
[INFO] [stdout] f0ebad4c7ce88d763ee3acbcdc6c89659e4c5deed83a10e110f979faeacc04a2
[INFO] running `Command { std: "docker" "create" "-v" "/var/lib/crater-agent-workspace/builds/worker-3-tc1/target:/opt/rustwide/target:rw,Z" "-v" "/var/lib/crater-agent-workspace/builds/worker-3-tc1/source:/opt/rustwide/workdir:ro,Z" "-v" "/var/lib/crater-agent-workspace/cargo-home:/opt/rustwide/cargo-home:ro,Z" "-v" "/var/lib/crater-agent-workspace/rustup-home:/opt/rustwide/rustup-home:ro,Z" "-e" "SOURCE_DIR=/opt/rustwide/workdir" "-e" "CARGO_TARGET_DIR=/opt/rustwide/target" "-e" "CARGO_INCREMENTAL=0" "-e" "RUST_BACKTRACE=full" "-e" "RUSTFLAGS=--cap-lints=warn" "-e" "RUSTDOCFLAGS=--cap-lints=warn" "-e" "CARGO_HOME=/opt/rustwide/cargo-home" "-e" "RUSTUP_HOME=/opt/rustwide/rustup-home" "-w" "/opt/rustwide/workdir" "-m" "1610612736" "--user" "0:0" "--network" "none" "ghcr.io/rust-lang/crates-build-env/linux@sha256:2788e3201cd34a07e3172128adcd8b3090168a8e3bcc40d7c032b9dda1df7d1c" "/opt/rustwide/cargo-home/bin/cargo" "+1.75.0" "test" "--frozen" "--no-run" "--message-format=json", kill_on_drop: false }`
[INFO] [stdout] edbaf89dfedd7804ff5bca967b736a674ef4f3550ee1f3e8adfae896b2d2bb1a
[INFO] running `Command { std: "docker" "start" "-a" "edbaf89dfedd7804ff5bca967b736a674ef4f3550ee1f3e8adfae896b2d2bb1a", kill_on_drop: false }`
[INFO] [stderr]    Compiling vin-core v8.1.0 (/opt/rustwide/workdir)
[INFO] [stderr]     Finished test [unoptimized + debuginfo] target(s) in 0.44s
[INFO] running `Command { std: "docker" "inspect" "edbaf89dfedd7804ff5bca967b736a674ef4f3550ee1f3e8adfae896b2d2bb1a", kill_on_drop: false }`
[INFO] running `Command { std: "docker" "rm" "-f" "edbaf89dfedd7804ff5bca967b736a674ef4f3550ee1f3e8adfae896b2d2bb1a", kill_on_drop: false }`
[INFO] [stdout] edbaf89dfedd7804ff5bca967b736a674ef4f3550ee1f3e8adfae896b2d2bb1a
[INFO] running `Command { std: "docker" "create" "-v" "/var/lib/crater-agent-workspace/builds/worker-3-tc1/target:/opt/rustwide/target:rw,Z" "-v" "/var/lib/crater-agent-workspace/builds/worker-3-tc1/source:/opt/rustwide/workdir:ro,Z" "-v" "/var/lib/crater-agent-workspace/cargo-home:/opt/rustwide/cargo-home:ro,Z" "-v" "/var/lib/crater-agent-workspace/rustup-home:/opt/rustwide/rustup-home:ro,Z" "-e" "SOURCE_DIR=/opt/rustwide/workdir" "-e" "CARGO_TARGET_DIR=/opt/rustwide/target" "-e" "CARGO_INCREMENTAL=0" "-e" "RUST_BACKTRACE=full" "-e" "RUSTFLAGS=--cap-lints=warn" "-e" "RUSTDOCFLAGS=--cap-lints=warn" "-e" "CARGO_HOME=/opt/rustwide/cargo-home" "-e" "RUSTUP_HOME=/opt/rustwide/rustup-home" "-w" "/opt/rustwide/workdir" "-m" "1610612736" "--user" "0:0" "--network" "none" "ghcr.io/rust-lang/crates-build-env/linux@sha256:2788e3201cd34a07e3172128adcd8b3090168a8e3bcc40d7c032b9dda1df7d1c" "/opt/rustwide/cargo-home/bin/cargo" "+1.75.0" "test" "--frozen", kill_on_drop: false }`
[INFO] [stdout] 6e411e3dfe26ea4f37271cb17cf28d2c9ceaae8ff8d9d6f4ddcfc930a2d7c800
[INFO] running `Command { std: "docker" "start" "-a" "6e411e3dfe26ea4f37271cb17cf28d2c9ceaae8ff8d9d6f4ddcfc930a2d7c800", kill_on_drop: false }`
[INFO] [stderr]     Finished test [unoptimized + debuginfo] target(s) in 0.04s
[INFO] [stderr]      Running unittests src/lib.rs (/opt/rustwide/target/debug/deps/vin_core-7101cd1148f4b982)
[INFO] [stdout] 
[INFO] [stdout] running 0 tests
[INFO] [stdout] 
[INFO] [stdout] test result: ok. 0 passed; 0 failed; 0 ignored; 0 measured; 0 filtered out; finished in 0.00s
[INFO] [stdout] 
[INFO] [stderr]    Doc-tests vin-core
[INFO] [stdout] 
[INFO] [stdout] running 2 tests
[INFO] [stdout] test src/lib.rs - shutdown_future (line 171) ... ignored
[INFO] [stderr] error: doctest failed, to rerun pass `--doc`
[INFO] [stdout] test src/lib.rs - Hooks (line 293) ... FAILED
[INFO] [stdout] 
[INFO] [stdout] failures:
[INFO] [stdout] 
[INFO] [stdout] ---- src/lib.rs - Hooks (line 293) stdout ----
[INFO] [stdout] error[E0433]: failed to resolve: use of undeclared crate or module `vin`
[INFO] [stdout]  --> src/lib.rs:300:3
[INFO] [stdout]   |
[INFO] [stdout] 9 | #[vin::actor]
[INFO] [stdout]   |   ^^^ use of undeclared crate or module `vin`
[INFO] [stdout] 
[INFO] [stdout] error[E0433]: failed to resolve: use of undeclared crate or module `vin`
[INFO] [stdout]   --> src/lib.rs:301:3
[INFO] [stdout]    |
[INFO] [stdout] 10 | #[vin::handles(Message)]
[INFO] [stdout]    |   ^^^ use of undeclared crate or module `vin`
[INFO] [stdout] 
[INFO] [stdout] error: cannot find attribute `async_trait` in this scope
[INFO] [stdout]   --> src/lib.rs:304:3
[INFO] [stdout]    |
[INFO] [stdout] 13 | #[async_trait]
[INFO] [stdout]    |   ^^^^^^^^^^^
[INFO] [stdout]    |
[INFO] [stdout]    = note: `async_trait` is in scope, but it is a crate, not an attribute
[INFO] [stdout] help: consider importing this attribute macro
[INFO] [stdout]    |
[INFO] [stdout] 2  + use async_trait::async_trait;
[INFO] [stdout]    |
[INFO] [stdout] 
[INFO] [stdout] error[E0433]: failed to resolve: use of undeclared crate or module `vin`
[INFO] [stdout]   --> src/lib.rs:305:6
[INFO] [stdout]    |
[INFO] [stdout] 14 | impl vin::Hooks for MyActor {
[INFO] [stdout]    |      ^^^ use of undeclared crate or module `vin`
[INFO] [stdout] 
[INFO] [stdout] error: aborting due to 4 previous errors
[INFO] [stdout] 
[INFO] [stdout] For more information about this error, try `rustc --explain E0433`.
[INFO] [stdout] Couldn't compile the test.
[INFO] [stdout] 
[INFO] [stdout] failures:
[INFO] [stdout]     src/lib.rs - Hooks (line 293)
[INFO] [stdout] 
[INFO] [stdout] test result: FAILED. 0 passed; 1 failed; 1 ignored; 0 measured; 0 filtered out; finished in 0.08s
[INFO] [stdout] 
[INFO] running `Command { std: "docker" "inspect" "6e411e3dfe26ea4f37271cb17cf28d2c9ceaae8ff8d9d6f4ddcfc930a2d7c800", kill_on_drop: false }`
[INFO] running `Command { std: "docker" "rm" "-f" "6e411e3dfe26ea4f37271cb17cf28d2c9ceaae8ff8d9d6f4ddcfc930a2d7c800", kill_on_drop: false }`
[INFO] [stdout] 6e411e3dfe26ea4f37271cb17cf28d2c9ceaae8ff8d9d6f4ddcfc930a2d7c800
[INFO] testing vin-core-8.1.0 against beta-2023-12-22 for beta-1.76-1
[INFO] extracting crate vin-core 8.1.0 into /workspace/builds/worker-3-tc2/source
[INFO] validating manifest of crates.io crate vin-core 8.1.0 on toolchain beta-2023-12-22
[INFO] running `Command { std: CARGO_HOME="/workspace/cargo-home" RUSTUP_HOME="/workspace/rustup-home" "/workspace/cargo-home/bin/cargo" "+beta-2023-12-22" "metadata" "--manifest-path" "Cargo.toml" "--no-deps", kill_on_drop: false }`
[INFO] started tweaking crates.io crate vin-core 8.1.0
[INFO] finished tweaking crates.io crate vin-core 8.1.0
[INFO] tweaked toml for crates.io crate vin-core 8.1.0 written to /workspace/builds/worker-3-tc2/source/Cargo.toml
[INFO] running `Command { std: CARGO_HOME="/workspace/cargo-home" RUSTUP_HOME="/workspace/rustup-home" "/workspace/cargo-home/bin/cargo" "+beta-2023-12-22" "generate-lockfile" "--manifest-path" "Cargo.toml", kill_on_drop: false }`
[INFO] [stderr]     Updating crates.io index
[INFO] running `Command { std: CARGO_HOME="/workspace/cargo-home" RUSTUP_HOME="/workspace/rustup-home" "/workspace/cargo-home/bin/cargo" "+beta-2023-12-22" "fetch" "--manifest-path" "Cargo.toml", kill_on_drop: false }`
[INFO] running `Command { std: "docker" "create" "-v" "/var/lib/crater-agent-workspace/builds/worker-3-tc2/target:/opt/rustwide/target:rw,Z" "-v" "/var/lib/crater-agent-workspace/builds/worker-3-tc2/source:/opt/rustwide/workdir:ro,Z" "-v" "/var/lib/crater-agent-workspace/cargo-home:/opt/rustwide/cargo-home:ro,Z" "-v" "/var/lib/crater-agent-workspace/rustup-home:/opt/rustwide/rustup-home:ro,Z" "-e" "SOURCE_DIR=/opt/rustwide/workdir" "-e" "CARGO_TARGET_DIR=/opt/rustwide/target" "-e" "CARGO_HOME=/opt/rustwide/cargo-home" "-e" "RUSTUP_HOME=/opt/rustwide/rustup-home" "-w" "/opt/rustwide/workdir" "-m" "1610612736" "--user" "0:0" "--network" "none" "ghcr.io/rust-lang/crates-build-env/linux@sha256:2788e3201cd34a07e3172128adcd8b3090168a8e3bcc40d7c032b9dda1df7d1c" "/opt/rustwide/cargo-home/bin/cargo" "+beta-2023-12-22" "metadata" "--no-deps" "--format-version=1", kill_on_drop: false }`
[INFO] [stdout] d79a9d6337fd94267648aa5089e23414e9b5e9c71630b7dfaaa1ed038e48575d
[INFO] running `Command { std: "docker" "start" "-a" "d79a9d6337fd94267648aa5089e23414e9b5e9c71630b7dfaaa1ed038e48575d", kill_on_drop: false }`
[INFO] running `Command { std: "docker" "inspect" "d79a9d6337fd94267648aa5089e23414e9b5e9c71630b7dfaaa1ed038e48575d", kill_on_drop: false }`
[INFO] running `Command { std: "docker" "rm" "-f" "d79a9d6337fd94267648aa5089e23414e9b5e9c71630b7dfaaa1ed038e48575d", kill_on_drop: false }`
[INFO] [stdout] d79a9d6337fd94267648aa5089e23414e9b5e9c71630b7dfaaa1ed038e48575d
[INFO] running `Command { std: "docker" "create" "-v" "/var/lib/crater-agent-workspace/builds/worker-3-tc2/target:/opt/rustwide/target:rw,Z" "-v" "/var/lib/crater-agent-workspace/builds/worker-3-tc2/source:/opt/rustwide/workdir:ro,Z" "-v" "/var/lib/crater-agent-workspace/cargo-home:/opt/rustwide/cargo-home:ro,Z" "-v" "/var/lib/crater-agent-workspace/rustup-home:/opt/rustwide/rustup-home:ro,Z" "-e" "SOURCE_DIR=/opt/rustwide/workdir" "-e" "CARGO_TARGET_DIR=/opt/rustwide/target" "-e" "CARGO_INCREMENTAL=0" "-e" "RUST_BACKTRACE=full" "-e" "RUSTFLAGS=--cap-lints=warn" "-e" "RUSTDOCFLAGS=--cap-lints=warn" "-e" "CARGO_HOME=/opt/rustwide/cargo-home" "-e" "RUSTUP_HOME=/opt/rustwide/rustup-home" "-w" "/opt/rustwide/workdir" "-m" "1610612736" "--user" "0:0" "--network" "none" "ghcr.io/rust-lang/crates-build-env/linux@sha256:2788e3201cd34a07e3172128adcd8b3090168a8e3bcc40d7c032b9dda1df7d1c" "/opt/rustwide/cargo-home/bin/cargo" "+beta-2023-12-22" "build" "--frozen" "--message-format=json", kill_on_drop: false }`
[INFO] [stdout] 550bbde3f55f5056cccbb1b1aafafac07886d2cc49875921262709585eeb9363
[INFO] running `Command { std: "docker" "start" "-a" "550bbde3f55f5056cccbb1b1aafafac07886d2cc49875921262709585eeb9363", kill_on_drop: false }`
[INFO] [stderr]    Compiling crossbeam-utils v0.8.18
[INFO] [stderr]    Compiling futures-sink v0.3.30
[INFO] [stderr]    Compiling syn v2.0.48
[INFO] [stderr]    Compiling futures-io v0.3.30
[INFO] [stderr]    Compiling async-trait v0.1.77
[INFO] [stderr]    Compiling thiserror v1.0.56
[INFO] [stderr]    Compiling anyhow v1.0.79
[INFO] [stderr]    Compiling event-listener v2.5.3
[INFO] [stderr]    Compiling futures-channel v0.3.30
[INFO] [stderr]    Compiling log v0.4.20
[INFO] [stderr]    Compiling lazy_static v1.4.0
[INFO] [stderr]    Compiling downcast-rs v1.2.0
[INFO] [stderr]    Compiling crossbeam-epoch v0.9.17
[INFO] [stderr]    Compiling crossbeam-channel v0.5.10
[INFO] [stderr]    Compiling concurrent-queue v2.4.0
[INFO] [stderr]    Compiling crossbeam-queue v0.3.10
[INFO] [stderr]    Compiling async-channel v1.9.0
[INFO] [stderr]    Compiling crossbeam-deque v0.8.4
[INFO] [stderr]    Compiling crossbeam v0.8.3
[INFO] [stderr]    Compiling futures-macro v0.3.30
[INFO] [stderr]    Compiling thiserror-impl v1.0.56
[INFO] [stderr]    Compiling tokio-macros v2.2.0
[INFO] [stderr]    Compiling tokio v1.35.1
[INFO] [stderr]    Compiling futures-util v0.3.30
[INFO] [stderr]    Compiling futures-executor v0.3.30
[INFO] [stderr]    Compiling futures v0.3.30
[INFO] [stderr]    Compiling vin-core v8.1.0 (/opt/rustwide/workdir)
[INFO] [stderr]     Finished dev [unoptimized + debuginfo] target(s) in 12.25s
[INFO] running `Command { std: "docker" "inspect" "550bbde3f55f5056cccbb1b1aafafac07886d2cc49875921262709585eeb9363", kill_on_drop: false }`
[INFO] running `Command { std: "docker" "rm" "-f" "550bbde3f55f5056cccbb1b1aafafac07886d2cc49875921262709585eeb9363", kill_on_drop: false }`
[INFO] [stdout] 550bbde3f55f5056cccbb1b1aafafac07886d2cc49875921262709585eeb9363
[INFO] running `Command { std: "docker" "create" "-v" "/var/lib/crater-agent-workspace/builds/worker-3-tc2/target:/opt/rustwide/target:rw,Z" "-v" "/var/lib/crater-agent-workspace/builds/worker-3-tc2/source:/opt/rustwide/workdir:ro,Z" "-v" "/var/lib/crater-agent-workspace/cargo-home:/opt/rustwide/cargo-home:ro,Z" "-v" "/var/lib/crater-agent-workspace/rustup-home:/opt/rustwide/rustup-home:ro,Z" "-e" "SOURCE_DIR=/opt/rustwide/workdir" "-e" "CARGO_TARGET_DIR=/opt/rustwide/target" "-e" "CARGO_INCREMENTAL=0" "-e" "RUST_BACKTRACE=full" "-e" "RUSTFLAGS=--cap-lints=warn" "-e" "RUSTDOCFLAGS=--cap-lints=warn" "-e" "CARGO_HOME=/opt/rustwide/cargo-home" "-e" "RUSTUP_HOME=/opt/rustwide/rustup-home" "-w" "/opt/rustwide/workdir" "-m" "1610612736" "--user" "0:0" "--network" "none" "ghcr.io/rust-lang/crates-build-env/linux@sha256:2788e3201cd34a07e3172128adcd8b3090168a8e3bcc40d7c032b9dda1df7d1c" "/opt/rustwide/cargo-home/bin/cargo" "+beta-2023-12-22" "test" "--frozen" "--no-run" "--message-format=json", kill_on_drop: false }`
[INFO] [stdout] 3fce0bbdde5ffce115a24469e4bf39849e1f8e60069f4637a0f312c01204446d
[INFO] running `Command { std: "docker" "start" "-a" "3fce0bbdde5ffce115a24469e4bf39849e1f8e60069f4637a0f312c01204446d", kill_on_drop: false }`
[INFO] [stderr]    Compiling vin-core v8.1.0 (/opt/rustwide/workdir)
[INFO] [stderr]     Finished test [unoptimized + debuginfo] target(s) in 0.50s
[INFO] running `Command { std: "docker" "inspect" "3fce0bbdde5ffce115a24469e4bf39849e1f8e60069f4637a0f312c01204446d", kill_on_drop: false }`
[INFO] running `Command { std: "docker" "rm" "-f" "3fce0bbdde5ffce115a24469e4bf39849e1f8e60069f4637a0f312c01204446d", kill_on_drop: false }`
[INFO] [stdout] 3fce0bbdde5ffce115a24469e4bf39849e1f8e60069f4637a0f312c01204446d
[INFO] running `Command { std: "docker" "create" "-v" "/var/lib/crater-agent-workspace/builds/worker-3-tc2/target:/opt/rustwide/target:rw,Z" "-v" "/var/lib/crater-agent-workspace/builds/worker-3-tc2/source:/opt/rustwide/workdir:ro,Z" "-v" "/var/lib/crater-agent-workspace/cargo-home:/opt/rustwide/cargo-home:ro,Z" "-v" "/var/lib/crater-agent-workspace/rustup-home:/opt/rustwide/rustup-home:ro,Z" "-e" "SOURCE_DIR=/opt/rustwide/workdir" "-e" "CARGO_TARGET_DIR=/opt/rustwide/target" "-e" "CARGO_INCREMENTAL=0" "-e" "RUST_BACKTRACE=full" "-e" "RUSTFLAGS=--cap-lints=warn" "-e" "RUSTDOCFLAGS=--cap-lints=warn" "-e" "CARGO_HOME=/opt/rustwide/cargo-home" "-e" "RUSTUP_HOME=/opt/rustwide/rustup-home" "-w" "/opt/rustwide/workdir" "-m" "1610612736" "--user" "0:0" "--network" "none" "ghcr.io/rust-lang/crates-build-env/linux@sha256:2788e3201cd34a07e3172128adcd8b3090168a8e3bcc40d7c032b9dda1df7d1c" "/opt/rustwide/cargo-home/bin/cargo" "+beta-2023-12-22" "test" "--frozen", kill_on_drop: false }`
[INFO] [stdout] ce7b3fb01dbaefd3177c98700d59cd054837284294b5a559352bf168eb240dce
[INFO] running `Command { std: "docker" "start" "-a" "ce7b3fb01dbaefd3177c98700d59cd054837284294b5a559352bf168eb240dce", kill_on_drop: false }`
[INFO] [stderr]     Finished test [unoptimized + debuginfo] target(s) in 0.05s
[INFO] [stderr]      Running unittests src/lib.rs (/opt/rustwide/target/debug/deps/vin_core-7ce7be039ef9ff31)
[INFO] [stdout] 
[INFO] [stdout] running 0 tests
[INFO] [stdout] 
[INFO] [stdout] test result: ok. 0 passed; 0 failed; 0 ignored; 0 measured; 0 filtered out; finished in 0.00s
[INFO] [stdout] 
[INFO] [stderr]    Doc-tests vin-core
[INFO] [stdout] 
[INFO] [stdout] running 2 tests
[INFO] [stdout] test src/lib.rs - shutdown_future (line 171) ... ignored
[INFO] [stdout] test src/lib.rs - Hooks (line 293) ... FAILED
[INFO] [stdout] 
[INFO] [stdout] failures:
[INFO] [stdout] 
[INFO] [stdout] ---- src/lib.rs - Hooks (line 293) stdout ----
[INFO] [stdout] error[E0433]: failed to resolve: use of undeclared crate or module `vin`
[INFO] [stdout]  --> src/lib.rs:300:3
[INFO] [stdout]   |
[INFO] [stdout] 9 | #[vin::actor]
[INFO] [stdout]   |   ^^^ use of undeclared crate or module `vin`
[INFO] [stdout] 
[INFO] [stdout] error[E0433]: failed to resolve: use of undeclared crate or module `vin`
[INFO] [stdout]   --> src/lib.rs:301:3
[INFO] [stdout]    |
[INFO] [stdout] 10 | #[vin::handles(Message)]
[INFO] [stdout]    |   ^^^ use of undeclared crate or module `vin`
[INFO] [stdout] 
[INFO] [stdout] error: cannot find attribute `async_trait` in this scope
[INFO] [stdout]   --> src/lib.rs:304:3
[INFO] [stdout]    |
[INFO] [stdout] 13 | #[async_trait]
[INFO] [stdout]    |   ^^^^^^^^^^^
[INFO] [stdout]    |
[INFO] [stdout]    = note: `async_trait` is in scope, but it is a crate, not an attribute
[INFO] [stdout] help: consider importing this attribute macro
[INFO] [stdout]    |
[INFO] [stdout] 2  + use async_trait::async_trait;
[INFO] [stdout]    |
[INFO] [stdout] 
[INFO] [stdout] error[E0433]: failed to resolve: use of undeclared crate or module `vin`
[INFO] [stdout]   --> src/lib.rs:305:6
[INFO] [stdout]    |
[INFO] [stdout] 14 | impl vin::Hooks for MyActor {
[INFO] [stdout]    |      ^^^ use of undeclared crate or module `vin`
[INFO] [stdout] 
[INFO] [stdout] error: aborting due to 4 previous errors
[INFO] [stdout] 
[INFO] [stdout] For more information about this error, try `rustc --explain E0433`.
[INFO] [stdout] Couldn't compile the test.
[INFO] [stdout] 
[INFO] [stdout] failures:
[INFO] [stdout]     src/lib.rs - Hooks (line 293)
[INFO] [stdout] 
[INFO] [stdout] test result: FAILED. 0 passed; 1 failed; 1 ignored; 0 measured; 0 filtered out; finished in 0.07s
[INFO] [stdout] 
[INFO] [stderr] error: doctest failed, to rerun pass `--doc`
[INFO] running `Command { std: "docker" "inspect" "ce7b3fb01dbaefd3177c98700d59cd054837284294b5a559352bf168eb240dce", kill_on_drop: false }`
[INFO] running `Command { std: "docker" "rm" "-f" "ce7b3fb01dbaefd3177c98700d59cd054837284294b5a559352bf168eb240dce", kill_on_drop: false }`
[INFO] [stdout] ce7b3fb01dbaefd3177c98700d59cd054837284294b5a559352bf168eb240dce
