[INFO] fetching crate vim-profiler 0.0.4...
[INFO] testing vim-profiler-0.0.4 against 1.75.0 for beta-1.76-1
[INFO] extracting crate vim-profiler 0.0.4 into /workspace/builds/worker-5-tc1/source
[INFO] validating manifest of crates.io crate vim-profiler 0.0.4 on toolchain 1.75.0
[INFO] running `Command { std: CARGO_HOME="/workspace/cargo-home" RUSTUP_HOME="/workspace/rustup-home" "/workspace/cargo-home/bin/cargo" "+1.75.0" "metadata" "--manifest-path" "Cargo.toml" "--no-deps", kill_on_drop: false }`
[INFO] started tweaking crates.io crate vim-profiler 0.0.4
[INFO] finished tweaking crates.io crate vim-profiler 0.0.4
[INFO] tweaked toml for crates.io crate vim-profiler 0.0.4 written to /workspace/builds/worker-5-tc1/source/Cargo.toml
[INFO] crate crates.io crate vim-profiler 0.0.4 already has a lockfile, it will not be regenerated
[INFO] running `Command { std: CARGO_HOME="/workspace/cargo-home" RUSTUP_HOME="/workspace/rustup-home" "/workspace/cargo-home/bin/cargo" "+1.75.0" "fetch" "--manifest-path" "Cargo.toml", kill_on_drop: false }`
[INFO] [stderr]     Updating crates.io index
[INFO] [stderr]  Downloading crates ...
[INFO] [stderr]   Downloaded charts v0.3.0
[INFO] [stderr]   Downloaded format_num v0.1.0
[INFO] [stderr]   Downloaded svg v0.7.2
[INFO] running `Command { std: "docker" "create" "-v" "/var/lib/crater-agent-workspace/builds/worker-5-tc1/target:/opt/rustwide/target:rw,Z" "-v" "/var/lib/crater-agent-workspace/builds/worker-5-tc1/source:/opt/rustwide/workdir:ro,Z" "-v" "/var/lib/crater-agent-workspace/cargo-home:/opt/rustwide/cargo-home:ro,Z" "-v" "/var/lib/crater-agent-workspace/rustup-home:/opt/rustwide/rustup-home:ro,Z" "-e" "SOURCE_DIR=/opt/rustwide/workdir" "-e" "CARGO_TARGET_DIR=/opt/rustwide/target" "-e" "CARGO_HOME=/opt/rustwide/cargo-home" "-e" "RUSTUP_HOME=/opt/rustwide/rustup-home" "-w" "/opt/rustwide/workdir" "-m" "1610612736" "--user" "0:0" "--network" "none" "ghcr.io/rust-lang/crates-build-env/linux@sha256:2788e3201cd34a07e3172128adcd8b3090168a8e3bcc40d7c032b9dda1df7d1c" "/opt/rustwide/cargo-home/bin/cargo" "+1.75.0" "metadata" "--no-deps" "--format-version=1", kill_on_drop: false }`
[INFO] [stdout] 604aa10877ca5567c676a2835ef987421e971f854564a191045face2f725f7db
[INFO] running `Command { std: "docker" "start" "-a" "604aa10877ca5567c676a2835ef987421e971f854564a191045face2f725f7db", kill_on_drop: false }`
[INFO] running `Command { std: "docker" "inspect" "604aa10877ca5567c676a2835ef987421e971f854564a191045face2f725f7db", kill_on_drop: false }`
[INFO] running `Command { std: "docker" "rm" "-f" "604aa10877ca5567c676a2835ef987421e971f854564a191045face2f725f7db", kill_on_drop: false }`
[INFO] [stdout] 604aa10877ca5567c676a2835ef987421e971f854564a191045face2f725f7db
[INFO] running `Command { std: "docker" "create" "-v" "/var/lib/crater-agent-workspace/builds/worker-5-tc1/target:/opt/rustwide/target:rw,Z" "-v" "/var/lib/crater-agent-workspace/builds/worker-5-tc1/source:/opt/rustwide/workdir:ro,Z" "-v" "/var/lib/crater-agent-workspace/cargo-home:/opt/rustwide/cargo-home:ro,Z" "-v" "/var/lib/crater-agent-workspace/rustup-home:/opt/rustwide/rustup-home:ro,Z" "-e" "SOURCE_DIR=/opt/rustwide/workdir" "-e" "CARGO_TARGET_DIR=/opt/rustwide/target" "-e" "CARGO_INCREMENTAL=0" "-e" "RUST_BACKTRACE=full" "-e" "RUSTFLAGS=--cap-lints=warn" "-e" "RUSTDOCFLAGS=--cap-lints=warn" "-e" "CARGO_HOME=/opt/rustwide/cargo-home" "-e" "RUSTUP_HOME=/opt/rustwide/rustup-home" "-w" "/opt/rustwide/workdir" "-m" "1610612736" "--user" "0:0" "--network" "none" "ghcr.io/rust-lang/crates-build-env/linux@sha256:2788e3201cd34a07e3172128adcd8b3090168a8e3bcc40d7c032b9dda1df7d1c" "/opt/rustwide/cargo-home/bin/cargo" "+1.75.0" "build" "--frozen" "--message-format=json", kill_on_drop: false }`
[INFO] [stdout] 6449d10864bc58b248cda85dc8202fff8c5f50d8916bb36cc22e1808019e416d
[INFO] running `Command { std: "docker" "start" "-a" "6449d10864bc58b248cda85dc8202fff8c5f50d8916bb36cc22e1808019e416d", kill_on_drop: false }`
[INFO] [stderr]    Compiling memchr v2.4.0
[INFO] [stderr]    Compiling proc-macro2 v1.0.27
[INFO] [stderr]    Compiling version_check v0.9.3
[INFO] [stderr]    Compiling syn v1.0.73
[INFO] [stderr]    Compiling libc v0.2.98
[INFO] [stderr]    Compiling regex-syntax v0.6.25
[INFO] [stderr]    Compiling serde v1.0.126
[INFO] [stderr]    Compiling log v0.4.14
[INFO] [stderr]    Compiling unicode-segmentation v1.8.0
[INFO] [stderr]    Compiling doc-comment v0.3.3
[INFO] [stderr]    Compiling humantime v2.1.0
[INFO] [stderr]    Compiling termcolor v1.1.2
[INFO] [stderr]    Compiling svg v0.7.2
[INFO] [stderr]    Compiling proc-macro-error-attr v1.0.4
[INFO] [stderr]    Compiling proc-macro-error v1.0.4
[INFO] [stderr]    Compiling heck v0.3.3
[INFO] [stderr]    Compiling quote v1.0.9
[INFO] [stderr]    Compiling aho-corasick v0.7.18
[INFO] [stderr]    Compiling csv-core v0.1.10
[INFO] [stderr]    Compiling atty v0.2.14
[INFO] [stderr]    Compiling clap v2.33.3
[INFO] [stderr]    Compiling regex v1.5.4
[INFO] [stderr]    Compiling format_num v0.1.0
[INFO] [stderr]    Compiling env_logger v0.9.0
[INFO] [stderr]    Compiling charts v0.3.0
[INFO] [stderr]    Compiling bstr v0.2.16
[INFO] [stderr]    Compiling csv v1.1.6
[INFO] [stderr]    Compiling structopt-derive v0.4.18
[INFO] [stderr]    Compiling snafu-derive v0.6.10
[INFO] [stderr]    Compiling structopt v0.3.25
[INFO] [stderr]    Compiling snafu v0.6.10
[INFO] [stderr]    Compiling vim-profiler v0.0.4 (/opt/rustwide/workdir)
[INFO] [stderr]     Finished dev [unoptimized + debuginfo] target(s) in 5.55s
[INFO] [stderr] warning: the following packages contain code that will be rejected by a future version of Rust: svg v0.7.2
[INFO] [stderr] note: to see what the problems were, use the option `--future-incompat-report`, or run `cargo report future-incompatibilities --id 2`
[INFO] running `Command { std: "docker" "inspect" "6449d10864bc58b248cda85dc8202fff8c5f50d8916bb36cc22e1808019e416d", kill_on_drop: false }`
[INFO] running `Command { std: "docker" "rm" "-f" "6449d10864bc58b248cda85dc8202fff8c5f50d8916bb36cc22e1808019e416d", kill_on_drop: false }`
[INFO] [stdout] 6449d10864bc58b248cda85dc8202fff8c5f50d8916bb36cc22e1808019e416d
[INFO] running `Command { std: "docker" "create" "-v" "/var/lib/crater-agent-workspace/builds/worker-5-tc1/target:/opt/rustwide/target:rw,Z" "-v" "/var/lib/crater-agent-workspace/builds/worker-5-tc1/source:/opt/rustwide/workdir:ro,Z" "-v" "/var/lib/crater-agent-workspace/cargo-home:/opt/rustwide/cargo-home:ro,Z" "-v" "/var/lib/crater-agent-workspace/rustup-home:/opt/rustwide/rustup-home:ro,Z" "-e" "SOURCE_DIR=/opt/rustwide/workdir" "-e" "CARGO_TARGET_DIR=/opt/rustwide/target" "-e" "CARGO_INCREMENTAL=0" "-e" "RUST_BACKTRACE=full" "-e" "RUSTFLAGS=--cap-lints=warn" "-e" "RUSTDOCFLAGS=--cap-lints=warn" "-e" "CARGO_HOME=/opt/rustwide/cargo-home" "-e" "RUSTUP_HOME=/opt/rustwide/rustup-home" "-w" "/opt/rustwide/workdir" "-m" "1610612736" "--user" "0:0" "--network" "none" "ghcr.io/rust-lang/crates-build-env/linux@sha256:2788e3201cd34a07e3172128adcd8b3090168a8e3bcc40d7c032b9dda1df7d1c" "/opt/rustwide/cargo-home/bin/cargo" "+1.75.0" "test" "--frozen" "--no-run" "--message-format=json", kill_on_drop: false }`
[INFO] [stdout] 7cce9d1ff611fbc1ad405ae2e5fd0e2b72540d9c4dbd3ceeb3f8446acf2f803a
[INFO] running `Command { std: "docker" "start" "-a" "7cce9d1ff611fbc1ad405ae2e5fd0e2b72540d9c4dbd3ceeb3f8446acf2f803a", kill_on_drop: false }`
[INFO] [stderr]    Compiling num-traits v0.2.14
[INFO] [stderr]    Compiling unicode-linebreak v0.1.1
[INFO] [stderr]    Compiling smawk v0.3.1
[INFO] [stderr]    Compiling float-cmp v0.9.0
[INFO] [stderr]    Compiling textwrap v0.14.2
[INFO] [stderr]    Compiling vim-profiler v0.0.4 (/opt/rustwide/workdir)
[INFO] [stderr]     Finished test [unoptimized + debuginfo] target(s) in 2.69s
[INFO] [stderr] warning: the following packages contain code that will be rejected by a future version of Rust: svg v0.7.2
[INFO] [stderr] note: to see what the problems were, use the option `--future-incompat-report`, or run `cargo report future-incompatibilities --id 2`
[INFO] running `Command { std: "docker" "inspect" "7cce9d1ff611fbc1ad405ae2e5fd0e2b72540d9c4dbd3ceeb3f8446acf2f803a", kill_on_drop: false }`
[INFO] running `Command { std: "docker" "rm" "-f" "7cce9d1ff611fbc1ad405ae2e5fd0e2b72540d9c4dbd3ceeb3f8446acf2f803a", kill_on_drop: false }`
[INFO] [stdout] 7cce9d1ff611fbc1ad405ae2e5fd0e2b72540d9c4dbd3ceeb3f8446acf2f803a
[INFO] running `Command { std: "docker" "create" "-v" "/var/lib/crater-agent-workspace/builds/worker-5-tc1/target:/opt/rustwide/target:rw,Z" "-v" "/var/lib/crater-agent-workspace/builds/worker-5-tc1/source:/opt/rustwide/workdir:ro,Z" "-v" "/var/lib/crater-agent-workspace/cargo-home:/opt/rustwide/cargo-home:ro,Z" "-v" "/var/lib/crater-agent-workspace/rustup-home:/opt/rustwide/rustup-home:ro,Z" "-e" "SOURCE_DIR=/opt/rustwide/workdir" "-e" "CARGO_TARGET_DIR=/opt/rustwide/target" "-e" "CARGO_INCREMENTAL=0" "-e" "RUST_BACKTRACE=full" "-e" "RUSTFLAGS=--cap-lints=warn" "-e" "RUSTDOCFLAGS=--cap-lints=warn" "-e" "CARGO_HOME=/opt/rustwide/cargo-home" "-e" "RUSTUP_HOME=/opt/rustwide/rustup-home" "-w" "/opt/rustwide/workdir" "-m" "1610612736" "--user" "0:0" "--network" "none" "ghcr.io/rust-lang/crates-build-env/linux@sha256:2788e3201cd34a07e3172128adcd8b3090168a8e3bcc40d7c032b9dda1df7d1c" "/opt/rustwide/cargo-home/bin/cargo" "+1.75.0" "test" "--frozen", kill_on_drop: false }`
[INFO] [stdout] 0a02d62d791f2387192aef4a59b88a934bb4b2bfb345c5735251550042f19d1d
[INFO] running `Command { std: "docker" "start" "-a" "0a02d62d791f2387192aef4a59b88a934bb4b2bfb345c5735251550042f19d1d", kill_on_drop: false }`
[INFO] [stderr]     Finished test [unoptimized + debuginfo] target(s) in 0.03s
[INFO] [stderr] warning: the following packages contain code that will be rejected by a future version of Rust: svg v0.7.2
[INFO] [stderr] note: to see what the problems were, use the option `--future-incompat-report`, or run `cargo report future-incompatibilities --id 2`
[INFO] [stderr]      Running unittests src/main.rs (/opt/rustwide/target/debug/deps/vp-40a79bfc06dec58c)
[INFO] [stdout] 
[INFO] [stdout] running 14 tests
[INFO] [stdout] test plugin::tests::deviation ... ok
[INFO] [stdout] test plugin::tests::max ... ok
[INFO] [stdout] test plugin::tests::median ... ok
[INFO] [stdout] test plugin::tests::average ... ok
[INFO] [stdout] test plugins::tests::len_largest ... ok
[INFO] [stdout] test plugin::tests::min ... ok
[INFO] [stdout] test plugins::tests::max ... ok
[INFO] [stdout] test plugins::tests::min ... ok
[INFO] [stdout] test plugins::tests::sort ... ok
[INFO] [stdout] test plugins::tests::sort_reversed ... ok
[INFO] [stdout] test utils::tests::test_repeat ... ok
[INFO] [stdout] test worker::tests::parse ... FAILED
[INFO] [stdout] test worker::tests::plugin_directory_empty_content ... ok
[INFO] [stdout] test worker::tests::plugin_directory ... ok
[INFO] [stdout] 
[INFO] [stdout] failures:
[INFO] [stdout] 
[INFO] [stdout] ---- worker::tests::parse stdout ----
[INFO] [stdout] Error: Io { source: Os { code: 30, kind: ReadOnlyFilesystem, message: "Read-only file system" } }
[INFO] [stdout] 
[INFO] [stdout] 
[INFO] [stdout] failures:
[INFO] [stdout]     worker::tests::parse
[INFO] [stdout] 
[INFO] [stdout] test result: FAILED. 13 passed; 1 failed; 0 ignored; 0 measured; 0 filtered out; finished in 0.01s
[INFO] [stdout] 
[INFO] [stderr] error: test failed, to rerun pass `--bin vp`
[INFO] running `Command { std: "docker" "inspect" "0a02d62d791f2387192aef4a59b88a934bb4b2bfb345c5735251550042f19d1d", kill_on_drop: false }`
[INFO] running `Command { std: "docker" "rm" "-f" "0a02d62d791f2387192aef4a59b88a934bb4b2bfb345c5735251550042f19d1d", kill_on_drop: false }`
[INFO] [stdout] 0a02d62d791f2387192aef4a59b88a934bb4b2bfb345c5735251550042f19d1d
[INFO] testing vim-profiler-0.0.4 against beta-2023-12-22 for beta-1.76-1
[INFO] extracting crate vim-profiler 0.0.4 into /workspace/builds/worker-5-tc2/source
[INFO] validating manifest of crates.io crate vim-profiler 0.0.4 on toolchain beta-2023-12-22
[INFO] running `Command { std: CARGO_HOME="/workspace/cargo-home" RUSTUP_HOME="/workspace/rustup-home" "/workspace/cargo-home/bin/cargo" "+beta-2023-12-22" "metadata" "--manifest-path" "Cargo.toml" "--no-deps", kill_on_drop: false }`
[INFO] started tweaking crates.io crate vim-profiler 0.0.4
[INFO] finished tweaking crates.io crate vim-profiler 0.0.4
[INFO] tweaked toml for crates.io crate vim-profiler 0.0.4 written to /workspace/builds/worker-5-tc2/source/Cargo.toml
[INFO] crate crates.io crate vim-profiler 0.0.4 already has a lockfile, it will not be regenerated
[INFO] running `Command { std: CARGO_HOME="/workspace/cargo-home" RUSTUP_HOME="/workspace/rustup-home" "/workspace/cargo-home/bin/cargo" "+beta-2023-12-22" "fetch" "--manifest-path" "Cargo.toml", kill_on_drop: false }`
[INFO] running `Command { std: "docker" "create" "-v" "/var/lib/crater-agent-workspace/builds/worker-5-tc2/target:/opt/rustwide/target:rw,Z" "-v" "/var/lib/crater-agent-workspace/builds/worker-5-tc2/source:/opt/rustwide/workdir:ro,Z" "-v" "/var/lib/crater-agent-workspace/cargo-home:/opt/rustwide/cargo-home:ro,Z" "-v" "/var/lib/crater-agent-workspace/rustup-home:/opt/rustwide/rustup-home:ro,Z" "-e" "SOURCE_DIR=/opt/rustwide/workdir" "-e" "CARGO_TARGET_DIR=/opt/rustwide/target" "-e" "CARGO_HOME=/opt/rustwide/cargo-home" "-e" "RUSTUP_HOME=/opt/rustwide/rustup-home" "-w" "/opt/rustwide/workdir" "-m" "1610612736" "--user" "0:0" "--network" "none" "ghcr.io/rust-lang/crates-build-env/linux@sha256:2788e3201cd34a07e3172128adcd8b3090168a8e3bcc40d7c032b9dda1df7d1c" "/opt/rustwide/cargo-home/bin/cargo" "+beta-2023-12-22" "metadata" "--no-deps" "--format-version=1", kill_on_drop: false }`
[INFO] [stdout] 9263e77a5dab262ac2eac8da5ac4aadf9fd9ec90f20f168522a0038df46415b8
[INFO] running `Command { std: "docker" "start" "-a" "9263e77a5dab262ac2eac8da5ac4aadf9fd9ec90f20f168522a0038df46415b8", kill_on_drop: false }`
[INFO] running `Command { std: "docker" "inspect" "9263e77a5dab262ac2eac8da5ac4aadf9fd9ec90f20f168522a0038df46415b8", kill_on_drop: false }`
[INFO] running `Command { std: "docker" "rm" "-f" "9263e77a5dab262ac2eac8da5ac4aadf9fd9ec90f20f168522a0038df46415b8", kill_on_drop: false }`
[INFO] [stdout] 9263e77a5dab262ac2eac8da5ac4aadf9fd9ec90f20f168522a0038df46415b8
[INFO] running `Command { std: "docker" "create" "-v" "/var/lib/crater-agent-workspace/builds/worker-5-tc2/target:/opt/rustwide/target:rw,Z" "-v" "/var/lib/crater-agent-workspace/builds/worker-5-tc2/source:/opt/rustwide/workdir:ro,Z" "-v" "/var/lib/crater-agent-workspace/cargo-home:/opt/rustwide/cargo-home:ro,Z" "-v" "/var/lib/crater-agent-workspace/rustup-home:/opt/rustwide/rustup-home:ro,Z" "-e" "SOURCE_DIR=/opt/rustwide/workdir" "-e" "CARGO_TARGET_DIR=/opt/rustwide/target" "-e" "CARGO_INCREMENTAL=0" "-e" "RUST_BACKTRACE=full" "-e" "RUSTFLAGS=--cap-lints=warn" "-e" "RUSTDOCFLAGS=--cap-lints=warn" "-e" "CARGO_HOME=/opt/rustwide/cargo-home" "-e" "RUSTUP_HOME=/opt/rustwide/rustup-home" "-w" "/opt/rustwide/workdir" "-m" "1610612736" "--user" "0:0" "--network" "none" "ghcr.io/rust-lang/crates-build-env/linux@sha256:2788e3201cd34a07e3172128adcd8b3090168a8e3bcc40d7c032b9dda1df7d1c" "/opt/rustwide/cargo-home/bin/cargo" "+beta-2023-12-22" "build" "--frozen" "--message-format=json", kill_on_drop: false }`
[INFO] [stdout] e5c2a4d2f6519ea60ac0d7fb96b7fb7df28ddbb8cb33a533d2e12fb95377c9a3
[INFO] running `Command { std: "docker" "start" "-a" "e5c2a4d2f6519ea60ac0d7fb96b7fb7df28ddbb8cb33a533d2e12fb95377c9a3", kill_on_drop: false }`
[INFO] [stderr]    Compiling proc-macro2 v1.0.27
[INFO] [stderr]    Compiling memchr v2.4.0
[INFO] [stderr]    Compiling version_check v0.9.3
[INFO] [stderr]    Compiling syn v1.0.73
[INFO] [stderr]    Compiling libc v0.2.98
[INFO] [stderr]    Compiling serde v1.0.126
[INFO] [stderr]    Compiling regex-syntax v0.6.25
[INFO] [stderr]    Compiling doc-comment v0.3.3
[INFO] [stderr]    Compiling unicode-segmentation v1.8.0
[INFO] [stderr]    Compiling log v0.4.14
[INFO] [stderr]    Compiling svg v0.7.2
[INFO] [stderr]    Compiling termcolor v1.1.2
[INFO] [stderr]    Compiling humantime v2.1.0
[INFO] [stderr]    Compiling proc-macro-error-attr v1.0.4
[INFO] [stderr]    Compiling proc-macro-error v1.0.4
[INFO] [stderr]    Compiling heck v0.3.3
[INFO] [stderr]    Compiling atty v0.2.14
[INFO] [stderr]    Compiling aho-corasick v0.7.18
[INFO] [stderr]    Compiling csv-core v0.1.10
[INFO] [stderr]    Compiling clap v2.33.3
[INFO] [stderr]    Compiling quote v1.0.9
[INFO] [stderr]    Compiling regex v1.5.4
[INFO] [stderr]    Compiling format_num v0.1.0
[INFO] [stderr]    Compiling env_logger v0.9.0
[INFO] [stderr]    Compiling charts v0.3.0
[INFO] [stderr]    Compiling bstr v0.2.16
[INFO] [stderr]    Compiling csv v1.1.6
[INFO] [stderr]    Compiling structopt-derive v0.4.18
[INFO] [stderr]    Compiling snafu-derive v0.6.10
[INFO] [stderr]    Compiling structopt v0.3.25
[INFO] [stderr]    Compiling snafu v0.6.10
[INFO] [stderr]    Compiling vim-profiler v0.0.4 (/opt/rustwide/workdir)
[INFO] [stderr]     Finished dev [unoptimized + debuginfo] target(s) in 5.24s
[INFO] [stderr] warning: the following packages contain code that will be rejected by a future version of Rust: svg v0.7.2
[INFO] [stderr] note: to see what the problems were, use the option `--future-incompat-report`, or run `cargo report future-incompatibilities --id 2`
[INFO] running `Command { std: "docker" "inspect" "e5c2a4d2f6519ea60ac0d7fb96b7fb7df28ddbb8cb33a533d2e12fb95377c9a3", kill_on_drop: false }`
[INFO] running `Command { std: "docker" "rm" "-f" "e5c2a4d2f6519ea60ac0d7fb96b7fb7df28ddbb8cb33a533d2e12fb95377c9a3", kill_on_drop: false }`
[INFO] [stdout] e5c2a4d2f6519ea60ac0d7fb96b7fb7df28ddbb8cb33a533d2e12fb95377c9a3
[INFO] running `Command { std: "docker" "create" "-v" "/var/lib/crater-agent-workspace/builds/worker-5-tc2/target:/opt/rustwide/target:rw,Z" "-v" "/var/lib/crater-agent-workspace/builds/worker-5-tc2/source:/opt/rustwide/workdir:ro,Z" "-v" "/var/lib/crater-agent-workspace/cargo-home:/opt/rustwide/cargo-home:ro,Z" "-v" "/var/lib/crater-agent-workspace/rustup-home:/opt/rustwide/rustup-home:ro,Z" "-e" "SOURCE_DIR=/opt/rustwide/workdir" "-e" "CARGO_TARGET_DIR=/opt/rustwide/target" "-e" "CARGO_INCREMENTAL=0" "-e" "RUST_BACKTRACE=full" "-e" "RUSTFLAGS=--cap-lints=warn" "-e" "RUSTDOCFLAGS=--cap-lints=warn" "-e" "CARGO_HOME=/opt/rustwide/cargo-home" "-e" "RUSTUP_HOME=/opt/rustwide/rustup-home" "-w" "/opt/rustwide/workdir" "-m" "1610612736" "--user" "0:0" "--network" "none" "ghcr.io/rust-lang/crates-build-env/linux@sha256:2788e3201cd34a07e3172128adcd8b3090168a8e3bcc40d7c032b9dda1df7d1c" "/opt/rustwide/cargo-home/bin/cargo" "+beta-2023-12-22" "test" "--frozen" "--no-run" "--message-format=json", kill_on_drop: false }`
[INFO] [stdout] ab4cc6c2110e76b30872c0d343266b3057f0adb04dda2b49c692b24409693183
[INFO] running `Command { std: "docker" "start" "-a" "ab4cc6c2110e76b30872c0d343266b3057f0adb04dda2b49c692b24409693183", kill_on_drop: false }`
[INFO] [stderr]    Compiling num-traits v0.2.14
[INFO] [stderr]    Compiling unicode-linebreak v0.1.1
[INFO] [stderr]    Compiling smawk v0.3.1
[INFO] [stderr]    Compiling float-cmp v0.9.0
[INFO] [stderr]    Compiling textwrap v0.14.2
[INFO] [stderr]    Compiling vim-profiler v0.0.4 (/opt/rustwide/workdir)
[INFO] [stderr]     Finished test [unoptimized + debuginfo] target(s) in 2.42s
[INFO] [stderr] warning: the following packages contain code that will be rejected by a future version of Rust: svg v0.7.2
[INFO] [stderr] note: to see what the problems were, use the option `--future-incompat-report`, or run `cargo report future-incompatibilities --id 2`
[INFO] running `Command { std: "docker" "inspect" "ab4cc6c2110e76b30872c0d343266b3057f0adb04dda2b49c692b24409693183", kill_on_drop: false }`
[INFO] running `Command { std: "docker" "rm" "-f" "ab4cc6c2110e76b30872c0d343266b3057f0adb04dda2b49c692b24409693183", kill_on_drop: false }`
[INFO] [stdout] ab4cc6c2110e76b30872c0d343266b3057f0adb04dda2b49c692b24409693183
[INFO] running `Command { std: "docker" "create" "-v" "/var/lib/crater-agent-workspace/builds/worker-5-tc2/target:/opt/rustwide/target:rw,Z" "-v" "/var/lib/crater-agent-workspace/builds/worker-5-tc2/source:/opt/rustwide/workdir:ro,Z" "-v" "/var/lib/crater-agent-workspace/cargo-home:/opt/rustwide/cargo-home:ro,Z" "-v" "/var/lib/crater-agent-workspace/rustup-home:/opt/rustwide/rustup-home:ro,Z" "-e" "SOURCE_DIR=/opt/rustwide/workdir" "-e" "CARGO_TARGET_DIR=/opt/rustwide/target" "-e" "CARGO_INCREMENTAL=0" "-e" "RUST_BACKTRACE=full" "-e" "RUSTFLAGS=--cap-lints=warn" "-e" "RUSTDOCFLAGS=--cap-lints=warn" "-e" "CARGO_HOME=/opt/rustwide/cargo-home" "-e" "RUSTUP_HOME=/opt/rustwide/rustup-home" "-w" "/opt/rustwide/workdir" "-m" "1610612736" "--user" "0:0" "--network" "none" "ghcr.io/rust-lang/crates-build-env/linux@sha256:2788e3201cd34a07e3172128adcd8b3090168a8e3bcc40d7c032b9dda1df7d1c" "/opt/rustwide/cargo-home/bin/cargo" "+beta-2023-12-22" "test" "--frozen", kill_on_drop: false }`
[INFO] [stdout] c8c2e29293b11fce614658ee20110d820dce75ab96a56c28e02decb3c83571a1
[INFO] running `Command { std: "docker" "start" "-a" "c8c2e29293b11fce614658ee20110d820dce75ab96a56c28e02decb3c83571a1", kill_on_drop: false }`
[INFO] [stderr]     Finished test [unoptimized + debuginfo] target(s) in 0.03s
[INFO] [stderr] warning: the following packages contain code that will be rejected by a future version of Rust: svg v0.7.2
[INFO] [stderr] note: to see what the problems were, use the option `--future-incompat-report`, or run `cargo report future-incompatibilities --id 2`
[INFO] [stderr]      Running unittests src/main.rs (/opt/rustwide/target/debug/deps/vp-1b6b1140ae32c477)
[INFO] [stdout] 
[INFO] [stdout] running 14 tests
[INFO] [stdout] test plugin::tests::average ... ok
[INFO] [stdout] test plugin::tests::max ... ok
[INFO] [stdout] test plugin::tests::deviation ... ok
[INFO] [stdout] test plugin::tests::median ... ok
[INFO] [stdout] test plugins::tests::len_largest ... ok
[INFO] [stdout] test plugin::tests::min ... ok
[INFO] [stdout] test plugins::tests::max ... ok
[INFO] [stdout] test plugins::tests::min ... ok
[INFO] [stdout] test plugins::tests::sort ... ok
[INFO] [stdout] test plugins::tests::sort_reversed ... ok
[INFO] [stdout] test utils::tests::test_repeat ... ok
[INFO] [stdout] test worker::tests::parse ... FAILED
[INFO] [stdout] test worker::tests::plugin_directory_empty_content ... ok
[INFO] [stdout] test worker::tests::plugin_directory ... ok
[INFO] [stdout] 
[INFO] [stdout] failures:
[INFO] [stdout] 
[INFO] [stdout] ---- worker::tests::parse stdout ----
[INFO] [stdout] Error: Io { source: Os { code: 30, kind: ReadOnlyFilesystem, message: "Read-only file system" } }
[INFO] [stdout] 
[INFO] [stdout] 
[INFO] [stdout] failures:
[INFO] [stdout]     worker::tests::parse
[INFO] [stdout] 
[INFO] [stdout] test result: FAILED. 13 passed; 1 failed; 0 ignored; 0 measured; 0 filtered out; finished in 0.01s
[INFO] [stdout] 
[INFO] [stderr] error: test failed, to rerun pass `--bin vp`
[INFO] running `Command { std: "docker" "inspect" "c8c2e29293b11fce614658ee20110d820dce75ab96a56c28e02decb3c83571a1", kill_on_drop: false }`
[INFO] running `Command { std: "docker" "rm" "-f" "c8c2e29293b11fce614658ee20110d820dce75ab96a56c28e02decb3c83571a1", kill_on_drop: false }`
[INFO] [stdout] c8c2e29293b11fce614658ee20110d820dce75ab96a56c28e02decb3c83571a1
