[INFO] fetching crate vika_community 0.1.2...
[INFO] testing vika_community-0.1.2 against 1.75.0 for beta-1.76-1
[INFO] extracting crate vika_community 0.1.2 into /workspace/builds/worker-3-tc1/source
[INFO] validating manifest of crates.io crate vika_community 0.1.2 on toolchain 1.75.0
[INFO] running `Command { std: CARGO_HOME="/workspace/cargo-home" RUSTUP_HOME="/workspace/rustup-home" "/workspace/cargo-home/bin/cargo" "+1.75.0" "metadata" "--manifest-path" "Cargo.toml" "--no-deps", kill_on_drop: false }`
[INFO] started tweaking crates.io crate vika_community 0.1.2
[INFO] finished tweaking crates.io crate vika_community 0.1.2
[INFO] tweaked toml for crates.io crate vika_community 0.1.2 written to /workspace/builds/worker-3-tc1/source/Cargo.toml
[INFO] running `Command { std: CARGO_HOME="/workspace/cargo-home" RUSTUP_HOME="/workspace/rustup-home" "/workspace/cargo-home/bin/cargo" "+1.75.0" "generate-lockfile" "--manifest-path" "Cargo.toml", kill_on_drop: false }`
[INFO] [stderr]     Updating crates.io index
[INFO] running `Command { std: CARGO_HOME="/workspace/cargo-home" RUSTUP_HOME="/workspace/rustup-home" "/workspace/cargo-home/bin/cargo" "+1.75.0" "fetch" "--manifest-path" "Cargo.toml", kill_on_drop: false }`
[INFO] running `Command { std: "docker" "create" "-v" "/var/lib/crater-agent-workspace/builds/worker-3-tc1/target:/opt/rustwide/target:rw,Z" "-v" "/var/lib/crater-agent-workspace/builds/worker-3-tc1/source:/opt/rustwide/workdir:ro,Z" "-v" "/var/lib/crater-agent-workspace/cargo-home:/opt/rustwide/cargo-home:ro,Z" "-v" "/var/lib/crater-agent-workspace/rustup-home:/opt/rustwide/rustup-home:ro,Z" "-e" "SOURCE_DIR=/opt/rustwide/workdir" "-e" "CARGO_TARGET_DIR=/opt/rustwide/target" "-e" "CARGO_HOME=/opt/rustwide/cargo-home" "-e" "RUSTUP_HOME=/opt/rustwide/rustup-home" "-w" "/opt/rustwide/workdir" "-m" "1610612736" "--user" "0:0" "--network" "none" "ghcr.io/rust-lang/crates-build-env/linux@sha256:2788e3201cd34a07e3172128adcd8b3090168a8e3bcc40d7c032b9dda1df7d1c" "/opt/rustwide/cargo-home/bin/cargo" "+1.75.0" "metadata" "--no-deps" "--format-version=1", kill_on_drop: false }`
[INFO] [stdout] f4a99ece09806567aa534475fe8e494687acf3d0a9e88250ea3db8f6286f84a7
[INFO] running `Command { std: "docker" "start" "-a" "f4a99ece09806567aa534475fe8e494687acf3d0a9e88250ea3db8f6286f84a7", kill_on_drop: false }`
[INFO] running `Command { std: "docker" "inspect" "f4a99ece09806567aa534475fe8e494687acf3d0a9e88250ea3db8f6286f84a7", kill_on_drop: false }`
[INFO] running `Command { std: "docker" "rm" "-f" "f4a99ece09806567aa534475fe8e494687acf3d0a9e88250ea3db8f6286f84a7", kill_on_drop: false }`
[INFO] [stdout] f4a99ece09806567aa534475fe8e494687acf3d0a9e88250ea3db8f6286f84a7
[INFO] running `Command { std: "docker" "create" "-v" "/var/lib/crater-agent-workspace/builds/worker-3-tc1/target:/opt/rustwide/target:rw,Z" "-v" "/var/lib/crater-agent-workspace/builds/worker-3-tc1/source:/opt/rustwide/workdir:ro,Z" "-v" "/var/lib/crater-agent-workspace/cargo-home:/opt/rustwide/cargo-home:ro,Z" "-v" "/var/lib/crater-agent-workspace/rustup-home:/opt/rustwide/rustup-home:ro,Z" "-e" "SOURCE_DIR=/opt/rustwide/workdir" "-e" "CARGO_TARGET_DIR=/opt/rustwide/target" "-e" "CARGO_INCREMENTAL=0" "-e" "RUST_BACKTRACE=full" "-e" "RUSTFLAGS=--cap-lints=warn" "-e" "RUSTDOCFLAGS=--cap-lints=warn" "-e" "CARGO_HOME=/opt/rustwide/cargo-home" "-e" "RUSTUP_HOME=/opt/rustwide/rustup-home" "-w" "/opt/rustwide/workdir" "-m" "1610612736" "--user" "0:0" "--network" "none" "ghcr.io/rust-lang/crates-build-env/linux@sha256:2788e3201cd34a07e3172128adcd8b3090168a8e3bcc40d7c032b9dda1df7d1c" "/opt/rustwide/cargo-home/bin/cargo" "+1.75.0" "build" "--frozen" "--message-format=json", kill_on_drop: false }`
[INFO] [stdout] f3d0d48f7073ad62174aade8fd6694a77de41af6e5ab60e8537a3755e3ef3f7c
[INFO] running `Command { std: "docker" "start" "-a" "f3d0d48f7073ad62174aade8fd6694a77de41af6e5ab60e8537a3755e3ef3f7c", kill_on_drop: false }`
[INFO] [stderr]    Compiling libc v0.2.151
[INFO] [stderr]    Compiling proc-macro2 v1.0.75
[INFO] [stderr]    Compiling unicode-ident v1.0.12
[INFO] [stderr]    Compiling pin-project-lite v0.2.13
[INFO] [stderr]    Compiling pkg-config v0.3.28
[INFO] [stderr]    Compiling vcpkg v0.2.15
[INFO] [stderr]    Compiling once_cell v1.19.0
[INFO] [stderr]    Compiling bytes v1.5.0
[INFO] [stderr]    Compiling itoa v1.0.10
[INFO] [stderr]    Compiling autocfg v1.1.0
[INFO] [stderr]    Compiling futures-core v0.3.30
[INFO] [stderr]    Compiling foreign-types-shared v0.1.1
[INFO] [stderr]    Compiling cfg-if v1.0.0
[INFO] [stderr]    Compiling fnv v1.0.7
[INFO] [stderr]    Compiling openssl v0.10.62
[INFO] [stderr]    Compiling futures-task v0.3.30
[INFO] [stderr]    Compiling foreign-types v0.3.2
[INFO] [stderr]    Compiling hashbrown v0.14.3
[INFO] [stderr]    Compiling futures-sink v0.3.30
[INFO] [stderr]    Compiling memchr v2.7.1
[INFO] [stderr]    Compiling bitflags v2.4.1
[INFO] [stderr]    Compiling serde v1.0.194
[INFO] [stderr]    Compiling futures-io v0.3.30
[INFO] [stderr]    Compiling tinyvec_macros v0.1.1
[INFO] [stderr]    Compiling tracing-core v0.1.32
[INFO] [stderr]    Compiling pin-utils v0.1.0
[INFO] [stderr]    Compiling httparse v1.8.0
[INFO] [stderr]    Compiling native-tls v0.2.11
[INFO] [stderr]    Compiling equivalent v1.0.1
[INFO] [stderr]    Compiling tinyvec v1.6.0
[INFO] [stderr]    Compiling log v0.4.20
[INFO] [stderr]    Compiling percent-encoding v2.3.1
[INFO] [stderr]    Compiling slab v0.4.9
[INFO] [stderr]    Compiling http v0.2.11
[INFO] [stderr]    Compiling openssl-probe v0.1.5
[INFO] [stderr]    Compiling try-lock v0.2.5
[INFO] [stderr]    Compiling form_urlencoded v1.2.1
[INFO] [stderr]    Compiling want v0.3.1
[INFO] [stderr]    Compiling tracing v0.1.40
[INFO] [stderr]    Compiling futures-channel v0.3.30
[INFO] [stderr]    Compiling ryu v1.0.16
[INFO] [stderr]    Compiling httpdate v1.0.3
[INFO] [stderr]    Compiling indexmap v2.1.0
[INFO] [stderr]    Compiling serde_json v1.0.111
[INFO] [stderr]    Compiling futures-util v0.3.30
[INFO] [stderr]    Compiling quote v1.0.35
[INFO] [stderr]    Compiling tower-service v0.3.2
[INFO] [stderr]    Compiling unicode-bidi v0.3.14
[INFO] [stderr]    Compiling encoding_rs v0.8.33
[INFO] [stderr]    Compiling base64 v0.21.5
[INFO] [stderr]    Compiling mime v0.3.17
[INFO] [stderr]    Compiling ipnet v2.9.0
[INFO] [stderr]    Compiling syn v2.0.48
[INFO] [stderr]    Compiling socket2 v0.5.5
[INFO] [stderr]    Compiling num_cpus v1.16.0
[INFO] [stderr]    Compiling mio v0.8.10
[INFO] [stderr]    Compiling cc v1.0.83
[INFO] [stderr]    Compiling unicode-normalization v0.1.22
[INFO] [stderr]    Compiling http-body v0.4.6
[INFO] [stderr]    Compiling tokio v1.35.1
[INFO] [stderr]    Compiling idna v0.5.0
[INFO] [stderr]    Compiling openssl-sys v0.9.98
[INFO] [stderr]    Compiling url v2.5.0
[INFO] [stderr]    Compiling openssl-macros v0.1.1
[INFO] [stderr]    Compiling serde_derive v1.0.194
[INFO] [stderr]    Compiling tokio-util v0.7.10
[INFO] [stderr]    Compiling h2 v0.3.22
[INFO] [stderr]    Compiling tokio-native-tls v0.3.1
[INFO] [stderr]    Compiling hyper v0.14.28
[INFO] [stderr]    Compiling serde_urlencoded v0.7.1
[INFO] [stderr]    Compiling hyper-tls v0.5.0
[INFO] [stderr]    Compiling reqwest v0.11.23
[INFO] [stderr]    Compiling vika_community v0.1.2 (/opt/rustwide/workdir)
[INFO] [stdout] warning: unused import: `util::*`
[INFO] [stdout]  --> src/vika/common/mod.rs:7:9
[INFO] [stdout]   |
[INFO] [stdout] 7 | pub use util::*;
[INFO] [stdout]   |         ^^^^^^^
[INFO] [stdout]   |
[INFO] [stdout]   = note: `#[warn(unused_imports)]` on by default
[INFO] [stdout] 
[INFO] [stdout] 
[INFO] [stdout] warning: unused import: `super::common::*`
[INFO] [stdout]  --> src/vika/space/mod.rs:4:9
[INFO] [stdout]   |
[INFO] [stdout] 4 | pub use super::common::*;
[INFO] [stdout]   |         ^^^^^^^^^^^^^^^^
[INFO] [stdout] 
[INFO] [stdout] 
[INFO] [stdout] warning: unused import: `self::common::*`
[INFO] [stdout]   --> src/vika/mod.rs:10:9
[INFO] [stdout]    |
[INFO] [stdout] 10 | pub use self::common::*;
[INFO] [stdout]    |         ^^^^^^^^^^^^^^^
[INFO] [stdout] 
[INFO] [stdout] 
[INFO] [stdout] warning: unused import: `self::field::*`
[INFO] [stdout]   --> src/vika/mod.rs:12:9
[INFO] [stdout]    |
[INFO] [stdout] 12 | pub use self::field::*;
[INFO] [stdout]    |         ^^^^^^^^^^^^^^
[INFO] [stdout] 
[INFO] [stdout] 
[INFO] [stdout] warning: unused import: `self::record::*`
[INFO] [stdout]   --> src/vika/mod.rs:14:9
[INFO] [stdout]    |
[INFO] [stdout] 14 | pub use self::record::*;
[INFO] [stdout]    |         ^^^^^^^^^^^^^^^
[INFO] [stdout] 
[INFO] [stdout] 
[INFO] [stdout] warning: unused import: `self::view::*`
[INFO] [stdout]   --> src/vika/mod.rs:16:9
[INFO] [stdout]    |
[INFO] [stdout] 16 | pub use self::view::*;
[INFO] [stdout]    |         ^^^^^^^^^^^^^
[INFO] [stdout] 
[INFO] [stdout] 
[INFO] [stdout] warning: 6 warnings emitted
[INFO] [stdout] 
[INFO] [stdout] 
[INFO] [stderr]     Finished dev [unoptimized + debuginfo] target(s) in 10.76s
[INFO] running `Command { std: "docker" "inspect" "f3d0d48f7073ad62174aade8fd6694a77de41af6e5ab60e8537a3755e3ef3f7c", kill_on_drop: false }`
[INFO] running `Command { std: "docker" "rm" "-f" "f3d0d48f7073ad62174aade8fd6694a77de41af6e5ab60e8537a3755e3ef3f7c", kill_on_drop: false }`
[INFO] [stdout] f3d0d48f7073ad62174aade8fd6694a77de41af6e5ab60e8537a3755e3ef3f7c
[INFO] running `Command { std: "docker" "create" "-v" "/var/lib/crater-agent-workspace/builds/worker-3-tc1/target:/opt/rustwide/target:rw,Z" "-v" "/var/lib/crater-agent-workspace/builds/worker-3-tc1/source:/opt/rustwide/workdir:ro,Z" "-v" "/var/lib/crater-agent-workspace/cargo-home:/opt/rustwide/cargo-home:ro,Z" "-v" "/var/lib/crater-agent-workspace/rustup-home:/opt/rustwide/rustup-home:ro,Z" "-e" "SOURCE_DIR=/opt/rustwide/workdir" "-e" "CARGO_TARGET_DIR=/opt/rustwide/target" "-e" "CARGO_INCREMENTAL=0" "-e" "RUST_BACKTRACE=full" "-e" "RUSTFLAGS=--cap-lints=warn" "-e" "RUSTDOCFLAGS=--cap-lints=warn" "-e" "CARGO_HOME=/opt/rustwide/cargo-home" "-e" "RUSTUP_HOME=/opt/rustwide/rustup-home" "-w" "/opt/rustwide/workdir" "-m" "1610612736" "--user" "0:0" "--network" "none" "ghcr.io/rust-lang/crates-build-env/linux@sha256:2788e3201cd34a07e3172128adcd8b3090168a8e3bcc40d7c032b9dda1df7d1c" "/opt/rustwide/cargo-home/bin/cargo" "+1.75.0" "test" "--frozen" "--no-run" "--message-format=json", kill_on_drop: false }`
[INFO] [stdout] 3130ac2e66dd584f5e1c8706ebac635cc5e63fae0a04943a33607800d53c8e79
[INFO] running `Command { std: "docker" "start" "-a" "3130ac2e66dd584f5e1c8706ebac635cc5e63fae0a04943a33607800d53c8e79", kill_on_drop: false }`
[INFO] [stdout] warning: unused import: `util::*`
[INFO] [stdout]  --> src/vika/common/mod.rs:7:9
[INFO] [stdout]   |
[INFO] [stdout] 7 | pub use util::*;
[INFO] [stdout]   |         ^^^^^^^
[INFO] [stdout]   |
[INFO] [stdout]   = note: `#[warn(unused_imports)]` on by default
[INFO] [stdout] 
[INFO] [stdout] 
[INFO] [stdout] warning: unused import: `super::common::*`
[INFO] [stdout]  --> src/vika/space/mod.rs:4:9
[INFO] [stdout]   |
[INFO] [stdout] 4 | pub use super::common::*;
[INFO] [stdout]   |         ^^^^^^^^^^^^^^^^
[INFO] [stdout] 
[INFO] [stdout] 
[INFO] [stdout] warning: unused import: `self::common::*`
[INFO] [stdout]   --> src/vika/mod.rs:10:9
[INFO] [stdout]    |
[INFO] [stdout] 10 | pub use self::common::*;
[INFO] [stdout]    |         ^^^^^^^^^^^^^^^
[INFO] [stdout] 
[INFO] [stdout] 
[INFO] [stdout] warning: unused import: `self::field::*`
[INFO] [stdout]   --> src/vika/mod.rs:12:9
[INFO] [stdout]    |
[INFO] [stdout] 12 | pub use self::field::*;
[INFO] [stdout]    |         ^^^^^^^^^^^^^^
[INFO] [stdout] 
[INFO] [stdout] 
[INFO] [stderr]    Compiling vika_community v0.1.2 (/opt/rustwide/workdir)
[INFO] [stdout] warning: unused import: `self::record::*`
[INFO] [stdout]   --> src/vika/mod.rs:14:9
[INFO] [stdout]    |
[INFO] [stdout] 14 | pub use self::record::*;
[INFO] [stdout]    |         ^^^^^^^^^^^^^^^
[INFO] [stdout] 
[INFO] [stdout] 
[INFO] [stdout] warning: unused import: `self::view::*`
[INFO] [stdout]   --> src/vika/mod.rs:16:9
[INFO] [stdout]    |
[INFO] [stdout] 16 | pub use self::view::*;
[INFO] [stdout]    |         ^^^^^^^^^^^^^
[INFO] [stdout] 
[INFO] [stdout] 
[INFO] [stdout] warning: 6 warnings emitted
[INFO] [stdout] 
[INFO] [stdout] 
[INFO] [stdout] warning: unused import: `util::*`
[INFO] [stdout]  --> src/vika/common/mod.rs:7:9
[INFO] [stdout]   |
[INFO] [stdout] 7 | pub use util::*;
[INFO] [stdout]   |         ^^^^^^^
[INFO] [stdout]   |
[INFO] [stdout]   = note: `#[warn(unused_imports)]` on by default
[INFO] [stdout] 
[INFO] [stdout] 
[INFO] [stdout] warning: unused import: `super::common::*`
[INFO] [stdout]  --> src/vika/space/mod.rs:4:9
[INFO] [stdout]   |
[INFO] [stdout] 4 | pub use super::common::*;
[INFO] [stdout]   |         ^^^^^^^^^^^^^^^^
[INFO] [stdout] 
[INFO] [stdout] 
[INFO] [stdout] warning: unused import: `self::common::*`
[INFO] [stdout]   --> src/vika/mod.rs:10:9
[INFO] [stdout]    |
[INFO] [stdout] 10 | pub use self::common::*;
[INFO] [stdout]    |         ^^^^^^^^^^^^^^^
[INFO] [stdout] 
[INFO] [stdout] 
[INFO] [stdout] warning: unused import: `self::field::*`
[INFO] [stdout]   --> src/vika/mod.rs:12:9
[INFO] [stdout]    |
[INFO] [stdout] 12 | pub use self::field::*;
[INFO] [stdout]    |         ^^^^^^^^^^^^^^
[INFO] [stdout] 
[INFO] [stdout] 
[INFO] [stdout] warning: unused import: `self::record::*`
[INFO] [stdout]   --> src/vika/mod.rs:14:9
[INFO] [stdout]    |
[INFO] [stdout] 14 | pub use self::record::*;
[INFO] [stdout]    |         ^^^^^^^^^^^^^^^
[INFO] [stdout] 
[INFO] [stdout] 
[INFO] [stdout] warning: unused import: `self::view::*`
[INFO] [stdout]   --> src/vika/mod.rs:16:9
[INFO] [stdout]    |
[INFO] [stdout] 16 | pub use self::view::*;
[INFO] [stdout]    |         ^^^^^^^^^^^^^
[INFO] [stdout] 
[INFO] [stdout] 
[INFO] [stdout] warning: 6 warnings emitted
[INFO] [stdout] 
[INFO] [stdout] 
[INFO] [stderr]     Finished test [unoptimized + debuginfo] target(s) in 1.61s
[INFO] running `Command { std: "docker" "inspect" "3130ac2e66dd584f5e1c8706ebac635cc5e63fae0a04943a33607800d53c8e79", kill_on_drop: false }`
[INFO] running `Command { std: "docker" "rm" "-f" "3130ac2e66dd584f5e1c8706ebac635cc5e63fae0a04943a33607800d53c8e79", kill_on_drop: false }`
[INFO] [stdout] 3130ac2e66dd584f5e1c8706ebac635cc5e63fae0a04943a33607800d53c8e79
[INFO] running `Command { std: "docker" "create" "-v" "/var/lib/crater-agent-workspace/builds/worker-3-tc1/target:/opt/rustwide/target:rw,Z" "-v" "/var/lib/crater-agent-workspace/builds/worker-3-tc1/source:/opt/rustwide/workdir:ro,Z" "-v" "/var/lib/crater-agent-workspace/cargo-home:/opt/rustwide/cargo-home:ro,Z" "-v" "/var/lib/crater-agent-workspace/rustup-home:/opt/rustwide/rustup-home:ro,Z" "-e" "SOURCE_DIR=/opt/rustwide/workdir" "-e" "CARGO_TARGET_DIR=/opt/rustwide/target" "-e" "CARGO_INCREMENTAL=0" "-e" "RUST_BACKTRACE=full" "-e" "RUSTFLAGS=--cap-lints=warn" "-e" "RUSTDOCFLAGS=--cap-lints=warn" "-e" "CARGO_HOME=/opt/rustwide/cargo-home" "-e" "RUSTUP_HOME=/opt/rustwide/rustup-home" "-w" "/opt/rustwide/workdir" "-m" "1610612736" "--user" "0:0" "--network" "none" "ghcr.io/rust-lang/crates-build-env/linux@sha256:2788e3201cd34a07e3172128adcd8b3090168a8e3bcc40d7c032b9dda1df7d1c" "/opt/rustwide/cargo-home/bin/cargo" "+1.75.0" "test" "--frozen", kill_on_drop: false }`
[INFO] [stdout] 75e6d8b6ef2ec4189d05976d92e1f101127bbbb5ef338521649b270fcc997f5d
[INFO] running `Command { std: "docker" "start" "-a" "75e6d8b6ef2ec4189d05976d92e1f101127bbbb5ef338521649b270fcc997f5d", kill_on_drop: false }`
[INFO] [stderr] warning: unused import: `util::*`
[INFO] [stderr]  --> src/vika/common/mod.rs:7:9
[INFO] [stderr]   |
[INFO] [stderr] 7 | pub use util::*;
[INFO] [stderr]   |         ^^^^^^^
[INFO] [stderr]   |
[INFO] [stderr]   = note: `#[warn(unused_imports)]` on by default
[INFO] [stderr] 
[INFO] [stderr] warning: unused import: `super::common::*`
[INFO] [stderr]  --> src/vika/space/mod.rs:4:9
[INFO] [stderr]   |
[INFO] [stderr] 4 | pub use super::common::*;
[INFO] [stderr]   |         ^^^^^^^^^^^^^^^^
[INFO] [stderr] 
[INFO] [stderr] warning: unused import: `self::common::*`
[INFO] [stderr]   --> src/vika/mod.rs:10:9
[INFO] [stderr]    |
[INFO] [stderr] 10 | pub use self::common::*;
[INFO] [stderr]    |         ^^^^^^^^^^^^^^^
[INFO] [stderr] 
[INFO] [stderr] warning: unused import: `self::field::*`
[INFO] [stderr]   --> src/vika/mod.rs:12:9
[INFO] [stderr]    |
[INFO] [stderr] 12 | pub use self::field::*;
[INFO] [stderr]    |         ^^^^^^^^^^^^^^
[INFO] [stderr] 
[INFO] [stderr] warning: unused import: `self::record::*`
[INFO] [stderr]   --> src/vika/mod.rs:14:9
[INFO] [stderr]    |
[INFO] [stderr] 14 | pub use self::record::*;
[INFO] [stderr]    |         ^^^^^^^^^^^^^^^
[INFO] [stderr] 
[INFO] [stderr] warning: unused import: `self::view::*`
[INFO] [stderr]   --> src/vika/mod.rs:16:9
[INFO] [stderr]    |
[INFO] [stderr] 16 | pub use self::view::*;
[INFO] [stderr]    |         ^^^^^^^^^^^^^
[INFO] [stderr] 
[INFO] [stderr] warning: `vika_community` (lib) generated 6 warnings (run `cargo fix --lib -p vika_community` to apply 6 suggestions)
[INFO] [stderr] warning: `vika_community` (lib test) generated 6 warnings (6 duplicates)
[INFO] [stderr]     Finished test [unoptimized + debuginfo] target(s) in 0.05s
[INFO] [stderr]      Running unittests src/lib.rs (/opt/rustwide/target/debug/deps/vika_community-1f0f45aa3ad2703f)
[INFO] [stdout] 
[INFO] [stdout] running 5 tests
[INFO] [stdout] test vika::record::record::tests::get_records_req ... ok
[INFO] [stdout] test vika::record::record::tests::patch_records_req ... ok
[INFO] [stdout] test vika::record::record::tests::post_records_req ... ok
[INFO] [stdout] test vika::datasheet::datasheet::tests::test_to_json_string ... FAILED
[INFO] [stdout] test vika::field::field::tests::test_single_field_req ... FAILED
[INFO] [stdout] 
[INFO] [stdout] failures:
[INFO] [stdout] 
[INFO] [stdout] ---- vika::datasheet::datasheet::tests::test_to_json_string stdout ----
[INFO] [stdout] thread 'vika::datasheet::datasheet::tests::test_to_json_string' panicked at src/vika/datasheet/datasheet.rs:83:9:
[INFO] [stdout] assertion `left == right` failed
[INFO] [stdout]   left: "{\"fields\":[{\"name\":\"name\",\"property\":{\"defaultValue\":\"value\"},\"type\":\"SingleText\"}],\"name\":\"name\"}"
[INFO] [stdout]  right: "{\"fields\":[{\"name\":\"name\",\"property\":{\"default_value\":\"value\"},\"type\":\"SingleText\"}],\"name\":\"name\"}"
[INFO] [stdout] stack backtrace:
[INFO] [stdout]    0:     0x5618ff46703c - std::backtrace_rs::backtrace::libunwind::trace::ha637c64ce894333a
[INFO] [stdout]                                at /rustc/82e1608dfa6e0b5569232559e3d385fea5a93112/library/std/src/../../backtrace/src/backtrace/libunwind.rs:104:5
[INFO] [stdout]    1:     0x5618ff46703c - std::backtrace_rs::backtrace::trace_unsynchronized::h47f62dea28e0c88d
[INFO] [stdout]                                at /rustc/82e1608dfa6e0b5569232559e3d385fea5a93112/library/std/src/../../backtrace/src/backtrace/mod.rs:66:5
[INFO] [stdout]    2:     0x5618ff46703c - std::sys_common::backtrace::_print_fmt::h9eef0abe20ede486
[INFO] [stdout]                                at /rustc/82e1608dfa6e0b5569232559e3d385fea5a93112/library/std/src/sys_common/backtrace.rs:67:5
[INFO] [stdout]    3:     0x5618ff46703c - <std::sys_common::backtrace::_print::DisplayBacktrace as core::fmt::Display>::fmt::hed7f999df88cc644
[INFO] [stdout]                                at /rustc/82e1608dfa6e0b5569232559e3d385fea5a93112/library/std/src/sys_common/backtrace.rs:44:22
[INFO] [stdout]    4:     0x5618ff490b80 - core::fmt::rt::Argument::fmt::h1539a9308b8d058d
[INFO] [stdout]                                at /rustc/82e1608dfa6e0b5569232559e3d385fea5a93112/library/core/src/fmt/rt.rs:142:9
[INFO] [stdout]    5:     0x5618ff490b80 - core::fmt::write::h3a39390d8560d9c9
[INFO] [stdout]                                at /rustc/82e1608dfa6e0b5569232559e3d385fea5a93112/library/core/src/fmt/mod.rs:1120:17
[INFO] [stdout]    6:     0x5618ff4649ef - std::io::Write::write_fmt::h040b369f3a0f9cbc
[INFO] [stdout]                                at /rustc/82e1608dfa6e0b5569232559e3d385fea5a93112/library/std/src/io/mod.rs:1762:15
[INFO] [stdout]    7:     0x5618ff466e24 - std::sys_common::backtrace::_print::h894006fb5c6f3d45
[INFO] [stdout]                                at /rustc/82e1608dfa6e0b5569232559e3d385fea5a93112/library/std/src/sys_common/backtrace.rs:47:5
[INFO] [stdout]    8:     0x5618ff466e24 - std::sys_common::backtrace::print::h23a2d212c6fff936
[INFO] [stdout]                                at /rustc/82e1608dfa6e0b5569232559e3d385fea5a93112/library/std/src/sys_common/backtrace.rs:34:9
[INFO] [stdout]    9:     0x5618ff468ae7 - std::panicking::default_hook::{{closure}}::h8a1d2ee00185001a
[INFO] [stdout]   10:     0x5618ff4687d3 - std::panicking::default_hook::h6038f2eba384e475
[INFO] [stdout]                                at /rustc/82e1608dfa6e0b5569232559e3d385fea5a93112/library/std/src/panicking.rs:289:9
[INFO] [stdout]   11:     0x5618ff4189f7 - <alloc::boxed::Box<F,A> as core::ops::function::Fn<Args>>::call::h0ad024c9bdc6d768
[INFO] [stdout]                                at /rustc/82e1608dfa6e0b5569232559e3d385fea5a93112/library/alloc/src/boxed.rs:2021:9
[INFO] [stdout]   12:     0x5618ff4189f7 - test::test_main::{{closure}}::h7500b54257359db6
[INFO] [stdout]                                at /rustc/82e1608dfa6e0b5569232559e3d385fea5a93112/library/test/src/lib.rs:138:21
[INFO] [stdout]   13:     0x5618ff4690f8 - <alloc::boxed::Box<F,A> as core::ops::function::Fn<Args>>::call::h1f8f335eaa9cfaee
[INFO] [stdout]                                at /rustc/82e1608dfa6e0b5569232559e3d385fea5a93112/library/alloc/src/boxed.rs:2021:9
[INFO] [stdout]   14:     0x5618ff4690f8 - std::panicking::rust_panic_with_hook::h2b5517d590cab22e
[INFO] [stdout]                                at /rustc/82e1608dfa6e0b5569232559e3d385fea5a93112/library/std/src/panicking.rs:783:13
[INFO] [stdout]   15:     0x5618ff468e4e - std::panicking::begin_panic_handler::{{closure}}::h233112c06e0ef43e
[INFO] [stdout]                                at /rustc/82e1608dfa6e0b5569232559e3d385fea5a93112/library/std/src/panicking.rs:657:13
[INFO] [stdout]   16:     0x5618ff467506 - std::sys_common::backtrace::__rust_end_short_backtrace::h6e893f24d7ebbff8
[INFO] [stdout]                                at /rustc/82e1608dfa6e0b5569232559e3d385fea5a93112/library/std/src/sys_common/backtrace.rs:170:18
[INFO] [stdout]   17:     0x5618ff468bb2 - rust_begin_unwind
[INFO] [stdout]                                at /rustc/82e1608dfa6e0b5569232559e3d385fea5a93112/library/std/src/panicking.rs:645:5
[INFO] [stdout]   18:     0x5618ff3d3cf5 - core::panicking::panic_fmt::hbf0e066aabfa482c
[INFO] [stdout]                                at /rustc/82e1608dfa6e0b5569232559e3d385fea5a93112/library/core/src/panicking.rs:72:14
[INFO] [stdout]   19:     0x5618ff3d410b - core::panicking::assert_failed_inner::h0bba8b7c26ee4492
[INFO] [stdout]   20:     0x5618ff3dba7e - core::panicking::assert_failed::h2efa3dfb95ee3549
[INFO] [stdout]                                at /rustc/82e1608dfa6e0b5569232559e3d385fea5a93112/library/core/src/panicking.rs:279:5
[INFO] [stdout]   21:     0x5618ff3e34fc - vika_community::vika::datasheet::datasheet::tests::test_to_json_string::h231f2a90f2aa0115
[INFO] [stdout]                                at /opt/rustwide/workdir/src/vika/datasheet/datasheet.rs:83:9
[INFO] [stdout]   22:     0x5618ff3e3157 - vika_community::vika::datasheet::datasheet::tests::test_to_json_string::{{closure}}::h281b7054ce3a570f
[INFO] [stdout]                                at /opt/rustwide/workdir/src/vika/datasheet/datasheet.rs:71:29
[INFO] [stdout]   23:     0x5618ff3dadb6 - core::ops::function::FnOnce::call_once::h43a96b32e7e0b1cc
[INFO] [stdout]                                at /rustc/82e1608dfa6e0b5569232559e3d385fea5a93112/library/core/src/ops/function.rs:250:5
[INFO] [stdout]   24:     0x5618ff41e04f - core::ops::function::FnOnce::call_once::h2b5d431d5046312d
[INFO] [stdout]                                at /rustc/82e1608dfa6e0b5569232559e3d385fea5a93112/library/core/src/ops/function.rs:250:5
[INFO] [stdout]   25:     0x5618ff41e04f - test::__rust_begin_short_backtrace::h7714669af176e207
[INFO] [stdout]                                at /rustc/82e1608dfa6e0b5569232559e3d385fea5a93112/library/test/src/lib.rs:628:18
[INFO] [stdout]   26:     0x5618ff41d065 - test::run_test_in_process::{{closure}}::h85218797dcbcec12
[INFO] [stdout]                                at /rustc/82e1608dfa6e0b5569232559e3d385fea5a93112/library/test/src/lib.rs:651:60
[INFO] [stdout]   27:     0x5618ff41d065 - <core::panic::unwind_safe::AssertUnwindSafe<F> as core::ops::function::FnOnce<()>>::call_once::h76c106ea31c14d7b
[INFO] [stdout]                                at /rustc/82e1608dfa6e0b5569232559e3d385fea5a93112/library/core/src/panic/unwind_safe.rs:272:9
[INFO] [stdout]   28:     0x5618ff41d065 - std::panicking::try::do_call::h3bd5d0f6620ee946
[INFO] [stdout]                                at /rustc/82e1608dfa6e0b5569232559e3d385fea5a93112/library/std/src/panicking.rs:552:40
[INFO] [stdout]   29:     0x5618ff41d065 - std::panicking::try::h232e535e4744fe31
[INFO] [stdout]                                at /rustc/82e1608dfa6e0b5569232559e3d385fea5a93112/library/std/src/panicking.rs:516:19
[INFO] [stdout]   30:     0x5618ff41d065 - std::panic::catch_unwind::h3ce3bd6ca8dbac68
[INFO] [stdout]                                at /rustc/82e1608dfa6e0b5569232559e3d385fea5a93112/library/std/src/panic.rs:142:14
[INFO] [stdout]   31:     0x5618ff41d065 - test::run_test_in_process::hc97b257c9621286a
[INFO] [stdout]                                at /rustc/82e1608dfa6e0b5569232559e3d385fea5a93112/library/test/src/lib.rs:651:27
[INFO] [stdout]   32:     0x5618ff41d065 - test::run_test::{{closure}}::h2aa798823a438d38
[INFO] [stdout]                                at /rustc/82e1608dfa6e0b5569232559e3d385fea5a93112/library/test/src/lib.rs:574:43
[INFO] [stdout]   33:     0x5618ff3e5326 - test::run_test::{{closure}}::h87d231c78fb59832
[INFO] [stdout]                                at /rustc/82e1608dfa6e0b5569232559e3d385fea5a93112/library/test/src/lib.rs:602:41
[INFO] [stdout]   34:     0x5618ff3e5326 - std::sys_common::backtrace::__rust_begin_short_backtrace::he6df152596625789
[INFO] [stdout]                                at /rustc/82e1608dfa6e0b5569232559e3d385fea5a93112/library/std/src/sys_common/backtrace.rs:154:18
[INFO] [stdout]   35:     0x5618ff3ea3d7 - std::thread::Builder::spawn_unchecked_::{{closure}}::{{closure}}::ha94be15d1e0acf36
[INFO] [stdout]                                at /rustc/82e1608dfa6e0b5569232559e3d385fea5a93112/library/std/src/thread/mod.rs:529:17
[INFO] [stdout]   36:     0x5618ff3ea3d7 - <core::panic::unwind_safe::AssertUnwindSafe<F> as core::ops::function::FnOnce<()>>::call_once::h9dc6bd6372f16606
[INFO] [stdout]                                at /rustc/82e1608dfa6e0b5569232559e3d385fea5a93112/library/core/src/panic/unwind_safe.rs:272:9
[INFO] [stdout]   37:     0x5618ff3ea3d7 - std::panicking::try::do_call::h9057517f80303cd4
[INFO] [stdout]                                at /rustc/82e1608dfa6e0b5569232559e3d385fea5a93112/library/std/src/panicking.rs:552:40
[INFO] [stdout]   38:     0x5618ff3ea3d7 - std::panicking::try::he3a30b11ee45340c
[INFO] [stdout]                                at /rustc/82e1608dfa6e0b5569232559e3d385fea5a93112/library/std/src/panicking.rs:516:19
[INFO] [stdout]   39:     0x5618ff3ea3d7 - std::panic::catch_unwind::h410458cfd3528b8b
[INFO] [stdout]                                at /rustc/82e1608dfa6e0b5569232559e3d385fea5a93112/library/std/src/panic.rs:142:14
[INFO] [stdout]   40:     0x5618ff3ea3d7 - std::thread::Builder::spawn_unchecked_::{{closure}}::h72ac3bdb567b737b
[INFO] [stdout]                                at /rustc/82e1608dfa6e0b5569232559e3d385fea5a93112/library/std/src/thread/mod.rs:528:30
[INFO] [stdout]   41:     0x5618ff3ea3d7 - core::ops::function::FnOnce::call_once{{vtable.shim}}::h38f34da3654a8344
[INFO] [stdout]                                at /rustc/82e1608dfa6e0b5569232559e3d385fea5a93112/library/core/src/ops/function.rs:250:5
[INFO] [stdout]   42:     0x5618ff46db85 - <alloc::boxed::Box<F,A> as core::ops::function::FnOnce<Args>>::call_once::hc7eafaff61e32df9
[INFO] [stdout]                                at /rustc/82e1608dfa6e0b5569232559e3d385fea5a93112/library/alloc/src/boxed.rs:2007:9
[INFO] [stdout]   43:     0x5618ff46db85 - <alloc::boxed::Box<F,A> as core::ops::function::FnOnce<Args>>::call_once::h6ba4a5de48dd2304
[INFO] [stdout]                                at /rustc/82e1608dfa6e0b5569232559e3d385fea5a93112/library/alloc/src/boxed.rs:2007:9
[INFO] [stdout]   44:     0x5618ff46db85 - std::sys::unix::thread::Thread::new::thread_start::he469335aef763e45
[INFO] [stdout]                                at /rustc/82e1608dfa6e0b5569232559e3d385fea5a93112/library/std/src/sys/unix/thread.rs:108:17
[INFO] [stdout]   45:     0x7f7e564afac3 - <unknown>
[INFO] [stdout]   46:     0x7f7e56540bf4 - __clone
[INFO] [stdout]   47:                0x0 - <unknown>
[INFO] [stdout] 
[INFO] [stdout] ---- vika::field::field::tests::test_single_field_req stdout ----
[INFO] [stdout] thread 'vika::field::field::tests::test_single_field_req' panicked at src/vika/field/field.rs:830:9:
[INFO] [stdout] assertion `left == right` failed
[INFO] [stdout]   left: "{\"name\":\"name\",\"property\":{\"defaultValue\":\"value\"},\"type\":\"SingleText\"}"
[INFO] [stdout]  right: "{\"name\":\"name\",\"property\":{\"default_value\":\"value\"},\"type\":\"SingleText\"}"
[INFO] [stdout] stack backtrace:
[INFO] [stdout]    0:     0x5618ff46703c - std::backtrace_rs::backtrace::libunwind::trace::ha637c64ce894333a
[INFO] [stdout]                                at /rustc/82e1608dfa6e0b5569232559e3d385fea5a93112/library/std/src/../../backtrace/src/backtrace/libunwind.rs:104:5
[INFO] [stdout]    1:     0x5618ff46703c - std::backtrace_rs::backtrace::trace_unsynchronized::h47f62dea28e0c88d
[INFO] [stdout]                                at /rustc/82e1608dfa6e0b5569232559e3d385fea5a93112/library/std/src/../../backtrace/src/backtrace/mod.rs:66:5
[INFO] [stdout]    2:     0x5618ff46703c - std::sys_common::backtrace::_print_fmt::h9eef0abe20ede486
[INFO] [stdout]                                at /rustc/82e1608dfa6e0b5569232559e3d385fea5a93112/library/std/src/sys_common/backtrace.rs:67:5
[INFO] [stdout]    3:     0x5618ff46703c - <std::sys_common::backtrace::_print::DisplayBacktrace as core::fmt::Display>::fmt::hed7f999df88cc644
[INFO] [stdout]                                at /rustc/82e1608dfa6e0b5569232559e3d385fea5a93112/library/std/src/sys_common/backtrace.rs:44:22
[INFO] [stdout]    4:     0x5618ff490b80 - core::fmt::rt::Argument::fmt::h1539a9308b8d058d
[INFO] [stdout]                                at /rustc/82e1608dfa6e0b5569232559e3d385fea5a93112/library/core/src/fmt/rt.rs:142:9
[INFO] [stdout]    5:     0x5618ff490b80 - core::fmt::write::h3a39390d8560d9c9
[INFO] [stdout]                                at /rustc/82e1608dfa6e0b5569232559e3d385fea5a93112/library/core/src/fmt/mod.rs:1120:17
[INFO] [stdout]    6:     0x5618ff4649ef - std::io::Write::write_fmt::h040b369f3a0f9cbc
[INFO] [stdout]                                at /rustc/82e1608dfa6e0b5569232559e3d385fea5a93112/library/std/src/io/mod.rs:1762:15
[INFO] [stdout]    7:     0x5618ff466e24 - std::sys_common::backtrace::_print::h894006fb5c6f3d45
[INFO] [stdout]                                at /rustc/82e1608dfa6e0b5569232559e3d385fea5a93112/library/std/src/sys_common/backtrace.rs:47:5
[INFO] [stdout]    8:     0x5618ff466e24 - std::sys_common::backtrace::print::h23a2d212c6fff936
[INFO] [stdout]                                at /rustc/82e1608dfa6e0b5569232559e3d385fea5a93112/library/std/src/sys_common/backtrace.rs:34:9
[INFO] [stdout]    9:     0x5618ff468ae7 - std::panicking::default_hook::{{closure}}::h8a1d2ee00185001a
[INFO] [stdout]   10:     0x5618ff4687d3 - std::panicking::default_hook::h6038f2eba384e475
[INFO] [stdout]                                at /rustc/82e1608dfa6e0b5569232559e3d385fea5a93112/library/std/src/panicking.rs:289:9
[INFO] [stdout]   11:     0x5618ff4189f7 - <alloc::boxed::Box<F,A> as core::ops::function::Fn<Args>>::call::h0ad024c9bdc6d768
[INFO] [stdout]                                at /rustc/82e1608dfa6e0b5569232559e3d385fea5a93112/library/alloc/src/boxed.rs:2021:9
[INFO] [stdout]   12:     0x5618ff4189f7 - test::test_main::{{closure}}::h7500b54257359db6
[INFO] [stdout]                                at /rustc/82e1608dfa6e0b5569232559e3d385fea5a93112/library/test/src/lib.rs:138:21
[INFO] [stdout]   13:     0x5618ff4690f8 - <alloc::boxed::Box<F,A> as core::ops::function::Fn<Args>>::call::h1f8f335eaa9cfaee
[INFO] [stdout]                                at /rustc/82e1608dfa6e0b5569232559e3d385fea5a93112/library/alloc/src/boxed.rs:2021:9
[INFO] [stdout]   14:     0x5618ff4690f8 - std::panicking::rust_panic_with_hook::h2b5517d590cab22e
[INFO] [stdout]                                at /rustc/82e1608dfa6e0b5569232559e3d385fea5a93112/library/std/src/panicking.rs:783:13
[INFO] [stdout]   15:     0x5618ff468e4e - std::panicking::begin_panic_handler::{{closure}}::h233112c06e0ef43e
[INFO] [stdout]                                at /rustc/82e1608dfa6e0b5569232559e3d385fea5a93112/library/std/src/panicking.rs:657:13
[INFO] [stdout]   16:     0x5618ff467506 - std::sys_common::backtrace::__rust_end_short_backtrace::h6e893f24d7ebbff8
[INFO] [stdout]                                at /rustc/82e1608dfa6e0b5569232559e3d385fea5a93112/library/std/src/sys_common/backtrace.rs:170:18
[INFO] [stdout]   17:     0x5618ff468bb2 - rust_begin_unwind
[INFO] [stdout]                                at /rustc/82e1608dfa6e0b5569232559e3d385fea5a93112/library/std/src/panicking.rs:645:5
[INFO] [stdout]   18:     0x5618ff3d3cf5 - core::panicking::panic_fmt::hbf0e066aabfa482c
[INFO] [stdout]                                at /rustc/82e1608dfa6e0b5569232559e3d385fea5a93112/library/core/src/panicking.rs:72:14
[INFO] [stdout]   19:     0x5618ff3d410b - core::panicking::assert_failed_inner::h0bba8b7c26ee4492
[INFO] [stdout]   20:     0x5618ff3dba7e - core::panicking::assert_failed::h2efa3dfb95ee3549
[INFO] [stdout]                                at /rustc/82e1608dfa6e0b5569232559e3d385fea5a93112/library/core/src/panicking.rs:279:5
[INFO] [stdout]   21:     0x5618ff3dfe7d - vika_community::vika::field::field::tests::test_single_field_req::ha0553f509e09e06e
[INFO] [stdout]                                at /opt/rustwide/workdir/src/vika/field/field.rs:830:9
[INFO] [stdout]   22:     0x5618ff3dfc17 - vika_community::vika::field::field::tests::test_single_field_req::{{closure}}::h381d6087652c5730
[INFO] [stdout]                                at /opt/rustwide/workdir/src/vika/field/field.rs:824:31
[INFO] [stdout]   23:     0x5618ff3dad36 - core::ops::function::FnOnce::call_once::h32893169540cc4e7
[INFO] [stdout]                                at /rustc/82e1608dfa6e0b5569232559e3d385fea5a93112/library/core/src/ops/function.rs:250:5
[INFO] [stdout]   24:     0x5618ff41e04f - core::ops::function::FnOnce::call_once::h2b5d431d5046312d
[INFO] [stdout]                                at /rustc/82e1608dfa6e0b5569232559e3d385fea5a93112/library/core/src/ops/function.rs:250:5
[INFO] [stdout]   25:     0x5618ff41e04f - test::__rust_begin_short_backtrace::h7714669af176e207
[INFO] [stdout]                                at /rustc/82e1608dfa6e0b5569232559e3d385fea5a93112/library/test/src/lib.rs:628:18
[INFO] [stdout]   26:     0x5618ff41d065 - test::run_test_in_process::{{closure}}::h85218797dcbcec12
[INFO] [stdout]                                at /rustc/82e1608dfa6e0b5569232559e3d385fea5a93112/library/test/src/lib.rs:651:60
[INFO] [stdout]   27:     0x5618ff41d065 - <core::panic::unwind_safe::AssertUnwindSafe<F> as core::ops::function::FnOnce<()>>::call_once::h76c106ea31c14d7b
[INFO] [stdout]                                at /rustc/82e1608dfa6e0b5569232559e3d385fea5a93112/library/core/src/panic/unwind_safe.rs:272:9
[INFO] [stdout]   28:     0x5618ff41d065 - std::panicking::try::do_call::h3bd5d0f6620ee946
[INFO] [stdout]                                at /rustc/82e1608dfa6e0b5569232559e3d385fea5a93112/library/std/src/panicking.rs:552:40
[INFO] [stdout]   29:     0x5618ff41d065 - std::panicking::try::h232e535e4744fe31
[INFO] [stdout]                                at /rustc/82e1608dfa6e0b5569232559e3d385fea5a93112/library/std/src/panicking.rs:516:19
[INFO] [stdout]   30:     0x5618ff41d065 - std::panic::catch_unwind::h3ce3bd6ca8dbac68
[INFO] [stdout]                                at /rustc/82e1608dfa6e0b5569232559e3d385fea5a93112/library/std/src/panic.rs:142:14
[INFO] [stdout]   31:     0x5618ff41d065 - test::run_test_in_process::hc97b257c9621286a
[INFO] [stdout]                                at /rustc/82e1608dfa6e0b5569232559e3d385fea5a93112/library/test/src/lib.rs:651:27
[INFO] [stdout]   32:     0x5618ff41d065 - test::run_test::{{closure}}::h2aa798823a438d38
[INFO] [stdout]                                at /rustc/82e1608dfa6e0b5569232559e3d385fea5a93112/library/test/src/lib.rs:574:43
[INFO] [stdout]   33:     0x5618ff3e5326 - test::run_test::{{closure}}::h87d231c78fb59832
[INFO] [stdout]                                at /rustc/82e1608dfa6e0b5569232559e3d385fea5a93112/library/test/src/lib.rs:602:41
[INFO] [stdout]   34:     0x5618ff3e5326 - std::sys_common::backtrace::__rust_begin_short_backtrace::he6df152596625789
[INFO] [stdout]                                at /rustc/82e1608dfa6e0b5569232559e3d385fea5a93112/library/std/src/sys_common/backtrace.rs:154:18
[INFO] [stdout]   35:     0x5618ff3ea3d7 - std::thread::Builder::spawn_unchecked_::{{closure}}::{{closure}}::ha94be15d1e0acf36
[INFO] [stdout]                                at /rustc/82e1608dfa6e0b5569232559e3d385fea5a93112/library/std/src/thread/mod.rs:529:17
[INFO] [stdout]   36:     0x5618ff3ea3d7 - <core::panic::unwind_safe::AssertUnwindSafe<F> as core::ops::function::FnOnce<()>>::call_once::h9dc6bd6372f16606
[INFO] [stdout]                                at /rustc/82e1608dfa6e0b5569232559e3d385fea5a93112/library/core/src/panic/unwind_safe.rs:272:9
[INFO] [stdout]   37:     0x5618ff3ea3d7 - std::panicking::try::do_call::h9057517f80303cd4
[INFO] [stdout]                                at /rustc/82e1608dfa6e0b5569232559e3d385fea5a93112/library/std/src/panicking.rs:552:40
[INFO] [stdout]   38:     0x5618ff3ea3d7 - std::panicking::try::he3a30b11ee45340c
[INFO] [stdout]                                at /rustc/82e1608dfa6e0b5569232559e3d385fea5a93112/library/std/src/panicking.rs:516:19
[INFO] [stdout]   39:     0x5618ff3ea3d7 - std::panic::catch_unwind::h410458cfd3528b8b
[INFO] [stdout]                                at /rustc/82e1608dfa6e0b5569232559e3d385fea5a93112/library/std/src/panic.rs:142:14
[INFO] [stdout]   40:     0x5618ff3ea3d7 - std::thread::Builder::spawn_unchecked_::{{closure}}::h72ac3bdb567b737b
[INFO] [stdout]                                at /rustc/82e1608dfa6e0b5569232559e3d385fea5a93112/library/std/src/thread/mod.rs:528:30
[INFO] [stdout]   41:     0x5618ff3ea3d7 - core::ops::function::FnOnce::call_once{{vtable.shim}}::h38f34da3654a8344
[INFO] [stdout]                                at /rustc/82e1608dfa6e0b5569232559e3d385fea5a93112/library/core/src/ops/function.rs:250:5
[INFO] [stdout]   42:     0x5618ff46db85 - <alloc::boxed::Box<F,A> as core::ops::function::FnOnce<Args>>::call_once::hc7eafaff61e32df9
[INFO] [stdout]                                at /rustc/82e1608dfa6e0b5569232559e3d385fea5a93112/library/alloc/src/boxed.rs:2007:9
[INFO] [stdout]   43:     0x5618ff46db85 - <alloc::boxed::Box<F,A> as core::ops::function::FnOnce<Args>>::call_once::h6ba4a5de48dd2304
[INFO] [stdout]                                at /rustc/82e1608dfa6e0b5569232559e3d385fea5a93112/library/alloc/src/boxed.rs:2007:9
[INFO] [stdout]   44:     0x5618ff46db85 - std::sys::unix::thread::Thread::new::thread_start::he469335aef763e45
[INFO] [stdout]                                at /rustc/82e1608dfa6e0b5569232559e3d385fea5a93112/library/std/src/sys/unix/thread.rs:108:17
[INFO] [stdout]   45:     0x7f7e564afac3 - <unknown>
[INFO] [stdout]   46:     0x7f7e56540bf4 - __clone
[INFO] [stdout]   47:                0x0 - <unknown>
[INFO] [stdout] 
[INFO] [stdout] 
[INFO] [stdout] failures:
[INFO] [stdout]     vika::datasheet::datasheet::tests::test_to_json_string
[INFO] [stdout]     vika::field::field::tests::test_single_field_req
[INFO] [stdout] 
[INFO] [stdout] test result: FAILED. 3 passed; 2 failed; 0 ignored; 0 measured; 0 filtered out; finished in 0.04s
[INFO] [stdout] 
[INFO] [stderr] error: test failed, to rerun pass `--lib`
[INFO] running `Command { std: "docker" "inspect" "75e6d8b6ef2ec4189d05976d92e1f101127bbbb5ef338521649b270fcc997f5d", kill_on_drop: false }`
[INFO] running `Command { std: "docker" "rm" "-f" "75e6d8b6ef2ec4189d05976d92e1f101127bbbb5ef338521649b270fcc997f5d", kill_on_drop: false }`
[INFO] [stdout] 75e6d8b6ef2ec4189d05976d92e1f101127bbbb5ef338521649b270fcc997f5d
[INFO] testing vika_community-0.1.2 against beta-2023-12-22 for beta-1.76-1
[INFO] extracting crate vika_community 0.1.2 into /workspace/builds/worker-3-tc2/source
[INFO] validating manifest of crates.io crate vika_community 0.1.2 on toolchain beta-2023-12-22
[INFO] running `Command { std: CARGO_HOME="/workspace/cargo-home" RUSTUP_HOME="/workspace/rustup-home" "/workspace/cargo-home/bin/cargo" "+beta-2023-12-22" "metadata" "--manifest-path" "Cargo.toml" "--no-deps", kill_on_drop: false }`
[INFO] started tweaking crates.io crate vika_community 0.1.2
[INFO] finished tweaking crates.io crate vika_community 0.1.2
[INFO] tweaked toml for crates.io crate vika_community 0.1.2 written to /workspace/builds/worker-3-tc2/source/Cargo.toml
[INFO] running `Command { std: CARGO_HOME="/workspace/cargo-home" RUSTUP_HOME="/workspace/rustup-home" "/workspace/cargo-home/bin/cargo" "+beta-2023-12-22" "generate-lockfile" "--manifest-path" "Cargo.toml", kill_on_drop: false }`
[INFO] [stderr]     Updating crates.io index
[INFO] running `Command { std: CARGO_HOME="/workspace/cargo-home" RUSTUP_HOME="/workspace/rustup-home" "/workspace/cargo-home/bin/cargo" "+beta-2023-12-22" "fetch" "--manifest-path" "Cargo.toml", kill_on_drop: false }`
[INFO] running `Command { std: "docker" "create" "-v" "/var/lib/crater-agent-workspace/builds/worker-3-tc2/target:/opt/rustwide/target:rw,Z" "-v" "/var/lib/crater-agent-workspace/builds/worker-3-tc2/source:/opt/rustwide/workdir:ro,Z" "-v" "/var/lib/crater-agent-workspace/cargo-home:/opt/rustwide/cargo-home:ro,Z" "-v" "/var/lib/crater-agent-workspace/rustup-home:/opt/rustwide/rustup-home:ro,Z" "-e" "SOURCE_DIR=/opt/rustwide/workdir" "-e" "CARGO_TARGET_DIR=/opt/rustwide/target" "-e" "CARGO_HOME=/opt/rustwide/cargo-home" "-e" "RUSTUP_HOME=/opt/rustwide/rustup-home" "-w" "/opt/rustwide/workdir" "-m" "1610612736" "--user" "0:0" "--network" "none" "ghcr.io/rust-lang/crates-build-env/linux@sha256:2788e3201cd34a07e3172128adcd8b3090168a8e3bcc40d7c032b9dda1df7d1c" "/opt/rustwide/cargo-home/bin/cargo" "+beta-2023-12-22" "metadata" "--no-deps" "--format-version=1", kill_on_drop: false }`
[INFO] [stdout] 5f777d3157b2cfe6d01d311e80b3f5d3464f19c1dc3485cea827be6476929120
[INFO] running `Command { std: "docker" "start" "-a" "5f777d3157b2cfe6d01d311e80b3f5d3464f19c1dc3485cea827be6476929120", kill_on_drop: false }`
[INFO] running `Command { std: "docker" "inspect" "5f777d3157b2cfe6d01d311e80b3f5d3464f19c1dc3485cea827be6476929120", kill_on_drop: false }`
[INFO] running `Command { std: "docker" "rm" "-f" "5f777d3157b2cfe6d01d311e80b3f5d3464f19c1dc3485cea827be6476929120", kill_on_drop: false }`
[INFO] [stdout] 5f777d3157b2cfe6d01d311e80b3f5d3464f19c1dc3485cea827be6476929120
[INFO] running `Command { std: "docker" "create" "-v" "/var/lib/crater-agent-workspace/builds/worker-3-tc2/target:/opt/rustwide/target:rw,Z" "-v" "/var/lib/crater-agent-workspace/builds/worker-3-tc2/source:/opt/rustwide/workdir:ro,Z" "-v" "/var/lib/crater-agent-workspace/cargo-home:/opt/rustwide/cargo-home:ro,Z" "-v" "/var/lib/crater-agent-workspace/rustup-home:/opt/rustwide/rustup-home:ro,Z" "-e" "SOURCE_DIR=/opt/rustwide/workdir" "-e" "CARGO_TARGET_DIR=/opt/rustwide/target" "-e" "CARGO_INCREMENTAL=0" "-e" "RUST_BACKTRACE=full" "-e" "RUSTFLAGS=--cap-lints=warn" "-e" "RUSTDOCFLAGS=--cap-lints=warn" "-e" "CARGO_HOME=/opt/rustwide/cargo-home" "-e" "RUSTUP_HOME=/opt/rustwide/rustup-home" "-w" "/opt/rustwide/workdir" "-m" "1610612736" "--user" "0:0" "--network" "none" "ghcr.io/rust-lang/crates-build-env/linux@sha256:2788e3201cd34a07e3172128adcd8b3090168a8e3bcc40d7c032b9dda1df7d1c" "/opt/rustwide/cargo-home/bin/cargo" "+beta-2023-12-22" "build" "--frozen" "--message-format=json", kill_on_drop: false }`
[INFO] [stdout] 39faba0634092e1b3f1b46545bb440afc53b70b9a4aa58f7ab19860278af3b30
[INFO] running `Command { std: "docker" "start" "-a" "39faba0634092e1b3f1b46545bb440afc53b70b9a4aa58f7ab19860278af3b30", kill_on_drop: false }`
[INFO] [stderr]    Compiling libc v0.2.151
[INFO] [stderr]    Compiling proc-macro2 v1.0.75
[INFO] [stderr]    Compiling unicode-ident v1.0.12
[INFO] [stderr]    Compiling pkg-config v0.3.28
[INFO] [stderr]    Compiling pin-project-lite v0.2.13
[INFO] [stderr]    Compiling vcpkg v0.2.15
[INFO] [stderr]    Compiling once_cell v1.19.0
[INFO] [stderr]    Compiling bytes v1.5.0
[INFO] [stderr]    Compiling itoa v1.0.10
[INFO] [stderr]    Compiling autocfg v1.1.0
[INFO] [stderr]    Compiling futures-core v0.3.30
[INFO] [stderr]    Compiling fnv v1.0.7
[INFO] [stderr]    Compiling foreign-types-shared v0.1.1
[INFO] [stderr]    Compiling cfg-if v1.0.0
[INFO] [stderr]    Compiling openssl v0.10.62
[INFO] [stderr]    Compiling foreign-types v0.3.2
[INFO] [stderr]    Compiling futures-io v0.3.30
[INFO] [stderr]    Compiling memchr v2.7.1
[INFO] [stderr]    Compiling native-tls v0.2.11
[INFO] [stderr]    Compiling tinyvec_macros v0.1.1
[INFO] [stderr]    Compiling bitflags v2.4.1
[INFO] [stderr]    Compiling hashbrown v0.14.3
[INFO] [stderr]    Compiling httparse v1.8.0
[INFO] [stderr]    Compiling serde v1.0.194
[INFO] [stderr]    Compiling tracing-core v0.1.32
[INFO] [stderr]    Compiling pin-utils v0.1.0
[INFO] [stderr]    Compiling futures-sink v0.3.30
[INFO] [stderr]    Compiling futures-task v0.3.30
[INFO] [stderr]    Compiling equivalent v1.0.1
[INFO] [stderr]    Compiling tinyvec v1.6.0
[INFO] [stderr]    Compiling percent-encoding v2.3.1
[INFO] [stderr]    Compiling openssl-probe v0.1.5
[INFO] [stderr]    Compiling slab v0.4.9
[INFO] [stderr]    Compiling try-lock v0.2.5
[INFO] [stderr]    Compiling log v0.4.20
[INFO] [stderr]    Compiling http v0.2.11
[INFO] [stderr]    Compiling want v0.3.1
[INFO] [stderr]    Compiling form_urlencoded v1.2.1
[INFO] [stderr]    Compiling futures-channel v0.3.30
[INFO] [stderr]    Compiling tracing v0.1.40
[INFO] [stderr]    Compiling serde_json v1.0.111
[INFO] [stderr]    Compiling tower-service v0.3.2
[INFO] [stderr]    Compiling httpdate v1.0.3
[INFO] [stderr]    Compiling unicode-bidi v0.3.14
[INFO] [stderr]    Compiling indexmap v2.1.0
[INFO] [stderr]    Compiling futures-util v0.3.30
[INFO] [stderr]    Compiling ryu v1.0.16
[INFO] [stderr]    Compiling quote v1.0.35
[INFO] [stderr]    Compiling encoding_rs v0.8.33
[INFO] [stderr]    Compiling base64 v0.21.5
[INFO] [stderr]    Compiling ipnet v2.9.0
[INFO] [stderr]    Compiling mime v0.3.17
[INFO] [stderr]    Compiling syn v2.0.48
[INFO] [stderr]    Compiling cc v1.0.83
[INFO] [stderr]    Compiling unicode-normalization v0.1.22
[INFO] [stderr]    Compiling socket2 v0.5.5
[INFO] [stderr]    Compiling num_cpus v1.16.0
[INFO] [stderr]    Compiling mio v0.8.10
[INFO] [stderr]    Compiling http-body v0.4.6
[INFO] [stderr]    Compiling tokio v1.35.1
[INFO] [stderr]    Compiling idna v0.5.0
[INFO] [stderr]    Compiling openssl-sys v0.9.98
[INFO] [stderr]    Compiling url v2.5.0
[INFO] [stderr]    Compiling openssl-macros v0.1.1
[INFO] [stderr]    Compiling serde_derive v1.0.194
[INFO] [stderr]    Compiling tokio-util v0.7.10
[INFO] [stderr]    Compiling h2 v0.3.22
[INFO] [stderr]    Compiling tokio-native-tls v0.3.1
[INFO] [stderr]    Compiling hyper v0.14.28
[INFO] [stderr]    Compiling serde_urlencoded v0.7.1
[INFO] [stderr]    Compiling hyper-tls v0.5.0
[INFO] [stderr]    Compiling reqwest v0.11.23
[INFO] [stderr]    Compiling vika_community v0.1.2 (/opt/rustwide/workdir)
[INFO] [stdout] warning: unused import: `util::*`
[INFO] [stdout]  --> src/vika/common/mod.rs:7:9
[INFO] [stdout]   |
[INFO] [stdout] 7 | pub use util::*;
[INFO] [stdout]   |         ^^^^^^^
[INFO] [stdout]   |
[INFO] [stdout]   = note: `#[warn(unused_imports)]` on by default
[INFO] [stdout] 
[INFO] [stdout] 
[INFO] [stdout] warning: unused import: `super::common::*`
[INFO] [stdout]  --> src/vika/space/mod.rs:4:9
[INFO] [stdout]   |
[INFO] [stdout] 4 | pub use super::common::*;
[INFO] [stdout]   |         ^^^^^^^^^^^^^^^^
[INFO] [stdout] 
[INFO] [stdout] 
[INFO] [stdout] warning: unused import: `self::common::*`
[INFO] [stdout]   --> src/vika/mod.rs:10:9
[INFO] [stdout]    |
[INFO] [stdout] 10 | pub use self::common::*;
[INFO] [stdout]    |         ^^^^^^^^^^^^^^^
[INFO] [stdout] 
[INFO] [stdout] 
[INFO] [stdout] warning: unused import: `self::field::*`
[INFO] [stdout]   --> src/vika/mod.rs:12:9
[INFO] [stdout]    |
[INFO] [stdout] 12 | pub use self::field::*;
[INFO] [stdout]    |         ^^^^^^^^^^^^^^
[INFO] [stdout] 
[INFO] [stdout] 
[INFO] [stdout] warning: unused import: `self::record::*`
[INFO] [stdout]   --> src/vika/mod.rs:14:9
[INFO] [stdout]    |
[INFO] [stdout] 14 | pub use self::record::*;
[INFO] [stdout]    |         ^^^^^^^^^^^^^^^
[INFO] [stdout] 
[INFO] [stdout] 
[INFO] [stdout] warning: unused import: `self::view::*`
[INFO] [stdout]   --> src/vika/mod.rs:16:9
[INFO] [stdout]    |
[INFO] [stdout] 16 | pub use self::view::*;
[INFO] [stdout]    |         ^^^^^^^^^^^^^
[INFO] [stdout] 
[INFO] [stdout] 
[INFO] [stdout] warning: 6 warnings emitted
[INFO] [stdout] 
[INFO] [stdout] 
[INFO] [stderr]     Finished dev [unoptimized + debuginfo] target(s) in 9.87s
[INFO] running `Command { std: "docker" "inspect" "39faba0634092e1b3f1b46545bb440afc53b70b9a4aa58f7ab19860278af3b30", kill_on_drop: false }`
[INFO] running `Command { std: "docker" "rm" "-f" "39faba0634092e1b3f1b46545bb440afc53b70b9a4aa58f7ab19860278af3b30", kill_on_drop: false }`
[INFO] [stdout] 39faba0634092e1b3f1b46545bb440afc53b70b9a4aa58f7ab19860278af3b30
[INFO] running `Command { std: "docker" "create" "-v" "/var/lib/crater-agent-workspace/builds/worker-3-tc2/target:/opt/rustwide/target:rw,Z" "-v" "/var/lib/crater-agent-workspace/builds/worker-3-tc2/source:/opt/rustwide/workdir:ro,Z" "-v" "/var/lib/crater-agent-workspace/cargo-home:/opt/rustwide/cargo-home:ro,Z" "-v" "/var/lib/crater-agent-workspace/rustup-home:/opt/rustwide/rustup-home:ro,Z" "-e" "SOURCE_DIR=/opt/rustwide/workdir" "-e" "CARGO_TARGET_DIR=/opt/rustwide/target" "-e" "CARGO_INCREMENTAL=0" "-e" "RUST_BACKTRACE=full" "-e" "RUSTFLAGS=--cap-lints=warn" "-e" "RUSTDOCFLAGS=--cap-lints=warn" "-e" "CARGO_HOME=/opt/rustwide/cargo-home" "-e" "RUSTUP_HOME=/opt/rustwide/rustup-home" "-w" "/opt/rustwide/workdir" "-m" "1610612736" "--user" "0:0" "--network" "none" "ghcr.io/rust-lang/crates-build-env/linux@sha256:2788e3201cd34a07e3172128adcd8b3090168a8e3bcc40d7c032b9dda1df7d1c" "/opt/rustwide/cargo-home/bin/cargo" "+beta-2023-12-22" "test" "--frozen" "--no-run" "--message-format=json", kill_on_drop: false }`
[INFO] [stdout] 670020e5249d513baca1e4b1f8487dee58412c44bb8198341b418ff599dc994f
[INFO] running `Command { std: "docker" "start" "-a" "670020e5249d513baca1e4b1f8487dee58412c44bb8198341b418ff599dc994f", kill_on_drop: false }`
[INFO] [stdout] warning: unused import: `util::*`
[INFO] [stdout]  --> src/vika/common/mod.rs:7:9
[INFO] [stdout]   |
[INFO] [stdout] 7 | pub use util::*;
[INFO] [stdout]   |         ^^^^^^^
[INFO] [stdout]   |
[INFO] [stdout]   = note: `#[warn(unused_imports)]` on by default
[INFO] [stdout] 
[INFO] [stdout] 
[INFO] [stdout] warning: unused import: `super::common::*`
[INFO] [stdout]  --> src/vika/space/mod.rs:4:9
[INFO] [stdout]   |
[INFO] [stdout] 4 | pub use super::common::*;
[INFO] [stdout]   |         ^^^^^^^^^^^^^^^^
[INFO] [stdout] 
[INFO] [stdout] 
[INFO] [stdout] warning: unused import: `self::common::*`
[INFO] [stdout]   --> src/vika/mod.rs:10:9
[INFO] [stdout]    |
[INFO] [stdout] 10 | pub use self::common::*;
[INFO] [stdout]    |         ^^^^^^^^^^^^^^^
[INFO] [stdout] 
[INFO] [stdout] 
[INFO] [stdout] warning: unused import: `self::field::*`
[INFO] [stdout]   --> src/vika/mod.rs:12:9
[INFO] [stdout]    |
[INFO] [stdout] 12 | pub use self::field::*;
[INFO] [stdout]    |         ^^^^^^^^^^^^^^
[INFO] [stdout] 
[INFO] [stdout] 
[INFO] [stderr]    Compiling vika_community v0.1.2 (/opt/rustwide/workdir)
[INFO] [stdout] warning: unused import: `self::record::*`
[INFO] [stdout]   --> src/vika/mod.rs:14:9
[INFO] [stdout]    |
[INFO] [stdout] 14 | pub use self::record::*;
[INFO] [stdout]    |         ^^^^^^^^^^^^^^^
[INFO] [stdout] 
[INFO] [stdout] 
[INFO] [stdout] warning: unused import: `self::view::*`
[INFO] [stdout]   --> src/vika/mod.rs:16:9
[INFO] [stdout]    |
[INFO] [stdout] 16 | pub use self::view::*;
[INFO] [stdout]    |         ^^^^^^^^^^^^^
[INFO] [stdout] 
[INFO] [stdout] 
[INFO] [stdout] warning: 6 warnings emitted
[INFO] [stdout] 
[INFO] [stdout] 
[INFO] [stdout] warning: unused import: `util::*`
[INFO] [stdout]  --> src/vika/common/mod.rs:7:9
[INFO] [stdout]   |
[INFO] [stdout] 7 | pub use util::*;
[INFO] [stdout]   |         ^^^^^^^
[INFO] [stdout]   |
[INFO] [stdout]   = note: `#[warn(unused_imports)]` on by default
[INFO] [stdout] 
[INFO] [stdout] 
[INFO] [stdout] warning: unused import: `super::common::*`
[INFO] [stdout]  --> src/vika/space/mod.rs:4:9
[INFO] [stdout]   |
[INFO] [stdout] 4 | pub use super::common::*;
[INFO] [stdout]   |         ^^^^^^^^^^^^^^^^
[INFO] [stdout] 
[INFO] [stdout] 
[INFO] [stdout] warning: unused import: `self::common::*`
[INFO] [stdout]   --> src/vika/mod.rs:10:9
[INFO] [stdout]    |
[INFO] [stdout] 10 | pub use self::common::*;
[INFO] [stdout]    |         ^^^^^^^^^^^^^^^
[INFO] [stdout] 
[INFO] [stdout] 
[INFO] [stdout] warning: unused import: `self::field::*`
[INFO] [stdout]   --> src/vika/mod.rs:12:9
[INFO] [stdout]    |
[INFO] [stdout] 12 | pub use self::field::*;
[INFO] [stdout]    |         ^^^^^^^^^^^^^^
[INFO] [stdout] 
[INFO] [stdout] 
[INFO] [stdout] warning: unused import: `self::record::*`
[INFO] [stdout]   --> src/vika/mod.rs:14:9
[INFO] [stdout]    |
[INFO] [stdout] 14 | pub use self::record::*;
[INFO] [stdout]    |         ^^^^^^^^^^^^^^^
[INFO] [stdout] 
[INFO] [stdout] 
[INFO] [stdout] warning: unused import: `self::view::*`
[INFO] [stdout]   --> src/vika/mod.rs:16:9
[INFO] [stdout]    |
[INFO] [stdout] 16 | pub use self::view::*;
[INFO] [stdout]    |         ^^^^^^^^^^^^^
[INFO] [stdout] 
[INFO] [stdout] 
[INFO] [stdout] warning: 6 warnings emitted
[INFO] [stdout] 
[INFO] [stdout] 
[INFO] [stderr]     Finished test [unoptimized + debuginfo] target(s) in 1.66s
[INFO] running `Command { std: "docker" "inspect" "670020e5249d513baca1e4b1f8487dee58412c44bb8198341b418ff599dc994f", kill_on_drop: false }`
[INFO] running `Command { std: "docker" "rm" "-f" "670020e5249d513baca1e4b1f8487dee58412c44bb8198341b418ff599dc994f", kill_on_drop: false }`
[INFO] [stdout] 670020e5249d513baca1e4b1f8487dee58412c44bb8198341b418ff599dc994f
[INFO] running `Command { std: "docker" "create" "-v" "/var/lib/crater-agent-workspace/builds/worker-3-tc2/target:/opt/rustwide/target:rw,Z" "-v" "/var/lib/crater-agent-workspace/builds/worker-3-tc2/source:/opt/rustwide/workdir:ro,Z" "-v" "/var/lib/crater-agent-workspace/cargo-home:/opt/rustwide/cargo-home:ro,Z" "-v" "/var/lib/crater-agent-workspace/rustup-home:/opt/rustwide/rustup-home:ro,Z" "-e" "SOURCE_DIR=/opt/rustwide/workdir" "-e" "CARGO_TARGET_DIR=/opt/rustwide/target" "-e" "CARGO_INCREMENTAL=0" "-e" "RUST_BACKTRACE=full" "-e" "RUSTFLAGS=--cap-lints=warn" "-e" "RUSTDOCFLAGS=--cap-lints=warn" "-e" "CARGO_HOME=/opt/rustwide/cargo-home" "-e" "RUSTUP_HOME=/opt/rustwide/rustup-home" "-w" "/opt/rustwide/workdir" "-m" "1610612736" "--user" "0:0" "--network" "none" "ghcr.io/rust-lang/crates-build-env/linux@sha256:2788e3201cd34a07e3172128adcd8b3090168a8e3bcc40d7c032b9dda1df7d1c" "/opt/rustwide/cargo-home/bin/cargo" "+beta-2023-12-22" "test" "--frozen", kill_on_drop: false }`
[INFO] [stdout] 27ebbafd58dacf930855b6a86130ed88e1389aed3aceeae145fab2c14c1862a9
[INFO] running `Command { std: "docker" "start" "-a" "27ebbafd58dacf930855b6a86130ed88e1389aed3aceeae145fab2c14c1862a9", kill_on_drop: false }`
[INFO] [stderr] warning: unused import: `util::*`
[INFO] [stderr]  --> src/vika/common/mod.rs:7:9
[INFO] [stderr]   |
[INFO] [stderr] 7 | pub use util::*;
[INFO] [stderr]   |         ^^^^^^^
[INFO] [stderr]   |
[INFO] [stderr]   = note: `#[warn(unused_imports)]` on by default
[INFO] [stderr] 
[INFO] [stderr] warning: unused import: `super::common::*`
[INFO] [stderr]  --> src/vika/space/mod.rs:4:9
[INFO] [stderr]   |
[INFO] [stderr] 4 | pub use super::common::*;
[INFO] [stderr]   |         ^^^^^^^^^^^^^^^^
[INFO] [stderr] 
[INFO] [stderr] warning: unused import: `self::common::*`
[INFO] [stderr]   --> src/vika/mod.rs:10:9
[INFO] [stderr]    |
[INFO] [stderr] 10 | pub use self::common::*;
[INFO] [stderr]    |         ^^^^^^^^^^^^^^^
[INFO] [stderr] 
[INFO] [stderr] warning: unused import: `self::field::*`
[INFO] [stderr]   --> src/vika/mod.rs:12:9
[INFO] [stderr]    |
[INFO] [stderr] 12 | pub use self::field::*;
[INFO] [stderr]    |         ^^^^^^^^^^^^^^
[INFO] [stderr] 
[INFO] [stderr] warning: unused import: `self::record::*`
[INFO] [stderr]   --> src/vika/mod.rs:14:9
[INFO] [stderr]    |
[INFO] [stderr] 14 | pub use self::record::*;
[INFO] [stderr]    |         ^^^^^^^^^^^^^^^
[INFO] [stderr] 
[INFO] [stderr] warning: unused import: `self::view::*`
[INFO] [stderr]   --> src/vika/mod.rs:16:9
[INFO] [stderr]    |
[INFO] [stderr] 16 | pub use self::view::*;
[INFO] [stderr]    |         ^^^^^^^^^^^^^
[INFO] [stderr] 
[INFO] [stderr] warning: `vika_community` (lib) generated 6 warnings (run `cargo fix --lib -p vika_community` to apply 6 suggestions)
[INFO] [stderr] warning: `vika_community` (lib test) generated 6 warnings (6 duplicates)
[INFO] [stderr]     Finished test [unoptimized + debuginfo] target(s) in 0.06s
[INFO] [stderr]      Running unittests src/lib.rs (/opt/rustwide/target/debug/deps/vika_community-5beacca0104361ec)
[INFO] [stdout] 
[INFO] [stdout] running 5 tests
[INFO] [stdout] test vika::record::record::tests::get_records_req ... ok
[INFO] [stdout] test vika::record::record::tests::patch_records_req ... ok
[INFO] [stdout] test vika::record::record::tests::post_records_req ... ok
[INFO] [stdout] test vika::field::field::tests::test_single_field_req ... FAILED
[INFO] [stdout] test vika::datasheet::datasheet::tests::test_to_json_string ... FAILED
[INFO] [stdout] 
[INFO] [stdout] failures:
[INFO] [stdout] 
[INFO] [stdout] ---- vika::field::field::tests::test_single_field_req stdout ----
[INFO] [stdout] thread 'vika::field::field::tests::test_single_field_req' panicked at src/vika/field/field.rs:830:9:
[INFO] [stdout] assertion `left == right` failed
[INFO] [stdout]   left: "{\"name\":\"name\",\"property\":{\"defaultValue\":\"value\"},\"type\":\"SingleText\"}"
[INFO] [stdout]  right: "{\"name\":\"name\",\"property\":{\"default_value\":\"value\"},\"type\":\"SingleText\"}"
[INFO] [stdout] stack backtrace:
[INFO] [stdout]    0:     0x560a2f6d4b46 - std::backtrace_rs::backtrace::libunwind::trace::h261606ad26a499c1
[INFO] [stdout]                                at /rustc/0e09125c6c3c2fd70d7de961bcf0e51575235fad/library/std/src/../../backtrace/src/backtrace/libunwind.rs:104:5
[INFO] [stdout]    1:     0x560a2f6d4b46 - std::backtrace_rs::backtrace::trace_unsynchronized::hd183f0625477fb28
[INFO] [stdout]                                at /rustc/0e09125c6c3c2fd70d7de961bcf0e51575235fad/library/std/src/../../backtrace/src/backtrace/mod.rs:66:5
[INFO] [stdout]    2:     0x560a2f6d4b46 - std::sys_common::backtrace::_print_fmt::hd7f8fef21b4eda67
[INFO] [stdout]                                at /rustc/0e09125c6c3c2fd70d7de961bcf0e51575235fad/library/std/src/sys_common/backtrace.rs:68:5
[INFO] [stdout]    3:     0x560a2f6d4b46 - <std::sys_common::backtrace::_print::DisplayBacktrace as core::fmt::Display>::fmt::h623d9b51f2f453f1
[INFO] [stdout]                                at /rustc/0e09125c6c3c2fd70d7de961bcf0e51575235fad/library/std/src/sys_common/backtrace.rs:44:22
[INFO] [stdout]    4:     0x560a2f6fd990 - core::fmt::rt::Argument::fmt::h9f417ac76a86f368
[INFO] [stdout]                                at /rustc/0e09125c6c3c2fd70d7de961bcf0e51575235fad/library/core/src/fmt/rt.rs:142:9
[INFO] [stdout]    5:     0x560a2f6fd990 - core::fmt::write::hc9b6faf4ac2aeff7
[INFO] [stdout]                                at /rustc/0e09125c6c3c2fd70d7de961bcf0e51575235fad/library/core/src/fmt/mod.rs:1120:17
[INFO] [stdout]    6:     0x560a2f6d25af - std::io::Write::write_fmt::he04625a3a989fec3
[INFO] [stdout]                                at /rustc/0e09125c6c3c2fd70d7de961bcf0e51575235fad/library/std/src/io/mod.rs:1810:15
[INFO] [stdout]    7:     0x560a2f6d4924 - std::sys_common::backtrace::_print::hd5d66399c7df88a2
[INFO] [stdout]                                at /rustc/0e09125c6c3c2fd70d7de961bcf0e51575235fad/library/std/src/sys_common/backtrace.rs:47:5
[INFO] [stdout]    8:     0x560a2f6d4924 - std::sys_common::backtrace::print::he81ed2da642d37e5
[INFO] [stdout]                                at /rustc/0e09125c6c3c2fd70d7de961bcf0e51575235fad/library/std/src/sys_common/backtrace.rs:34:9
[INFO] [stdout]    9:     0x560a2f6d6697 - std::panicking::default_hook::{{closure}}::h85773f4fa117163d
[INFO] [stdout]   10:     0x560a2f6d637d - std::panicking::default_hook::h6a1694a91d09b278
[INFO] [stdout]                                at /rustc/0e09125c6c3c2fd70d7de961bcf0e51575235fad/library/std/src/panicking.rs:289:9
[INFO] [stdout]   11:     0x560a2f685b37 - <alloc::boxed::Box<F,A> as core::ops::function::Fn<Args>>::call::h616ac37fa3cd6c8f
[INFO] [stdout]                                at /rustc/0e09125c6c3c2fd70d7de961bcf0e51575235fad/library/alloc/src/boxed.rs:2029:9
[INFO] [stdout]   12:     0x560a2f685b37 - test::test_main::{{closure}}::h00d84697cefdcbb6
[INFO] [stdout]                                at /rustc/0e09125c6c3c2fd70d7de961bcf0e51575235fad/library/test/src/lib.rs:138:21
[INFO] [stdout]   13:     0x560a2f6d6cb6 - <alloc::boxed::Box<F,A> as core::ops::function::Fn<Args>>::call::hcb3fe3b9bb537ba8
[INFO] [stdout]                                at /rustc/0e09125c6c3c2fd70d7de961bcf0e51575235fad/library/alloc/src/boxed.rs:2029:9
[INFO] [stdout]   14:     0x560a2f6d6cb6 - std::panicking::rust_panic_with_hook::h0a7ad96e90f7145b
[INFO] [stdout]                                at /rustc/0e09125c6c3c2fd70d7de961bcf0e51575235fad/library/std/src/panicking.rs:783:13
[INFO] [stdout]   15:     0x560a2f6d6a02 - std::panicking::begin_panic_handler::{{closure}}::h7919090525c6485e
[INFO] [stdout]                                at /rustc/0e09125c6c3c2fd70d7de961bcf0e51575235fad/library/std/src/panicking.rs:657:13
[INFO] [stdout]   16:     0x560a2f6d5046 - std::sys_common::backtrace::__rust_end_short_backtrace::hf3289479464f7dfe
[INFO] [stdout]                                at /rustc/0e09125c6c3c2fd70d7de961bcf0e51575235fad/library/std/src/sys_common/backtrace.rs:171:18
[INFO] [stdout]   17:     0x560a2f6d6760 - rust_begin_unwind
[INFO] [stdout]                                at /rustc/0e09125c6c3c2fd70d7de961bcf0e51575235fad/library/std/src/panicking.rs:645:5
[INFO] [stdout]   18:     0x560a2f63fcd5 - core::panicking::panic_fmt::hcc9f77c5c132af55
[INFO] [stdout]                                at /rustc/0e09125c6c3c2fd70d7de961bcf0e51575235fad/library/core/src/panicking.rs:72:14
[INFO] [stdout]   19:     0x560a2f64010b - core::panicking::assert_failed_inner::h9f13e27dd63c3a08
[INFO] [stdout]                                at /rustc/0e09125c6c3c2fd70d7de961bcf0e51575235fad/library/core/src/panicking.rs:342:17
[INFO] [stdout]   20:     0x560a2f648f7e - core::panicking::assert_failed::hd8d5a3c4401a22ae
[INFO] [stdout]                                at /rustc/0e09125c6c3c2fd70d7de961bcf0e51575235fad/library/core/src/panicking.rs:297:5
[INFO] [stdout]   21:     0x560a2f64c80d - vika_community::vika::field::field::tests::test_single_field_req::h220e86adf4f2d2dc
[INFO] [stdout]                                at /opt/rustwide/workdir/src/vika/field/field.rs:830:9
[INFO] [stdout]   22:     0x560a2f64c5a7 - vika_community::vika::field::field::tests::test_single_field_req::{{closure}}::h02ecb963f0824682
[INFO] [stdout]                                at /opt/rustwide/workdir/src/vika/field/field.rs:824:31
[INFO] [stdout]   23:     0x560a2f6480c6 - core::ops::function::FnOnce::call_once::h3b53a97094e966a9
[INFO] [stdout]                                at /rustc/0e09125c6c3c2fd70d7de961bcf0e51575235fad/library/core/src/ops/function.rs:250:5
[INFO] [stdout]   24:     0x560a2f68b40f - core::ops::function::FnOnce::call_once::hd64d26f405258157
[INFO] [stdout]                                at /rustc/0e09125c6c3c2fd70d7de961bcf0e51575235fad/library/core/src/ops/function.rs:250:5
[INFO] [stdout]   25:     0x560a2f68b40f - test::__rust_begin_short_backtrace::he21b0b7a6d731bf9
[INFO] [stdout]                                at /rustc/0e09125c6c3c2fd70d7de961bcf0e51575235fad/library/test/src/lib.rs:627:18
[INFO] [stdout]   26:     0x560a2f68a191 - test::run_test_in_process::{{closure}}::hf5c73986d7bdfde2
[INFO] [stdout]                                at /rustc/0e09125c6c3c2fd70d7de961bcf0e51575235fad/library/test/src/lib.rs:650:60
[INFO] [stdout]   27:     0x560a2f68a191 - <core::panic::unwind_safe::AssertUnwindSafe<F> as core::ops::function::FnOnce<()>>::call_once::h330011ad032aadc0
[INFO] [stdout]                                at /rustc/0e09125c6c3c2fd70d7de961bcf0e51575235fad/library/core/src/panic/unwind_safe.rs:272:9
[INFO] [stdout]   28:     0x560a2f68a191 - std::panicking::try::do_call::he61b0a958b795a41
[INFO] [stdout]                                at /rustc/0e09125c6c3c2fd70d7de961bcf0e51575235fad/library/std/src/panicking.rs:552:40
[INFO] [stdout]   29:     0x560a2f68a191 - std::panicking::try::h7309da130f906eb7
[INFO] [stdout]                                at /rustc/0e09125c6c3c2fd70d7de961bcf0e51575235fad/library/std/src/panicking.rs:516:19
[INFO] [stdout]   30:     0x560a2f68a191 - std::panic::catch_unwind::hc5c3a06fdaf0a92a
[INFO] [stdout]                                at /rustc/0e09125c6c3c2fd70d7de961bcf0e51575235fad/library/std/src/panic.rs:142:14
[INFO] [stdout]   31:     0x560a2f68a191 - test::run_test_in_process::h7e7b7c71c3324e0f
[INFO] [stdout]                                at /rustc/0e09125c6c3c2fd70d7de961bcf0e51575235fad/library/test/src/lib.rs:650:27
[INFO] [stdout]   32:     0x560a2f68a191 - test::run_test::{{closure}}::h1f509f28f5cf20b1
[INFO] [stdout]                                at /rustc/0e09125c6c3c2fd70d7de961bcf0e51575235fad/library/test/src/lib.rs:573:43
[INFO] [stdout]   33:     0x560a2f6514c6 - test::run_test::{{closure}}::h1754218abf443f6d
[INFO] [stdout]                                at /rustc/0e09125c6c3c2fd70d7de961bcf0e51575235fad/library/test/src/lib.rs:601:41
[INFO] [stdout]   34:     0x560a2f6514c6 - std::sys_common::backtrace::__rust_begin_short_backtrace::h2ee174b9d5954948
[INFO] [stdout]                                at /rustc/0e09125c6c3c2fd70d7de961bcf0e51575235fad/library/std/src/sys_common/backtrace.rs:155:18
[INFO] [stdout]   35:     0x560a2f656527 - std::thread::Builder::spawn_unchecked_::{{closure}}::{{closure}}::hf60bee9c1a17ef09
[INFO] [stdout]                                at /rustc/0e09125c6c3c2fd70d7de961bcf0e51575235fad/library/std/src/thread/mod.rs:529:17
[INFO] [stdout]   36:     0x560a2f656527 - <core::panic::unwind_safe::AssertUnwindSafe<F> as core::ops::function::FnOnce<()>>::call_once::h33d0dddec5216160
[INFO] [stdout]                                at /rustc/0e09125c6c3c2fd70d7de961bcf0e51575235fad/library/core/src/panic/unwind_safe.rs:272:9
[INFO] [stdout]   37:     0x560a2f656527 - std::panicking::try::do_call::h144b3048b546f835
[INFO] [stdout]                                at /rustc/0e09125c6c3c2fd70d7de961bcf0e51575235fad/library/std/src/panicking.rs:552:40
[INFO] [stdout]   38:     0x560a2f656527 - std::panicking::try::h978244d04646189f
[INFO] [stdout]                                at /rustc/0e09125c6c3c2fd70d7de961bcf0e51575235fad/library/std/src/panicking.rs:516:19
[INFO] [stdout]   39:     0x560a2f656527 - std::panic::catch_unwind::hdf436369d188fe86
[INFO] [stdout]                                at /rustc/0e09125c6c3c2fd70d7de961bcf0e51575235fad/library/std/src/panic.rs:142:14
[INFO] [stdout]   40:     0x560a2f656527 - std::thread::Builder::spawn_unchecked_::{{closure}}::h87329cbdd33c79ec
[INFO] [stdout]                                at /rustc/0e09125c6c3c2fd70d7de961bcf0e51575235fad/library/std/src/thread/mod.rs:528:30
[INFO] [stdout]   41:     0x560a2f656527 - core::ops::function::FnOnce::call_once{{vtable.shim}}::h401abbe67897d450
[INFO] [stdout]                                at /rustc/0e09125c6c3c2fd70d7de961bcf0e51575235fad/library/core/src/ops/function.rs:250:5
[INFO] [stdout]   42:     0x560a2f6db765 - <alloc::boxed::Box<F,A> as core::ops::function::FnOnce<Args>>::call_once::h5d7c8f150ab9c84c
[INFO] [stdout]                                at /rustc/0e09125c6c3c2fd70d7de961bcf0e51575235fad/library/alloc/src/boxed.rs:2015:9
[INFO] [stdout]   43:     0x560a2f6db765 - <alloc::boxed::Box<F,A> as core::ops::function::FnOnce<Args>>::call_once::h570d5b005c242c15
[INFO] [stdout]                                at /rustc/0e09125c6c3c2fd70d7de961bcf0e51575235fad/library/alloc/src/boxed.rs:2015:9
[INFO] [stdout]   44:     0x560a2f6db765 - std::sys::unix::thread::Thread::new::thread_start::h36b0a20c0b2361ad
[INFO] [stdout]                                at /rustc/0e09125c6c3c2fd70d7de961bcf0e51575235fad/library/std/src/sys/unix/thread.rs:108:17
[INFO] [stdout]   45:     0x7ff43864fac3 - <unknown>
[INFO] [stdout]   46:     0x7ff4386e0bf4 - __clone
[INFO] [stdout]   47:                0x0 - <unknown>
[INFO] [stdout] 
[INFO] [stdout] ---- vika::datasheet::datasheet::tests::test_to_json_string stdout ----
[INFO] [stdout] thread 'vika::datasheet::datasheet::tests::test_to_json_string' panicked at src/vika/datasheet/datasheet.rs:83:9:
[INFO] [stdout] assertion `left == right` failed
[INFO] [stdout]   left: "{\"fields\":[{\"name\":\"name\",\"property\":{\"defaultValue\":\"value\"},\"type\":\"SingleText\"}],\"name\":\"name\"}"
[INFO] [stdout]  right: "{\"fields\":[{\"name\":\"name\",\"property\":{\"default_value\":\"value\"},\"type\":\"SingleText\"}],\"name\":\"name\"}"
[INFO] [stdout] stack backtrace:
[INFO] [stdout]    0:     0x560a2f6d4b46 - std::backtrace_rs::backtrace::libunwind::trace::h261606ad26a499c1
[INFO] [stdout]                                at /rustc/0e09125c6c3c2fd70d7de961bcf0e51575235fad/library/std/src/../../backtrace/src/backtrace/libunwind.rs:104:5
[INFO] [stdout]    1:     0x560a2f6d4b46 - std::backtrace_rs::backtrace::trace_unsynchronized::hd183f0625477fb28
[INFO] [stdout]                                at /rustc/0e09125c6c3c2fd70d7de961bcf0e51575235fad/library/std/src/../../backtrace/src/backtrace/mod.rs:66:5
[INFO] [stdout]    2:     0x560a2f6d4b46 - std::sys_common::backtrace::_print_fmt::hd7f8fef21b4eda67
[INFO] [stdout]                                at /rustc/0e09125c6c3c2fd70d7de961bcf0e51575235fad/library/std/src/sys_common/backtrace.rs:68:5
[INFO] [stdout]    3:     0x560a2f6d4b46 - <std::sys_common::backtrace::_print::DisplayBacktrace as core::fmt::Display>::fmt::h623d9b51f2f453f1
[INFO] [stdout]                                at /rustc/0e09125c6c3c2fd70d7de961bcf0e51575235fad/library/std/src/sys_common/backtrace.rs:44:22
[INFO] [stdout]    4:     0x560a2f6fd990 - core::fmt::rt::Argument::fmt::h9f417ac76a86f368
[INFO] [stdout]                                at /rustc/0e09125c6c3c2fd70d7de961bcf0e51575235fad/library/core/src/fmt/rt.rs:142:9
[INFO] [stdout]    5:     0x560a2f6fd990 - core::fmt::write::hc9b6faf4ac2aeff7
[INFO] [stdout]                                at /rustc/0e09125c6c3c2fd70d7de961bcf0e51575235fad/library/core/src/fmt/mod.rs:1120:17
[INFO] [stdout]    6:     0x560a2f6d25af - std::io::Write::write_fmt::he04625a3a989fec3
[INFO] [stdout]                                at /rustc/0e09125c6c3c2fd70d7de961bcf0e51575235fad/library/std/src/io/mod.rs:1810:15
[INFO] [stdout]    7:     0x560a2f6d4924 - std::sys_common::backtrace::_print::hd5d66399c7df88a2
[INFO] [stdout]                                at /rustc/0e09125c6c3c2fd70d7de961bcf0e51575235fad/library/std/src/sys_common/backtrace.rs:47:5
[INFO] [stdout]    8:     0x560a2f6d4924 - std::sys_common::backtrace::print::he81ed2da642d37e5
[INFO] [stdout]                                at /rustc/0e09125c6c3c2fd70d7de961bcf0e51575235fad/library/std/src/sys_common/backtrace.rs:34:9
[INFO] [stdout]    9:     0x560a2f6d6697 - std::panicking::default_hook::{{closure}}::h85773f4fa117163d
[INFO] [stdout]   10:     0x560a2f6d637d - std::panicking::default_hook::h6a1694a91d09b278
[INFO] [stdout]                                at /rustc/0e09125c6c3c2fd70d7de961bcf0e51575235fad/library/std/src/panicking.rs:289:9
[INFO] [stdout]   11:     0x560a2f685b37 - <alloc::boxed::Box<F,A> as core::ops::function::Fn<Args>>::call::h616ac37fa3cd6c8f
[INFO] [stdout]                                at /rustc/0e09125c6c3c2fd70d7de961bcf0e51575235fad/library/alloc/src/boxed.rs:2029:9
[INFO] [stdout]   12:     0x560a2f685b37 - test::test_main::{{closure}}::h00d84697cefdcbb6
[INFO] [stdout]                                at /rustc/0e09125c6c3c2fd70d7de961bcf0e51575235fad/library/test/src/lib.rs:138:21
[INFO] [stdout]   13:     0x560a2f6d6cb6 - <alloc::boxed::Box<F,A> as core::ops::function::Fn<Args>>::call::hcb3fe3b9bb537ba8
[INFO] [stdout]                                at /rustc/0e09125c6c3c2fd70d7de961bcf0e51575235fad/library/alloc/src/boxed.rs:2029:9
[INFO] [stdout]   14:     0x560a2f6d6cb6 - std::panicking::rust_panic_with_hook::h0a7ad96e90f7145b
[INFO] [stdout]                                at /rustc/0e09125c6c3c2fd70d7de961bcf0e51575235fad/library/std/src/panicking.rs:783:13
[INFO] [stdout]   15:     0x560a2f6d6a02 - std::panicking::begin_panic_handler::{{closure}}::h7919090525c6485e
[INFO] [stdout]                                at /rustc/0e09125c6c3c2fd70d7de961bcf0e51575235fad/library/std/src/panicking.rs:657:13
[INFO] [stdout]   16:     0x560a2f6d5046 - std::sys_common::backtrace::__rust_end_short_backtrace::hf3289479464f7dfe
[INFO] [stdout]                                at /rustc/0e09125c6c3c2fd70d7de961bcf0e51575235fad/library/std/src/sys_common/backtrace.rs:171:18
[INFO] [stdout]   17:     0x560a2f6d6760 - rust_begin_unwind
[INFO] [stdout]                                at /rustc/0e09125c6c3c2fd70d7de961bcf0e51575235fad/library/std/src/panicking.rs:645:5
[INFO] [stdout]   18:     0x560a2f63fcd5 - core::panicking::panic_fmt::hcc9f77c5c132af55
[INFO] [stdout]                                at /rustc/0e09125c6c3c2fd70d7de961bcf0e51575235fad/library/core/src/panicking.rs:72:14
[INFO] [stdout]   19:     0x560a2f64010b - core::panicking::assert_failed_inner::h9f13e27dd63c3a08
[INFO] [stdout]                                at /rustc/0e09125c6c3c2fd70d7de961bcf0e51575235fad/library/core/src/panicking.rs:342:17
[INFO] [stdout]   20:     0x560a2f648f7e - core::panicking::assert_failed::hd8d5a3c4401a22ae
[INFO] [stdout]                                at /rustc/0e09125c6c3c2fd70d7de961bcf0e51575235fad/library/core/src/panicking.rs:297:5
[INFO] [stdout]   21:     0x560a2f64c50c - vika_community::vika::datasheet::datasheet::tests::test_to_json_string::h70326a8a029fe077
[INFO] [stdout]                                at /opt/rustwide/workdir/src/vika/datasheet/datasheet.rs:83:9
[INFO] [stdout]   22:     0x560a2f64c167 - vika_community::vika::datasheet::datasheet::tests::test_to_json_string::{{closure}}::h4a1cd3104ce79a3a
[INFO] [stdout]                                at /opt/rustwide/workdir/src/vika/datasheet/datasheet.rs:71:29
[INFO] [stdout]   23:     0x560a2f648156 - core::ops::function::FnOnce::call_once::h7a3d404531b95428
[INFO] [stdout]                                at /rustc/0e09125c6c3c2fd70d7de961bcf0e51575235fad/library/core/src/ops/function.rs:250:5
[INFO] [stdout]   24:     0x560a2f68b40f - core::ops::function::FnOnce::call_once::hd64d26f405258157
[INFO] [stdout]                                at /rustc/0e09125c6c3c2fd70d7de961bcf0e51575235fad/library/core/src/ops/function.rs:250:5
[INFO] [stdout]   25:     0x560a2f68b40f - test::__rust_begin_short_backtrace::he21b0b7a6d731bf9
[INFO] [stdout]                                at /rustc/0e09125c6c3c2fd70d7de961bcf0e51575235fad/library/test/src/lib.rs:627:18
[INFO] [stdout]   26:     0x560a2f68a191 - test::run_test_in_process::{{closure}}::hf5c73986d7bdfde2
[INFO] [stdout]                                at /rustc/0e09125c6c3c2fd70d7de961bcf0e51575235fad/library/test/src/lib.rs:650:60
[INFO] [stdout]   27:     0x560a2f68a191 - <core::panic::unwind_safe::AssertUnwindSafe<F> as core::ops::function::FnOnce<()>>::call_once::h330011ad032aadc0
[INFO] [stdout]                                at /rustc/0e09125c6c3c2fd70d7de961bcf0e51575235fad/library/core/src/panic/unwind_safe.rs:272:9
[INFO] [stdout]   28:     0x560a2f68a191 - std::panicking::try::do_call::he61b0a958b795a41
[INFO] [stdout]                                at /rustc/0e09125c6c3c2fd70d7de961bcf0e51575235fad/library/std/src/panicking.rs:552:40
[INFO] [stdout]   29:     0x560a2f68a191 - std::panicking::try::h7309da130f906eb7
[INFO] [stdout]                                at /rustc/0e09125c6c3c2fd70d7de961bcf0e51575235fad/library/std/src/panicking.rs:516:19
[INFO] [stdout]   30:     0x560a2f68a191 - std::panic::catch_unwind::hc5c3a06fdaf0a92a
[INFO] [stdout]                                at /rustc/0e09125c6c3c2fd70d7de961bcf0e51575235fad/library/std/src/panic.rs:142:14
[INFO] [stdout]   31:     0x560a2f68a191 - test::run_test_in_process::h7e7b7c71c3324e0f
[INFO] [stdout]                                at /rustc/0e09125c6c3c2fd70d7de961bcf0e51575235fad/library/test/src/lib.rs:650:27
[INFO] [stdout]   32:     0x560a2f68a191 - test::run_test::{{closure}}::h1f509f28f5cf20b1
[INFO] [stdout]                                at /rustc/0e09125c6c3c2fd70d7de961bcf0e51575235fad/library/test/src/lib.rs:573:43
[INFO] [stdout]   33:     0x560a2f6514c6 - test::run_test::{{closure}}::h1754218abf443f6d
[INFO] [stdout]                                at /rustc/0e09125c6c3c2fd70d7de961bcf0e51575235fad/library/test/src/lib.rs:601:41
[INFO] [stdout]   34:     0x560a2f6514c6 - std::sys_common::backtrace::__rust_begin_short_backtrace::h2ee174b9d5954948
[INFO] [stdout]                                at /rustc/0e09125c6c3c2fd70d7de961bcf0e51575235fad/library/std/src/sys_common/backtrace.rs:155:18
[INFO] [stdout]   35:     0x560a2f656527 - std::thread::Builder::spawn_unchecked_::{{closure}}::{{closure}}::hf60bee9c1a17ef09
[INFO] [stdout]                                at /rustc/0e09125c6c3c2fd70d7de961bcf0e51575235fad/library/std/src/thread/mod.rs:529:17
[INFO] [stdout]   36:     0x560a2f656527 - <core::panic::unwind_safe::AssertUnwindSafe<F> as core::ops::function::FnOnce<()>>::call_once::h33d0dddec5216160
[INFO] [stdout]                                at /rustc/0e09125c6c3c2fd70d7de961bcf0e51575235fad/library/core/src/panic/unwind_safe.rs:272:9
[INFO] [stdout]   37:     0x560a2f656527 - std::panicking::try::do_call::h144b3048b546f835
[INFO] [stdout]                                at /rustc/0e09125c6c3c2fd70d7de961bcf0e51575235fad/library/std/src/panicking.rs:552:40
[INFO] [stdout]   38:     0x560a2f656527 - std::panicking::try::h978244d04646189f
[INFO] [stdout]                                at /rustc/0e09125c6c3c2fd70d7de961bcf0e51575235fad/library/std/src/panicking.rs:516:19
[INFO] [stdout]   39:     0x560a2f656527 - std::panic::catch_unwind::hdf436369d188fe86
[INFO] [stdout]                                at /rustc/0e09125c6c3c2fd70d7de961bcf0e51575235fad/library/std/src/panic.rs:142:14
[INFO] [stdout]   40:     0x560a2f656527 - std::thread::Builder::spawn_unchecked_::{{closure}}::h87329cbdd33c79ec
[INFO] [stdout]                                at /rustc/0e09125c6c3c2fd70d7de961bcf0e51575235fad/library/std/src/thread/mod.rs:528:30
[INFO] [stdout]   41:     0x560a2f656527 - core::ops::function::FnOnce::call_once{{vtable.shim}}::h401abbe67897d450
[INFO] [stdout]                                at /rustc/0e09125c6c3c2fd70d7de961bcf0e51575235fad/library/core/src/ops/function.rs:250:5
[INFO] [stdout]   42:     0x560a2f6db765 - <alloc::boxed::Box<F,A> as core::ops::function::FnOnce<Args>>::call_once::h5d7c8f150ab9c84c
[INFO] [stdout]                                at /rustc/0e09125c6c3c2fd70d7de961bcf0e51575235fad/library/alloc/src/boxed.rs:2015:9
[INFO] [stdout]   43:     0x560a2f6db765 - <alloc::boxed::Box<F,A> as core::ops::function::FnOnce<Args>>::call_once::h570d5b005c242c15
[INFO] [stdout]                                at /rustc/0e09125c6c3c2fd70d7de961bcf0e51575235fad/library/alloc/src/boxed.rs:2015:9
[INFO] [stdout]   44:     0x560a2f6db765 - std::sys::unix::thread::Thread::new::thread_start::h36b0a20c0b2361ad
[INFO] [stdout]                                at /rustc/0e09125c6c3c2fd70d7de961bcf0e51575235fad/library/std/src/sys/unix/thread.rs:108:17
[INFO] [stdout]   45:     0x7ff43864fac3 - <unknown>
[INFO] [stdout]   46:     0x7ff4386e0bf4 - __clone
[INFO] [stdout]   47:                0x0 - <unknown>
[INFO] [stdout] 
[INFO] [stdout] 
[INFO] [stdout] failures:
[INFO] [stdout]     vika::datasheet::datasheet::tests::test_to_json_string
[INFO] [stdout]     vika::field::field::tests::test_single_field_req
[INFO] [stdout] 
[INFO] [stdout] test result: FAILED. 3 passed; 2 failed; 0 ignored; 0 measured; 0 filtered out; finished in 0.05s
[INFO] [stdout] 
[INFO] [stderr] error: test failed, to rerun pass `--lib`
[INFO] running `Command { std: "docker" "inspect" "27ebbafd58dacf930855b6a86130ed88e1389aed3aceeae145fab2c14c1862a9", kill_on_drop: false }`
[INFO] running `Command { std: "docker" "rm" "-f" "27ebbafd58dacf930855b6a86130ed88e1389aed3aceeae145fab2c14c1862a9", kill_on_drop: false }`
[INFO] [stdout] 27ebbafd58dacf930855b6a86130ed88e1389aed3aceeae145fab2c14c1862a9
