[INFO] fetching crate vigor_agent 0.1.8...
[INFO] testing vigor_agent-0.1.8 against 1.75.0 for beta-1.76-1
[INFO] extracting crate vigor_agent 0.1.8 into /workspace/builds/worker-4-tc1/source
[INFO] validating manifest of crates.io crate vigor_agent 0.1.8 on toolchain 1.75.0
[INFO] running `Command { std: CARGO_HOME="/workspace/cargo-home" RUSTUP_HOME="/workspace/rustup-home" "/workspace/cargo-home/bin/cargo" "+1.75.0" "metadata" "--manifest-path" "Cargo.toml" "--no-deps", kill_on_drop: false }`
[INFO] started tweaking crates.io crate vigor_agent 0.1.8
[INFO] finished tweaking crates.io crate vigor_agent 0.1.8
[INFO] tweaked toml for crates.io crate vigor_agent 0.1.8 written to /workspace/builds/worker-4-tc1/source/Cargo.toml
[INFO] running `Command { std: CARGO_HOME="/workspace/cargo-home" RUSTUP_HOME="/workspace/rustup-home" "/workspace/cargo-home/bin/cargo" "+1.75.0" "generate-lockfile" "--manifest-path" "Cargo.toml", kill_on_drop: false }`
[INFO] [stderr]     Updating crates.io index
[INFO] running `Command { std: CARGO_HOME="/workspace/cargo-home" RUSTUP_HOME="/workspace/rustup-home" "/workspace/cargo-home/bin/cargo" "+1.75.0" "fetch" "--manifest-path" "Cargo.toml", kill_on_drop: false }`
[INFO] running `Command { std: "docker" "create" "-v" "/var/lib/crater-agent-workspace/builds/worker-4-tc1/target:/opt/rustwide/target:rw,Z" "-v" "/var/lib/crater-agent-workspace/builds/worker-4-tc1/source:/opt/rustwide/workdir:ro,Z" "-v" "/var/lib/crater-agent-workspace/cargo-home:/opt/rustwide/cargo-home:ro,Z" "-v" "/var/lib/crater-agent-workspace/rustup-home:/opt/rustwide/rustup-home:ro,Z" "-e" "SOURCE_DIR=/opt/rustwide/workdir" "-e" "CARGO_TARGET_DIR=/opt/rustwide/target" "-e" "CARGO_HOME=/opt/rustwide/cargo-home" "-e" "RUSTUP_HOME=/opt/rustwide/rustup-home" "-w" "/opt/rustwide/workdir" "-m" "1610612736" "--user" "0:0" "--network" "none" "ghcr.io/rust-lang/crates-build-env/linux@sha256:2788e3201cd34a07e3172128adcd8b3090168a8e3bcc40d7c032b9dda1df7d1c" "/opt/rustwide/cargo-home/bin/cargo" "+1.75.0" "metadata" "--no-deps" "--format-version=1", kill_on_drop: false }`
[INFO] [stdout] a4006ef7661132b71c8c47bb49bc9bc25aa09d24c28d1523c5c3154cf478b10b
[INFO] running `Command { std: "docker" "start" "-a" "a4006ef7661132b71c8c47bb49bc9bc25aa09d24c28d1523c5c3154cf478b10b", kill_on_drop: false }`
[INFO] running `Command { std: "docker" "inspect" "a4006ef7661132b71c8c47bb49bc9bc25aa09d24c28d1523c5c3154cf478b10b", kill_on_drop: false }`
[INFO] running `Command { std: "docker" "rm" "-f" "a4006ef7661132b71c8c47bb49bc9bc25aa09d24c28d1523c5c3154cf478b10b", kill_on_drop: false }`
[INFO] [stdout] a4006ef7661132b71c8c47bb49bc9bc25aa09d24c28d1523c5c3154cf478b10b
[INFO] running `Command { std: "docker" "create" "-v" "/var/lib/crater-agent-workspace/builds/worker-4-tc1/target:/opt/rustwide/target:rw,Z" "-v" "/var/lib/crater-agent-workspace/builds/worker-4-tc1/source:/opt/rustwide/workdir:ro,Z" "-v" "/var/lib/crater-agent-workspace/cargo-home:/opt/rustwide/cargo-home:ro,Z" "-v" "/var/lib/crater-agent-workspace/rustup-home:/opt/rustwide/rustup-home:ro,Z" "-e" "SOURCE_DIR=/opt/rustwide/workdir" "-e" "CARGO_TARGET_DIR=/opt/rustwide/target" "-e" "CARGO_INCREMENTAL=0" "-e" "RUST_BACKTRACE=full" "-e" "RUSTFLAGS=--cap-lints=warn" "-e" "RUSTDOCFLAGS=--cap-lints=warn" "-e" "CARGO_HOME=/opt/rustwide/cargo-home" "-e" "RUSTUP_HOME=/opt/rustwide/rustup-home" "-w" "/opt/rustwide/workdir" "-m" "1610612736" "--user" "0:0" "--network" "none" "ghcr.io/rust-lang/crates-build-env/linux@sha256:2788e3201cd34a07e3172128adcd8b3090168a8e3bcc40d7c032b9dda1df7d1c" "/opt/rustwide/cargo-home/bin/cargo" "+1.75.0" "build" "--frozen" "--message-format=json", kill_on_drop: false }`
[INFO] [stdout] c8c822563ec9784a35ae3928bb508fd026122ff91c74e19994f7ffd3f67d5d97
[INFO] running `Command { std: "docker" "start" "-a" "c8c822563ec9784a35ae3928bb508fd026122ff91c74e19994f7ffd3f67d5d97", kill_on_drop: false }`
[INFO] [stderr]    Compiling typenum v1.17.0
[INFO] [stderr]    Compiling getrandom v0.1.16
[INFO] [stderr]    Compiling spin v0.9.8
[INFO] [stderr]    Compiling untrusted v0.9.0
[INFO] [stderr]    Compiling tinyvec_macros v0.1.1
[INFO] [stderr]    Compiling crc32fast v1.3.2
[INFO] [stderr]    Compiling percent-encoding v2.3.1
[INFO] [stderr]    Compiling rustls v0.21.10
[INFO] [stderr]    Compiling generic-array v0.14.7
[INFO] [stderr]    Compiling unicode-bidi v0.3.14
[INFO] [stderr]    Compiling serde_json v1.0.111
[INFO] [stderr]    Compiling getrandom v0.2.11
[INFO] [stderr]    Compiling miniz_oxide v0.7.1
[INFO] [stderr]    Compiling subtle v2.5.0
[INFO] [stderr]    Compiling syn v2.0.48
[INFO] [stderr]    Compiling ring v0.17.7
[INFO] [stderr]    Compiling tinyvec v1.6.0
[INFO] [stderr]    Compiling cpufeatures v0.2.12
[INFO] [stderr]    Compiling form_urlencoded v1.2.1
[INFO] [stderr]    Compiling opaque-debug v0.3.0
[INFO] [stderr]    Compiling itoa v1.0.10
[INFO] [stderr]    Compiling signature v1.6.4
[INFO] [stderr]    Compiling log v0.4.20
[INFO] [stderr]    Compiling byteorder v1.5.0
[INFO] [stderr]    Compiling ryu v1.0.16
[INFO] [stderr]    Compiling dirs-sys v0.3.7
[INFO] [stderr]    Compiling encoding_rs v0.8.33
[INFO] [stderr]    Compiling ed25519 v1.5.3
[INFO] [stderr]    Compiling webpki-roots v0.25.3
[INFO] [stderr]    Compiling base64ct v1.6.0
[INFO] [stderr]    Compiling base64 v0.21.5
[INFO] [stderr]    Compiling rand_core v0.5.1
[INFO] [stderr]    Compiling once_cell v1.19.0
[INFO] [stderr]    Compiling flate2 v1.0.28
[INFO] [stderr]    Compiling dirs v4.0.0
[INFO] [stderr]    Compiling hex v0.4.3
[INFO] [stderr]    Compiling rand_chacha v0.2.2
[INFO] [stderr]    Compiling pem-rfc7468 v0.6.0
[INFO] [stderr]    Compiling rand v0.7.3
[INFO] [stderr]    Compiling unicode-normalization v0.1.22
[INFO] [stderr]    Compiling idna v0.5.0
[INFO] [stderr]    Compiling digest v0.9.0
[INFO] [stderr]    Compiling block-buffer v0.9.0
[INFO] [stderr]    Compiling url v2.5.0
[INFO] [stderr]    Compiling sha2 v0.9.9
[INFO] [stderr]    Compiling serde_derive v1.0.194
[INFO] [stderr]    Compiling zeroize_derive v1.4.2
[INFO] [stderr]    Compiling rustls-webpki v0.101.7
[INFO] [stderr]    Compiling sct v0.7.1
[INFO] [stderr]    Compiling zeroize v1.3.0
[INFO] [stderr]    Compiling curve25519-dalek v3.2.1
[INFO] [stderr]    Compiling serde v1.0.194
[INFO] [stderr]    Compiling ed25519-dalek v1.0.1
[INFO] [stderr]    Compiling ureq v2.9.1
[INFO] [stderr]    Compiling vigor_agent v0.1.8 (/opt/rustwide/workdir)
[INFO] [stderr]     Finished dev [unoptimized + debuginfo] target(s) in 9.73s
[INFO] running `Command { std: "docker" "inspect" "c8c822563ec9784a35ae3928bb508fd026122ff91c74e19994f7ffd3f67d5d97", kill_on_drop: false }`
[INFO] running `Command { std: "docker" "rm" "-f" "c8c822563ec9784a35ae3928bb508fd026122ff91c74e19994f7ffd3f67d5d97", kill_on_drop: false }`
[INFO] [stdout] c8c822563ec9784a35ae3928bb508fd026122ff91c74e19994f7ffd3f67d5d97
[INFO] running `Command { std: "docker" "create" "-v" "/var/lib/crater-agent-workspace/builds/worker-4-tc1/target:/opt/rustwide/target:rw,Z" "-v" "/var/lib/crater-agent-workspace/builds/worker-4-tc1/source:/opt/rustwide/workdir:ro,Z" "-v" "/var/lib/crater-agent-workspace/cargo-home:/opt/rustwide/cargo-home:ro,Z" "-v" "/var/lib/crater-agent-workspace/rustup-home:/opt/rustwide/rustup-home:ro,Z" "-e" "SOURCE_DIR=/opt/rustwide/workdir" "-e" "CARGO_TARGET_DIR=/opt/rustwide/target" "-e" "CARGO_INCREMENTAL=0" "-e" "RUST_BACKTRACE=full" "-e" "RUSTFLAGS=--cap-lints=warn" "-e" "RUSTDOCFLAGS=--cap-lints=warn" "-e" "CARGO_HOME=/opt/rustwide/cargo-home" "-e" "RUSTUP_HOME=/opt/rustwide/rustup-home" "-w" "/opt/rustwide/workdir" "-m" "1610612736" "--user" "0:0" "--network" "none" "ghcr.io/rust-lang/crates-build-env/linux@sha256:2788e3201cd34a07e3172128adcd8b3090168a8e3bcc40d7c032b9dda1df7d1c" "/opt/rustwide/cargo-home/bin/cargo" "+1.75.0" "test" "--frozen" "--no-run" "--message-format=json", kill_on_drop: false }`
[INFO] [stdout] 4c339a2b4aa2235eb22ae169b0c90644189bd6e6bbc9faf39ae24487a291140c
[INFO] running `Command { std: "docker" "start" "-a" "4c339a2b4aa2235eb22ae169b0c90644189bd6e6bbc9faf39ae24487a291140c", kill_on_drop: false }`
[INFO] [stderr]    Compiling vigor_agent v0.1.8 (/opt/rustwide/workdir)
[INFO] [stderr]     Finished test [unoptimized + debuginfo] target(s) in 0.33s
[INFO] running `Command { std: "docker" "inspect" "4c339a2b4aa2235eb22ae169b0c90644189bd6e6bbc9faf39ae24487a291140c", kill_on_drop: false }`
[INFO] running `Command { std: "docker" "rm" "-f" "4c339a2b4aa2235eb22ae169b0c90644189bd6e6bbc9faf39ae24487a291140c", kill_on_drop: false }`
[INFO] [stdout] 4c339a2b4aa2235eb22ae169b0c90644189bd6e6bbc9faf39ae24487a291140c
[INFO] running `Command { std: "docker" "create" "-v" "/var/lib/crater-agent-workspace/builds/worker-4-tc1/target:/opt/rustwide/target:rw,Z" "-v" "/var/lib/crater-agent-workspace/builds/worker-4-tc1/source:/opt/rustwide/workdir:ro,Z" "-v" "/var/lib/crater-agent-workspace/cargo-home:/opt/rustwide/cargo-home:ro,Z" "-v" "/var/lib/crater-agent-workspace/rustup-home:/opt/rustwide/rustup-home:ro,Z" "-e" "SOURCE_DIR=/opt/rustwide/workdir" "-e" "CARGO_TARGET_DIR=/opt/rustwide/target" "-e" "CARGO_INCREMENTAL=0" "-e" "RUST_BACKTRACE=full" "-e" "RUSTFLAGS=--cap-lints=warn" "-e" "RUSTDOCFLAGS=--cap-lints=warn" "-e" "CARGO_HOME=/opt/rustwide/cargo-home" "-e" "RUSTUP_HOME=/opt/rustwide/rustup-home" "-w" "/opt/rustwide/workdir" "-m" "1610612736" "--user" "0:0" "--network" "none" "ghcr.io/rust-lang/crates-build-env/linux@sha256:2788e3201cd34a07e3172128adcd8b3090168a8e3bcc40d7c032b9dda1df7d1c" "/opt/rustwide/cargo-home/bin/cargo" "+1.75.0" "test" "--frozen", kill_on_drop: false }`
[INFO] [stdout] 6bc58b7783043ba302c380804f1974892314d1728cad5e445d69645f3af2aca5
[INFO] running `Command { std: "docker" "start" "-a" "6bc58b7783043ba302c380804f1974892314d1728cad5e445d69645f3af2aca5", kill_on_drop: false }`
[INFO] [stderr]     Finished test [unoptimized + debuginfo] target(s) in 0.04s
[INFO] [stderr]      Running unittests src/lib.rs (/opt/rustwide/target/debug/deps/vigor_agent-1832b7dfd9a37b6c)
[INFO] [stdout] 
[INFO] [stdout] running 0 tests
[INFO] [stdout] 
[INFO] [stdout] test result: ok. 0 passed; 0 failed; 0 ignored; 0 measured; 0 filtered out; finished in 0.00s
[INFO] [stdout] 
[INFO] [stderr]    Doc-tests vigor_agent
[INFO] [stdout] 
[INFO] [stdout] running 6 tests
[INFO] [stdout] test src/lib.rs - Vigor::new (line 274) - compile ... ok
[INFO] [stdout] test src/lib.rs - Vigor::get (line 465) - compile ... ok
[INFO] [stdout] test src/lib.rs - Vigor::patch (line 517) - compile ... ok
[INFO] [stdout] test src/lib.rs - Vigor::put (line 355) - compile ... ok
[INFO] [stdout] test src/lib.rs - (line 26) - compile ... FAILED
[INFO] [stdout] test src/lib.rs - Vigor::delete (line 493) - compile ... ok
[INFO] [stdout] 
[INFO] [stdout] failures:
[INFO] [stdout] 
[INFO] [stdout] ---- src/lib.rs - (line 26) stdout ----
[INFO] [stdout] error[E0254]: the name `vigor_agent` is defined multiple times
[INFO] [stdout]  --> src/lib.rs:28:5
[INFO] [stdout]   |
[INFO] [stdout] 3 | extern crate r#vigor_agent;
[INFO] [stdout]   | --------------------------- previous import of the extern crate `vigor_agent` here
[INFO] [stdout] 4 | use vigor_agent;
[INFO] [stdout]   |     ^^^^^^^^^^^ `vigor_agent` reimported here
[INFO] [stdout]   |
[INFO] [stdout]   = note: `vigor_agent` must be defined only once in the type namespace of this module
[INFO] [stdout] 
[INFO] [stdout] error: format argument must be a string literal
[INFO] [stdout]   --> src/lib.rs:34:14
[INFO] [stdout]    |
[INFO] [stdout] 10 |     println!(agent.get("http://example.com/claims/", vigor_agent::AuthMode::Auto).unwrap());
[INFO] [stdout]    |              ^^^^^^^^^^^^^^^^^^^^^^^^^^^^^^^^^^^^^^^^^^^^^^^^^^^^^^^^^^^^^^^^^^^^^^^^^^^^^
[INFO] [stdout]    |
[INFO] [stdout] help: you might be missing a string literal to format with
[INFO] [stdout]    |
[INFO] [stdout] 10 |     println!("{}", agent.get("http://example.com/claims/", vigor_agent::AuthMode::Auto).unwrap());
[INFO] [stdout]    |              +++++
[INFO] [stdout] 
[INFO] [stdout] error: aborting due to 2 previous errors
[INFO] [stdout] 
[INFO] [stdout] For more information about this error, try `rustc --explain E0254`.
[INFO] [stdout] Couldn't compile the test.
[INFO] [stdout] 
[INFO] [stdout] failures:
[INFO] [stdout]     src/lib.rs - (line 26)
[INFO] [stdout] 
[INFO] [stdout] test result: FAILED. 5 passed; 1 failed; 0 ignored; 0 measured; 0 filtered out; finished in 0.04s
[INFO] [stdout] 
[INFO] [stderr] error: doctest failed, to rerun pass `--doc`
[INFO] running `Command { std: "docker" "inspect" "6bc58b7783043ba302c380804f1974892314d1728cad5e445d69645f3af2aca5", kill_on_drop: false }`
[INFO] running `Command { std: "docker" "rm" "-f" "6bc58b7783043ba302c380804f1974892314d1728cad5e445d69645f3af2aca5", kill_on_drop: false }`
[INFO] [stdout] 6bc58b7783043ba302c380804f1974892314d1728cad5e445d69645f3af2aca5
