[INFO] fetching crate vhr_datatypes 0.1.0...
[INFO] testing vhr_datatypes-0.1.0 against 1.75.0 for beta-1.76-1
[INFO] extracting crate vhr_datatypes 0.1.0 into /workspace/builds/worker-6-tc1/source
[INFO] validating manifest of crates.io crate vhr_datatypes 0.1.0 on toolchain 1.75.0
[INFO] running `Command { std: CARGO_HOME="/workspace/cargo-home" RUSTUP_HOME="/workspace/rustup-home" "/workspace/cargo-home/bin/cargo" "+1.75.0" "metadata" "--manifest-path" "Cargo.toml" "--no-deps", kill_on_drop: false }`
[INFO] started tweaking crates.io crate vhr_datatypes 0.1.0
[INFO] finished tweaking crates.io crate vhr_datatypes 0.1.0
[INFO] tweaked toml for crates.io crate vhr_datatypes 0.1.0 written to /workspace/builds/worker-6-tc1/source/Cargo.toml
[INFO] running `Command { std: CARGO_HOME="/workspace/cargo-home" RUSTUP_HOME="/workspace/rustup-home" "/workspace/cargo-home/bin/cargo" "+1.75.0" "generate-lockfile" "--manifest-path" "Cargo.toml", kill_on_drop: false }`
[INFO] [stderr]     Updating crates.io index
[INFO] running `Command { std: CARGO_HOME="/workspace/cargo-home" RUSTUP_HOME="/workspace/rustup-home" "/workspace/cargo-home/bin/cargo" "+1.75.0" "fetch" "--manifest-path" "Cargo.toml", kill_on_drop: false }`
[INFO] [stderr]  Downloading crates ...
[INFO] [stderr]   Downloaded vhr_serde v0.1.0
[INFO] running `Command { std: "docker" "create" "-v" "/var/lib/crater-agent-workspace/builds/worker-6-tc1/target:/opt/rustwide/target:rw,Z" "-v" "/var/lib/crater-agent-workspace/builds/worker-6-tc1/source:/opt/rustwide/workdir:ro,Z" "-v" "/var/lib/crater-agent-workspace/cargo-home:/opt/rustwide/cargo-home:ro,Z" "-v" "/var/lib/crater-agent-workspace/rustup-home:/opt/rustwide/rustup-home:ro,Z" "-e" "SOURCE_DIR=/opt/rustwide/workdir" "-e" "CARGO_TARGET_DIR=/opt/rustwide/target" "-e" "CARGO_HOME=/opt/rustwide/cargo-home" "-e" "RUSTUP_HOME=/opt/rustwide/rustup-home" "-w" "/opt/rustwide/workdir" "-m" "1610612736" "--user" "0:0" "--network" "none" "ghcr.io/rust-lang/crates-build-env/linux@sha256:2788e3201cd34a07e3172128adcd8b3090168a8e3bcc40d7c032b9dda1df7d1c" "/opt/rustwide/cargo-home/bin/cargo" "+1.75.0" "metadata" "--no-deps" "--format-version=1", kill_on_drop: false }`
[INFO] [stdout] 62de25596a79d2bb2e3230d7d66d67d4b41a4ac95303de9cbd8ce9c203099280
[INFO] running `Command { std: "docker" "start" "-a" "62de25596a79d2bb2e3230d7d66d67d4b41a4ac95303de9cbd8ce9c203099280", kill_on_drop: false }`
[INFO] running `Command { std: "docker" "inspect" "62de25596a79d2bb2e3230d7d66d67d4b41a4ac95303de9cbd8ce9c203099280", kill_on_drop: false }`
[INFO] running `Command { std: "docker" "rm" "-f" "62de25596a79d2bb2e3230d7d66d67d4b41a4ac95303de9cbd8ce9c203099280", kill_on_drop: false }`
[INFO] [stdout] 62de25596a79d2bb2e3230d7d66d67d4b41a4ac95303de9cbd8ce9c203099280
[INFO] running `Command { std: "docker" "create" "-v" "/var/lib/crater-agent-workspace/builds/worker-6-tc1/target:/opt/rustwide/target:rw,Z" "-v" "/var/lib/crater-agent-workspace/builds/worker-6-tc1/source:/opt/rustwide/workdir:ro,Z" "-v" "/var/lib/crater-agent-workspace/cargo-home:/opt/rustwide/cargo-home:ro,Z" "-v" "/var/lib/crater-agent-workspace/rustup-home:/opt/rustwide/rustup-home:ro,Z" "-e" "SOURCE_DIR=/opt/rustwide/workdir" "-e" "CARGO_TARGET_DIR=/opt/rustwide/target" "-e" "CARGO_INCREMENTAL=0" "-e" "RUST_BACKTRACE=full" "-e" "RUSTFLAGS=--cap-lints=warn" "-e" "RUSTDOCFLAGS=--cap-lints=warn" "-e" "CARGO_HOME=/opt/rustwide/cargo-home" "-e" "RUSTUP_HOME=/opt/rustwide/rustup-home" "-w" "/opt/rustwide/workdir" "-m" "1610612736" "--user" "0:0" "--network" "none" "ghcr.io/rust-lang/crates-build-env/linux@sha256:2788e3201cd34a07e3172128adcd8b3090168a8e3bcc40d7c032b9dda1df7d1c" "/opt/rustwide/cargo-home/bin/cargo" "+1.75.0" "build" "--frozen" "--message-format=json", kill_on_drop: false }`
[INFO] [stdout] 5e46218d2c8c8485974bcd4115e2d00698e8fb76991f391479f450392c162a05
[INFO] running `Command { std: "docker" "start" "-a" "5e46218d2c8c8485974bcd4115e2d00698e8fb76991f391479f450392c162a05", kill_on_drop: false }`
[INFO] [stderr]    Compiling serde v1.0.194
[INFO] [stderr]    Compiling generic-array v0.14.7
[INFO] [stderr]    Compiling opaque-debug v0.3.0
[INFO] [stderr]    Compiling base64 v0.13.1
[INFO] [stderr]    Compiling serde_repr v0.1.18
[INFO] [stderr]    Compiling digest v0.9.0
[INFO] [stderr]    Compiling block-buffer v0.9.0
[INFO] [stderr]    Compiling sha2 v0.9.9
[INFO] [stderr]    Compiling vhr_serde v0.1.0
[INFO] [stderr]    Compiling serde_bytes v0.11.14
[INFO] [stderr]    Compiling vhr_datatypes v0.1.0 (/opt/rustwide/workdir)
[INFO] [stderr]     Finished dev [unoptimized + debuginfo] target(s) in 4.88s
[INFO] running `Command { std: "docker" "inspect" "5e46218d2c8c8485974bcd4115e2d00698e8fb76991f391479f450392c162a05", kill_on_drop: false }`
[INFO] running `Command { std: "docker" "rm" "-f" "5e46218d2c8c8485974bcd4115e2d00698e8fb76991f391479f450392c162a05", kill_on_drop: false }`
[INFO] [stdout] 5e46218d2c8c8485974bcd4115e2d00698e8fb76991f391479f450392c162a05
[INFO] running `Command { std: "docker" "create" "-v" "/var/lib/crater-agent-workspace/builds/worker-6-tc1/target:/opt/rustwide/target:rw,Z" "-v" "/var/lib/crater-agent-workspace/builds/worker-6-tc1/source:/opt/rustwide/workdir:ro,Z" "-v" "/var/lib/crater-agent-workspace/cargo-home:/opt/rustwide/cargo-home:ro,Z" "-v" "/var/lib/crater-agent-workspace/rustup-home:/opt/rustwide/rustup-home:ro,Z" "-e" "SOURCE_DIR=/opt/rustwide/workdir" "-e" "CARGO_TARGET_DIR=/opt/rustwide/target" "-e" "CARGO_INCREMENTAL=0" "-e" "RUST_BACKTRACE=full" "-e" "RUSTFLAGS=--cap-lints=warn" "-e" "RUSTDOCFLAGS=--cap-lints=warn" "-e" "CARGO_HOME=/opt/rustwide/cargo-home" "-e" "RUSTUP_HOME=/opt/rustwide/rustup-home" "-w" "/opt/rustwide/workdir" "-m" "1610612736" "--user" "0:0" "--network" "none" "ghcr.io/rust-lang/crates-build-env/linux@sha256:2788e3201cd34a07e3172128adcd8b3090168a8e3bcc40d7c032b9dda1df7d1c" "/opt/rustwide/cargo-home/bin/cargo" "+1.75.0" "test" "--frozen" "--no-run" "--message-format=json", kill_on_drop: false }`
[INFO] [stdout] 8490fce1c6c8b3b97eeac3bcdf0252644cbcc3d86206ed9fbe4ce7e1ea87fcf5
[INFO] running `Command { std: "docker" "start" "-a" "8490fce1c6c8b3b97eeac3bcdf0252644cbcc3d86206ed9fbe4ce7e1ea87fcf5", kill_on_drop: false }`
[INFO] [stderr]    Compiling vhr_datatypes v0.1.0 (/opt/rustwide/workdir)
[INFO] [stderr]     Finished test [unoptimized + debuginfo] target(s) in 1.99s
[INFO] running `Command { std: "docker" "inspect" "8490fce1c6c8b3b97eeac3bcdf0252644cbcc3d86206ed9fbe4ce7e1ea87fcf5", kill_on_drop: false }`
[INFO] running `Command { std: "docker" "rm" "-f" "8490fce1c6c8b3b97eeac3bcdf0252644cbcc3d86206ed9fbe4ce7e1ea87fcf5", kill_on_drop: false }`
[INFO] [stdout] 8490fce1c6c8b3b97eeac3bcdf0252644cbcc3d86206ed9fbe4ce7e1ea87fcf5
[INFO] running `Command { std: "docker" "create" "-v" "/var/lib/crater-agent-workspace/builds/worker-6-tc1/target:/opt/rustwide/target:rw,Z" "-v" "/var/lib/crater-agent-workspace/builds/worker-6-tc1/source:/opt/rustwide/workdir:ro,Z" "-v" "/var/lib/crater-agent-workspace/cargo-home:/opt/rustwide/cargo-home:ro,Z" "-v" "/var/lib/crater-agent-workspace/rustup-home:/opt/rustwide/rustup-home:ro,Z" "-e" "SOURCE_DIR=/opt/rustwide/workdir" "-e" "CARGO_TARGET_DIR=/opt/rustwide/target" "-e" "CARGO_INCREMENTAL=0" "-e" "RUST_BACKTRACE=full" "-e" "RUSTFLAGS=--cap-lints=warn" "-e" "RUSTDOCFLAGS=--cap-lints=warn" "-e" "CARGO_HOME=/opt/rustwide/cargo-home" "-e" "RUSTUP_HOME=/opt/rustwide/rustup-home" "-w" "/opt/rustwide/workdir" "-m" "1610612736" "--user" "0:0" "--network" "none" "ghcr.io/rust-lang/crates-build-env/linux@sha256:2788e3201cd34a07e3172128adcd8b3090168a8e3bcc40d7c032b9dda1df7d1c" "/opt/rustwide/cargo-home/bin/cargo" "+1.75.0" "test" "--frozen", kill_on_drop: false }`
[INFO] [stdout] f5adfb0c11f5e89268aa2a9b5af7ff86b2ffb6a33a2872dc8ad7630696b771a1
[INFO] running `Command { std: "docker" "start" "-a" "f5adfb0c11f5e89268aa2a9b5af7ff86b2ffb6a33a2872dc8ad7630696b771a1", kill_on_drop: false }`
[INFO] [stderr]     Finished test [unoptimized + debuginfo] target(s) in 0.01s
[INFO] [stderr]      Running unittests src/lib.rs (/opt/rustwide/target/debug/deps/vhr_datatypes-265a58215464650b)
[INFO] [stdout] 
[INFO] [stdout] running 4 tests
[INFO] [stdout] test wrappers::hashed_string::check_hash_ab ... ok
[INFO] [stdout] test wrappers::hashed_string::check_hash_a ... ok
[INFO] [stdout] test wrappers::hashed_string::check_hash_names ... ok
[INFO] [stdout] test wrappers::hashed_string::check_const_hash_fn ... ok
[INFO] [stdout] 
[INFO] [stdout] test result: ok. 4 passed; 0 failed; 0 ignored; 0 measured; 0 filtered out; finished in 0.00s
[INFO] [stdout] 
[INFO] [stderr]    Doc-tests vhr_datatypes
[INFO] [stdout] 
[INFO] [stdout] running 1 test
[INFO] [stdout] test src/wrappers/wrapper.rs - wrappers::wrapper::Wrapped (line 62) ... FAILED
[INFO] [stdout] 
[INFO] [stdout] failures:
[INFO] [stdout] 
[INFO] [stdout] ---- src/wrappers/wrapper.rs - wrappers::wrapper::Wrapped (line 62) stdout ----
[INFO] [stdout] error[E0405]: cannot find trait `Wrapped` in this scope
[INFO] [stdout]  --> src/wrappers/wrapper.rs:64:6
[INFO] [stdout]   |
[INFO] [stdout] 4 | impl Wrapped for MyType {
[INFO] [stdout]   |      ^^^^^^^ not found in this scope
[INFO] [stdout]   |
[INFO] [stdout] help: consider importing this trait
[INFO] [stdout]   |
[INFO] [stdout] 2 + use vhr_datatypes::wrappers::wrapper::Wrapped;
[INFO] [stdout]   |
[INFO] [stdout] 
[INFO] [stdout] error[E0412]: cannot find type `WrapperArray` in this scope
[INFO] [stdout]  --> src/wrappers/wrapper.rs:65:23
[INFO] [stdout]   |
[INFO] [stdout] 5 |     fn strip(wrapper: WrapperArray) -> Wrapper<MyType> {
[INFO] [stdout]   |                       ^^^^^^^^^^^^ not found in this scope
[INFO] [stdout]   |
[INFO] [stdout] help: consider importing this struct
[INFO] [stdout]   |
[INFO] [stdout] 2 + use vhr_datatypes::wrappers::wrapper::WrapperArray;
[INFO] [stdout]   |
[INFO] [stdout] 
[INFO] [stdout] error[E0412]: cannot find type `Wrapper` in this scope
[INFO] [stdout]  --> src/wrappers/wrapper.rs:65:40
[INFO] [stdout]   |
[INFO] [stdout] 5 |     fn strip(wrapper: WrapperArray) -> Wrapper<MyType> {
[INFO] [stdout]   |                                        ^^^^^^^ not found in this scope
[INFO] [stdout]   |
[INFO] [stdout] help: consider importing one of these items
[INFO] [stdout]   |
[INFO] [stdout] 2 + use core::asserting::Wrapper;
[INFO] [stdout]   |
[INFO] [stdout] 2 + use vhr_datatypes::wrappers::wrapper::Wrapper;
[INFO] [stdout]   |
[INFO] [stdout] 
[INFO] [stdout] error[E0433]: failed to resolve: use of undeclared type `VHDeserializer`
[INFO] [stdout]  --> src/wrappers/wrapper.rs:66:32
[INFO] [stdout]   |
[INFO] [stdout] 6 |         let mut deserializer = VHDeserializer::from_owned(wrapper.inner, ());
[INFO] [stdout]   |                                ^^^^^^^^^^^^^^ use of undeclared type `VHDeserializer`
[INFO] [stdout]   |
[INFO] [stdout] help: consider importing this struct
[INFO] [stdout]   |
[INFO] [stdout] 2 + use vhr_serde::VHDeserializer;
[INFO] [stdout]   |
[INFO] [stdout] 
[INFO] [stdout] error[E0405]: cannot find trait `Deserialize` in this scope
[INFO] [stdout]  --> src/wrappers/wrapper.rs:67:32
[INFO] [stdout]   |
[INFO] [stdout] 7 |         let inner = <MyType as Deserialize>::deserialize(&mut deserializer).unwrap();
[INFO] [stdout]   |                                ^^^^^^^^^^^ not found in this scope
[INFO] [stdout]   |
[INFO] [stdout] help: consider importing one of these items
[INFO] [stdout]   |
[INFO] [stdout] 2 + use serde::Deserialize;
[INFO] [stdout]   |
[INFO] [stdout] 2 + use serde_bytes::Deserialize;
[INFO] [stdout]   |
[INFO] [stdout] 
[INFO] [stdout] error[E0422]: cannot find struct, variant or union type `Wrapper` in this scope
[INFO] [stdout]  --> src/wrappers/wrapper.rs:68:9
[INFO] [stdout]   |
[INFO] [stdout] 8 |         Wrapper { inner }
[INFO] [stdout]   |         ^^^^^^^ not found in this scope
[INFO] [stdout]   |
[INFO] [stdout] help: consider importing one of these items
[INFO] [stdout]   |
[INFO] [stdout] 2 + use core::asserting::Wrapper;
[INFO] [stdout]   |
[INFO] [stdout] 2 + use vhr_datatypes::wrappers::wrapper::Wrapper;
[INFO] [stdout]   |
[INFO] [stdout] 
[INFO] [stdout] error[E0412]: cannot find type `Wrapper` in this scope
[INFO] [stdout]   --> src/wrappers/wrapper.rs:70:19
[INFO] [stdout]    |
[INFO] [stdout] 10 |     fn wrap(item: Wrapper<MyType>) -> WrapperArray {
[INFO] [stdout]    |                   ^^^^^^^ not found in this scope
[INFO] [stdout]    |
[INFO] [stdout] help: consider importing one of these items
[INFO] [stdout]    |
[INFO] [stdout] 2  + use core::asserting::Wrapper;
[INFO] [stdout]    |
[INFO] [stdout] 2  + use vhr_datatypes::wrappers::wrapper::Wrapper;
[INFO] [stdout]    |
[INFO] [stdout] 
[INFO] [stdout] error[E0412]: cannot find type `WrapperArray` in this scope
[INFO] [stdout]   --> src/wrappers/wrapper.rs:70:39
[INFO] [stdout]    |
[INFO] [stdout] 10 |     fn wrap(item: Wrapper<MyType>) -> WrapperArray {
[INFO] [stdout]    |                                       ^^^^^^^^^^^^ not found in this scope
[INFO] [stdout]    |
[INFO] [stdout] help: consider importing this struct
[INFO] [stdout]    |
[INFO] [stdout] 2  + use vhr_datatypes::wrappers::wrapper::WrapperArray;
[INFO] [stdout]    |
[INFO] [stdout] 
[INFO] [stdout] error[E0433]: failed to resolve: use of undeclared type `VHSerializer`
[INFO] [stdout]   --> src/wrappers/wrapper.rs:72:34
[INFO] [stdout]    |
[INFO] [stdout] 12 |             let mut serializer = VHSerializer::new();
[INFO] [stdout]    |                                  ^^^^^^^^^^^^ use of undeclared type `VHSerializer`
[INFO] [stdout]    |
[INFO] [stdout] help: consider importing this struct
[INFO] [stdout]    |
[INFO] [stdout] 2  + use vhr_serde::VHSerializer;
[INFO] [stdout]    |
[INFO] [stdout] 
[INFO] [stdout] error[E0405]: cannot find trait `Serialize` in this scope
[INFO] [stdout]   --> src/wrappers/wrapper.rs:73:24
[INFO] [stdout]    |
[INFO] [stdout] 13 |             <MyType as Serialize>::serialize(&item.inner, &mut serializer).unwrap();
[INFO] [stdout]    |                        ^^^^^^^^^ not found in this scope
[INFO] [stdout]    |
[INFO] [stdout] help: consider importing one of these items
[INFO] [stdout]    |
[INFO] [stdout] 2  + use serde::Serialize;
[INFO] [stdout]    |
[INFO] [stdout] 2  + use serde_bytes::Serialize;
[INFO] [stdout]    |
[INFO] [stdout] 
[INFO] [stdout] error[E0422]: cannot find struct, variant or union type `WrapperArray` in this scope
[INFO] [stdout]   --> src/wrappers/wrapper.rs:76:9
[INFO] [stdout]    |
[INFO] [stdout] 16 |         WrapperArray { inner }
[INFO] [stdout]    |         ^^^^^^^^^^^^ not found in this scope
[INFO] [stdout]    |
[INFO] [stdout] help: consider importing this struct
[INFO] [stdout]    |
[INFO] [stdout] 2  + use vhr_datatypes::wrappers::wrapper::WrapperArray;
[INFO] [stdout]    |
[INFO] [stdout] 
[INFO] [stdout] error: aborting due to 11 previous errors
[INFO] [stdout] 
[INFO] [stdout] Some errors have detailed explanations: E0405, E0412, E0422, E0433.
[INFO] [stdout] For more information about an error, try `rustc --explain E0405`.
[INFO] [stdout] Couldn't compile the test.
[INFO] [stdout] 
[INFO] [stdout] failures:
[INFO] [stdout]     src/wrappers/wrapper.rs - wrappers::wrapper::Wrapped (line 62)
[INFO] [stdout] 
[INFO] [stdout] test result: FAILED. 0 passed; 1 failed; 0 ignored; 0 measured; 0 filtered out; finished in 0.04s
[INFO] [stdout] 
[INFO] [stderr] error: doctest failed, to rerun pass `--doc`
[INFO] running `Command { std: "docker" "inspect" "f5adfb0c11f5e89268aa2a9b5af7ff86b2ffb6a33a2872dc8ad7630696b771a1", kill_on_drop: false }`
[INFO] running `Command { std: "docker" "rm" "-f" "f5adfb0c11f5e89268aa2a9b5af7ff86b2ffb6a33a2872dc8ad7630696b771a1", kill_on_drop: false }`
[INFO] [stdout] f5adfb0c11f5e89268aa2a9b5af7ff86b2ffb6a33a2872dc8ad7630696b771a1
