[INFO] fetching crate vger 0.2.7...
[INFO] testing vger-0.2.7 against 1.75.0 for beta-1.76-1
[INFO] extracting crate vger 0.2.7 into /workspace/builds/worker-4-tc1/source
[INFO] validating manifest of crates.io crate vger 0.2.7 on toolchain 1.75.0
[INFO] running `Command { std: CARGO_HOME="/workspace/cargo-home" RUSTUP_HOME="/workspace/rustup-home" "/workspace/cargo-home/bin/cargo" "+1.75.0" "metadata" "--manifest-path" "Cargo.toml" "--no-deps", kill_on_drop: false }`
[INFO] started tweaking crates.io crate vger 0.2.7
[INFO] finished tweaking crates.io crate vger 0.2.7
[INFO] tweaked toml for crates.io crate vger 0.2.7 written to /workspace/builds/worker-4-tc1/source/Cargo.toml
[INFO] running `Command { std: CARGO_HOME="/workspace/cargo-home" RUSTUP_HOME="/workspace/rustup-home" "/workspace/cargo-home/bin/cargo" "+1.75.0" "generate-lockfile" "--manifest-path" "Cargo.toml", kill_on_drop: false }`
[INFO] [stderr]     Updating crates.io index
[INFO] running `Command { std: CARGO_HOME="/workspace/cargo-home" RUSTUP_HOME="/workspace/rustup-home" "/workspace/cargo-home/bin/cargo" "+1.75.0" "fetch" "--manifest-path" "Cargo.toml", kill_on_drop: false }`
[INFO] [stderr]  Downloading crates ...
[INFO] [stderr]   Downloaded rect_packer v0.2.1
[INFO] running `Command { std: "docker" "create" "-v" "/var/lib/crater-agent-workspace/builds/worker-4-tc1/target:/opt/rustwide/target:rw,Z" "-v" "/var/lib/crater-agent-workspace/builds/worker-4-tc1/source:/opt/rustwide/workdir:ro,Z" "-v" "/var/lib/crater-agent-workspace/cargo-home:/opt/rustwide/cargo-home:ro,Z" "-v" "/var/lib/crater-agent-workspace/rustup-home:/opt/rustwide/rustup-home:ro,Z" "-e" "SOURCE_DIR=/opt/rustwide/workdir" "-e" "CARGO_TARGET_DIR=/opt/rustwide/target" "-e" "CARGO_HOME=/opt/rustwide/cargo-home" "-e" "RUSTUP_HOME=/opt/rustwide/rustup-home" "-w" "/opt/rustwide/workdir" "-m" "1610612736" "--user" "0:0" "--network" "none" "ghcr.io/rust-lang/crates-build-env/linux@sha256:2788e3201cd34a07e3172128adcd8b3090168a8e3bcc40d7c032b9dda1df7d1c" "/opt/rustwide/cargo-home/bin/cargo" "+1.75.0" "metadata" "--no-deps" "--format-version=1", kill_on_drop: false }`
[INFO] [stdout] 5328f25bfe1b13b5c1f7684c32a53ccb98c1d25b1761265cbf21014f03a984c0
[INFO] running `Command { std: "docker" "start" "-a" "5328f25bfe1b13b5c1f7684c32a53ccb98c1d25b1761265cbf21014f03a984c0", kill_on_drop: false }`
[INFO] running `Command { std: "docker" "inspect" "5328f25bfe1b13b5c1f7684c32a53ccb98c1d25b1761265cbf21014f03a984c0", kill_on_drop: false }`
[INFO] running `Command { std: "docker" "rm" "-f" "5328f25bfe1b13b5c1f7684c32a53ccb98c1d25b1761265cbf21014f03a984c0", kill_on_drop: false }`
[INFO] [stdout] 5328f25bfe1b13b5c1f7684c32a53ccb98c1d25b1761265cbf21014f03a984c0
[INFO] running `Command { std: "docker" "create" "-v" "/var/lib/crater-agent-workspace/builds/worker-4-tc1/target:/opt/rustwide/target:rw,Z" "-v" "/var/lib/crater-agent-workspace/builds/worker-4-tc1/source:/opt/rustwide/workdir:ro,Z" "-v" "/var/lib/crater-agent-workspace/cargo-home:/opt/rustwide/cargo-home:ro,Z" "-v" "/var/lib/crater-agent-workspace/rustup-home:/opt/rustwide/rustup-home:ro,Z" "-e" "SOURCE_DIR=/opt/rustwide/workdir" "-e" "CARGO_TARGET_DIR=/opt/rustwide/target" "-e" "CARGO_INCREMENTAL=0" "-e" "RUST_BACKTRACE=full" "-e" "RUSTFLAGS=--cap-lints=warn" "-e" "RUSTDOCFLAGS=--cap-lints=warn" "-e" "CARGO_HOME=/opt/rustwide/cargo-home" "-e" "RUSTUP_HOME=/opt/rustwide/rustup-home" "-w" "/opt/rustwide/workdir" "-m" "1610612736" "--user" "0:0" "--network" "none" "ghcr.io/rust-lang/crates-build-env/linux@sha256:2788e3201cd34a07e3172128adcd8b3090168a8e3bcc40d7c032b9dda1df7d1c" "/opt/rustwide/cargo-home/bin/cargo" "+1.75.0" "build" "--frozen" "--message-format=json", kill_on_drop: false }`
[INFO] [stdout] dab5d4d2ebe9a74cc35914912b85bdc49e9d1f276f33e97f15a00f6d6a1f3182
[INFO] running `Command { std: "docker" "start" "-a" "dab5d4d2ebe9a74cc35914912b85bdc49e9d1f276f33e97f15a00f6d6a1f3182", kill_on_drop: false }`
[INFO] [stderr]    Compiling num-traits v0.2.17
[INFO] [stderr]    Compiling once_cell v1.19.0
[INFO] [stderr]    Compiling bitflags v1.3.2
[INFO] [stderr]    Compiling indexmap v1.9.3
[INFO] [stderr]    Compiling bitflags v2.4.1
[INFO] [stderr]    Compiling libloading v0.7.4
[INFO] [stderr]    Compiling smallvec v1.11.2
[INFO] [stderr]    Compiling ahash v0.8.7
[INFO] [stderr]    Compiling khronos-egl v4.1.0
[INFO] [stderr]    Compiling bit-vec v0.6.3
[INFO] [stderr]    Compiling ash v0.37.3+1.3.251
[INFO] [stderr]    Compiling termcolor v1.4.0
[INFO] [stderr]    Compiling unicode-width v0.1.11
[INFO] [stderr]    Compiling hexf-parse v0.2.1
[INFO] [stderr]    Compiling thiserror-impl v1.0.56
[INFO] [stderr]    Compiling log v0.4.20
[INFO] [stderr]    Compiling gpu-alloc-types v0.2.0
[INFO] [stderr]    Compiling unicode-xid v0.2.4
[INFO] [stderr]    Compiling gpu-descriptor-types v0.1.2
[INFO] [stderr]    Compiling gpu-alloc v0.5.4
[INFO] [stderr]    Compiling wgpu-types v0.16.1
[INFO] [stderr]    Compiling libloading v0.8.1
[INFO] [stderr]    Compiling profiling v1.0.13
[INFO] [stderr]    Compiling bit-set v0.5.3
[INFO] [stderr]    Compiling parking_lot_core v0.9.9
[INFO] [stderr]    Compiling glow v0.12.3
[INFO] [stderr]    Compiling raw-window-handle v0.5.2
[INFO] [stderr]    Compiling codespan-reporting v0.11.1
[INFO] [stderr]    Compiling renderdoc-sys v1.0.0
[INFO] [stderr]    Compiling ttf-parser v0.15.2
[INFO] [stderr]    Compiling static_assertions v1.1.0
[INFO] [stderr]    Compiling parking_lot v0.12.1
[INFO] [stderr]    Compiling rect_packer v0.2.1
[INFO] [stderr]    Compiling hashbrown v0.14.3
[INFO] [stderr]    Compiling hashbrown v0.13.2
[INFO] [stderr]    Compiling gpu-descriptor v0.2.4
[INFO] [stderr]    Compiling fontdue v0.7.3
[INFO] [stderr]    Compiling thiserror v1.0.56
[INFO] [stderr]    Compiling spirv v0.2.0+1.5.4
[INFO] [stderr]    Compiling euclid v0.22.9
[INFO] [stderr]    Compiling naga v0.12.3
[INFO] [stderr]    Compiling wgpu-hal v0.16.2
[INFO] [stderr]    Compiling wgpu-core v0.16.1
[INFO] [stderr]    Compiling wgpu v0.16.3
[INFO] [stderr]    Compiling vger v0.2.7 (/opt/rustwide/workdir)
[INFO] [stderr]     Finished dev [unoptimized + debuginfo] target(s) in 14.92s
[INFO] running `Command { std: "docker" "inspect" "dab5d4d2ebe9a74cc35914912b85bdc49e9d1f276f33e97f15a00f6d6a1f3182", kill_on_drop: false }`
[INFO] running `Command { std: "docker" "rm" "-f" "dab5d4d2ebe9a74cc35914912b85bdc49e9d1f276f33e97f15a00f6d6a1f3182", kill_on_drop: false }`
[INFO] [stdout] dab5d4d2ebe9a74cc35914912b85bdc49e9d1f276f33e97f15a00f6d6a1f3182
[INFO] running `Command { std: "docker" "create" "-v" "/var/lib/crater-agent-workspace/builds/worker-4-tc1/target:/opt/rustwide/target:rw,Z" "-v" "/var/lib/crater-agent-workspace/builds/worker-4-tc1/source:/opt/rustwide/workdir:ro,Z" "-v" "/var/lib/crater-agent-workspace/cargo-home:/opt/rustwide/cargo-home:ro,Z" "-v" "/var/lib/crater-agent-workspace/rustup-home:/opt/rustwide/rustup-home:ro,Z" "-e" "SOURCE_DIR=/opt/rustwide/workdir" "-e" "CARGO_TARGET_DIR=/opt/rustwide/target" "-e" "CARGO_INCREMENTAL=0" "-e" "RUST_BACKTRACE=full" "-e" "RUSTFLAGS=--cap-lints=warn" "-e" "RUSTDOCFLAGS=--cap-lints=warn" "-e" "CARGO_HOME=/opt/rustwide/cargo-home" "-e" "RUSTUP_HOME=/opt/rustwide/rustup-home" "-w" "/opt/rustwide/workdir" "-m" "1610612736" "--user" "0:0" "--network" "none" "ghcr.io/rust-lang/crates-build-env/linux@sha256:2788e3201cd34a07e3172128adcd8b3090168a8e3bcc40d7c032b9dda1df7d1c" "/opt/rustwide/cargo-home/bin/cargo" "+1.75.0" "test" "--frozen" "--no-run" "--message-format=json", kill_on_drop: false }`
[INFO] [stdout] afd4b541267b669f33b7f6ea4f14bede9e8c098e586a2ecabb2eac356a7cf263
[INFO] running `Command { std: "docker" "start" "-a" "afd4b541267b669f33b7f6ea4f14bede9e8c098e586a2ecabb2eac356a7cf263", kill_on_drop: false }`
[INFO] [stderr]    Compiling futures-core v0.3.30
[INFO] [stderr]    Compiling syn v2.0.48
[INFO] [stderr]    Compiling simd-adler32 v0.3.7
[INFO] [stderr]    Compiling crc32fast v1.3.2
[INFO] [stderr]    Compiling futures-sink v0.3.30
[INFO] [stderr]    Compiling pin-utils v0.1.0
[INFO] [stderr]    Compiling futures-task v0.3.30
[INFO] [stderr]    Compiling futures-io v0.3.30
[INFO] [stderr]    Compiling svg v0.13.1
[INFO] [stderr]    Compiling futures-channel v0.3.30
[INFO] [stderr]    Compiling futures-intrusive v0.5.0
[INFO] [stderr]    Compiling miniz_oxide v0.7.1
[INFO] [stderr]    Compiling fdeflate v0.3.3
[INFO] [stderr]    Compiling flate2 v1.0.28
[INFO] [stderr]    Compiling png v0.17.10
[INFO] [stderr]    Compiling thiserror-impl v1.0.56
[INFO] [stderr]    Compiling futures-macro v0.3.30
[INFO] [stderr]    Compiling futures-util v0.3.30
[INFO] [stderr]    Compiling thiserror v1.0.56
[INFO] [stderr]    Compiling naga v0.12.3
[INFO] [stderr]    Compiling futures-executor v0.3.30
[INFO] [stderr]    Compiling futures v0.3.30
[INFO] [stderr]    Compiling wgpu-hal v0.16.2
[INFO] [stderr]    Compiling wgpu-core v0.16.1
[INFO] [stderr]    Compiling wgpu v0.16.3
[INFO] [stderr]    Compiling vger v0.2.7 (/opt/rustwide/workdir)
[INFO] [stderr]     Finished test [unoptimized + debuginfo] target(s) in 16.07s
[INFO] running `Command { std: "docker" "inspect" "afd4b541267b669f33b7f6ea4f14bede9e8c098e586a2ecabb2eac356a7cf263", kill_on_drop: false }`
[INFO] running `Command { std: "docker" "rm" "-f" "afd4b541267b669f33b7f6ea4f14bede9e8c098e586a2ecabb2eac356a7cf263", kill_on_drop: false }`
[INFO] [stdout] afd4b541267b669f33b7f6ea4f14bede9e8c098e586a2ecabb2eac356a7cf263
[INFO] running `Command { std: "docker" "create" "-v" "/var/lib/crater-agent-workspace/builds/worker-4-tc1/target:/opt/rustwide/target:rw,Z" "-v" "/var/lib/crater-agent-workspace/builds/worker-4-tc1/source:/opt/rustwide/workdir:ro,Z" "-v" "/var/lib/crater-agent-workspace/cargo-home:/opt/rustwide/cargo-home:ro,Z" "-v" "/var/lib/crater-agent-workspace/rustup-home:/opt/rustwide/rustup-home:ro,Z" "-e" "SOURCE_DIR=/opt/rustwide/workdir" "-e" "CARGO_TARGET_DIR=/opt/rustwide/target" "-e" "CARGO_INCREMENTAL=0" "-e" "RUST_BACKTRACE=full" "-e" "RUSTFLAGS=--cap-lints=warn" "-e" "RUSTDOCFLAGS=--cap-lints=warn" "-e" "CARGO_HOME=/opt/rustwide/cargo-home" "-e" "RUSTUP_HOME=/opt/rustwide/rustup-home" "-w" "/opt/rustwide/workdir" "-m" "1610612736" "--user" "0:0" "--network" "none" "ghcr.io/rust-lang/crates-build-env/linux@sha256:2788e3201cd34a07e3172128adcd8b3090168a8e3bcc40d7c032b9dda1df7d1c" "/opt/rustwide/cargo-home/bin/cargo" "+1.75.0" "test" "--frozen", kill_on_drop: false }`
[INFO] [stdout] 8c07f5432182efcd8d4a440ee3a0fd109e998c3730dd224f3347ac4850879322
[INFO] running `Command { std: "docker" "start" "-a" "8c07f5432182efcd8d4a440ee3a0fd109e998c3730dd224f3347ac4850879322", kill_on_drop: false }`
[INFO] [stderr]     Finished test [unoptimized + debuginfo] target(s) in 0.08s
[INFO] [stderr]      Running unittests src/lib.rs (/opt/rustwide/target/debug/deps/vger-d812abdf49fd657c)
[INFO] [stdout] 
[INFO] [stdout] running 4 tests
[INFO] [stdout] test paint::tests::test_paint_size ... ok
[INFO] [stdout] test paint::tests::test_linear_gradient ... ok
[INFO] [stdout] test path::tests::test_path_scanner ... ok
[INFO] [stdout] test prim::tests::test_size ... ok
[INFO] [stdout] 
[INFO] [stdout] test result: ok. 4 passed; 0 failed; 0 ignored; 0 measured; 0 filtered out; finished in 0.00s
[INFO] [stdout] 
[INFO] [stderr]      Running tests/common.rs (/opt/rustwide/target/debug/deps/common-80b38a93af789fdb)
[INFO] [stdout] 
[INFO] [stdout] running 0 tests
[INFO] [stdout] 
[INFO] [stdout] test result: ok. 0 passed; 0 failed; 0 ignored; 0 measured; 0 filtered out; finished in 0.00s
[INFO] [stdout] 
[INFO] [stderr]      Running tests/tests.rs (/opt/rustwide/target/debug/deps/tests-0e8703a3e9b6038d)
[INFO] [stdout] 
[INFO] [stdout] running 18 tests
[INFO] [stdout] test test_color_hex ... ok
[INFO] [stderr] error: XDG_RUNTIME_DIR not set in the environment.
[INFO] [stderr] error: XDG_RUNTIME_DIR not set in the environment.
[INFO] [stderr] error: XDG_RUNTIME_DIR not set in the environment.
[INFO] [stderr] error: XDG_RUNTIME_DIR not set in the environment.
[INFO] [stderr] error: XDG_RUNTIME_DIR not set in the environment.
[INFO] [stderr] error: XDG_RUNTIME_DIR not set in the environment.
[INFO] [stderr] error: XDG_RUNTIME_DIR not set in the environment.
[INFO] [stderr] error: XDG_RUNTIME_DIR not set in the environment.
[INFO] [stderr] error: XDG_RUNTIME_DIR not set in the environment.
[INFO] [stderr] error: XDG_RUNTIME_DIR not set in the environment.
[INFO] [stderr] error: XDG_RUNTIME_DIR not set in the environment.
[INFO] [stderr] error: XDG_RUNTIME_DIR not set in the environment.
[INFO] [stderr] error: XDG_RUNTIME_DIR not set in the environment.
[INFO] [stderr] error: XDG_RUNTIME_DIR not set in the environment.
[INFO] [stderr] error: XDG_RUNTIME_DIR not set in the environment.
[INFO] [stderr] error: XDG_RUNTIME_DIR not set in the environment.
[INFO] [stderr] error: XDG_RUNTIME_DIR not set in the environment.
[INFO] [stderr] error: XDG_RUNTIME_DIR not set in the environment.
[INFO] [stderr] error: XDG_RUNTIME_DIR not set in the environment.
[INFO] [stderr] error: XDG_RUNTIME_DIR not set in the environment.
[INFO] [stderr] error: XDG_RUNTIME_DIR not set in the environment.
[INFO] [stderr] error: XDG_RUNTIME_DIR not set in the environment.
[INFO] [stderr] error: XDG_RUNTIME_DIR not set in the environment.
[INFO] [stderr] error: XDG_RUNTIME_DIR not set in the environment.
[INFO] [stderr] error: XDG_RUNTIME_DIR not set in the environment.
[INFO] [stderr] error: XDG_RUNTIME_DIR not set in the environment.
[INFO] [stderr] error: XDG_RUNTIME_DIR not set in the environment.
[INFO] [stderr] error: XDG_RUNTIME_DIR not set in the environment.
[INFO] [stderr] error: XDG_RUNTIME_DIR not set in the environment.
[INFO] [stderr] error: XDG_RUNTIME_DIR not set in the environment.
[INFO] [stderr] error: XDG_RUNTIME_DIR not set in the environment.
[INFO] [stderr] error: XDG_RUNTIME_DIR not set in the environment.
[INFO] [stderr] error: XDG_RUNTIME_DIR not set in the environment.
[INFO] [stderr] error: XDG_RUNTIME_DIR not set in the environment.
[INFO] [stderr] error: XDG_RUNTIME_DIR not set in the environment.
[INFO] [stderr] error: XDG_RUNTIME_DIR not set in the environment.
[INFO] [stderr] error: XDG_RUNTIME_DIR not set in the environment.
[INFO] [stderr] error: XDG_RUNTIME_DIR not set in the environment.
[INFO] [stderr] error: XDG_RUNTIME_DIR not set in the environment.
[INFO] [stderr] error: XDG_RUNTIME_DIR not set in the environment.
[INFO] [stderr] error: XDG_RUNTIME_DIR not set in the environment.
[INFO] [stderr] error: XDG_RUNTIME_DIR not set in the environment.
[INFO] [stderr] error: XDG_RUNTIME_DIR not set in the environment.
[INFO] [stderr] error: XDG_RUNTIME_DIR not set in the environment.
[INFO] [stderr] error: XDG_RUNTIME_DIR not set in the environment.
[INFO] [stderr] error: XDG_RUNTIME_DIR not set in the environment.
[INFO] [stderr] error: XDG_RUNTIME_DIR not set in the environment.
[INFO] [stderr] error: XDG_RUNTIME_DIR not set in the environment.
[INFO] [stderr] error: XDG_RUNTIME_DIR not set in the environment.
[INFO] [stderr] error: XDG_RUNTIME_DIR not set in the environment.
[INFO] [stderr] error: XDG_RUNTIME_DIR not set in the environment.
[INFO] [stderr] error: XDG_RUNTIME_DIR not set in the environment.
[INFO] [stderr] error: XDG_RUNTIME_DIR not set in the environment.
[INFO] [stderr] error: XDG_RUNTIME_DIR not set in the environment.
[INFO] [stderr] error: XDG_RUNTIME_DIR not set in the environment.
[INFO] [stderr] error: XDG_RUNTIME_DIR not set in the environment.
[INFO] [stderr] error: XDG_RUNTIME_DIR not set in the environment.
[INFO] [stderr] error: XDG_RUNTIME_DIR not set in the environment.
[INFO] [stderr] error: XDG_RUNTIME_DIR not set in the environment.
[INFO] [stderr] error: XDG_RUNTIME_DIR not set in the environment.
[INFO] [stderr] error: XDG_RUNTIME_DIR not set in the environment.
[INFO] [stderr] error: XDG_RUNTIME_DIR not set in the environment.
[INFO] [stderr] error: XDG_RUNTIME_DIR not set in the environment.
[INFO] [stderr] error: XDG_RUNTIME_DIR not set in the environment.
[INFO] [stderr] error: XDG_RUNTIME_DIR not set in the environment.
[INFO] [stderr] error: XDG_RUNTIME_DIR not set in the environment.
[INFO] [stderr] error: XDG_RUNTIME_DIR not set in the environment.
[INFO] [stderr] error: XDG_RUNTIME_DIR not set in the environment.
[INFO] [stderr] error: XDG_RUNTIME_DIR not set in the environment.
[INFO] [stderr] error: XDG_RUNTIME_DIR not set in the environment.
[INFO] [stderr] error: XDG_RUNTIME_DIR not set in the environment.
[INFO] [stderr] error: XDG_RUNTIME_DIR not set in the environment.
[INFO] [stderr] error: XDG_RUNTIME_DIR not set in the environment.
[INFO] [stderr] error: XDG_RUNTIME_DIR not set in the environment.
[INFO] [stderr] error: XDG_RUNTIME_DIR not set in the environment.
[INFO] [stderr] error: XDG_RUNTIME_DIR not set in the environment.
[INFO] [stderr] error: XDG_RUNTIME_DIR not set in the environment.
[INFO] [stderr] error: XDG_RUNTIME_DIR not set in the environment.
[INFO] [stderr] error: XDG_RUNTIME_DIR not set in the environment.
[INFO] [stderr] error: XDG_RUNTIME_DIR not set in the environment.
[INFO] [stdout] test text ... FAILED
[INFO] [stdout] test segment_stroke_gradient ... FAILED
[INFO] [stdout] test text_scale ... FAILED
[INFO] [stdout] test fill_circle_translate ... FAILED
[INFO] [stdout] test stroke_arc_gradient ... FAILED
[INFO] [stdout] test test_scissor_text ... FAILED
[INFO] [stdout] test fill_circle ... FAILED
[INFO] [stdout] test fill_circle_array ... FAILED
[INFO] [stdout] test path_fill ... FAILED
[INFO] [stderr] error: XDG_RUNTIME_DIR not set in the environment.
[INFO] [stdout] test text_box ... FAILED
[INFO] [stdout] test fill_rect_gradient ... FAILED
[INFO] [stderr] error: XDG_RUNTIME_DIR not set in the environment.
[INFO] [stdout] test test_scissor ... FAILED
[INFO] [stderr] error: XDG_RUNTIME_DIR not set in the environment.
[INFO] [stderr] error: XDG_RUNTIME_DIR not set in the environment.
[INFO] [stderr] error: XDG_RUNTIME_DIR not set in the environment.
[INFO] [stdout] test stroke_rect_gradient ... FAILED
[INFO] [stdout] test bezier_stroke_gradient ... FAILED
[INFO] [stdout] test fill_rect ... FAILED
[INFO] [stdout] test text_small ... FAILED
[INFO] [stderr] error: test failed, to rerun pass `--test tests`
[INFO] [stderr] 
[INFO] [stderr] Caused by:
[INFO] [stderr]   process didn't exit successfully: `/opt/rustwide/target/debug/deps/tests-0e8703a3e9b6038d` (signal: 11, SIGSEGV: invalid memory reference)
[INFO] running `Command { std: "docker" "inspect" "8c07f5432182efcd8d4a440ee3a0fd109e998c3730dd224f3347ac4850879322", kill_on_drop: false }`
[INFO] running `Command { std: "docker" "rm" "-f" "8c07f5432182efcd8d4a440ee3a0fd109e998c3730dd224f3347ac4850879322", kill_on_drop: false }`
[INFO] [stdout] 8c07f5432182efcd8d4a440ee3a0fd109e998c3730dd224f3347ac4850879322
