[INFO] fetching crate vesper 0.11.0...
[INFO] testing vesper-0.11.0 against 1.75.0 for beta-1.76-1
[INFO] extracting crate vesper 0.11.0 into /workspace/builds/worker-2-tc1/source
[INFO] validating manifest of crates.io crate vesper 0.11.0 on toolchain 1.75.0
[INFO] running `Command { std: CARGO_HOME="/workspace/cargo-home" RUSTUP_HOME="/workspace/rustup-home" "/workspace/cargo-home/bin/cargo" "+1.75.0" "metadata" "--manifest-path" "Cargo.toml" "--no-deps", kill_on_drop: false }`
[INFO] started tweaking crates.io crate vesper 0.11.0
[INFO] finished tweaking crates.io crate vesper 0.11.0
[INFO] tweaked toml for crates.io crate vesper 0.11.0 written to /workspace/builds/worker-2-tc1/source/Cargo.toml
[INFO] running `Command { std: CARGO_HOME="/workspace/cargo-home" RUSTUP_HOME="/workspace/rustup-home" "/workspace/cargo-home/bin/cargo" "+1.75.0" "generate-lockfile" "--manifest-path" "Cargo.toml", kill_on_drop: false }`
[INFO] [stderr]     Updating crates.io index
[INFO] running `Command { std: CARGO_HOME="/workspace/cargo-home" RUSTUP_HOME="/workspace/rustup-home" "/workspace/cargo-home/bin/cargo" "+1.75.0" "fetch" "--manifest-path" "Cargo.toml", kill_on_drop: false }`
[INFO] [stderr]  Downloading crates ...
[INFO] [stderr]   Downloaded twilight-http-ratelimiting v0.15.3
[INFO] [stderr]   Downloaded twilight-validate v0.15.3
[INFO] [stderr]   Downloaded twilight-util v0.15.4
[INFO] [stderr]   Downloaded twilight-http v0.15.4
[INFO] [stderr]   Downloaded twilight-model v0.15.4
[INFO] [stderr]   Downloaded vesper-macros v0.12.0
[INFO] running `Command { std: "docker" "create" "-v" "/var/lib/crater-agent-workspace/builds/worker-2-tc1/target:/opt/rustwide/target:rw,Z" "-v" "/var/lib/crater-agent-workspace/builds/worker-2-tc1/source:/opt/rustwide/workdir:ro,Z" "-v" "/var/lib/crater-agent-workspace/cargo-home:/opt/rustwide/cargo-home:ro,Z" "-v" "/var/lib/crater-agent-workspace/rustup-home:/opt/rustwide/rustup-home:ro,Z" "-e" "SOURCE_DIR=/opt/rustwide/workdir" "-e" "CARGO_TARGET_DIR=/opt/rustwide/target" "-e" "CARGO_HOME=/opt/rustwide/cargo-home" "-e" "RUSTUP_HOME=/opt/rustwide/rustup-home" "-w" "/opt/rustwide/workdir" "-m" "1610612736" "--user" "0:0" "--network" "none" "ghcr.io/rust-lang/crates-build-env/linux@sha256:2788e3201cd34a07e3172128adcd8b3090168a8e3bcc40d7c032b9dda1df7d1c" "/opt/rustwide/cargo-home/bin/cargo" "+1.75.0" "metadata" "--no-deps" "--format-version=1", kill_on_drop: false }`
[INFO] [stdout] 5a639daefa33980d1387212c172f2559d5866e57e697da7cba013194131280c4
[INFO] running `Command { std: "docker" "start" "-a" "5a639daefa33980d1387212c172f2559d5866e57e697da7cba013194131280c4", kill_on_drop: false }`
[INFO] running `Command { std: "docker" "inspect" "5a639daefa33980d1387212c172f2559d5866e57e697da7cba013194131280c4", kill_on_drop: false }`
[INFO] running `Command { std: "docker" "rm" "-f" "5a639daefa33980d1387212c172f2559d5866e57e697da7cba013194131280c4", kill_on_drop: false }`
[INFO] [stdout] 5a639daefa33980d1387212c172f2559d5866e57e697da7cba013194131280c4
[INFO] running `Command { std: "docker" "create" "-v" "/var/lib/crater-agent-workspace/builds/worker-2-tc1/target:/opt/rustwide/target:rw,Z" "-v" "/var/lib/crater-agent-workspace/builds/worker-2-tc1/source:/opt/rustwide/workdir:ro,Z" "-v" "/var/lib/crater-agent-workspace/cargo-home:/opt/rustwide/cargo-home:ro,Z" "-v" "/var/lib/crater-agent-workspace/rustup-home:/opt/rustwide/rustup-home:ro,Z" "-e" "SOURCE_DIR=/opt/rustwide/workdir" "-e" "CARGO_TARGET_DIR=/opt/rustwide/target" "-e" "CARGO_INCREMENTAL=0" "-e" "RUST_BACKTRACE=full" "-e" "RUSTFLAGS=--cap-lints=warn" "-e" "RUSTDOCFLAGS=--cap-lints=warn" "-e" "CARGO_HOME=/opt/rustwide/cargo-home" "-e" "RUSTUP_HOME=/opt/rustwide/rustup-home" "-w" "/opt/rustwide/workdir" "-m" "1610612736" "--user" "0:0" "--network" "none" "ghcr.io/rust-lang/crates-build-env/linux@sha256:2788e3201cd34a07e3172128adcd8b3090168a8e3bcc40d7c032b9dda1df7d1c" "/opt/rustwide/cargo-home/bin/cargo" "+1.75.0" "build" "--frozen" "--message-format=json", kill_on_drop: false }`
[INFO] [stdout] fd47ab69d9d31ae6ca7a447ee5235eac5d64ed5989ed8df1fcb5d576c4f1a01a
[INFO] running `Command { std: "docker" "start" "-a" "fd47ab69d9d31ae6ca7a447ee5235eac5d64ed5989ed8df1fcb5d576c4f1a01a", kill_on_drop: false }`
[INFO] [stderr]    Compiling syn v2.0.48
[INFO] [stderr]    Compiling serde v1.0.194
[INFO] [stderr]    Compiling untrusted v0.9.0
[INFO] [stderr]    Compiling spin v0.9.8
[INFO] [stderr]    Compiling num-traits v0.2.17
[INFO] [stderr]    Compiling powerfmt v0.2.0
[INFO] [stderr]    Compiling rustls v0.20.9
[INFO] [stderr]    Compiling spin v0.5.2
[INFO] [stderr]    Compiling untrusted v0.7.1
[INFO] [stderr]    Compiling alloc-no-stdlib v2.0.4
[INFO] [stderr]    Compiling getrandom v0.2.11
[INFO] [stderr]    Compiling ring v0.17.7
[INFO] [stderr]    Compiling ring v0.16.20
[INFO] [stderr]    Compiling time-core v0.1.2
[INFO] [stderr]    Compiling strsim v0.10.0
[INFO] [stderr]    Compiling ident_case v1.0.1
[INFO] [stderr]    Compiling rustls-pemfile v1.0.4
[INFO] [stderr]    Compiling lock_api v0.4.11
[INFO] [stderr]    Compiling parking_lot_core v0.9.9
[INFO] [stderr]    Compiling serde_json v1.0.111
[INFO] [stderr]    Compiling bitflags v1.3.2
[INFO] [stderr]    Compiling async-trait v0.1.77
[INFO] [stderr]    Compiling deranged v0.3.11
[INFO] [stderr]    Compiling rand_core v0.6.4
[INFO] [stderr]    Compiling alloc-stdlib v0.2.2
[INFO] [stderr]    Compiling rustls-native-certs v0.6.3
[INFO] [stderr]    Compiling smallvec v1.11.2
[INFO] [stderr]    Compiling brotli-decompressor v2.5.1
[INFO] [stderr]    Compiling rand_chacha v0.3.1
[INFO] [stderr]    Compiling thiserror v1.0.56
[INFO] [stderr]    Compiling scopeguard v1.2.0
[INFO] [stderr]    Compiling percent-encoding v2.3.1
[INFO] [stderr]    Compiling rand v0.8.5
[INFO] [stderr]    Compiling parking_lot v0.12.1
[INFO] [stderr]    Compiling time v0.3.31
[INFO] [stderr]    Compiling brotli v3.4.0
[INFO] [stderr]    Compiling ordered-float v2.10.1
[INFO] [stderr]    Compiling darling_core v0.20.3
[INFO] [stderr]    Compiling webpki v0.22.4
[INFO] [stderr]    Compiling sct v0.7.1
[INFO] [stderr]    Compiling tracing-attributes v0.1.27
[INFO] [stderr]    Compiling serde_derive v1.0.194
[INFO] [stderr]    Compiling serde_repr v0.1.18
[INFO] [stderr]    Compiling thiserror-impl v1.0.56
[INFO] [stderr]    Compiling darling_macro v0.20.3
[INFO] [stderr]    Compiling tracing v0.1.40
[INFO] [stderr]    Compiling tokio-rustls v0.23.4
[INFO] [stderr]    Compiling tokio-util v0.7.10
[INFO] [stderr]    Compiling twilight-http-ratelimiting v0.15.3
[INFO] [stderr]    Compiling darling v0.20.3
[INFO] [stderr]    Compiling vesper-macros v0.12.0
[INFO] [stderr]    Compiling h2 v0.3.22
[INFO] [stderr]    Compiling hyper v0.14.28
[INFO] [stderr]    Compiling serde-value v0.7.0
[INFO] [stderr]    Compiling twilight-model v0.15.4
[INFO] [stderr]    Compiling hyper-rustls v0.23.2
[INFO] [stderr]    Compiling twilight-validate v0.15.3
[INFO] [stderr]    Compiling twilight-http v0.15.4
[INFO] [stderr]    Compiling vesper v0.11.0 (/opt/rustwide/workdir)
[INFO] [stdout] warning: casting `&T` to `&mut T` is undefined behavior, even if the reference is unused, consider instead using an `UnsafeCell`
[INFO] [stdout]    --> src/context.rs:116:18
[INFO] [stdout]     |
[INFO] [stdout] 114 |         let ptr_mut = &self.interaction as *const Interaction as *mut Interaction;
[INFO] [stdout]     |                       ----------------------------------------------------------- casting happend here
[INFO] [stdout] 115 |
[INFO] [stdout] 116 |         unsafe { &mut *(ptr_mut) }
[INFO] [stdout]     |                  ^^^^^^^^^^^^^^^
[INFO] [stdout]     |
[INFO] [stdout]     = note: for more information, visit <https://doc.rust-lang.org/book/ch15-05-interior-mutability.html>
[INFO] [stdout]     = note: `#[warn(invalid_reference_casting)]` on by default
[INFO] [stdout] 
[INFO] [stdout] 
[INFO] [stdout] warning: 1 warning emitted
[INFO] [stdout] 
[INFO] [stdout] 
[INFO] [stderr]     Finished dev [unoptimized + debuginfo] target(s) in 20.91s
[INFO] running `Command { std: "docker" "inspect" "fd47ab69d9d31ae6ca7a447ee5235eac5d64ed5989ed8df1fcb5d576c4f1a01a", kill_on_drop: false }`
[INFO] running `Command { std: "docker" "rm" "-f" "fd47ab69d9d31ae6ca7a447ee5235eac5d64ed5989ed8df1fcb5d576c4f1a01a", kill_on_drop: false }`
[INFO] [stdout] fd47ab69d9d31ae6ca7a447ee5235eac5d64ed5989ed8df1fcb5d576c4f1a01a
[INFO] running `Command { std: "docker" "create" "-v" "/var/lib/crater-agent-workspace/builds/worker-2-tc1/target:/opt/rustwide/target:rw,Z" "-v" "/var/lib/crater-agent-workspace/builds/worker-2-tc1/source:/opt/rustwide/workdir:ro,Z" "-v" "/var/lib/crater-agent-workspace/cargo-home:/opt/rustwide/cargo-home:ro,Z" "-v" "/var/lib/crater-agent-workspace/rustup-home:/opt/rustwide/rustup-home:ro,Z" "-e" "SOURCE_DIR=/opt/rustwide/workdir" "-e" "CARGO_TARGET_DIR=/opt/rustwide/target" "-e" "CARGO_INCREMENTAL=0" "-e" "RUST_BACKTRACE=full" "-e" "RUSTFLAGS=--cap-lints=warn" "-e" "RUSTDOCFLAGS=--cap-lints=warn" "-e" "CARGO_HOME=/opt/rustwide/cargo-home" "-e" "RUSTUP_HOME=/opt/rustwide/rustup-home" "-w" "/opt/rustwide/workdir" "-m" "1610612736" "--user" "0:0" "--network" "none" "ghcr.io/rust-lang/crates-build-env/linux@sha256:2788e3201cd34a07e3172128adcd8b3090168a8e3bcc40d7c032b9dda1df7d1c" "/opt/rustwide/cargo-home/bin/cargo" "+1.75.0" "test" "--frozen" "--no-run" "--message-format=json", kill_on_drop: false }`
[INFO] [stdout] bb92c3660eb594c99941b80fb4b0efb858fab5889b79356d0568b3a80015c95a
[INFO] running `Command { std: "docker" "start" "-a" "bb92c3660eb594c99941b80fb4b0efb858fab5889b79356d0568b3a80015c95a", kill_on_drop: false }`
[INFO] [stderr]    Compiling futures-io v0.3.30
[INFO] [stderr]    Compiling futures-task v0.3.30
[INFO] [stderr]    Compiling futures-channel v0.3.30
[INFO] [stderr]    Compiling memchr v2.7.1
[INFO] [stderr]    Compiling num_cpus v1.16.0
[INFO] [stderr]    Compiling signal-hook-registry v1.4.1
[INFO] [stderr]    Compiling futures-macro v0.3.30
[INFO] [stderr]    Compiling tokio-macros v2.2.0
[INFO] [stderr]    Compiling tokio v1.35.1
[INFO] [stderr]    Compiling futures-util v0.3.30
[INFO] [stderr]    Compiling futures-executor v0.3.30
[INFO] [stderr]    Compiling futures v0.3.30
[INFO] [stderr]    Compiling tokio-util v0.7.10
[INFO] [stderr]    Compiling tokio-rustls v0.23.4
[INFO] [stderr]    Compiling twilight-http-ratelimiting v0.15.3
[INFO] [stderr]    Compiling h2 v0.3.22
[INFO] [stderr]    Compiling hyper v0.14.28
[INFO] [stderr]    Compiling hyper-rustls v0.23.2
[INFO] [stderr]    Compiling twilight-http v0.15.4
[INFO] [stderr]    Compiling vesper v0.11.0 (/opt/rustwide/workdir)
[INFO] [stdout] warning: casting `&T` to `&mut T` is undefined behavior, even if the reference is unused, consider instead using an `UnsafeCell`
[INFO] [stdout]    --> src/context.rs:116:18
[INFO] [stdout]     |
[INFO] [stdout] 114 |         let ptr_mut = &self.interaction as *const Interaction as *mut Interaction;
[INFO] [stdout]     |                       ----------------------------------------------------------- casting happend here
[INFO] [stdout] 115 |
[INFO] [stdout] 116 |         unsafe { &mut *(ptr_mut) }
[INFO] [stdout]     |                  ^^^^^^^^^^^^^^^
[INFO] [stdout]     |
[INFO] [stdout]     = note: for more information, visit <https://doc.rust-lang.org/book/ch15-05-interior-mutability.html>
[INFO] [stdout]     = note: `#[warn(invalid_reference_casting)]` on by default
[INFO] [stdout] 
[INFO] [stdout] 
[INFO] [stdout] warning: 1 warning emitted
[INFO] [stdout] 
[INFO] [stdout] 
[INFO] [stdout] warning: casting `&T` to `&mut T` is undefined behavior, even if the reference is unused, consider instead using an `UnsafeCell`
[INFO] [stdout]    --> src/context.rs:116:18
[INFO] [stdout]     |
[INFO] [stdout] 114 |         let ptr_mut = &self.interaction as *const Interaction as *mut Interaction;
[INFO] [stdout]     |                       ----------------------------------------------------------- casting happend here
[INFO] [stdout] 115 |
[INFO] [stdout] 116 |         unsafe { &mut *(ptr_mut) }
[INFO] [stdout]     |                  ^^^^^^^^^^^^^^^
[INFO] [stdout]     |
[INFO] [stdout]     = note: for more information, visit <https://doc.rust-lang.org/book/ch15-05-interior-mutability.html>
[INFO] [stdout]     = note: `#[warn(invalid_reference_casting)]` on by default
[INFO] [stdout] 
[INFO] [stdout] 
[INFO] [stdout] warning: 1 warning emitted
[INFO] [stdout] 
[INFO] [stdout] 
[INFO] [stderr]     Finished test [unoptimized + debuginfo] target(s) in 16.91s
[INFO] running `Command { std: "docker" "inspect" "bb92c3660eb594c99941b80fb4b0efb858fab5889b79356d0568b3a80015c95a", kill_on_drop: false }`
[INFO] running `Command { std: "docker" "rm" "-f" "bb92c3660eb594c99941b80fb4b0efb858fab5889b79356d0568b3a80015c95a", kill_on_drop: false }`
[INFO] [stdout] bb92c3660eb594c99941b80fb4b0efb858fab5889b79356d0568b3a80015c95a
[INFO] running `Command { std: "docker" "create" "-v" "/var/lib/crater-agent-workspace/builds/worker-2-tc1/target:/opt/rustwide/target:rw,Z" "-v" "/var/lib/crater-agent-workspace/builds/worker-2-tc1/source:/opt/rustwide/workdir:ro,Z" "-v" "/var/lib/crater-agent-workspace/cargo-home:/opt/rustwide/cargo-home:ro,Z" "-v" "/var/lib/crater-agent-workspace/rustup-home:/opt/rustwide/rustup-home:ro,Z" "-e" "SOURCE_DIR=/opt/rustwide/workdir" "-e" "CARGO_TARGET_DIR=/opt/rustwide/target" "-e" "CARGO_INCREMENTAL=0" "-e" "RUST_BACKTRACE=full" "-e" "RUSTFLAGS=--cap-lints=warn" "-e" "RUSTDOCFLAGS=--cap-lints=warn" "-e" "CARGO_HOME=/opt/rustwide/cargo-home" "-e" "RUSTUP_HOME=/opt/rustwide/rustup-home" "-w" "/opt/rustwide/workdir" "-m" "1610612736" "--user" "0:0" "--network" "none" "ghcr.io/rust-lang/crates-build-env/linux@sha256:2788e3201cd34a07e3172128adcd8b3090168a8e3bcc40d7c032b9dda1df7d1c" "/opt/rustwide/cargo-home/bin/cargo" "+1.75.0" "test" "--frozen", kill_on_drop: false }`
[INFO] [stdout] 659c4634cfe5ddc2c8f021af4cf85829653bc3d7e2fe608d4880e2facf31f4d0
[INFO] running `Command { std: "docker" "start" "-a" "659c4634cfe5ddc2c8f021af4cf85829653bc3d7e2fe608d4880e2facf31f4d0", kill_on_drop: false }`
[INFO] [stderr] warning: casting `&T` to `&mut T` is undefined behavior, even if the reference is unused, consider instead using an `UnsafeCell`
[INFO] [stderr]    --> src/context.rs:116:18
[INFO] [stderr]     |
[INFO] [stderr] 114 |         let ptr_mut = &self.interaction as *const Interaction as *mut Interaction;
[INFO] [stderr]     |                       ----------------------------------------------------------- casting happend here
[INFO] [stderr] 115 |
[INFO] [stderr] 116 |         unsafe { &mut *(ptr_mut) }
[INFO] [stderr]     |                  ^^^^^^^^^^^^^^^
[INFO] [stderr]     |
[INFO] [stderr]     = note: for more information, visit <https://doc.rust-lang.org/book/ch15-05-interior-mutability.html>
[INFO] [stderr]     = note: `#[warn(invalid_reference_casting)]` on by default
[INFO] [stderr] 
[INFO] [stderr] warning: `vesper` (lib) generated 1 warning
[INFO] [stderr] warning: `vesper` (lib test) generated 1 warning (1 duplicate)
[INFO] [stderr]     Finished test [unoptimized + debuginfo] target(s) in 0.17s
[INFO] [stderr]      Running unittests src/lib.rs (/opt/rustwide/target/debug/deps/vesper-d1312074af327563)
[INFO] [stdout] 
[INFO] [stdout] running 0 tests
[INFO] [stdout] 
[INFO] [stdout] test result: ok. 0 passed; 0 failed; 0 ignored; 0 measured; 0 filtered out; finished in 0.00s
[INFO] [stdout] 
[INFO] [stderr]    Doc-tests vesper
[INFO] [stdout] 
[INFO] [stdout] running 32 tests
[INFO] [stdout] test src/lib.rs - (line 137) ... FAILED
[INFO] [stdout] test src/lib.rs - (line 330) ... FAILED
[INFO] [stdout] test src/context.rs - context::SlashContext<'a,D>::defer (line 152) ... FAILED
[INFO] [stdout] test src/context.rs - context::SlashContext<'a,D>::create_modal (line 200) ... FAILED
[INFO] [stdout] test src/lib.rs - (line 255) ... FAILED
[INFO] [stdout] test src/builder.rs - builder::FrameworkBuilder<D,T,E>::command (line 185) ... FAILED
[INFO] [stdout] test src/builder.rs - builder::FrameworkBuilder<D,T,E>::before (line 124) ... FAILED
[INFO] [stdout] test src/lib.rs - (line 123) ... FAILED
[INFO] [stdout] test src/builder.rs - builder::FrameworkBuilder<D,T,E>::after (line 155) ... FAILED
[INFO] [stdout] test src/lib.rs - (line 346) ... FAILED
[INFO] [stdout] test src/context.rs - context::SlashContext<'a,D>::acknowledge (line 123) ... FAILED
[INFO] [stdout] test src/lib.rs - (line 303) ... FAILED
[INFO] [stdout] test src/lib.rs - (line 554) ... FAILED
[INFO] [stdout] test src/lib.rs - (line 383) ... FAILED
[INFO] [stdout] test src/lib.rs - (line 542) ... FAILED
[INFO] [stdout] test src/lib.rs - (line 212) ... FAILED
[INFO] [stdout] test src/lib.rs - (line 365) ... FAILED
[INFO] [stdout] test src/lib.rs - (line 398) ... FAILED
[INFO] [stdout] test src/lib.rs - (line 162) ... FAILED
[INFO] [stdout] test src/lib.rs - (line 559) ... FAILED
[INFO] [stdout] test src/lib.rs - (line 107) ... FAILED
[INFO] [stdout] test src/lib.rs - (line 564) ... FAILED
[INFO] [stdout] test src/lib.rs - (line 418) ... FAILED
[INFO] [stdout] test src/lib.rs - (line 475) ... FAILED
[INFO] [stdout] test src/lib.rs - (line 575) ... FAILED
[INFO] [stdout] test src/lib.rs - (line 510) ... FAILED
[INFO] [stdout] test src/lib.rs - (line 24) ... FAILED
[INFO] [stdout] test src/lib.rs - (line 460) ... FAILED
[INFO] [stdout] test src/lib.rs - (line 615) ... FAILED
[INFO] [stdout] test src/lib.rs - (line 446) ... FAILED
[INFO] [stdout] test src/lib.rs - (line 525) ... FAILED
[INFO] [stdout] test src/wait.rs - wait::InteractionWaiter (line 29) ... FAILED
[INFO] [stdout] 
[INFO] [stdout] failures:
[INFO] [stderr] error: doctest failed, to rerun pass `--doc`
[INFO] [stdout] 
[INFO] [stdout] ---- src/lib.rs - (line 137) stdout ----
[INFO] [stdout] error: cannot find attribute `command` in this scope
[INFO] [stdout]  --> src/lib.rs:138:3
[INFO] [stdout]   |
[INFO] [stdout] 3 | #[command(message)]
[INFO] [stdout]   |   ^^^^^^^
[INFO] [stdout]   |
[INFO] [stdout]   = note: `command` is in scope, but it is a function, not an attribute
[INFO] [stdout] help: consider importing one of these items
[INFO] [stdout]   |
[INFO] [stdout] 2 + use vesper::prelude::command;
[INFO] [stdout]   |
[INFO] [stdout] 2 + use vesper_macros::command;
[INFO] [stdout]   |
[INFO] [stdout] 
[INFO] [stdout] error: cannot find attribute `description` in this scope
[INFO] [stdout]  --> src/lib.rs:139:3
[INFO] [stdout]   |
[INFO] [stdout] 4 | #[description = "This is the description of the command"]
[INFO] [stdout]   |   ^^^^^^^^^^^
[INFO] [stdout] 
[INFO] [stdout] error[E0412]: cannot find type `SlashContext` in this scope
[INFO] [stdout]  --> src/lib.rs:141:11
[INFO] [stdout]   |
[INFO] [stdout] 6 |     ctx: &SlashContext</* Your type of context*/>, // The context must always be the first parameter.
[INFO] [stdout]   |           ^^^^^^^^^^^^ not found in this scope
[INFO] [stdout]   |
[INFO] [stdout] help: consider importing this struct
[INFO] [stdout]   |
[INFO] [stdout] 2 + use vesper::prelude::SlashContext;
[INFO] [stdout]   |
[INFO] [stdout] 
[INFO] [stdout] error[E0412]: cannot find type `DefaultCommandResult` in this scope
[INFO] [stdout]  --> src/lib.rs:142:6
[INFO] [stdout]   |
[INFO] [stdout] 7 | ) -> DefaultCommandResult 
[INFO] [stdout]   |      ^^^^^^^^^^^^^^^^^^^^ not found in this scope
[INFO] [stdout]   |
[INFO] [stdout] help: consider importing this type alias
[INFO] [stdout]   |
[INFO] [stdout] 2 + use vesper::prelude::DefaultCommandResult;
[INFO] [stdout]   |
[INFO] [stdout] 
[INFO] [stdout] error: aborting due to 4 previous errors
[INFO] [stdout] 
[INFO] [stdout] For more information about this error, try `rustc --explain E0412`.
[INFO] [stdout] Couldn't compile the test.
[INFO] [stdout] ---- src/lib.rs - (line 330) stdout ----
[INFO] [stdout] error: cannot find attribute `command` in this scope
[INFO] [stdout]  --> src/lib.rs:331:3
[INFO] [stdout]   |
[INFO] [stdout] 3 | #[command]
[INFO] [stdout]   |   ^^^^^^^
[INFO] [stdout]   |
[INFO] [stdout] help: consider importing one of these items
[INFO] [stdout]   |
[INFO] [stdout] 2 + use vesper::prelude::command;
[INFO] [stdout]   |
[INFO] [stdout] 2 + use vesper_macros::command;
[INFO] [stdout]   |
[INFO] [stdout] 
[INFO] [stdout] error: cannot find attribute `description` in this scope
[INFO] [stdout]  --> src/lib.rs:332:3
[INFO] [stdout]   |
[INFO] [stdout] 4 | #[description = "Some description"]
[INFO] [stdout]   |   ^^^^^^^^^^^
[INFO] [stdout] 
[INFO] [stdout] error: cannot find attribute `autocomplete` in this scope
[INFO] [stdout]  --> src/lib.rs:335:7
[INFO] [stdout]   |
[INFO] [stdout] 7 |     #[autocomplete = "autocomplete_arg"] #[description = "Some description"] arg: String
[INFO] [stdout]   |       ^^^^^^^^^^^^
[INFO] [stdout]   |
[INFO] [stdout] help: consider importing one of these items
[INFO] [stdout]   |
[INFO] [stdout] 2 + use vesper::prelude::autocomplete;
[INFO] [stdout]   |
[INFO] [stdout] 2 + use vesper_macros::autocomplete;
[INFO] [stdout]   |
[INFO] [stdout] 
[INFO] [stdout] error: cannot find attribute `description` in this scope
[INFO] [stdout]  --> src/lib.rs:335:44
[INFO] [stdout]   |
[INFO] [stdout] 7 |     #[autocomplete = "autocomplete_arg"] #[description = "Some description"] arg: String
[INFO] [stdout]   |                                            ^^^^^^^^^^^
[INFO] [stdout] 
[INFO] [stdout] error[E0412]: cannot find type `SlashCommand` in this scope
[INFO] [stdout]  --> src/lib.rs:334:11
[INFO] [stdout]   |
[INFO] [stdout] 6 |     ctx: &SlashCommand</* Some type */>,
[INFO] [stdout]   |           ^^^^^^^^^^^^ not found in this scope
[INFO] [stdout] 
[INFO] [stdout] error[E0412]: cannot find type `DefaultCommandResult` in this scope
[INFO] [stdout]  --> src/lib.rs:336:6
[INFO] [stdout]   |
[INFO] [stdout] 8 | ) -> DefaultCommandResult
[INFO] [stdout]   |      ^^^^^^^^^^^^^^^^^^^^ not found in this scope
[INFO] [stdout]   |
[INFO] [stdout] help: consider importing this type alias
[INFO] [stdout]   |
[INFO] [stdout] 2 + use vesper::prelude::DefaultCommandResult;
[INFO] [stdout]   |
[INFO] [stdout] 
[INFO] [stdout] error: aborting due to 6 previous errors
[INFO] [stdout] 
[INFO] [stdout] For more information about this error, try `rustc --explain E0412`.
[INFO] [stdout] Couldn't compile the test.
[INFO] [stdout] ---- src/context.rs - context::SlashContext<'a,D>::defer (line 152) stdout ----
[INFO] [stdout] error[E0433]: failed to resolve: use of undeclared crate or module `zephyrus`
[INFO] [stdout]  --> src/context.rs:153:5
[INFO] [stdout]   |
[INFO] [stdout] 3 | use zephyrus::prelude::*;
[INFO] [stdout]   |     ^^^^^^^^ use of undeclared crate or module `zephyrus`
[INFO] [stdout] 
[INFO] [stdout] error: cannot find attribute `command` in this scope
[INFO] [stdout]  --> src/context.rs:155:3
[INFO] [stdout]   |
[INFO] [stdout] 5 | #[command]
[INFO] [stdout]   |   ^^^^^^^
[INFO] [stdout]   |
[INFO] [stdout] help: consider importing one of these items
[INFO] [stdout]   |
[INFO] [stdout] 2 + use vesper::prelude::command;
[INFO] [stdout]   |
[INFO] [stdout] 2 + use vesper_macros::command;
[INFO] [stdout]   |
[INFO] [stdout] 
[INFO] [stdout] error: cannot find attribute `description` in this scope
[INFO] [stdout]  --> src/context.rs:156:3
[INFO] [stdout]   |
[INFO] [stdout] 6 | #[description = "My command description"]
[INFO] [stdout]   |   ^^^^^^^^^^^
[INFO] [stdout] 
[INFO] [stdout] error[E0412]: cannot find type `SlashContext` in this scope
[INFO] [stdout]  --> src/context.rs:157:27
[INFO] [stdout]   |
[INFO] [stdout] 7 | async fn my_command(ctx: &SlashContext<()>) -> DefaultCommandResult {
[INFO] [stdout]   |                           ^^^^^^^^^^^^ not found in this scope
[INFO] [stdout]   |
[INFO] [stdout] help: consider importing this struct
[INFO] [stdout]   |
[INFO] [stdout] 2 + use vesper::prelude::SlashContext;
[INFO] [stdout]   |
[INFO] [stdout] 
[INFO] [stdout] error[E0412]: cannot find type `DefaultCommandResult` in this scope
[INFO] [stdout]  --> src/context.rs:157:48
[INFO] [stdout]   |
[INFO] [stdout] 7 | async fn my_command(ctx: &SlashContext<()>) -> DefaultCommandResult {
[INFO] [stdout]   |                                                ^^^^^^^^^^^^^^^^^^^^ not found in this scope
[INFO] [stdout]   |
[INFO] [stdout] help: consider importing this type alias
[INFO] [stdout]   |
[INFO] [stdout] 2 + use vesper::prelude::DefaultCommandResult;
[INFO] [stdout]   |
[INFO] [stdout] 
[INFO] [stdout] error: aborting due to 5 previous errors
[INFO] [stdout] 
[INFO] [stdout] Some errors have detailed explanations: E0412, E0433.
[INFO] [stdout] For more information about an error, try `rustc --explain E0412`.
[INFO] [stdout] Couldn't compile the test.
[INFO] [stdout] ---- src/context.rs - context::SlashContext<'a,D>::create_modal (line 200) stdout ----
[INFO] [stdout] error[E0433]: failed to resolve: use of undeclared crate or module `zephyrus`
[INFO] [stdout]  --> src/context.rs:201:5
[INFO] [stdout]   |
[INFO] [stdout] 3 | use zephyrus::prelude::*;
[INFO] [stdout]   |     ^^^^^^^^ use of undeclared crate or module `zephyrus`
[INFO] [stdout] 
[INFO] [stdout] error: cannot find attribute `command` in this scope
[INFO] [stdout]   --> src/context.rs:209:3
[INFO] [stdout]    |
[INFO] [stdout] 11 | #[command]
[INFO] [stdout]    |   ^^^^^^^
[INFO] [stdout]    |
[INFO] [stdout] help: consider importing one of these items
[INFO] [stdout]    |
[INFO] [stdout] 2  + use vesper::prelude::command;
[INFO] [stdout]    |
[INFO] [stdout] 2  + use vesper_macros::command;
[INFO] [stdout]    |
[INFO] [stdout] 
[INFO] [stdout] error: cannot find attribute `description` in this scope
[INFO] [stdout]   --> src/context.rs:210:3
[INFO] [stdout]    |
[INFO] [stdout] 12 | #[description = "My command description"]
[INFO] [stdout]    |   ^^^^^^^^^^^
[INFO] [stdout] 
[INFO] [stdout] error: cannot find derive macro `Modal` in this scope
[INFO] [stdout]  --> src/context.rs:203:17
[INFO] [stdout]   |
[INFO] [stdout] 5 | #[derive(Debug, Modal)]
[INFO] [stdout]   |                 ^^^^^
[INFO] [stdout]   |
[INFO] [stdout] help: consider importing one of these items
[INFO] [stdout]   |
[INFO] [stdout] 2 + use vesper::prelude::Modal;
[INFO] [stdout]   |
[INFO] [stdout] 2 + use vesper_macros::Modal;
[INFO] [stdout]   |
[INFO] [stdout] 
[INFO] [stdout] error: cannot find attribute `modal` in this scope
[INFO] [stdout]  --> src/context.rs:205:7
[INFO] [stdout]   |
[INFO] [stdout] 7 |     #[modal(paragraph)]
[INFO] [stdout]   |       ^^^^^
[INFO] [stdout] 
[INFO] [stdout] error[E0412]: cannot find type `SlashContext` in this scope
[INFO] [stdout]   --> src/context.rs:211:27
[INFO] [stdout]    |
[INFO] [stdout] 13 | async fn my_command(ctx: &SlashContext<()>) -> DefaultCommandResult {
[INFO] [stdout]    |                           ^^^^^^^^^^^^ not found in this scope
[INFO] [stdout]    |
[INFO] [stdout] help: consider importing this struct
[INFO] [stdout]    |
[INFO] [stdout] 2  + use vesper::prelude::SlashContext;
[INFO] [stdout]    |
[INFO] [stdout] 
[INFO] [stdout] error[E0412]: cannot find type `DefaultCommandResult` in this scope
[INFO] [stdout]   --> src/context.rs:211:48
[INFO] [stdout]    |
[INFO] [stdout] 13 | async fn my_command(ctx: &SlashContext<()>) -> DefaultCommandResult {
[INFO] [stdout]    |                                                ^^^^^^^^^^^^^^^^^^^^ not found in this scope
[INFO] [stdout]    |
[INFO] [stdout] help: consider importing this type alias
[INFO] [stdout]    |
[INFO] [stdout] 2  + use vesper::prelude::DefaultCommandResult;
[INFO] [stdout]    |
[INFO] [stdout] 
[INFO] [stdout] error: aborting due to 7 previous errors
[INFO] [stdout] 
[INFO] [stdout] Some errors have detailed explanations: E0412, E0433.
[INFO] [stdout] For more information about an error, try `rustc --explain E0412`.
[INFO] [stdout] Couldn't compile the test.
[INFO] [stdout] ---- src/lib.rs - (line 255) stdout ----
[INFO] [stdout] error: cannot find attribute `command` in this scope
[INFO] [stdout]   --> src/lib.rs:280:3
[INFO] [stdout]    |
[INFO] [stdout] 27 | #[command]
[INFO] [stdout]    |   ^^^^^^^
[INFO] [stdout]    |
[INFO] [stdout] help: consider importing one of these items
[INFO] [stdout]    |
[INFO] [stdout] 2  + use vesper::prelude::command;
[INFO] [stdout]    |
[INFO] [stdout] 2  + use vesper_macros::command;
[INFO] [stdout]    |
[INFO] [stdout] 
[INFO] [stdout] error: cannot find attribute `description` in this scope
[INFO] [stdout]   --> src/lib.rs:281:3
[INFO] [stdout]    |
[INFO] [stdout] 28 | #[description = "Something here"]
[INFO] [stdout]    |   ^^^^^^^^^^^
[INFO] [stdout] 
[INFO] [stdout] error: cannot find attribute `skip` in this scope
[INFO] [stdout]   --> src/lib.rs:284:7
[INFO] [stdout]    |
[INFO] [stdout] 31 |     #[skip] my_extractor: ExtractSomething // This won't be seen on discord, but will be parsed
[INFO] [stdout]    |       ^^^^
[INFO] [stdout] 
[INFO] [stdout] error: cannot find attribute `async_trait` in this scope
[INFO] [stdout]  --> src/lib.rs:260:3
[INFO] [stdout]   |
[INFO] [stdout] 7 | #[async_trait]
[INFO] [stdout]   |   ^^^^^^^^^^^
[INFO] [stdout]   |
[INFO] [stdout]   = note: `async_trait` is in scope, but it is a crate, not an attribute
[INFO] [stdout] help: consider importing one of these items
[INFO] [stdout]   |
[INFO] [stdout] 2 + use async_trait::async_trait;
[INFO] [stdout]   |
[INFO] [stdout] 2 + use vesper::prelude::async_trait;
[INFO] [stdout]   |
[INFO] [stdout] 
[INFO] [stdout] error[E0405]: cannot find trait `Parse` in this scope
[INFO] [stdout]  --> src/lib.rs:261:6
[INFO] [stdout]   |
[INFO] [stdout] 8 | impl Parse<T> for ExtractSomething
[INFO] [stdout]   |      ^^^^^ not found in this scope
[INFO] [stdout]   |
[INFO] [stdout] help: consider importing this trait
[INFO] [stdout]   |
[INFO] [stdout] 2 + use vesper::prelude::Parse;
[INFO] [stdout]   |
[INFO] [stdout] 
[INFO] [stdout] error[E0412]: cannot find type `T` in this scope
[INFO] [stdout]  --> src/lib.rs:261:12
[INFO] [stdout]   |
[INFO] [stdout] 8 | impl Parse<T> for ExtractSomething
[INFO] [stdout]   |            ^ not found in this scope
[INFO] [stdout]   |
[INFO] [stdout] help: you might be missing a type parameter
[INFO] [stdout]   |
[INFO] [stdout] 8 | impl<T> Parse<T> for ExtractSomething
[INFO] [stdout]   |     +++
[INFO] [stdout] 
[INFO] [stdout] error[E0412]: cannot find type `T` in this scope
[INFO] [stdout]  --> src/lib.rs:262:7
[INFO] [stdout]   |
[INFO] [stdout] 9 | where T: Send + Sync
[INFO] [stdout]   |       ^ not found in this scope
[INFO] [stdout] 
[INFO] [stdout] error[E0412]: cannot find type `WrappedClient` in this scope
[INFO] [stdout]   --> src/lib.rs:265:23
[INFO] [stdout]    |
[INFO] [stdout] 12 |         http_client: &WrappedClient,
[INFO] [stdout]    |                       ^^^^^^^^^^^^^ not found in this scope
[INFO] [stdout]    |
[INFO] [stdout] help: consider importing this enum
[INFO] [stdout]    |
[INFO] [stdout] 2  + use vesper::prelude::WrappedClient;
[INFO] [stdout]    |
[INFO] [stdout] 
[INFO] [stdout] error[E0412]: cannot find type `T` in this scope
[INFO] [stdout]   --> src/lib.rs:266:16
[INFO] [stdout]    |
[INFO] [stdout] 13 |         data: &T,
[INFO] [stdout]    |                ^ not found in this scope
[INFO] [stdout] 
[INFO] [stdout] error[E0412]: cannot find type `CommandOptionValue` in this scope
[INFO] [stdout]   --> src/lib.rs:267:24
[INFO] [stdout]    |
[INFO] [stdout] 14 |         value: Option<&CommandOptionValue>, // <- will be empty since the option was not sent
[INFO] [stdout]    |                        ^^^^^^^^^^^^^^^^^^ not found in this scope
[INFO] [stdout]    |
[INFO] [stdout] help: consider importing one of these items
[INFO] [stdout]    |
[INFO] [stdout] 2  + use twilight_model::application::command::CommandOptionValue;
[INFO] [stdout]    |
[INFO] [stdout] 2  + use twilight_model::application::interaction::application_command::CommandOptionValue;
[INFO] [stdout]    |
[INFO] [stdout] 2  + use vesper::twilight_exports::CommandOptionValue;
[INFO] [stdout]    |
[INFO] [stdout] 
[INFO] [stdout] error[E0412]: cannot find type `CommandInteractionDataResolved` in this scope
[INFO] [stdout]   --> src/lib.rs:268:31
[INFO] [stdout]    |
[INFO] [stdout] 15 |         resolved: Option<&mut CommandInteractionDataResolved>
[INFO] [stdout]    |                               ^^^^^^^^^^^^^^^^^^^^^^^^^^^^^^ not found in this scope
[INFO] [stdout]    |
[INFO] [stdout] help: consider importing one of these items
[INFO] [stdout]    |
[INFO] [stdout] 2  + use twilight_model::application::interaction::application_command::CommandInteractionDataResolved;
[INFO] [stdout]    |
[INFO] [stdout] 2  + use vesper::twilight_exports::CommandInteractionDataResolved;
[INFO] [stdout]    |
[INFO] [stdout] 
[INFO] [stdout] error[E0412]: cannot find type `ParseError` in this scope
[INFO] [stdout]   --> src/lib.rs:269:23
[INFO] [stdout]    |
[INFO] [stdout] 16 |     ) -> Result<Self, ParseError>
[INFO] [stdout]    |                       ^^^^^^^^^^ not found in this scope
[INFO] [stdout]    |
[INFO] [stdout] help: consider importing one of these items
[INFO] [stdout]    |
[INFO] [stdout] 2  + use std::string::ParseError;
[INFO] [stdout]    |
[INFO] [stdout] 2  + use vesper::prelude::ParseError;
[INFO] [stdout]    |
[INFO] [stdout] 
[INFO] [stdout] error[E0412]: cannot find type `CommandOptionType` in this scope
[INFO] [stdout]   --> src/lib.rs:274:18
[INFO] [stdout]    |
[INFO] [stdout] 21 |     fn kind() -> CommandOptionType {
[INFO] [stdout]    |                  ^^^^^^^^^^^^^^^^^ not found in this scope
[INFO] [stdout]    |
[INFO] [stdout] help: consider importing one of these items
[INFO] [stdout]    |
[INFO] [stdout] 2  + use twilight_model::application::command::CommandOptionType;
[INFO] [stdout]    |
[INFO] [stdout] 2  + use vesper::twilight_exports::CommandOptionType;
[INFO] [stdout]    |
[INFO] [stdout] 
[INFO] [stdout] error[E0412]: cannot find type `SlashContext` in this scope
[INFO] [stdout]   --> src/lib.rs:283:11
[INFO] [stdout]    |
[INFO] [stdout] 30 |     ctx: &SlashContext</* Data type */>,
[INFO] [stdout]    |           ^^^^^^^^^^^^ not found in this scope
[INFO] [stdout]    |
[INFO] [stdout] help: consider importing this struct
[INFO] [stdout]    |
[INFO] [stdout] 2  + use vesper::prelude::SlashContext;
[INFO] [stdout]    |
[INFO] [stdout] 
[INFO] [stdout] error[E0412]: cannot find type `DefaultCommandResult` in this scope
[INFO] [stdout]   --> src/lib.rs:285:6
[INFO] [stdout]    |
[INFO] [stdout] 32 | ) -> DefaultCommandResult
[INFO] [stdout]    |      ^^^^^^^^^^^^^^^^^^^^ not found in this scope
[INFO] [stdout]    |
[INFO] [stdout] help: consider importing this type alias
[INFO] [stdout]    |
[INFO] [stdout] 2  + use vesper::prelude::DefaultCommandResult;
[INFO] [stdout]    |
[INFO] [stdout] 
[INFO] [stdout] error: aborting due to 15 previous errors
[INFO] [stdout] 
[INFO] [stdout] Some errors have detailed explanations: E0405, E0412.
[INFO] [stdout] For more information about an error, try `rustc --explain E0405`.
[INFO] [stdout] Couldn't compile the test.
[INFO] [stdout] ---- src/builder.rs - builder::FrameworkBuilder<D,T,E>::command (line 185) stdout ----
[INFO] [stdout] error[E0433]: failed to resolve: use of undeclared crate or module `zephyrus`
[INFO] [stdout]  --> src/builder.rs:186:5
[INFO] [stdout]   |
[INFO] [stdout] 2 | use zephyrus::prelude::*;
[INFO] [stdout]   |     ^^^^^^^^ use of undeclared crate or module `zephyrus`
[INFO] [stdout] 
[INFO] [stdout] error: cannot find attribute `command` in this scope
[INFO] [stdout]  --> src/builder.rs:190:3
[INFO] [stdout]   |
[INFO] [stdout] 6 | #[command]
[INFO] [stdout]   |   ^^^^^^^
[INFO] [stdout]   |
[INFO] [stdout] help: consider importing one of these items
[INFO] [stdout]   |
[INFO] [stdout] 2 + use vesper::prelude::command;
[INFO] [stdout]   |
[INFO] [stdout] 2 + use vesper_macros::command;
[INFO] [stdout]   |
[INFO] [stdout] 
[INFO] [stdout] error: cannot find attribute `description` in this scope
[INFO] [stdout]  --> src/builder.rs:191:3
[INFO] [stdout]   |
[INFO] [stdout] 7 | #[description = "Says Hello world!"]
[INFO] [stdout]   |   ^^^^^^^^^^^
[INFO] [stdout] 
[INFO] [stdout] error: cannot find attribute `command` in this scope
[INFO] [stdout]   --> src/builder.rs:202:3
[INFO] [stdout]    |
[INFO] [stdout] 18 | #[command]
[INFO] [stdout]    |   ^^^^^^^
[INFO] [stdout]    |
[INFO] [stdout] help: consider importing one of these items
[INFO] [stdout]    |
[INFO] [stdout] 2  + use vesper::prelude::command;
[INFO] [stdout]    |
[INFO] [stdout] 2  + use vesper_macros::command;
[INFO] [stdout]    |
[INFO] [stdout] 
[INFO] [stdout] error: cannot find attribute `description` in this scope
[INFO] [stdout]   --> src/builder.rs:203:3
[INFO] [stdout]    |
[INFO] [stdout] 19 | #[description = "Repeats something"]
[INFO] [stdout]    |   ^^^^^^^^^^^
[INFO] [stdout] 
[INFO] [stdout] error: cannot find attribute `rename` in this scope
[INFO] [stdout]   --> src/builder.rs:206:7
[INFO] [stdout]    |
[INFO] [stdout] 22 |     #[rename = "content"] #[description = "The content"] c: String
[INFO] [stdout]    |       ^^^^^^
[INFO] [stdout] 
[INFO] [stdout] error: cannot find attribute `description` in this scope
[INFO] [stdout]   --> src/builder.rs:206:29
[INFO] [stdout]    |
[INFO] [stdout] 22 |     #[rename = "content"] #[description = "The content"] c: String
[INFO] [stdout]    |                             ^^^^^^^^^^^
[INFO] [stdout] 
[INFO] [stdout] error[E0412]: cannot find type `SlashContext` in this scope
[INFO] [stdout]  --> src/builder.rs:192:28
[INFO] [stdout]   |
[INFO] [stdout] 8 | async fn hello_world(ctx: &SlashContext<()>) -> DefaultCommandResult {
[INFO] [stdout]   |                            ^^^^^^^^^^^^ not found in this scope
[INFO] [stdout]   |
[INFO] [stdout] help: consider importing this struct
[INFO] [stdout]   |
[INFO] [stdout] 2 + use vesper::prelude::SlashContext;
[INFO] [stdout]   |
[INFO] [stdout] 
[INFO] [stdout] error[E0412]: cannot find type `DefaultCommandResult` in this scope
[INFO] [stdout]  --> src/builder.rs:192:49
[INFO] [stdout]   |
[INFO] [stdout] 8 | async fn hello_world(ctx: &SlashContext<()>) -> DefaultCommandResult {
[INFO] [stdout]   |                                                 ^^^^^^^^^^^^^^^^^^^^ not found in this scope
[INFO] [stdout]   |
[INFO] [stdout] help: consider importing this type alias
[INFO] [stdout]   |
[INFO] [stdout] 2 + use vesper::prelude::DefaultCommandResult;
[INFO] [stdout]   |
[INFO] [stdout] 
[INFO] [stdout] error[E0412]: cannot find type `SlashContext` in this scope
[INFO] [stdout]   --> src/builder.rs:205:11
[INFO] [stdout]    |
[INFO] [stdout] 21 |     ctx: &SlashContext<()>,
[INFO] [stdout]    |           ^^^^^^^^^^^^ not found in this scope
[INFO] [stdout]    |
[INFO] [stdout] help: consider importing this struct
[INFO] [stdout]    |
[INFO] [stdout] 2  + use vesper::prelude::SlashContext;
[INFO] [stdout]    |
[INFO] [stdout] 
[INFO] [stdout] error[E0412]: cannot find type `DefaultCommandResult` in this scope
[INFO] [stdout]   --> src/builder.rs:207:6
[INFO] [stdout]    |
[INFO] [stdout] 23 | ) -> DefaultCommandResult
[INFO] [stdout]    |      ^^^^^^^^^^^^^^^^^^^^ not found in this scope
[INFO] [stdout]    |
[INFO] [stdout] help: consider importing this type alias
[INFO] [stdout]    |
[INFO] [stdout] 2  + use vesper::prelude::DefaultCommandResult;
[INFO] [stdout]    |
[INFO] [stdout] 
[INFO] [stdout] error[E0433]: failed to resolve: use of undeclared type `Framework`
[INFO] [stdout]   --> src/builder.rs:223:21
[INFO] [stdout]    |
[INFO] [stdout] 39 |     let framework = Framework::builder(http_client, Id::new(app_id), ())
[INFO] [stdout]    |                     ^^^^^^^^^ use of undeclared type `Framework`
[INFO] [stdout]    |
[INFO] [stdout] help: consider importing this struct
[INFO] [stdout]    |
[INFO] [stdout] 2  + use vesper::prelude::Framework;
[INFO] [stdout]    |
[INFO] [stdout] 
[INFO] [stdout] error: aborting due to 12 previous errors
[INFO] [stdout] 
[INFO] [stdout] Some errors have detailed explanations: E0412, E0433.
[INFO] [stdout] For more information about an error, try `rustc --explain E0412`.
[INFO] [stdout] Couldn't compile the test.
[INFO] [stdout] ---- src/builder.rs - builder::FrameworkBuilder<D,T,E>::before (line 124) stdout ----
[INFO] [stdout] error[E0433]: failed to resolve: use of undeclared crate or module `zephyrus`
[INFO] [stdout]  --> src/builder.rs:125:5
[INFO] [stdout]   |
[INFO] [stdout] 2 | use zephyrus::prelude::*;
[INFO] [stdout]   |     ^^^^^^^^ use of undeclared crate or module `zephyrus`
[INFO] [stdout] 
[INFO] [stdout] error: cannot find attribute `before` in this scope
[INFO] [stdout]  --> src/builder.rs:129:3
[INFO] [stdout]   |
[INFO] [stdout] 6 | #[before]
[INFO] [stdout]   |   ^^^^^^
[INFO] [stdout]   |
[INFO] [stdout] help: consider importing one of these items
[INFO] [stdout]   |
[INFO] [stdout] 2 + use vesper::prelude::before;
[INFO] [stdout]   |
[INFO] [stdout] 2 + use vesper_macros::before;
[INFO] [stdout]   |
[INFO] [stdout] 
[INFO] [stdout] error[E0412]: cannot find type `SlashContext` in this scope
[INFO] [stdout]  --> src/builder.rs:130:28
[INFO] [stdout]   |
[INFO] [stdout] 7 | async fn before_hook(ctx: &SlashContext<()>, command_name: &str) -> bool {
[INFO] [stdout]   |                            ^^^^^^^^^^^^ not found in this scope
[INFO] [stdout]   |
[INFO] [stdout] help: consider importing this struct
[INFO] [stdout]   |
[INFO] [stdout] 2 + use vesper::prelude::SlashContext;
[INFO] [stdout]   |
[INFO] [stdout] 
[INFO] [stdout] error[E0433]: failed to resolve: use of undeclared type `Framework`
[INFO] [stdout]   --> src/builder.rs:141:21
[INFO] [stdout]    |
[INFO] [stdout] 18 |     let framework = Framework::<()>::builder(http_client, Id::new(app_id), ())
[INFO] [stdout]    |                     ^^^^^^^^^ use of undeclared type `Framework`
[INFO] [stdout]    |
[INFO] [stdout] help: consider importing this struct
[INFO] [stdout]    |
[INFO] [stdout] 2  + use vesper::prelude::Framework;
[INFO] [stdout]    |
[INFO] [stdout] 
[INFO] [stdout] error: aborting due to 4 previous errors
[INFO] [stdout] 
[INFO] [stdout] Some errors have detailed explanations: E0412, E0433.
[INFO] [stdout] For more information about an error, try `rustc --explain E0412`.
[INFO] [stdout] Couldn't compile the test.
[INFO] [stdout] ---- src/lib.rs - (line 123) stdout ----
[INFO] [stdout] error: cannot find attribute `command` in this scope
[INFO] [stdout]  --> src/lib.rs:124:3
[INFO] [stdout]   |
[INFO] [stdout] 3 | #[command(user)]
[INFO] [stdout]   |   ^^^^^^^
[INFO] [stdout]   |
[INFO] [stdout]   = note: `command` is in scope, but it is a function, not an attribute
[INFO] [stdout] help: consider importing one of these items
[INFO] [stdout]   |
[INFO] [stdout] 2 + use vesper::prelude::command;
[INFO] [stdout]   |
[INFO] [stdout] 2 + use vesper_macros::command;
[INFO] [stdout]   |
[INFO] [stdout] 
[INFO] [stdout] error: cannot find attribute `description` in this scope
[INFO] [stdout]  --> src/lib.rs:125:3
[INFO] [stdout]   |
[INFO] [stdout] 4 | #[description = "This is the description of the command"]
[INFO] [stdout]   |   ^^^^^^^^^^^
[INFO] [stdout] 
[INFO] [stdout] error[E0412]: cannot find type `SlashContext` in this scope
[INFO] [stdout]  --> src/lib.rs:127:11
[INFO] [stdout]   |
[INFO] [stdout] 6 |     ctx: &SlashContext</* Your type of context*/>, // The context must always be the first parameter.
[INFO] [stdout]   |           ^^^^^^^^^^^^ not found in this scope
[INFO] [stdout]   |
[INFO] [stdout] help: consider importing this struct
[INFO] [stdout]   |
[INFO] [stdout] 2 + use vesper::prelude::SlashContext;
[INFO] [stdout]   |
[INFO] [stdout] 
[INFO] [stdout] error[E0412]: cannot find type `DefaultCommandResult` in this scope
[INFO] [stdout]  --> src/lib.rs:128:6
[INFO] [stdout]   |
[INFO] [stdout] 7 | ) -> DefaultCommandResult 
[INFO] [stdout]   |      ^^^^^^^^^^^^^^^^^^^^ not found in this scope
[INFO] [stdout]   |
[INFO] [stdout] help: consider importing this type alias
[INFO] [stdout]   |
[INFO] [stdout] 2 + use vesper::prelude::DefaultCommandResult;
[INFO] [stdout]   |
[INFO] [stdout] 
[INFO] [stdout] error: aborting due to 4 previous errors
[INFO] [stdout] 
[INFO] [stdout] For more information about this error, try `rustc --explain E0412`.
[INFO] [stdout] Couldn't compile the test.
[INFO] [stdout] ---- src/builder.rs - builder::FrameworkBuilder<D,T,E>::after (line 155) stdout ----
[INFO] [stdout] error[E0433]: failed to resolve: use of undeclared crate or module `zephyrus`
[INFO] [stdout]  --> src/builder.rs:156:5
[INFO] [stdout]   |
[INFO] [stdout] 2 | use zephyrus::prelude::*;
[INFO] [stdout]   |     ^^^^^^^^ use of undeclared crate or module `zephyrus`
[INFO] [stdout] 
[INFO] [stdout] error: cannot find attribute `after` in this scope
[INFO] [stdout]  --> src/builder.rs:160:3
[INFO] [stdout]   |
[INFO] [stdout] 6 | #[after]
[INFO] [stdout]   |   ^^^^^
[INFO] [stdout]   |
[INFO] [stdout] help: consider importing one of these items
[INFO] [stdout]   |
[INFO] [stdout] 2 + use vesper::prelude::after;
[INFO] [stdout]   |
[INFO] [stdout] 2 + use vesper_macros::after;
[INFO] [stdout]   |
[INFO] [stdout] 
[INFO] [stdout] error[E0412]: cannot find type `SlashContext` in this scope
[INFO] [stdout]  --> src/builder.rs:161:27
[INFO] [stdout]   |
[INFO] [stdout] 7 | async fn after_hook(ctx: &SlashContext<()>, command_name: &str, _: Option<DefaultCommandResult>) {
[INFO] [stdout]   |                           ^^^^^^^^^^^^ not found in this scope
[INFO] [stdout]   |
[INFO] [stdout] help: consider importing this struct
[INFO] [stdout]   |
[INFO] [stdout] 2 + use vesper::prelude::SlashContext;
[INFO] [stdout]   |
[INFO] [stdout] 
[INFO] [stdout] error[E0412]: cannot find type `DefaultCommandResult` in this scope
[INFO] [stdout]  --> src/builder.rs:161:75
[INFO] [stdout]   |
[INFO] [stdout] 7 | async fn after_hook(ctx: &SlashContext<()>, command_name: &str, _: Option<DefaultCommandResult>) {
[INFO] [stdout]   |                                                                           ^^^^^^^^^^^^^^^^^^^^ not found in this scope
[INFO] [stdout]   |
[INFO] [stdout] help: consider importing this type alias
[INFO] [stdout]   |
[INFO] [stdout] 2 + use vesper::prelude::DefaultCommandResult;
[INFO] [stdout]   |
[INFO] [stdout] 
[INFO] [stdout] error[E0433]: failed to resolve: use of undeclared type `Framework`
[INFO] [stdout]   --> src/builder.rs:171:21
[INFO] [stdout]    |
[INFO] [stdout] 17 |     let framework = Framework::builder(http_client, Id::new(app_id), ())
[INFO] [stdout]    |                     ^^^^^^^^^ use of undeclared type `Framework`
[INFO] [stdout]    |
[INFO] [stdout] help: consider importing this struct
[INFO] [stdout]    |
[INFO] [stdout] 2  + use vesper::prelude::Framework;
[INFO] [stdout]    |
[INFO] [stdout] 
[INFO] [stdout] error: aborting due to 5 previous errors
[INFO] [stdout] 
[INFO] [stdout] Some errors have detailed explanations: E0412, E0433.
[INFO] [stdout] For more information about an error, try `rustc --explain E0412`.
[INFO] [stdout] Couldn't compile the test.
[INFO] [stdout] ---- src/lib.rs - (line 346) stdout ----
[INFO] [stdout] error: cannot find attribute `autocomplete` in this scope
[INFO] [stdout]  --> src/lib.rs:347:3
[INFO] [stdout]   |
[INFO] [stdout] 3 | #[autocomplete]
[INFO] [stdout]   |   ^^^^^^^^^^^^
[INFO] [stdout]   |
[INFO] [stdout] help: consider importing one of these items
[INFO] [stdout]   |
[INFO] [stdout] 2 + use vesper::prelude::autocomplete;
[INFO] [stdout]   |
[INFO] [stdout] 2 + use vesper_macros::autocomplete;
[INFO] [stdout]   |
[INFO] [stdout] 
[INFO] [stdout] error[E0412]: cannot find type `AutocompleteContext` in this scope
[INFO] [stdout]  --> src/lib.rs:348:32
[INFO] [stdout]   |
[INFO] [stdout] 4 | async fn autocomplete_arg(ctx: AutocompleteContext</* Some type */>) -> Option<InteractionResponseData> {
[INFO] [stdout]   |                                ^^^^^^^^^^^^^^^^^^^ not found in this scope
[INFO] [stdout]   |
[INFO] [stdout] help: consider importing this struct
[INFO] [stdout]   |
[INFO] [stdout] 2 + use vesper::prelude::AutocompleteContext;
[INFO] [stdout]   |
[INFO] [stdout] 
[INFO] [stdout] error[E0412]: cannot find type `InteractionResponseData` in this scope
[INFO] [stdout]  --> src/lib.rs:348:80
[INFO] [stdout]   |
[INFO] [stdout] 4 | async fn autocomplete_arg(ctx: AutocompleteContext</* Some type */>) -> Option<InteractionResponseData> {
[INFO] [stdout]   |                                                                                ^^^^^^^^^^^^^^^^^^^^^^^ not found in this scope
[INFO] [stdout]   |
[INFO] [stdout] help: consider importing one of these items
[INFO] [stdout]   |
[INFO] [stdout] 2 + use twilight_model::http::interaction::InteractionResponseData;
[INFO] [stdout]   |
[INFO] [stdout] 2 + use vesper::twilight_exports::InteractionResponseData;
[INFO] [stdout]   |
[INFO] [stdout] 
[INFO] [stdout] error: aborting due to 3 previous errors
[INFO] [stdout] 
[INFO] [stdout] For more information about this error, try `rustc --explain E0412`.
[INFO] [stdout] Couldn't compile the test.
[INFO] [stdout] ---- src/context.rs - context::SlashContext<'a,D>::acknowledge (line 123) stdout ----
[INFO] [stdout] error[E0433]: failed to resolve: use of undeclared crate or module `zephyrus`
[INFO] [stdout]  --> src/context.rs:124:5
[INFO] [stdout]   |
[INFO] [stdout] 3 | use zephyrus::prelude::*;
[INFO] [stdout]   |     ^^^^^^^^ use of undeclared crate or module `zephyrus`
[INFO] [stdout] 
[INFO] [stdout] error: cannot find attribute `command` in this scope
[INFO] [stdout]  --> src/context.rs:126:3
[INFO] [stdout]   |
[INFO] [stdout] 5 | #[command]
[INFO] [stdout]   |   ^^^^^^^
[INFO] [stdout]   |
[INFO] [stdout] help: consider importing one of these items
[INFO] [stdout]   |
[INFO] [stdout] 2 + use vesper::prelude::command;
[INFO] [stdout]   |
[INFO] [stdout] 2 + use vesper_macros::command;
[INFO] [stdout]   |
[INFO] [stdout] 
[INFO] [stdout] error: cannot find attribute `description` in this scope
[INFO] [stdout]  --> src/context.rs:127:3
[INFO] [stdout]   |
[INFO] [stdout] 6 | #[description = "My command description"]
[INFO] [stdout]   |   ^^^^^^^^^^^
[INFO] [stdout] 
[INFO] [stdout] error[E0412]: cannot find type `SlashContext` in this scope
[INFO] [stdout]  --> src/context.rs:128:27
[INFO] [stdout]   |
[INFO] [stdout] 7 | async fn my_command(ctx: &SlashContext<()>) -> DefaultCommandResult {
[INFO] [stdout]   |                           ^^^^^^^^^^^^ not found in this scope
[INFO] [stdout]   |
[INFO] [stdout] help: consider importing this struct
[INFO] [stdout]   |
[INFO] [stdout] 2 + use vesper::prelude::SlashContext;
[INFO] [stdout]   |
[INFO] [stdout] 
[INFO] [stdout] error[E0412]: cannot find type `DefaultCommandResult` in this scope
[INFO] [stdout]  --> src/context.rs:128:48
[INFO] [stdout]   |
[INFO] [stdout] 7 | async fn my_command(ctx: &SlashContext<()>) -> DefaultCommandResult {
[INFO] [stdout]   |                                                ^^^^^^^^^^^^^^^^^^^^ not found in this scope
[INFO] [stdout]   |
[INFO] [stdout] help: consider importing this type alias
[INFO] [stdout]   |
[INFO] [stdout] 2 + use vesper::prelude::DefaultCommandResult;
[INFO] [stdout]   |
[INFO] [stdout] 
[INFO] [stdout] error: aborting due to 5 previous errors
[INFO] [stdout] 
[INFO] [stdout] Some errors have detailed explanations: E0412, E0433.
[INFO] [stdout] For more information about an error, try `rustc --explain E0412`.
[INFO] [stdout] Couldn't compile the test.
[INFO] [stdout] ---- src/lib.rs - (line 303) stdout ----
[INFO] [stdout] error: cannot find attribute `command` in this scope
[INFO] [stdout]   --> src/lib.rs:313:3
[INFO] [stdout]    |
[INFO] [stdout] 12 | #[command]
[INFO] [stdout]    |   ^^^^^^^
[INFO] [stdout]    |
[INFO] [stdout] help: consider importing one of these items
[INFO] [stdout]    |
[INFO] [stdout] 2  + use vesper::prelude::command;
[INFO] [stdout]    |
[INFO] [stdout] 2  + use vesper_macros::command;
[INFO] [stdout]    |
[INFO] [stdout] 
[INFO] [stdout] error: cannot find attribute `description` in this scope
[INFO] [stdout]   --> src/lib.rs:314:3
[INFO] [stdout]    |
[INFO] [stdout] 13 | #[description = "Some description"]
[INFO] [stdout]    |   ^^^^^^^^^^^
[INFO] [stdout] 
[INFO] [stdout] error: cannot find attribute `description` in this scope
[INFO] [stdout]   --> src/lib.rs:317:7
[INFO] [stdout]    |
[INFO] [stdout] 16 |     #[description = "Some description"] choice: Choices
[INFO] [stdout]    |       ^^^^^^^^^^^
[INFO] [stdout] 
[INFO] [stdout] error: cannot find derive macro `Parse` in this scope
[INFO] [stdout]  --> src/lib.rs:304:10
[INFO] [stdout]   |
[INFO] [stdout] 3 | #[derive(Parse)]
[INFO] [stdout]   |          ^^^^^
[INFO] [stdout]   |
[INFO] [stdout] help: consider importing one of these items
[INFO] [stdout]   |
[INFO] [stdout] 2 + use vesper::prelude::Parse;
[INFO] [stdout]   |
[INFO] [stdout] 2 + use vesper_macros::Parse;
[INFO] [stdout]   |
[INFO] [stdout] 
[INFO] [stdout] error: cannot find attribute `parse` in this scope
[INFO] [stdout]  --> src/lib.rs:309:7
[INFO] [stdout]   |
[INFO] [stdout] 8 |     #[parse(rename = "Forth")]
[INFO] [stdout]   |       ^^^^^
[INFO] [stdout] 
[INFO] [stdout] error[E0412]: cannot find type `SlashContext` in this scope
[INFO] [stdout]   --> src/lib.rs:316:11
[INFO] [stdout]    |
[INFO] [stdout] 15 |     ctx: &SlashContext<()>,
[INFO] [stdout]    |           ^^^^^^^^^^^^ not found in this scope
[INFO] [stdout]    |
[INFO] [stdout] help: consider importing this struct
[INFO] [stdout]    |
[INFO] [stdout] 2  + use vesper::prelude::SlashContext;
[INFO] [stdout]    |
[INFO] [stdout] 
[INFO] [stdout] error[E0412]: cannot find type `DefaultCommandResult` in this scope
[INFO] [stdout]   --> src/lib.rs:318:6
[INFO] [stdout]    |
[INFO] [stdout] 17 | ) -> DefaultCommandResult
[INFO] [stdout]    |      ^^^^^^^^^^^^^^^^^^^^ not found in this scope
[INFO] [stdout]    |
[INFO] [stdout] help: consider importing this type alias
[INFO] [stdout]    |
[INFO] [stdout] 2  + use vesper::prelude::DefaultCommandResult;
[INFO] [stdout]    |
[INFO] [stdout] 
[INFO] [stdout] error: aborting due to 7 previous errors
[INFO] [stdout] 
[INFO] [stdout] For more information about this error, try `rustc --explain E0412`.
[INFO] [stdout] Couldn't compile the test.
[INFO] [stdout] ---- src/lib.rs - (line 554) stdout ----
[INFO] [stdout] error: expected identifier, found `(`
[INFO] [stdout]  --> src/lib.rs:555:9
[INFO] [stdout]   |
[INFO] [stdout] 3 | async fn(&SlashContext</* Some type */>, &str, Option<Result<T, E>>)
[INFO] [stdout]   |         ^ expected identifier
[INFO] [stdout] 
[INFO] [stdout] error: aborting due to previous error
[INFO] [stdout] 
[INFO] [stdout] Couldn't compile the test.
[INFO] [stdout] ---- src/lib.rs - (line 383) stdout ----
[INFO] [stdout] error: cannot find attribute `command` in this scope
[INFO] [stdout]  --> src/lib.rs:384:3
[INFO] [stdout]   |
[INFO] [stdout] 3 | #[command]
[INFO] [stdout]   |   ^^^^^^^
[INFO] [stdout]   |
[INFO] [stdout] help: consider importing one of these items
[INFO] [stdout]   |
[INFO] [stdout] 2 + use vesper::prelude::command;
[INFO] [stdout]   |
[INFO] [stdout] 2 + use vesper_macros::command;
[INFO] [stdout]   |
[INFO] [stdout] 
[INFO] [stdout] error: cannot find attribute `description` in this scope
[INFO] [stdout]  --> src/lib.rs:385:3
[INFO] [stdout]   |
[INFO] [stdout] 4 | #[description = "Something"]
[INFO] [stdout]   |   ^^^^^^^^^^^
[INFO] [stdout] 
[INFO] [stdout] error[E0412]: cannot find type `SlashContext` in this scope
[INFO] [stdout]  --> src/lib.rs:386:26
[INFO] [stdout]   |
[INFO] [stdout] 5 | async fn something(ctx: &SlashContext</* Your type */>) -> DefaultCommandResult {
[INFO] [stdout]   |                          ^^^^^^^^^^^^ not found in this scope
[INFO] [stdout]   |
[INFO] [stdout] help: consider importing this struct
[INFO] [stdout]   |
[INFO] [stdout] 2 + use vesper::prelude::SlashContext;
[INFO] [stdout]   |
[INFO] [stdout] 
[INFO] [stdout] error[E0412]: cannot find type `DefaultCommandResult` in this scope
[INFO] [stdout]  --> src/lib.rs:386:60
[INFO] [stdout]   |
[INFO] [stdout] 5 | async fn something(ctx: &SlashContext</* Your type */>) -> DefaultCommandResult {
[INFO] [stdout]   |                                                            ^^^^^^^^^^^^^^^^^^^^ not found in this scope
[INFO] [stdout]   |
[INFO] [stdout] help: consider importing this type alias
[INFO] [stdout]   |
[INFO] [stdout] 2 + use vesper::prelude::DefaultCommandResult;
[INFO] [stdout]   |
[INFO] [stdout] 
[INFO] [stdout] error: aborting due to 4 previous errors
[INFO] [stdout] 
[INFO] [stdout] For more information about this error, try `rustc --explain E0412`.
[INFO] [stdout] Couldn't compile the test.
[INFO] [stdout] ---- src/lib.rs - (line 542) stdout ----
[INFO] [stdout] error: expected `where`, `{`, `(`, or `;` after struct name, found `}`
[INFO] [stdout]  --> src/lib.rs:544:1
[INFO] [stdout]   |
[INFO] [stdout] 4 | } _doctest_main_src_lib_rs_542_0() }
[INFO] [stdout]   | ^ expected `where`, `{`, `(`, or `;` after struct name
[INFO] [stdout] 
[INFO] [stdout] error: aborting due to previous error
[INFO] [stdout] 
[INFO] [stdout] Couldn't compile the test.
[INFO] [stdout] ---- src/lib.rs - (line 212) stdout ----
[INFO] [stdout] error: cannot find attribute `command` in this scope
[INFO] [stdout]  --> src/lib.rs:213:3
[INFO] [stdout]   |
[INFO] [stdout] 3 | #[command]
[INFO] [stdout]   |   ^^^^^^^
[INFO] [stdout]   |
[INFO] [stdout] help: consider importing one of these items
[INFO] [stdout]   |
[INFO] [stdout] 2 + use vesper::prelude::command;
[INFO] [stdout]   |
[INFO] [stdout] 2 + use vesper_macros::command;
[INFO] [stdout]   |
[INFO] [stdout] 
[INFO] [stdout] error: cannot find attribute `localized_names` in this scope
[INFO] [stdout]  --> src/lib.rs:214:3
[INFO] [stdout]   |
[INFO] [stdout] 4 | #[localized_names("en-US" = "US name", "en-GB" = "GB name", "es-ES" = "Spanish name")]
[INFO] [stdout]   |   ^^^^^^^^^^^^^^^
[INFO] [stdout] 
[INFO] [stdout] error: cannot find attribute `localized_descriptions` in this scope
[INFO] [stdout]  --> src/lib.rs:215:3
[INFO] [stdout]   |
[INFO] [stdout] 5 | #[localized_descriptions("en-US" = "US description", "en-GB" = "GB description", "es-ES" = "Spanish description")]
[INFO] [stdout]   |   ^^^^^^^^^^^^^^^^^^^^^^
[INFO] [stdout] 
[INFO] [stdout] error: cannot find attribute `description` in this scope
[INFO] [stdout]  --> src/lib.rs:216:3
[INFO] [stdout]   |
[INFO] [stdout] 6 | #[description = "My description"]
[INFO] [stdout]   |   ^^^^^^^^^^^
[INFO] [stdout] 
[INFO] [stdout] error: cannot find attribute `localized_names` in this scope
[INFO] [stdout]  --> src/lib.rs:219:7
[INFO] [stdout]   |
[INFO] [stdout] 9 |     #[localized_names("en-US" = "US name", "en-GB" = "GB name", "es-ES" = "Spanish name")]
[INFO] [stdout]   |       ^^^^^^^^^^^^^^^
[INFO] [stdout] 
[INFO] [stdout] error: cannot find attribute `description` in this scope
[INFO] [stdout]   --> src/lib.rs:220:7
[INFO] [stdout]    |
[INFO] [stdout] 10 |     #[description = "Another description"]
[INFO] [stdout]    |       ^^^^^^^^^^^
[INFO] [stdout] 
[INFO] [stdout] error: cannot find attribute `localized_descriptions` in this scope
[INFO] [stdout]   --> src/lib.rs:221:7
[INFO] [stdout]    |
[INFO] [stdout] 11 |     #[localized_descriptions("en-US" = "US description", "en-GB" = "GB description", "es-ES" = "Spanish description")]
[INFO] [stdout]    |       ^^^^^^^^^^^^^^^^^^^^^^
[INFO] [stdout] 
[INFO] [stdout] error[E0412]: cannot find type `SlashContext` in this scope
[INFO] [stdout]  --> src/lib.rs:218:11
[INFO] [stdout]   |
[INFO] [stdout] 8 |     ctx: &SlashContext</* Data type */>,
[INFO] [stdout]   |           ^^^^^^^^^^^^ not found in this scope
[INFO] [stdout]   |
[INFO] [stdout] help: consider importing this struct
[INFO] [stdout]   |
[INFO] [stdout] 2 + use vesper::prelude::SlashContext;
[INFO] [stdout]   |
[INFO] [stdout] 
[INFO] [stdout] error[E0412]: cannot find type `DefaultCommandResult` in this scope
[INFO] [stdout]   --> src/lib.rs:223:6
[INFO] [stdout]    |
[INFO] [stdout] 13 | ) -> DefaultCommandResult
[INFO] [stdout]    |      ^^^^^^^^^^^^^^^^^^^^ not found in this scope
[INFO] [stdout]    |
[INFO] [stdout] help: consider importing this type alias
[INFO] [stdout]    |
[INFO] [stdout] 2  + use vesper::prelude::DefaultCommandResult;
[INFO] [stdout]    |
[INFO] [stdout] 
[INFO] [stdout] error: aborting due to 9 previous errors
[INFO] [stdout] 
[INFO] [stdout] For more information about this error, try `rustc --explain E0412`.
[INFO] [stdout] Couldn't compile the test.
[INFO] [stdout] ---- src/lib.rs - (line 365) stdout ----
[INFO] [stdout] error: cannot find attribute `command` in this scope
[INFO] [stdout]  --> src/lib.rs:366:3
[INFO] [stdout]   |
[INFO] [stdout] 3 | #[command]
[INFO] [stdout]   |   ^^^^^^^
[INFO] [stdout]   |
[INFO] [stdout] help: consider importing one of these items
[INFO] [stdout]   |
[INFO] [stdout] 2 + use vesper::prelude::command;
[INFO] [stdout]   |
[INFO] [stdout] 2 + use vesper_macros::command;
[INFO] [stdout]   |
[INFO] [stdout] 
[INFO] [stdout] error: cannot find attribute `description` in this scope
[INFO] [stdout]  --> src/lib.rs:367:3
[INFO] [stdout]   |
[INFO] [stdout] 4 | #[description = "Super cool command"]
[INFO] [stdout]   |   ^^^^^^^^^^^
[INFO] [stdout] 
[INFO] [stdout] error: cannot find attribute `required_permissions` in this scope
[INFO] [stdout]  --> src/lib.rs:368:3
[INFO] [stdout]   |
[INFO] [stdout] 5 | #[required_permissions(MANAGE_CHANNELS, MANAGE_MESSAGES)]
[INFO] [stdout]   |   ^^^^^^^^^^^^^^^^^^^^
[INFO] [stdout] 
[INFO] [stdout] error[E0412]: cannot find type `SlashContext` in this scope
[INFO] [stdout]  --> src/lib.rs:369:35
[INFO] [stdout]   |
[INFO] [stdout] 6 | async fn super_cool_command(ctx: &SlashContext</* Your type */>) -> DefaultCommandResult {
[INFO] [stdout]   |                                   ^^^^^^^^^^^^ not found in this scope
[INFO] [stdout]   |
[INFO] [stdout] help: consider importing this struct
[INFO] [stdout]   |
[INFO] [stdout] 2 + use vesper::prelude::SlashContext;
[INFO] [stdout]   |
[INFO] [stdout] 
[INFO] [stdout] error[E0412]: cannot find type `DefaultCommandResult` in this scope
[INFO] [stdout]  --> src/lib.rs:369:69
[INFO] [stdout]   |
[INFO] [stdout] 6 | async fn super_cool_command(ctx: &SlashContext</* Your type */>) -> DefaultCommandResult {
[INFO] [stdout]   |                                                                     ^^^^^^^^^^^^^^^^^^^^ not found in this scope
[INFO] [stdout]   |
[INFO] [stdout] help: consider importing this type alias
[INFO] [stdout]   |
[INFO] [stdout] 2 + use vesper::prelude::DefaultCommandResult;
[INFO] [stdout]   |
[INFO] [stdout] 
[INFO] [stdout] error: aborting due to 5 previous errors
[INFO] [stdout] 
[INFO] [stdout] For more information about this error, try `rustc --explain E0412`.
[INFO] [stdout] Couldn't compile the test.
[INFO] [stdout] ---- src/lib.rs - (line 398) stdout ----
[INFO] [stdout] error[E0433]: failed to resolve: use of undeclared type `Framework`
[INFO] [stdout]  --> src/lib.rs:401:21
[INFO] [stdout]   |
[INFO] [stdout] 4 |     let framework = Framework::builder()
[INFO] [stdout]   |                     ^^^^^^^^^ use of undeclared type `Framework`
[INFO] [stdout]   |
[INFO] [stdout] help: consider importing this struct
[INFO] [stdout]   |
[INFO] [stdout] 2 + use vesper::prelude::Framework;
[INFO] [stdout]   |
[INFO] [stdout] 
[INFO] [stdout] error[E0425]: cannot find value `something` in this scope
[INFO] [stdout]  --> src/lib.rs:405:30
[INFO] [stdout]   |
[INFO] [stdout] 8 |                 .add_command(something)
[INFO] [stdout]   |                              ^^^^^^^^^ not found in this scope
[INFO] [stdout] 
[INFO] [stdout] error: aborting due to 2 previous errors
[INFO] [stdout] 
[INFO] [stdout] Some errors have detailed explanations: E0425, E0433.
[INFO] [stdout] For more information about an error, try `rustc --explain E0425`.
[INFO] [stdout] Couldn't compile the test.
[INFO] [stdout] ---- src/lib.rs - (line 162) stdout ----
[INFO] [stdout] error[E0428]: the name `command` is defined multiple times
[INFO] [stdout]   --> src/lib.rs:195:1
[INFO] [stdout]    |
[INFO] [stdout] 20 | / async fn command(
[INFO] [stdout] 21 | |     ctx: &SlashContext</* Your type of context*/>,
[INFO] [stdout] 22 | |     #[description = "A description for the argument"] some_arg: String,
[INFO] [stdout] 23 | |     #[rename = "other_arg"] #[description = "other description"] other: Option<Id<UserMarker>>
[INFO] [stdout] ...  |
[INFO] [stdout] 28 | |     Ok(())
[INFO] [stdout] 29 | | }
[INFO] [stdout]    | |_- previous definition of the value `command` here
[INFO] [stdout] ...
[INFO] [stdout] 35 | / async fn command(
[INFO] [stdout] 36 | |     ctx: &SlashContext</* Your type of context*/>, // The context must always be the first parameter.
[INFO] [stdout] 37 | |     #[description = "A description for the argument"] some_arg: String,
[INFO] [stdout] 38 | |     #[rename = "other_arg"] #[description = "other description"] other: Option<Id<UserMarker>>
[INFO] [stdout] ...  |
[INFO] [stdout] 43 | |     Ok(())
[INFO] [stdout] 44 | | }
[INFO] [stdout]    | |_^ `command` redefined here
[INFO] [stdout]    |
[INFO] [stdout]    = note: `command` must be defined only once in the value namespace of this block
[INFO] [stdout] 
[INFO] [stdout] error: cannot find attribute `command` in this scope
[INFO] [stdout]   --> src/lib.rs:191:3
[INFO] [stdout]    |
[INFO] [stdout] 31 | #[command(chat)]
[INFO] [stdout]    |   ^^^^^^^
[INFO] [stdout]    |
[INFO] [stdout]    = note: `command` is in scope, but it is a function, not an attribute
[INFO] [stdout] help: consider importing one of these items
[INFO] [stdout]    |
[INFO] [stdout] 2  + use vesper::prelude::command;
[INFO] [stdout]    |
[INFO] [stdout] 2  + use vesper_macros::command;
[INFO] [stdout]    |
[INFO] [stdout] 
[INFO] [stdout] error: cannot find attribute `only_guilds` in this scope
[INFO] [stdout]   --> src/lib.rs:192:3
[INFO] [stdout]    |
[INFO] [stdout] 32 | #[only_guilds] // This command is now marked as nsfw and only available inside guilds
[INFO] [stdout]    |   ^^^^^^^^^^^
[INFO] [stdout] 
[INFO] [stdout] error: cannot find attribute `nsfw` in this scope
[INFO] [stdout]   --> src/lib.rs:193:3
[INFO] [stdout]    |
[INFO] [stdout] 33 | #[nsfw]
[INFO] [stdout]    |   ^^^^
[INFO] [stdout] 
[INFO] [stdout] error: cannot find attribute `description` in this scope
[INFO] [stdout]   --> src/lib.rs:194:3
[INFO] [stdout]    |
[INFO] [stdout] 34 | #[description = "This is the description of the command"]
[INFO] [stdout]    |   ^^^^^^^^^^^
[INFO] [stdout] 
[INFO] [stdout] error: cannot find attribute `description` in this scope
[INFO] [stdout]   --> src/lib.rs:197:7
[INFO] [stdout]    |
[INFO] [stdout] 37 |     #[description = "A description for the argument"] some_arg: String,
[INFO] [stdout]    |       ^^^^^^^^^^^
[INFO] [stdout] 
[INFO] [stdout] error: cannot find attribute `rename` in this scope
[INFO] [stdout]   --> src/lib.rs:198:7
[INFO] [stdout]    |
[INFO] [stdout] 38 |     #[rename = "other_arg"] #[description = "other description"] other: Option<Id<UserMarker>>
[INFO] [stdout]    |       ^^^^^^
[INFO] [stdout] 
[INFO] [stdout] error: cannot find attribute `description` in this scope
[INFO] [stdout]   --> src/lib.rs:198:31
[INFO] [stdout]    |
[INFO] [stdout] 38 |     #[rename = "other_arg"] #[description = "other description"] other: Option<Id<UserMarker>>
[INFO] [stdout]    |                               ^^^^^^^^^^^
[INFO] [stdout] 
[INFO] [stdout] error: cannot find attribute `command` in this scope
[INFO] [stdout]   --> src/lib.rs:177:3
[INFO] [stdout]    |
[INFO] [stdout] 17 | #[command(chat)]
[INFO] [stdout]    |   ^^^^^^^
[INFO] [stdout]    |
[INFO] [stdout]    = note: `command` is in scope, but it is a function, not an attribute
[INFO] [stdout] help: consider importing one of these items
[INFO] [stdout]    |
[INFO] [stdout] 2  + use vesper::prelude::command;
[INFO] [stdout]    |
[INFO] [stdout] 2  + use vesper_macros::command;
[INFO] [stdout]    |
[INFO] [stdout] 
[INFO] [stdout] error: cannot find attribute `only_guilds` in this scope
[INFO] [stdout]   --> src/lib.rs:178:3
[INFO] [stdout]    |
[INFO] [stdout] 18 | #[only_guilds] // This command is now only marked as only available inside of guilds
[INFO] [stdout]    |   ^^^^^^^^^^^
[INFO] [stdout] 
[INFO] [stdout] error: cannot find attribute `description` in this scope
[INFO] [stdout]   --> src/lib.rs:179:3
[INFO] [stdout]    |
[INFO] [stdout] 19 | #[description = "This is the description of the command"]
[INFO] [stdout]    |   ^^^^^^^^^^^
[INFO] [stdout] 
[INFO] [stdout] error: cannot find attribute `description` in this scope
[INFO] [stdout]   --> src/lib.rs:182:7
[INFO] [stdout]    |
[INFO] [stdout] 22 |     #[description = "A description for the argument"] some_arg: String,
[INFO] [stdout]    |       ^^^^^^^^^^^
[INFO] [stdout] 
[INFO] [stdout] error: cannot find attribute `rename` in this scope
[INFO] [stdout]   --> src/lib.rs:183:7
[INFO] [stdout]    |
[INFO] [stdout] 23 |     #[rename = "other_arg"] #[description = "other description"] other: Option<Id<UserMarker>>
[INFO] [stdout]    |       ^^^^^^
[INFO] [stdout] 
[INFO] [stdout] error: cannot find attribute `description` in this scope
[INFO] [stdout]   --> src/lib.rs:183:31
[INFO] [stdout]    |
[INFO] [stdout] 23 |     #[rename = "other_arg"] #[description = "other description"] other: Option<Id<UserMarker>>
[INFO] [stdout]    |                               ^^^^^^^^^^^
[INFO] [stdout] 
[INFO] [stdout] error: cannot find attribute `command` in this scope
[INFO] [stdout]  --> src/lib.rs:163:3
[INFO] [stdout]   |
[INFO] [stdout] 3 | #[command]
[INFO] [stdout]   |   ^^^^^^^
[INFO] [stdout]   |
[INFO] [stdout]   = note: `command` is in scope, but it is a function, not an attribute
[INFO] [stdout] help: consider importing one of these items
[INFO] [stdout]   |
[INFO] [stdout] 2 + use vesper::prelude::command;
[INFO] [stdout]   |
[INFO] [stdout] 2 + use vesper_macros::command;
[INFO] [stdout]   |
[INFO] [stdout] 
[INFO] [stdout] error: cannot find attribute `nsfw` in this scope
[INFO] [stdout]  --> src/lib.rs:164:3
[INFO] [stdout]   |
[INFO] [stdout] 4 | #[nsfw] // This command is now marked as nsfw
[INFO] [stdout]   |   ^^^^
[INFO] [stdout] 
[INFO] [stdout] error: cannot find attribute `description` in this scope
[INFO] [stdout]  --> src/lib.rs:165:3
[INFO] [stdout]   |
[INFO] [stdout] 5 | #[description = "This is the description of the command"]
[INFO] [stdout]   |   ^^^^^^^^^^^
[INFO] [stdout] 
[INFO] [stdout] error: cannot find attribute `description` in this scope
[INFO] [stdout]  --> src/lib.rs:168:7
[INFO] [stdout]   |
[INFO] [stdout] 8 |     #[description = "A description for the argument"] some_arg: String,
[INFO] [stdout]   |       ^^^^^^^^^^^
[INFO] [stdout] 
[INFO] [stdout] error: cannot find attribute `rename` in this scope
[INFO] [stdout]  --> src/lib.rs:169:7
[INFO] [stdout]   |
[INFO] [stdout] 9 |     #[rename = "other_arg"] #[description = "other description"] other: Option<Id<UserMarker>>
[INFO] [stdout]   |       ^^^^^^
[INFO] [stdout] 
[INFO] [stdout] error: cannot find attribute `description` in this scope
[INFO] [stdout]  --> src/lib.rs:169:31
[INFO] [stdout]   |
[INFO] [stdout] 9 |     #[rename = "other_arg"] #[description = "other description"] other: Option<Id<UserMarker>>
[INFO] [stdout]   |                               ^^^^^^^^^^^
[INFO] [stdout] 
[INFO] [stdout] error[E0412]: cannot find type `SlashContext` in this scope
[INFO] [stdout]  --> src/lib.rs:167:11
[INFO] [stdout]   |
[INFO] [stdout] 7 |     ctx: &SlashContext</* Your type of context*/>,
[INFO] [stdout]   |           ^^^^^^^^^^^^ not found in this scope
[INFO] [stdout]   |
[INFO] [stdout] help: consider importing this struct
[INFO] [stdout]   |
[INFO] [stdout] 2 + use vesper::prelude::SlashContext;
[INFO] [stdout]   |
[INFO] [stdout] 
[INFO] [stdout] error[E0412]: cannot find type `Id` in this scope
[INFO] [stdout]  --> src/lib.rs:169:80
[INFO] [stdout]   |
[INFO] [stdout] 9 |     #[rename = "other_arg"] #[description = "other description"] other: Option<Id<UserMarker>>
[INFO] [stdout]   |                                                                                ^^ not found in this scope
[INFO] [stdout]   |
[INFO] [stdout] help: consider importing one of these items
[INFO] [stdout]   |
[INFO] [stdout] 2 + use tracing::Id;
[INFO] [stdout]   |
[INFO] [stdout] 2 + use twilight_model::id::Id;
[INFO] [stdout]   |
[INFO] [stdout] 2 + use vesper::twilight_exports::Id;
[INFO] [stdout]   |
[INFO] [stdout] 
[INFO] [stdout] error[E0412]: cannot find type `UserMarker` in this scope
[INFO] [stdout]  --> src/lib.rs:169:83
[INFO] [stdout]   |
[INFO] [stdout] 9 |     #[rename = "other_arg"] #[description = "other description"] other: Option<Id<UserMarker>>
[INFO] [stdout]   |                                                                                   ^^^^^^^^^^ not found in this scope
[INFO] [stdout]   |
[INFO] [stdout] help: consider importing one of these items
[INFO] [stdout]   |
[INFO] [stdout] 2 + use twilight_model::id::marker::UserMarker;
[INFO] [stdout]   |
[INFO] [stdout] 2 + use vesper::twilight_exports::UserMarker;
[INFO] [stdout]   |
[INFO] [stdout] 
[INFO] [stdout] error[E0412]: cannot find type `DefaultCommandResult` in this scope
[INFO] [stdout]   --> src/lib.rs:170:6
[INFO] [stdout]    |
[INFO] [stdout] 10 | ) -> DefaultCommandResult 
[INFO] [stdout]    |      ^^^^^^^^^^^^^^^^^^^^ not found in this scope
[INFO] [stdout]    |
[INFO] [stdout] help: consider importing this type alias
[INFO] [stdout]    |
[INFO] [stdout] 2  + use vesper::prelude::DefaultCommandResult;
[INFO] [stdout]    |
[INFO] [stdout] 
[INFO] [stdout] error[E0412]: cannot find type `SlashContext` in this scope
[INFO] [stdout]   --> src/lib.rs:181:11
[INFO] [stdout]    |
[INFO] [stdout] 21 |     ctx: &SlashContext</* Your type of context*/>,
[INFO] [stdout]    |           ^^^^^^^^^^^^ not found in this scope
[INFO] [stdout]    |
[INFO] [stdout] help: consider importing this struct
[INFO] [stdout]    |
[INFO] [stdout] 2  + use vesper::prelude::SlashContext;
[INFO] [stdout]    |
[INFO] [stdout] 
[INFO] [stdout] error[E0412]: cannot find type `Id` in this scope
[INFO] [stdout]   --> src/lib.rs:183:80
[INFO] [stdout]    |
[INFO] [stdout] 23 |     #[rename = "other_arg"] #[description = "other description"] other: Option<Id<UserMarker>>
[INFO] [stdout]    |                                                                                ^^ not found in this scope
[INFO] [stdout]    |
[INFO] [stdout] help: consider importing one of these items
[INFO] [stdout]    |
[INFO] [stdout] 2  + use tracing::Id;
[INFO] [stdout]    |
[INFO] [stdout] 2  + use twilight_model::id::Id;
[INFO] [stdout]    |
[INFO] [stdout] 2  + use vesper::twilight_exports::Id;
[INFO] [stdout]    |
[INFO] [stdout] 
[INFO] [stdout] error[E0412]: cannot find type `UserMarker` in this scope
[INFO] [stdout]   --> src/lib.rs:183:83
[INFO] [stdout]    |
[INFO] [stdout] 23 |     #[rename = "other_arg"] #[description = "other description"] other: Option<Id<UserMarker>>
[INFO] [stdout]    |                                                                                   ^^^^^^^^^^ not found in this scope
[INFO] [stdout]    |
[INFO] [stdout] help: consider importing one of these items
[INFO] [stdout]    |
[INFO] [stdout] 2  + use twilight_model::id::marker::UserMarker;
[INFO] [stdout]    |
[INFO] [stdout] 2  + use vesper::twilight_exports::UserMarker;
[INFO] [stdout]    |
[INFO] [stdout] 
[INFO] [stdout] error[E0412]: cannot find type `DefaultCommandResult` in this scope
[INFO] [stdout]   --> src/lib.rs:184:6
[INFO] [stdout]    |
[INFO] [stdout] 24 | ) -> DefaultCommandResult
[INFO] [stdout]    |      ^^^^^^^^^^^^^^^^^^^^ not found in this scope
[INFO] [stdout]    |
[INFO] [stdout] help: consider importing this type alias
[INFO] [stdout]    |
[INFO] [stdout] 2  + use vesper::prelude::DefaultCommandResult;
[INFO] [stdout]    |
[INFO] [stdout] 
[INFO] [stdout] error[E0412]: cannot find type `SlashContext` in this scope
[INFO] [stdout]   --> src/lib.rs:196:11
[INFO] [stdout]    |
[INFO] [stdout] 36 |     ctx: &SlashContext</* Your type of context*/>, // The context must always be the first parameter.
[INFO] [stdout]    |           ^^^^^^^^^^^^ not found in this scope
[INFO] [stdout]    |
[INFO] [stdout] help: consider importing this struct
[INFO] [stdout]    |
[INFO] [stdout] 2  + use vesper::prelude::SlashContext;
[INFO] [stdout]    |
[INFO] [stdout] 
[INFO] [stdout] error[E0412]: cannot find type `Id` in this scope
[INFO] [stdout]   --> src/lib.rs:198:80
[INFO] [stdout]    |
[INFO] [stdout] 38 |     #[rename = "other_arg"] #[description = "other description"] other: Option<Id<UserMarker>>
[INFO] [stdout]    |                                                                                ^^ not found in this scope
[INFO] [stdout]    |
[INFO] [stdout] help: consider importing one of these items
[INFO] [stdout]    |
[INFO] [stdout] 2  + use tracing::Id;
[INFO] [stdout]    |
[INFO] [stdout] 2  + use twilight_model::id::Id;
[INFO] [stdout]    |
[INFO] [stdout] 2  + use vesper::twilight_exports::Id;
[INFO] [stdout]    |
[INFO] [stdout] 
[INFO] [stdout] error[E0412]: cannot find type `UserMarker` in this scope
[INFO] [stdout]   --> src/lib.rs:198:83
[INFO] [stdout]    |
[INFO] [stdout] 38 |     #[rename = "other_arg"] #[description = "other description"] other: Option<Id<UserMarker>>
[INFO] [stdout]    |                                                                                   ^^^^^^^^^^ not found in this scope
[INFO] [stdout]    |
[INFO] [stdout] help: consider importing one of these items
[INFO] [stdout]    |
[INFO] [stdout] 2  + use twilight_model::id::marker::UserMarker;
[INFO] [stdout]    |
[INFO] [stdout] 2  + use vesper::twilight_exports::UserMarker;
[INFO] [stdout]    |
[INFO] [stdout] 
[INFO] [stdout] error[E0412]: cannot find type `DefaultCommandResult` in this scope
[INFO] [stdout]   --> src/lib.rs:199:6
[INFO] [stdout]    |
[INFO] [stdout] 39 | ) -> DefaultCommandResult
[INFO] [stdout]    |      ^^^^^^^^^^^^^^^^^^^^ not found in this scope
[INFO] [stdout]    |
[INFO] [stdout] help: consider importing this type alias
[INFO] [stdout]    |
[INFO] [stdout] 2  + use vesper::prelude::DefaultCommandResult;
[INFO] [stdout]    |
[INFO] [stdout] 
[INFO] [stdout] error: aborting due to 32 previous errors
[INFO] [stdout] 
[INFO] [stdout] Some errors have detailed explanations: E0412, E0428.
[INFO] [stdout] For more information about an error, try `rustc --explain E0412`.
[INFO] [stdout] Couldn't compile the test.
[INFO] [stdout] ---- src/lib.rs - (line 559) stdout ----
[INFO] [stdout] error: expected identifier, found `(`
[INFO] [stdout]  --> src/lib.rs:560:9
[INFO] [stdout]   |
[INFO] [stdout] 3 | async fn(&SlashContext</* Some type */>, E)
[INFO] [stdout]   |         ^ expected identifier
[INFO] [stdout] 
[INFO] [stdout] error: aborting due to previous error
[INFO] [stdout] 
[INFO] [stdout] Couldn't compile the test.
[INFO] [stdout] ---- src/lib.rs - (line 107) stdout ----
[INFO] [stdout] error: cannot find attribute `command` in this scope
[INFO] [stdout]  --> src/lib.rs:108:3
[INFO] [stdout]   |
[INFO] [stdout] 3 | #[command(chat)] // or #[command]
[INFO] [stdout]   |   ^^^^^^^
[INFO] [stdout]   |
[INFO] [stdout]   = note: `command` is in scope, but it is a function, not an attribute
[INFO] [stdout] help: consider importing one of these items
[INFO] [stdout]   |
[INFO] [stdout] 2 + use vesper::prelude::command;
[INFO] [stdout]   |
[INFO] [stdout] 2 + use vesper_macros::command;
[INFO] [stdout]   |
[INFO] [stdout] 
[INFO] [stdout] error: cannot find attribute `description` in this scope
[INFO] [stdout]  --> src/lib.rs:109:3
[INFO] [stdout]   |
[INFO] [stdout] 4 | #[description = "This is the description of the command"]
[INFO] [stdout]   |   ^^^^^^^^^^^
[INFO] [stdout] 
[INFO] [stdout] error: cannot find attribute `description` in this scope
[INFO] [stdout]  --> src/lib.rs:112:7
[INFO] [stdout]   |
[INFO] [stdout] 7 |     #[description = "A description for the argument"] some_arg: String,
[INFO] [stdout]   |       ^^^^^^^^^^^
[INFO] [stdout] 
[INFO] [stdout] error: cannot find attribute `rename` in this scope
[INFO] [stdout]  --> src/lib.rs:113:7
[INFO] [stdout]   |
[INFO] [stdout] 8 |     #[rename = "other_arg"] #[description = "other description"] other: Option<Id<UserMarker>>
[INFO] [stdout]   |       ^^^^^^
[INFO] [stdout] 
[INFO] [stdout] error: cannot find attribute `description` in this scope
[INFO] [stdout]  --> src/lib.rs:113:31
[INFO] [stdout]   |
[INFO] [stdout] 8 |     #[rename = "other_arg"] #[description = "other description"] other: Option<Id<UserMarker>>
[INFO] [stdout]   |                               ^^^^^^^^^^^
[INFO] [stdout] 
[INFO] [stdout] error[E0412]: cannot find type `SlashContext` in this scope
[INFO] [stdout]  --> src/lib.rs:111:11
[INFO] [stdout]   |
[INFO] [stdout] 6 |     ctx: &SlashContext</* Your type of context*/>, // The context must always be the first parameter.
[INFO] [stdout]   |           ^^^^^^^^^^^^ not found in this scope
[INFO] [stdout]   |
[INFO] [stdout] help: consider importing this struct
[INFO] [stdout]   |
[INFO] [stdout] 2 + use vesper::prelude::SlashContext;
[INFO] [stdout]   |
[INFO] [stdout] 
[INFO] [stdout] error[E0412]: cannot find type `Id` in this scope
[INFO] [stdout]  --> src/lib.rs:113:80
[INFO] [stdout]   |
[INFO] [stdout] 8 |     #[rename = "other_arg"] #[description = "other description"] other: Option<Id<UserMarker>>
[INFO] [stdout]   |                                                                                ^^ not found in this scope
[INFO] [stdout]   |
[INFO] [stdout] help: consider importing one of these items
[INFO] [stdout]   |
[INFO] [stdout] 2 + use tracing::Id;
[INFO] [stdout]   |
[INFO] [stdout] 2 + use twilight_model::id::Id;
[INFO] [stdout]   |
[INFO] [stdout] 2 + use vesper::twilight_exports::Id;
[INFO] [stdout]   |
[INFO] [stdout] 
[INFO] [stdout] error[E0412]: cannot find type `UserMarker` in this scope
[INFO] [stdout]  --> src/lib.rs:113:83
[INFO] [stdout]   |
[INFO] [stdout] 8 |     #[rename = "other_arg"] #[description = "other description"] other: Option<Id<UserMarker>>
[INFO] [stdout]   |                                                                                   ^^^^^^^^^^ not found in this scope
[INFO] [stdout]   |
[INFO] [stdout] help: consider importing one of these items
[INFO] [stdout]   |
[INFO] [stdout] 2 + use twilight_model::id::marker::UserMarker;
[INFO] [stdout]   |
[INFO] [stdout] 2 + use vesper::twilight_exports::UserMarker;
[INFO] [stdout]   |
[INFO] [stdout] 
[INFO] [stdout] error[E0412]: cannot find type `DefaultCommandResult` in this scope
[INFO] [stdout]  --> src/lib.rs:114:6
[INFO] [stdout]   |
[INFO] [stdout] 9 | ) -> DefaultCommandResult 
[INFO] [stdout]   |      ^^^^^^^^^^^^^^^^^^^^ not found in this scope
[INFO] [stdout]   |
[INFO] [stdout] help: consider importing this type alias
[INFO] [stdout]   |
[INFO] [stdout] 2 + use vesper::prelude::DefaultCommandResult;
[INFO] [stdout]   |
[INFO] [stdout] 
[INFO] [stdout] error: aborting due to 9 previous errors
[INFO] [stdout] 
[INFO] [stdout] For more information about this error, try `rustc --explain E0412`.
[INFO] [stdout] Couldn't compile the test.
[INFO] [stdout] ---- src/lib.rs - (line 564) stdout ----
[INFO] [stdout] error: expected identifier, found `(`
[INFO] [stdout]  --> src/lib.rs:565:9
[INFO] [stdout]   |
[INFO] [stdout] 3 | async fn(&SlashContext</* Some type */>) -> Result<bool, E>
[INFO] [stdout]   |         ^ expected identifier
[INFO] [stdout] 
[INFO] [stdout] error: aborting due to previous error
[INFO] [stdout] 
[INFO] [stdout] Couldn't compile the test.
[INFO] [stdout] ---- src/lib.rs - (line 418) stdout ----
[INFO] [stdout] error[E0433]: failed to resolve: use of undeclared type `Framework`
[INFO] [stdout]  --> src/lib.rs:421:21
[INFO] [stdout]   |
[INFO] [stdout] 4 |     let framework = Framework::builder()
[INFO] [stdout]   |                     ^^^^^^^^^ use of undeclared type `Framework`
[INFO] [stdout]   |
[INFO] [stdout] help: consider importing this struct
[INFO] [stdout]   |
[INFO] [stdout] 2 + use vesper::prelude::Framework;
[INFO] [stdout]   |
[INFO] [stdout] 
[INFO] [stdout] error[E0425]: cannot find value `something` in this scope
[INFO] [stdout]   --> src/lib.rs:428:38
[INFO] [stdout]    |
[INFO] [stdout] 11 |                         .add_command(something)
[INFO] [stdout]    |                                      ^^^^^^^^^ not found in this scope
[INFO] [stdout] 
[INFO] [stdout] error: aborting due to 2 previous errors
[INFO] [stdout] 
[INFO] [stdout] Some errors have detailed explanations: E0425, E0433.
[INFO] [stdout] For more information about an error, try `rustc --explain E0425`.
[INFO] [stdout] Couldn't compile the test.
[INFO] [stdout] ---- src/lib.rs - (line 475) stdout ----
[INFO] [stdout] error: cannot find attribute `command` in this scope
[INFO] [stdout]   --> src/lib.rs:484:3
[INFO] [stdout]    |
[INFO] [stdout] 11 | #[command]
[INFO] [stdout]    |   ^^^^^^^
[INFO] [stdout]    |
[INFO] [stdout] help: consider importing one of these items
[INFO] [stdout]    |
[INFO] [stdout] 2  + use vesper::prelude::command;
[INFO] [stdout]    |
[INFO] [stdout] 2  + use vesper_macros::command;
[INFO] [stdout]    |
[INFO] [stdout] 
[INFO] [stdout] error: cannot find attribute `description` in this scope
[INFO] [stdout]   --> src/lib.rs:485:3
[INFO] [stdout]    |
[INFO] [stdout] 12 | #[description = "Tries to ban the bot itself, raising an error"]
[INFO] [stdout]    |   ^^^^^^^^^^^
[INFO] [stdout] 
[INFO] [stdout] error: cannot find attribute `error_handler` in this scope
[INFO] [stdout]   --> src/lib.rs:486:3
[INFO] [stdout]    |
[INFO] [stdout] 13 | #[error_handler(handle_ban_error)]
[INFO] [stdout]    |   ^^^^^^^^^^^^^
[INFO] [stdout]    |
[INFO] [stdout] help: consider importing one of these items
[INFO] [stdout]    |
[INFO] [stdout] 2  + use vesper::prelude::error_handler;
[INFO] [stdout]    |
[INFO] [stdout] 2  + use vesper_macros::error_handler;
[INFO] [stdout]    |
[INFO] [stdout] 
[INFO] [stdout] error: cannot find attribute `error_handler` in this scope
[INFO] [stdout]  --> src/lib.rs:476:3
[INFO] [stdout]   |
[INFO] [stdout] 3 | #[error_handler]
[INFO] [stdout]   |   ^^^^^^^^^^^^^
[INFO] [stdout]   |
[INFO] [stdout] help: consider importing one of these items
[INFO] [stdout]   |
[INFO] [stdout] 2 + use vesper::prelude::error_handler;
[INFO] [stdout]   |
[INFO] [stdout] 2 + use vesper_macros::error_handler;
[INFO] [stdout]   |
[INFO] [stdout] 
[INFO] [stdout] error[E0412]: cannot find type `SlashContext` in this scope
[INFO] [stdout]  --> src/lib.rs:477:34
[INFO] [stdout]   |
[INFO] [stdout] 4 | async fn handle_ban_error(_ctx: &SlashContext</* Some type */>, error: DefaultError) {
[INFO] [stdout]   |                                  ^^^^^^^^^^^^ not found in this scope
[INFO] [stdout]   |
[INFO] [stdout] help: consider importing this struct
[INFO] [stdout]   |
[INFO] [stdout] 2 + use vesper::prelude::SlashContext;
[INFO] [stdout]   |
[INFO] [stdout] 
[INFO] [stdout] error[E0412]: cannot find type `DefaultError` in this scope
[INFO] [stdout]  --> src/lib.rs:477:72
[INFO] [stdout]   |
[INFO] [stdout] 4 | async fn handle_ban_error(_ctx: &SlashContext</* Some type */>, error: DefaultError) {
[INFO] [stdout]   |                                                                        ^^^^^^^^^^^^ not found in this scope
[INFO] [stdout]   |
[INFO] [stdout] help: consider importing this type alias
[INFO] [stdout]   |
[INFO] [stdout] 2 + use vesper::framework::DefaultError;
[INFO] [stdout]   |
[INFO] [stdout] 
[INFO] [stdout] error[E0412]: cannot find type `SlashContext` in this scope
[INFO] [stdout]   --> src/lib.rs:487:27
[INFO] [stdout]    |
[INFO] [stdout] 14 | async fn ban_itself(ctx: &SlashContext</* Some type */>) -> DefaultCommandResult {
[INFO] [stdout]    |                           ^^^^^^^^^^^^ not found in this scope
[INFO] [stdout]    |
[INFO] [stdout] help: consider importing this struct
[INFO] [stdout]    |
[INFO] [stdout] 2  + use vesper::prelude::SlashContext;
[INFO] [stdout]    |
[INFO] [stdout] 
[INFO] [stdout] error[E0412]: cannot find type `DefaultCommandResult` in this scope
[INFO] [stdout]   --> src/lib.rs:487:61
[INFO] [stdout]    |
[INFO] [stdout] 14 | async fn ban_itself(ctx: &SlashContext</* Some type */>) -> DefaultCommandResult {
[INFO] [stdout]    |                                                             ^^^^^^^^^^^^^^^^^^^^ not found in this scope
[INFO] [stdout]    |
[INFO] [stdout] help: consider importing this type alias
[INFO] [stdout]    |
[INFO] [stdout] 2  + use vesper::prelude::DefaultCommandResult;
[INFO] [stdout]    |
[INFO] [stdout] 
[INFO] [stdout] error[E0433]: failed to resolve: use of undeclared type `Id`
[INFO] [stdout]   --> src/lib.rs:489:62
[INFO] [stdout]    |
[INFO] [stdout] 16 |     ctx.http_client().ban(ctx.interaction.guild_id.unwrap(), Id::new(ctx.application_id.get()))
[INFO] [stdout]    |                                                              ^^ use of undeclared type `Id`
[INFO] [stdout]    |
[INFO] [stdout] help: consider importing one of these items
[INFO] [stdout]    |
[INFO] [stdout] 2  + use tracing::Id;
[INFO] [stdout]    |
[INFO] [stdout] 2  + use twilight_model::id::Id;
[INFO] [stdout]    |
[INFO] [stdout] 2  + use vesper::twilight_exports::Id;
[INFO] [stdout]    |
[INFO] [stdout] 
[INFO] [stdout] error: aborting due to 9 previous errors
[INFO] [stdout] 
[INFO] [stdout] Some errors have detailed explanations: E0412, E0433.
[INFO] [stdout] For more information about an error, try `rustc --explain E0412`.
[INFO] [stdout] Couldn't compile the test.
[INFO] [stdout] ---- src/lib.rs - (line 575) stdout ----
[INFO] [stdout] error: SlashContext type must be set
[INFO] [stdout]   --> src/lib.rs:591:21
[INFO] [stdout]    |
[INFO] [stdout] 19 | async fn my_command(ctx: &SlashContext</* Some type */>) -> DefaultCommandResult {
[INFO] [stdout]    |                     ^^^
[INFO] [stdout] 
[INFO] [stdout] error: aborting due to previous error
[INFO] [stdout] 
[INFO] [stdout] Couldn't compile the test.
[INFO] [stdout] ---- src/lib.rs - (line 510) stdout ----
[INFO] [stdout] error: cannot find attribute `check` in this scope
[INFO] [stdout]  --> src/lib.rs:517:3
[INFO] [stdout]   |
[INFO] [stdout] 9 | #[check]
[INFO] [stdout]   |   ^^^^^
[INFO] [stdout]   |
[INFO] [stdout] help: consider importing one of these items
[INFO] [stdout]   |
[INFO] [stdout] 2 + use vesper::prelude::check;
[INFO] [stdout]   |
[INFO] [stdout] 2 + use vesper_macros::check;
[INFO] [stdout]   |
[INFO] [stdout] 
[INFO] [stdout] error: cannot find attribute `check` in this scope
[INFO] [stdout]  --> src/lib.rs:511:3
[INFO] [stdout]   |
[INFO] [stdout] 3 | #[check]
[INFO] [stdout]   |   ^^^^^
[INFO] [stdout]   |
[INFO] [stdout] help: consider importing one of these items
[INFO] [stdout]   |
[INFO] [stdout] 2 + use vesper::prelude::check;
[INFO] [stdout]   |
[INFO] [stdout] 2 + use vesper_macros::check;
[INFO] [stdout]   |
[INFO] [stdout] 
[INFO] [stdout] error[E0412]: cannot find type `SlashContext` in this scope
[INFO] [stdout]  --> src/lib.rs:512:28
[INFO] [stdout]   |
[INFO] [stdout] 4 | async fn only_guilds(ctx: &SlashContext</* Some type */>) -> Result<bool, DefaultError> {
[INFO] [stdout]   |                            ^^^^^^^^^^^^ not found in this scope
[INFO] [stdout]   |
[INFO] [stdout] help: consider importing this struct
[INFO] [stdout]   |
[INFO] [stdout] 2 + use vesper::prelude::SlashContext;
[INFO] [stdout]   |
[INFO] [stdout] 
[INFO] [stdout] error[E0412]: cannot find type `DefaultError` in this scope
[INFO] [stdout]  --> src/lib.rs:512:75
[INFO] [stdout]   |
[INFO] [stdout] 4 | async fn only_guilds(ctx: &SlashContext</* Some type */>) -> Result<bool, DefaultError> {
[INFO] [stdout]   |                                                                           ^^^^^^^^^^^^ not found in this scope
[INFO] [stdout]   |
[INFO] [stdout] help: consider importing this type alias
[INFO] [stdout]   |
[INFO] [stdout] 2 + use vesper::framework::DefaultError;
[INFO] [stdout]   |
[INFO] [stdout] 
[INFO] [stdout] error[E0412]: cannot find type `SlashContext` in this scope
[INFO] [stdout]   --> src/lib.rs:518:29
[INFO] [stdout]    |
[INFO] [stdout] 10 | async fn other_check(_ctx: &SlashContext</* Some type */>) -> Result<bool, DefaultError> {
[INFO] [stdout]    |                             ^^^^^^^^^^^^ not found in this scope
[INFO] [stdout]    |
[INFO] [stdout] help: consider importing this struct
[INFO] [stdout]    |
[INFO] [stdout] 2  + use vesper::prelude::SlashContext;
[INFO] [stdout]    |
[INFO] [stdout] 
[INFO] [stdout] error[E0412]: cannot find type `DefaultError` in this scope
[INFO] [stdout]   --> src/lib.rs:518:76
[INFO] [stdout]    |
[INFO] [stdout] 10 | async fn other_check(_ctx: &SlashContext</* Some type */>) -> Result<bool, DefaultError> {
[INFO] [stdout]    |                                                                            ^^^^^^^^^^^^ not found in this scope
[INFO] [stdout]    |
[INFO] [stdout] help: consider importing this type alias
[INFO] [stdout]    |
[INFO] [stdout] 2  + use vesper::framework::DefaultError;
[INFO] [stdout]    |
[INFO] [stdout] 
[INFO] [stdout] error: aborting due to 6 previous errors
[INFO] [stdout] 
[INFO] [stdout] For more information about this error, try `rustc --explain E0412`.
[INFO] [stdout] Couldn't compile the test.
[INFO] [stdout] ---- src/lib.rs - (line 24) stdout ----
[INFO] [stdout] error[E0432]: unresolved import `futures_util`
[INFO] [stdout]  --> src/lib.rs:27:5
[INFO] [stdout]   |
[INFO] [stdout] 5 | use futures_util::StreamExt;
[INFO] [stdout]   |     ^^^^^^^^^^^^ use of undeclared crate or module `futures_util`
[INFO] [stdout] 
[INFO] [stdout] error[E0433]: failed to resolve: use of undeclared crate or module `twilight_gateway`
[INFO] [stdout]  --> src/lib.rs:28:5
[INFO] [stdout]   |
[INFO] [stdout] 6 | use twilight_gateway::{stream::{self, ShardEventStream}, Config};
[INFO] [stdout]   |     ^^^^^^^^^^^^^^^^ use of undeclared crate or module `twilight_gateway`
[INFO] [stdout] 
[INFO] [stdout] error[E0432]: unresolved import `twilight_gateway`
[INFO] [stdout]  --> src/lib.rs:28:5
[INFO] [stdout]   |
[INFO] [stdout] 6 | use twilight_gateway::{stream::{self, ShardEventStream}, Config};
[INFO] [stdout]   |     ^^^^^^^^^^^^^^^^ use of undeclared crate or module `twilight_gateway`
[INFO] [stdout] 
[INFO] [stdout] error[E0308]: mismatched types
[INFO] [stdout]    --> src/lib.rs:61:62
[INFO] [stdout]     |
[INFO] [stdout] 39  |     framework.register_guild_commands(Id::<GuildMarker>::new("<GUILD_ID>")).await.unwrap();
[INFO] [stdout]     |                                       ---------------------- ^^^^^^^^^^^^ expected `u64`, found `&str`
[INFO] [stdout]     |                                       |
[INFO] [stdout]     |                                       arguments to this function are incorrect
[INFO] [stdout]     |
[INFO] [stdout] note: associated function defined here
[INFO] [stdout]    --> /opt/rustwide/cargo-home/registry/src/index.crates.io-6f17d22bba15001f/twilight-model-0.15.4/src/id/mod.rs:114:18
[INFO] [stdout]     |
[INFO] [stdout] 114 |     pub const fn new(n: u64) -> Self {
[INFO] [stdout]     |                  ^^^
[INFO] [stdout] 
[INFO] [stdout] error[E0308]: mismatched types
[INFO] [stdout]   --> src/lib.rs:39:10
[INFO] [stdout]    |
[INFO] [stdout] 15 | #[command]
[INFO] [stdout]    | ---------- arguments to this function are incorrect
[INFO] [stdout] 16 | #[description = "Says hello"]
[INFO] [stdout] 17 | async fn hello(ctx: &SlashContext<()>) -> DefaultCommandResult {
[INFO] [stdout]    |          ^^^^^ types differ in mutability
[INFO] [stdout]    |
[INFO] [stdout]    = note: expected fn pointer `for<'a> fn(&'a vesper::context::SlashContext<'a, _>) -> Pin<Box<(dyn Future<Output = Result<_, _>> + Send + 'a)>>`
[INFO] [stdout]                  found fn item `fn(&mut SlashContext<'a, ()>) -> Pin<Box<dyn Future<Output = Result<(), Box<...>>> + Send>> {_hello}`
[INFO] [stdout] note: associated function defined here
[INFO] [stdout]   --> /opt/rustwide/workdir/src/command.rs:93:12
[INFO] [stdout]    |
[INFO] [stdout] 93 |     pub fn new(fun: CommandFn<D, T, E>) -> Self {
[INFO] [stdout]    |            ^^^
[INFO] [stdout] 
[INFO] [stdout] error: aborting due to 5 previous errors
[INFO] [stdout] 
[INFO] [stdout] Some errors have detailed explanations: E0308, E0432, E0433.
[INFO] [stdout] For more information about an error, try `rustc --explain E0308`.
[INFO] [stdout] Couldn't compile the test.
[INFO] [stdout] ---- src/lib.rs - (line 460) stdout ----
[INFO] [stdout] error: cannot find attribute `after` in this scope
[INFO] [stdout]  --> src/lib.rs:461:3
[INFO] [stdout]   |
[INFO] [stdout] 3 | #[after]
[INFO] [stdout]   |   ^^^^^
[INFO] [stdout]   |
[INFO] [stdout] help: consider importing one of these items
[INFO] [stdout]   |
[INFO] [stdout] 2 + use vesper::prelude::after;
[INFO] [stdout]   |
[INFO] [stdout] 2 + use vesper_macros::after;
[INFO] [stdout]   |
[INFO] [stdout] 
[INFO] [stdout] error[E0412]: cannot find type `SlashContext` in this scope
[INFO] [stdout]  --> src/lib.rs:462:27
[INFO] [stdout]   |
[INFO] [stdout] 4 | async fn after_hook(ctx: &SlashContext</* Your type */>, command_name: &str, result: Option<DefaultCommandResult>) {
[INFO] [stdout]   |                           ^^^^^^^^^^^^ not found in this scope
[INFO] [stdout]   |
[INFO] [stdout] help: consider importing this struct
[INFO] [stdout]   |
[INFO] [stdout] 2 + use vesper::prelude::SlashContext;
[INFO] [stdout]   |
[INFO] [stdout] 
[INFO] [stdout] error[E0412]: cannot find type `DefaultCommandResult` in this scope
[INFO] [stdout]  --> src/lib.rs:462:93
[INFO] [stdout]   |
[INFO] [stdout] 4 | async fn after_hook(ctx: &SlashContext</* Your type */>, command_name: &str, result: Option<DefaultCommandResult>) {
[INFO] [stdout]   |                                                                                             ^^^^^^^^^^^^^^^^^^^^ not found in this scope
[INFO] [stdout]   |
[INFO] [stdout] help: consider importing this type alias
[INFO] [stdout]   |
[INFO] [stdout] 2 + use vesper::prelude::DefaultCommandResult;
[INFO] [stdout]   |
[INFO] [stdout] 
[INFO] [stdout] error: aborting due to 3 previous errors
[INFO] [stdout] 
[INFO] [stdout] For more information about this error, try `rustc --explain E0412`.
[INFO] [stdout] Couldn't compile the test.
[INFO] [stdout] ---- src/lib.rs - (line 615) stdout ----
[INFO] [stdout] error[E0412]: cannot find type `Arc` in this scope
[INFO] [stdout]  --> src/lib.rs:617:18
[INFO] [stdout]   |
[INFO] [stdout] 4 |     http_client: Arc<Client>,
[INFO] [stdout]   |                  ^^^ not found in this scope
[INFO] [stdout]   |
[INFO] [stdout] help: consider importing this struct
[INFO] [stdout]   |
[INFO] [stdout] 2 + use std::sync::Arc;
[INFO] [stdout]   |
[INFO] [stdout] 
[INFO] [stdout] error[E0412]: cannot find type `Client` in this scope
[INFO] [stdout]  --> src/lib.rs:617:22
[INFO] [stdout]   |
[INFO] [stdout] 4 |     http_client: Arc<Client>,
[INFO] [stdout]   |                      ^^^^^^ not found in this scope
[INFO] [stdout]   |
[INFO] [stdout] help: consider importing one of these items
[INFO] [stdout]   |
[INFO] [stdout] 2 + use twilight_http::Client;
[INFO] [stdout]   |
[INFO] [stdout] 2 + use vesper::twilight_exports::Client;
[INFO] [stdout]   |
[INFO] [stdout] 
[INFO] [stdout] error[E0412]: cannot find type `Id` in this scope
[INFO] [stdout]  --> src/lib.rs:618:13
[INFO] [stdout]   |
[INFO] [stdout] 5 |     app_id: Id<ApplicationMarker>
[INFO] [stdout]   |             ^^ not found in this scope
[INFO] [stdout]   |
[INFO] [stdout] help: consider importing one of these items
[INFO] [stdout]   |
[INFO] [stdout] 2 + use tracing::Id;
[INFO] [stdout]   |
[INFO] [stdout] 2 + use twilight_model::id::Id;
[INFO] [stdout]   |
[INFO] [stdout] 2 + use vesper::twilight_exports::Id;
[INFO] [stdout]   |
[INFO] [stdout] 
[INFO] [stdout] error[E0412]: cannot find type `ApplicationMarker` in this scope
[INFO] [stdout]  --> src/lib.rs:618:16
[INFO] [stdout]   |
[INFO] [stdout] 5 |     app_id: Id<ApplicationMarker>
[INFO] [stdout]   |                ^^^^^^^^^^^^^^^^^ not found in this scope
[INFO] [stdout]   |
[INFO] [stdout] help: consider importing one of these items
[INFO] [stdout]   |
[INFO] [stdout] 2 + use twilight_model::id::marker::ApplicationMarker;
[INFO] [stdout]   |
[INFO] [stdout] 2 + use vesper::twilight_exports::ApplicationMarker;
[INFO] [stdout]   |
[INFO] [stdout] 
[INFO] [stdout] error[E0412]: cannot find type `Framework` in this scope
[INFO] [stdout]  --> src/lib.rs:619:6
[INFO] [stdout]   |
[INFO] [stdout] 6 | ) -> Framework<()> {
[INFO] [stdout]   |      ^^^^^^^^^ not found in this scope
[INFO] [stdout]   |
[INFO] [stdout] help: consider importing this struct
[INFO] [stdout]   |
[INFO] [stdout] 2 + use vesper::prelude::Framework;
[INFO] [stdout]   |
[INFO] [stdout] 
[INFO] [stdout] error[E0433]: failed to resolve: use of undeclared type `Framework`
[INFO] [stdout]  --> src/lib.rs:620:5
[INFO] [stdout]   |
[INFO] [stdout] 7 |     Framework::builder(http_client, app_id, ())
[INFO] [stdout]   |     ^^^^^^^^^ use of undeclared type `Framework`
[INFO] [stdout]   |
[INFO] [stdout] help: consider importing this struct
[INFO] [stdout]   |
[INFO] [stdout] 2 + use vesper::prelude::Framework;
[INFO] [stdout]   |
[INFO] [stdout] 
[INFO] [stdout] error[E0425]: cannot find value `hello` in this scope
[INFO] [stdout]  --> src/lib.rs:621:18
[INFO] [stdout]   |
[INFO] [stdout] 8 |         .command(hello)
[INFO] [stdout]   |                  ^^^^^ not found in this scope
[INFO] [stdout] 
[INFO] [stdout] error[E0412]: cannot find type `Framework` in this scope
[INFO] [stdout]   --> src/lib.rs:625:31
[INFO] [stdout]    |
[INFO] [stdout] 12 | fn create_lockfile(framework: Framework<()>) -> Result<()> {
[INFO] [stdout]    |                               ^^^^^^^^^ not found in this scope
[INFO] [stdout]    |
[INFO] [stdout] help: consider importing this struct
[INFO] [stdout]    |
[INFO] [stdout] 2  + use vesper::prelude::Framework;
[INFO] [stdout]    |
[INFO] [stdout] 
[INFO] [stdout] error[E0107]: enum takes 2 generic arguments but 1 generic argument was supplied
[INFO] [stdout]   --> src/lib.rs:625:49
[INFO] [stdout]    |
[INFO] [stdout] 12 | fn create_lockfile(framework: Framework<()>) -> Result<()> {
[INFO] [stdout]    |                                                 ^^^^^^ -- supplied 1 generic argument
[INFO] [stdout]    |                                                 |
[INFO] [stdout]    |                                                 expected 2 generic arguments
[INFO] [stdout]    |
[INFO] [stdout] help: add missing generic argument
[INFO] [stdout]    |
[INFO] [stdout] 12 | fn create_lockfile(framework: Framework<()>) -> Result<(), E> {
[INFO] [stdout]    |                                                          +++
[INFO] [stdout] 
[INFO] [stdout] error[E0433]: failed to resolve: use of undeclared crate or module `serde_json`
[INFO] [stdout]   --> src/lib.rs:627:19
[INFO] [stdout]    |
[INFO] [stdout] 14 |     let content = serde_json::to_string_pretty(&commands)?;
[INFO] [stdout]    |                   ^^^^^^^^^^ use of undeclared crate or module `serde_json`
[INFO] [stdout] 
[INFO] [stdout] error: aborting due to 10 previous errors
[INFO] [stdout] 
[INFO] [stdout] Some errors have detailed explanations: E0107, E0412, E0425, E0433.
[INFO] [stdout] For more information about an error, try `rustc --explain E0107`.
[INFO] [stdout] Couldn't compile the test.
[INFO] [stdout] ---- src/lib.rs - (line 446) stdout ----
[INFO] [stdout] error: cannot find attribute `before` in this scope
[INFO] [stdout]  --> src/lib.rs:447:3
[INFO] [stdout]   |
[INFO] [stdout] 3 | #[before]
[INFO] [stdout]   |   ^^^^^^
[INFO] [stdout]   |
[INFO] [stdout] help: consider importing one of these items
[INFO] [stdout]   |
[INFO] [stdout] 2 + use vesper::prelude::before;
[INFO] [stdout]   |
[INFO] [stdout] 2 + use vesper_macros::before;
[INFO] [stdout]   |
[INFO] [stdout] 
[INFO] [stdout] error[E0412]: cannot find type `SlashContext` in this scope
[INFO] [stdout]  --> src/lib.rs:448:28
[INFO] [stdout]   |
[INFO] [stdout] 4 | async fn before_hook(ctx: &SlashContext</*Your type*/>, command_name: &str) -> bool {
[INFO] [stdout]   |                            ^^^^^^^^^^^^ not found in this scope
[INFO] [stdout]   |
[INFO] [stdout] help: consider importing this struct
[INFO] [stdout]   |
[INFO] [stdout] 2 + use vesper::prelude::SlashContext;
[INFO] [stdout]   |
[INFO] [stdout] 
[INFO] [stdout] error: aborting due to 2 previous errors
[INFO] [stdout] 
[INFO] [stdout] For more information about this error, try `rustc --explain E0412`.
[INFO] [stdout] Couldn't compile the test.
[INFO] [stdout] ---- src/lib.rs - (line 525) stdout ----
[INFO] [stdout] error: cannot find attribute `command` in this scope
[INFO] [stdout]  --> src/lib.rs:526:3
[INFO] [stdout]   |
[INFO] [stdout] 3 | #[command]
[INFO] [stdout]   |   ^^^^^^^
[INFO] [stdout]   |
[INFO] [stdout] help: consider importing one of these items
[INFO] [stdout]   |
[INFO] [stdout] 2 + use vesper::prelude::command;
[INFO] [stdout]   |
[INFO] [stdout] 2 + use vesper_macros::command;
[INFO] [stdout]   |
[INFO] [stdout] 
[INFO] [stdout] error: cannot find attribute `description` in this scope
[INFO] [stdout]  --> src/lib.rs:527:3
[INFO] [stdout]   |
[INFO] [stdout] 4 | #[description = "Some description"]
[INFO] [stdout]   |   ^^^^^^^^^^^
[INFO] [stdout] 
[INFO] [stdout] error: cannot find attribute `checks` in this scope
[INFO] [stdout]  --> src/lib.rs:528:3
[INFO] [stdout]   |
[INFO] [stdout] 5 | #[checks(only_guilds, other_check)]
[INFO] [stdout]   |   ^^^^^^
[INFO] [stdout] 
[INFO] [stdout] error[E0412]: cannot find type `SlashContext` in this scope
[INFO] [stdout]  --> src/lib.rs:529:27
[INFO] [stdout]   |
[INFO] [stdout] 6 | async fn my_command(ctx: &SlashContext</* Some type */>) -> DefaultCommandResult {
[INFO] [stdout]   |                           ^^^^^^^^^^^^ not found in this scope
[INFO] [stdout]   |
[INFO] [stdout] help: consider importing this struct
[INFO] [stdout]   |
[INFO] [stdout] 2 + use vesper::prelude::SlashContext;
[INFO] [stdout]   |
[INFO] [stdout] 
[INFO] [stdout] error[E0412]: cannot find type `DefaultCommandResult` in this scope
[INFO] [stdout]  --> src/lib.rs:529:61
[INFO] [stdout]   |
[INFO] [stdout] 6 | async fn my_command(ctx: &SlashContext</* Some type */>) -> DefaultCommandResult {
[INFO] [stdout]   |                                                             ^^^^^^^^^^^^^^^^^^^^ not found in this scope
[INFO] [stdout]   |
[INFO] [stdout] help: consider importing this type alias
[INFO] [stdout]   |
[INFO] [stdout] 2 + use vesper::prelude::DefaultCommandResult;
[INFO] [stdout]   |
[INFO] [stdout] 
[INFO] [stdout] error: aborting due to 5 previous errors
[INFO] [stdout] 
[INFO] [stdout] For more information about this error, try `rustc --explain E0412`.
[INFO] [stdout] Couldn't compile the test.
[INFO] [stdout] ---- src/wait.rs - wait::InteractionWaiter (line 29) stdout ----
[INFO] [stdout] error[E0433]: failed to resolve: use of undeclared crate or module `zephyrus`
[INFO] [stdout]  --> src/wait.rs:30:5
[INFO] [stdout]   |
[INFO] [stdout] 3 | use zephyrus::prelude::{command, SlashContext, DefaultCommandResult};
[INFO] [stdout]   |     ^^^^^^^^ use of undeclared crate or module `zephyrus`
[INFO] [stdout] 
[INFO] [stdout] error: cannot determine resolution for the attribute macro `command`
[INFO] [stdout]  --> src/wait.rs:32:3
[INFO] [stdout]   |
[INFO] [stdout] 5 | #[command]
[INFO] [stdout]   |   ^^^^^^^
[INFO] [stdout]   |
[INFO] [stdout]   = note: import resolution is stuck, try simplifying macro imports
[INFO] [stdout] 
[INFO] [stdout] error: cannot find attribute `description` in this scope
[INFO] [stdout]  --> src/wait.rs:33:3
[INFO] [stdout]   |
[INFO] [stdout] 6 | #[description = "My Command"]
[INFO] [stdout]   |   ^^^^^^^^^^^
[INFO] [stdout] 
[INFO] [stdout] error: aborting due to 3 previous errors
[INFO] [stdout] 
[INFO] [stdout] For more information about this error, try `rustc --explain E0433`.
[INFO] [stdout] Couldn't compile the test.
[INFO] [stdout] 
[INFO] [stdout] failures:
[INFO] [stdout]     src/builder.rs - builder::FrameworkBuilder<D,T,E>::after (line 155)
[INFO] [stdout]     src/builder.rs - builder::FrameworkBuilder<D,T,E>::before (line 124)
[INFO] [stdout]     src/builder.rs - builder::FrameworkBuilder<D,T,E>::command (line 185)
[INFO] [stdout]     src/context.rs - context::SlashContext<'a,D>::acknowledge (line 123)
[INFO] [stdout]     src/context.rs - context::SlashContext<'a,D>::create_modal (line 200)
[INFO] [stdout]     src/context.rs - context::SlashContext<'a,D>::defer (line 152)
[INFO] [stdout]     src/lib.rs - (line 107)
[INFO] [stdout]     src/lib.rs - (line 123)
[INFO] [stdout]     src/lib.rs - (line 137)
[INFO] [stdout]     src/lib.rs - (line 162)
[INFO] [stdout]     src/lib.rs - (line 212)
[INFO] [stdout]     src/lib.rs - (line 24)
[INFO] [stdout]     src/lib.rs - (line 255)
[INFO] [stdout]     src/lib.rs - (line 303)
[INFO] [stdout]     src/lib.rs - (line 330)
[INFO] [stdout]     src/lib.rs - (line 346)
[INFO] [stdout]     src/lib.rs - (line 365)
[INFO] [stdout]     src/lib.rs - (line 383)
[INFO] [stdout]     src/lib.rs - (line 398)
[INFO] [stdout]     src/lib.rs - (line 418)
[INFO] [stdout]     src/lib.rs - (line 446)
[INFO] [stdout]     src/lib.rs - (line 460)
[INFO] [stdout]     src/lib.rs - (line 475)
[INFO] [stdout]     src/lib.rs - (line 510)
[INFO] [stdout]     src/lib.rs - (line 525)
[INFO] [stdout]     src/lib.rs - (line 542)
[INFO] [stdout]     src/lib.rs - (line 554)
[INFO] [stdout]     src/lib.rs - (line 559)
[INFO] [stdout]     src/lib.rs - (line 564)
[INFO] [stdout]     src/lib.rs - (line 575)
[INFO] [stdout]     src/lib.rs - (line 615)
[INFO] [stdout]     src/wait.rs - wait::InteractionWaiter (line 29)
[INFO] [stdout] 
[INFO] [stdout] test result: FAILED. 0 passed; 32 failed; 0 ignored; 0 measured; 0 filtered out; finished in 0.47s
[INFO] [stdout] 
[INFO] running `Command { std: "docker" "inspect" "659c4634cfe5ddc2c8f021af4cf85829653bc3d7e2fe608d4880e2facf31f4d0", kill_on_drop: false }`
[INFO] running `Command { std: "docker" "rm" "-f" "659c4634cfe5ddc2c8f021af4cf85829653bc3d7e2fe608d4880e2facf31f4d0", kill_on_drop: false }`
[INFO] [stdout] 659c4634cfe5ddc2c8f021af4cf85829653bc3d7e2fe608d4880e2facf31f4d0
[INFO] testing vesper-0.11.0 against beta-2023-12-22 for beta-1.76-1
[INFO] extracting crate vesper 0.11.0 into /workspace/builds/worker-2-tc2/source
[INFO] validating manifest of crates.io crate vesper 0.11.0 on toolchain beta-2023-12-22
[INFO] running `Command { std: CARGO_HOME="/workspace/cargo-home" RUSTUP_HOME="/workspace/rustup-home" "/workspace/cargo-home/bin/cargo" "+beta-2023-12-22" "metadata" "--manifest-path" "Cargo.toml" "--no-deps", kill_on_drop: false }`
[INFO] started tweaking crates.io crate vesper 0.11.0
[INFO] finished tweaking crates.io crate vesper 0.11.0
[INFO] tweaked toml for crates.io crate vesper 0.11.0 written to /workspace/builds/worker-2-tc2/source/Cargo.toml
[INFO] running `Command { std: CARGO_HOME="/workspace/cargo-home" RUSTUP_HOME="/workspace/rustup-home" "/workspace/cargo-home/bin/cargo" "+beta-2023-12-22" "generate-lockfile" "--manifest-path" "Cargo.toml", kill_on_drop: false }`
[INFO] [stderr]     Updating crates.io index
[INFO] running `Command { std: CARGO_HOME="/workspace/cargo-home" RUSTUP_HOME="/workspace/rustup-home" "/workspace/cargo-home/bin/cargo" "+beta-2023-12-22" "fetch" "--manifest-path" "Cargo.toml", kill_on_drop: false }`
[INFO] running `Command { std: "docker" "create" "-v" "/var/lib/crater-agent-workspace/builds/worker-2-tc2/target:/opt/rustwide/target:rw,Z" "-v" "/var/lib/crater-agent-workspace/builds/worker-2-tc2/source:/opt/rustwide/workdir:ro,Z" "-v" "/var/lib/crater-agent-workspace/cargo-home:/opt/rustwide/cargo-home:ro,Z" "-v" "/var/lib/crater-agent-workspace/rustup-home:/opt/rustwide/rustup-home:ro,Z" "-e" "SOURCE_DIR=/opt/rustwide/workdir" "-e" "CARGO_TARGET_DIR=/opt/rustwide/target" "-e" "CARGO_HOME=/opt/rustwide/cargo-home" "-e" "RUSTUP_HOME=/opt/rustwide/rustup-home" "-w" "/opt/rustwide/workdir" "-m" "1610612736" "--user" "0:0" "--network" "none" "ghcr.io/rust-lang/crates-build-env/linux@sha256:2788e3201cd34a07e3172128adcd8b3090168a8e3bcc40d7c032b9dda1df7d1c" "/opt/rustwide/cargo-home/bin/cargo" "+beta-2023-12-22" "metadata" "--no-deps" "--format-version=1", kill_on_drop: false }`
[INFO] [stdout] b9afcbff485920e7b3c819e309bb326f9c5422679fa63b1fb1d44b96a34a15d3
[INFO] running `Command { std: "docker" "start" "-a" "b9afcbff485920e7b3c819e309bb326f9c5422679fa63b1fb1d44b96a34a15d3", kill_on_drop: false }`
[INFO] running `Command { std: "docker" "inspect" "b9afcbff485920e7b3c819e309bb326f9c5422679fa63b1fb1d44b96a34a15d3", kill_on_drop: false }`
[INFO] running `Command { std: "docker" "rm" "-f" "b9afcbff485920e7b3c819e309bb326f9c5422679fa63b1fb1d44b96a34a15d3", kill_on_drop: false }`
[INFO] [stdout] b9afcbff485920e7b3c819e309bb326f9c5422679fa63b1fb1d44b96a34a15d3
[INFO] running `Command { std: "docker" "create" "-v" "/var/lib/crater-agent-workspace/builds/worker-2-tc2/target:/opt/rustwide/target:rw,Z" "-v" "/var/lib/crater-agent-workspace/builds/worker-2-tc2/source:/opt/rustwide/workdir:ro,Z" "-v" "/var/lib/crater-agent-workspace/cargo-home:/opt/rustwide/cargo-home:ro,Z" "-v" "/var/lib/crater-agent-workspace/rustup-home:/opt/rustwide/rustup-home:ro,Z" "-e" "SOURCE_DIR=/opt/rustwide/workdir" "-e" "CARGO_TARGET_DIR=/opt/rustwide/target" "-e" "CARGO_INCREMENTAL=0" "-e" "RUST_BACKTRACE=full" "-e" "RUSTFLAGS=--cap-lints=warn" "-e" "RUSTDOCFLAGS=--cap-lints=warn" "-e" "CARGO_HOME=/opt/rustwide/cargo-home" "-e" "RUSTUP_HOME=/opt/rustwide/rustup-home" "-w" "/opt/rustwide/workdir" "-m" "1610612736" "--user" "0:0" "--network" "none" "ghcr.io/rust-lang/crates-build-env/linux@sha256:2788e3201cd34a07e3172128adcd8b3090168a8e3bcc40d7c032b9dda1df7d1c" "/opt/rustwide/cargo-home/bin/cargo" "+beta-2023-12-22" "build" "--frozen" "--message-format=json", kill_on_drop: false }`
[INFO] [stdout] 50fb2e7bd332fe99eb31092788b0c91f0ef207b1119e8df73a2e161c1d245c1b
[INFO] running `Command { std: "docker" "start" "-a" "50fb2e7bd332fe99eb31092788b0c91f0ef207b1119e8df73a2e161c1d245c1b", kill_on_drop: false }`
[INFO] [stderr]    Compiling spin v0.9.8
[INFO] [stderr]    Compiling untrusted v0.9.0
[INFO] [stderr]    Compiling serde v1.0.194
[INFO] [stderr]    Compiling num-traits v0.2.17
[INFO] [stderr]    Compiling untrusted v0.7.1
[INFO] [stderr]    Compiling powerfmt v0.2.0
[INFO] [stderr]    Compiling rustls v0.20.9
[INFO] [stderr]    Compiling spin v0.5.2
[INFO] [stderr]    Compiling syn v2.0.48
[INFO] [stderr]    Compiling getrandom v0.2.11
[INFO] [stderr]    Compiling strsim v0.10.0
[INFO] [stderr]    Compiling ring v0.17.7
[INFO] [stderr]    Compiling ring v0.16.20
[INFO] [stderr]    Compiling ident_case v1.0.1
[INFO] [stderr]    Compiling alloc-no-stdlib v2.0.4
[INFO] [stderr]    Compiling time-core v0.1.2
[INFO] [stderr]    Compiling rustls-pemfile v1.0.4
[INFO] [stderr]    Compiling lock_api v0.4.11
[INFO] [stderr]    Compiling parking_lot_core v0.9.9
[INFO] [stderr]    Compiling serde_json v1.0.111
[INFO] [stderr]    Compiling alloc-stdlib v0.2.2
[INFO] [stderr]    Compiling bitflags v1.3.2
[INFO] [stderr]    Compiling deranged v0.3.11
[INFO] [stderr]    Compiling rand_core v0.6.4
[INFO] [stderr]    Compiling rustls-native-certs v0.6.3
[INFO] [stderr]    Compiling brotli-decompressor v2.5.1
[INFO] [stderr]    Compiling scopeguard v1.2.0
[INFO] [stderr]    Compiling thiserror v1.0.56
[INFO] [stderr]    Compiling smallvec v1.11.2
[INFO] [stderr]    Compiling async-trait v0.1.77
[INFO] [stderr]    Compiling percent-encoding v2.3.1
[INFO] [stderr]    Compiling rand_chacha v0.3.1
[INFO] [stderr]    Compiling rand v0.8.5
[INFO] [stderr]    Compiling parking_lot v0.12.1
[INFO] [stderr]    Compiling time v0.3.31
[INFO] [stderr]    Compiling brotli v3.4.0
[INFO] [stderr]    Compiling ordered-float v2.10.1
[INFO] [stderr]    Compiling darling_core v0.20.3
[INFO] [stderr]    Compiling tracing-attributes v0.1.27
[INFO] [stderr]    Compiling serde_derive v1.0.194
[INFO] [stderr]    Compiling serde_repr v0.1.18
[INFO] [stderr]    Compiling thiserror-impl v1.0.56
[INFO] [stderr]    Compiling webpki v0.22.4
[INFO] [stderr]    Compiling sct v0.7.1
[INFO] [stderr]    Compiling darling_macro v0.20.3
[INFO] [stderr]    Compiling darling v0.20.3
[INFO] [stderr]    Compiling tracing v0.1.40
[INFO] [stderr]    Compiling vesper-macros v0.12.0
[INFO] [stderr]    Compiling tokio-util v0.7.10
[INFO] [stderr]    Compiling twilight-http-ratelimiting v0.15.3
[INFO] [stderr]    Compiling tokio-rustls v0.23.4
[INFO] [stderr]    Compiling h2 v0.3.22
[INFO] [stderr]    Compiling hyper v0.14.28
[INFO] [stderr]    Compiling serde-value v0.7.0
[INFO] [stderr]    Compiling twilight-model v0.15.4
[INFO] [stderr]    Compiling hyper-rustls v0.23.2
[INFO] [stderr]    Compiling twilight-validate v0.15.3
[INFO] [stderr]    Compiling twilight-http v0.15.4
[INFO] [stderr]    Compiling vesper v0.11.0 (/opt/rustwide/workdir)
[INFO] [stdout] warning: casting `&T` to `&mut T` is undefined behavior, even if the reference is unused, consider instead using an `UnsafeCell`
[INFO] [stdout]    --> src/context.rs:116:18
[INFO] [stdout]     |
[INFO] [stdout] 114 |         let ptr_mut = &self.interaction as *const Interaction as *mut Interaction;
[INFO] [stdout]     |                       ----------------------------------------------------------- casting happend here
[INFO] [stdout] 115 |
[INFO] [stdout] 116 |         unsafe { &mut *(ptr_mut) }
[INFO] [stdout]     |                  ^^^^^^^^^^^^^^^
[INFO] [stdout]     |
[INFO] [stdout]     = note: for more information, visit <https://doc.rust-lang.org/book/ch15-05-interior-mutability.html>
[INFO] [stdout]     = note: `#[warn(invalid_reference_casting)]` on by default
[INFO] [stdout] 
[INFO] [stdout] 
[INFO] [stdout] warning: 1 warning emitted
[INFO] [stdout] 
[INFO] [stdout] 
[INFO] [stderr]     Finished dev [unoptimized + debuginfo] target(s) in 38.06s
[INFO] running `Command { std: "docker" "inspect" "50fb2e7bd332fe99eb31092788b0c91f0ef207b1119e8df73a2e161c1d245c1b", kill_on_drop: false }`
[INFO] running `Command { std: "docker" "rm" "-f" "50fb2e7bd332fe99eb31092788b0c91f0ef207b1119e8df73a2e161c1d245c1b", kill_on_drop: false }`
[INFO] [stdout] 50fb2e7bd332fe99eb31092788b0c91f0ef207b1119e8df73a2e161c1d245c1b
[INFO] running `Command { std: "docker" "create" "-v" "/var/lib/crater-agent-workspace/builds/worker-2-tc2/target:/opt/rustwide/target:rw,Z" "-v" "/var/lib/crater-agent-workspace/builds/worker-2-tc2/source:/opt/rustwide/workdir:ro,Z" "-v" "/var/lib/crater-agent-workspace/cargo-home:/opt/rustwide/cargo-home:ro,Z" "-v" "/var/lib/crater-agent-workspace/rustup-home:/opt/rustwide/rustup-home:ro,Z" "-e" "SOURCE_DIR=/opt/rustwide/workdir" "-e" "CARGO_TARGET_DIR=/opt/rustwide/target" "-e" "CARGO_INCREMENTAL=0" "-e" "RUST_BACKTRACE=full" "-e" "RUSTFLAGS=--cap-lints=warn" "-e" "RUSTDOCFLAGS=--cap-lints=warn" "-e" "CARGO_HOME=/opt/rustwide/cargo-home" "-e" "RUSTUP_HOME=/opt/rustwide/rustup-home" "-w" "/opt/rustwide/workdir" "-m" "1610612736" "--user" "0:0" "--network" "none" "ghcr.io/rust-lang/crates-build-env/linux@sha256:2788e3201cd34a07e3172128adcd8b3090168a8e3bcc40d7c032b9dda1df7d1c" "/opt/rustwide/cargo-home/bin/cargo" "+beta-2023-12-22" "test" "--frozen" "--no-run" "--message-format=json", kill_on_drop: false }`
[INFO] [stdout] 7d44db3766bda1ed579aaf1ea586f6138e5cca900d539a9954ef94dc1ee52f79
[INFO] running `Command { std: "docker" "start" "-a" "7d44db3766bda1ed579aaf1ea586f6138e5cca900d539a9954ef94dc1ee52f79", kill_on_drop: false }`
[INFO] [stderr]    Compiling futures-channel v0.3.30
[INFO] [stderr]    Compiling num_cpus v1.16.0
[INFO] [stderr]    Compiling signal-hook-registry v1.4.1
[INFO] [stderr]    Compiling tokio-macros v2.2.0
[INFO] [stderr]    Compiling futures-macro v0.3.30
[INFO] [stderr]    Compiling memchr v2.7.1
[INFO] [stderr]    Compiling futures-task v0.3.30
[INFO] [stderr]    Compiling futures-io v0.3.30
[INFO] [stderr]    Compiling tokio v1.35.1
[INFO] [stderr]    Compiling futures-util v0.3.30
[INFO] [stderr]    Compiling futures-executor v0.3.30
[INFO] [stderr]    Compiling futures v0.3.30
[INFO] [stderr]    Compiling tokio-util v0.7.10
[INFO] [stderr]    Compiling tokio-rustls v0.23.4
[INFO] [stderr]    Compiling twilight-http-ratelimiting v0.15.3
[INFO] [stderr]    Compiling h2 v0.3.22
[INFO] [stderr]    Compiling hyper v0.14.28
[INFO] [stderr]    Compiling hyper-rustls v0.23.2
[INFO] [stderr]    Compiling twilight-http v0.15.4
[INFO] [stderr]    Compiling vesper v0.11.0 (/opt/rustwide/workdir)
[INFO] [stdout] warning: casting `&T` to `&mut T` is undefined behavior, even if the reference is unused, consider instead using an `UnsafeCell`
[INFO] [stdout]    --> src/context.rs:116:18
[INFO] [stdout]     |
[INFO] [stdout] 114 |         let ptr_mut = &self.interaction as *const Interaction as *mut Interaction;
[INFO] [stdout]     |                       ----------------------------------------------------------- casting happend here
[INFO] [stdout] 115 |
[INFO] [stdout] 116 |         unsafe { &mut *(ptr_mut) }
[INFO] [stdout]     |                  ^^^^^^^^^^^^^^^
[INFO] [stdout]     |
[INFO] [stdout]     = note: for more information, visit <https://doc.rust-lang.org/book/ch15-05-interior-mutability.html>
[INFO] [stdout]     = note: `#[warn(invalid_reference_casting)]` on by default
[INFO] [stdout] 
[INFO] [stdout] 
[INFO] [stdout] warning: 1 warning emitted
[INFO] [stdout] 
[INFO] [stdout] 
[INFO] [stdout] warning: casting `&T` to `&mut T` is undefined behavior, even if the reference is unused, consider instead using an `UnsafeCell`
[INFO] [stdout]    --> src/context.rs:116:18
[INFO] [stdout]     |
[INFO] [stdout] 114 |         let ptr_mut = &self.interaction as *const Interaction as *mut Interaction;
[INFO] [stdout]     |                       ----------------------------------------------------------- casting happend here
[INFO] [stdout] 115 |
[INFO] [stdout] 116 |         unsafe { &mut *(ptr_mut) }
[INFO] [stdout]     |                  ^^^^^^^^^^^^^^^
[INFO] [stdout]     |
[INFO] [stdout]     = note: for more information, visit <https://doc.rust-lang.org/book/ch15-05-interior-mutability.html>
[INFO] [stdout]     = note: `#[warn(invalid_reference_casting)]` on by default
[INFO] [stdout] 
[INFO] [stdout] 
[INFO] [stdout] warning: 1 warning emitted
[INFO] [stdout] 
[INFO] [stdout] 
[INFO] [stderr]     Finished test [unoptimized + debuginfo] target(s) in 17.83s
[INFO] running `Command { std: "docker" "inspect" "7d44db3766bda1ed579aaf1ea586f6138e5cca900d539a9954ef94dc1ee52f79", kill_on_drop: false }`
[INFO] running `Command { std: "docker" "rm" "-f" "7d44db3766bda1ed579aaf1ea586f6138e5cca900d539a9954ef94dc1ee52f79", kill_on_drop: false }`
[INFO] [stdout] 7d44db3766bda1ed579aaf1ea586f6138e5cca900d539a9954ef94dc1ee52f79
[INFO] running `Command { std: "docker" "create" "-v" "/var/lib/crater-agent-workspace/builds/worker-2-tc2/target:/opt/rustwide/target:rw,Z" "-v" "/var/lib/crater-agent-workspace/builds/worker-2-tc2/source:/opt/rustwide/workdir:ro,Z" "-v" "/var/lib/crater-agent-workspace/cargo-home:/opt/rustwide/cargo-home:ro,Z" "-v" "/var/lib/crater-agent-workspace/rustup-home:/opt/rustwide/rustup-home:ro,Z" "-e" "SOURCE_DIR=/opt/rustwide/workdir" "-e" "CARGO_TARGET_DIR=/opt/rustwide/target" "-e" "CARGO_INCREMENTAL=0" "-e" "RUST_BACKTRACE=full" "-e" "RUSTFLAGS=--cap-lints=warn" "-e" "RUSTDOCFLAGS=--cap-lints=warn" "-e" "CARGO_HOME=/opt/rustwide/cargo-home" "-e" "RUSTUP_HOME=/opt/rustwide/rustup-home" "-w" "/opt/rustwide/workdir" "-m" "1610612736" "--user" "0:0" "--network" "none" "ghcr.io/rust-lang/crates-build-env/linux@sha256:2788e3201cd34a07e3172128adcd8b3090168a8e3bcc40d7c032b9dda1df7d1c" "/opt/rustwide/cargo-home/bin/cargo" "+beta-2023-12-22" "test" "--frozen", kill_on_drop: false }`
[INFO] [stdout] d5629d66a9e3d854caa79801d9826f6938ad205ccf7e531b75d78362645695cb
[INFO] running `Command { std: "docker" "start" "-a" "d5629d66a9e3d854caa79801d9826f6938ad205ccf7e531b75d78362645695cb", kill_on_drop: false }`
[INFO] [stderr] warning: casting `&T` to `&mut T` is undefined behavior, even if the reference is unused, consider instead using an `UnsafeCell`
[INFO] [stderr]    --> src/context.rs:116:18
[INFO] [stderr]     |
[INFO] [stderr] 114 |         let ptr_mut = &self.interaction as *const Interaction as *mut Interaction;
[INFO] [stderr]     |                       ----------------------------------------------------------- casting happend here
[INFO] [stderr] 115 |
[INFO] [stderr] 116 |         unsafe { &mut *(ptr_mut) }
[INFO] [stderr]     |                  ^^^^^^^^^^^^^^^
[INFO] [stderr]     |
[INFO] [stderr]     = note: for more information, visit <https://doc.rust-lang.org/book/ch15-05-interior-mutability.html>
[INFO] [stderr]     = note: `#[warn(invalid_reference_casting)]` on by default
[INFO] [stderr] 
[INFO] [stderr] warning: `vesper` (lib) generated 1 warning
[INFO] [stderr] warning: `vesper` (lib test) generated 1 warning (1 duplicate)
[INFO] [stderr]     Finished test [unoptimized + debuginfo] target(s) in 0.07s
[INFO] [stderr]      Running unittests src/lib.rs (/opt/rustwide/target/debug/deps/vesper-a8f46e31014e85bf)
[INFO] [stdout] 
[INFO] [stdout] running 0 tests
[INFO] [stdout] 
[INFO] [stdout] test result: ok. 0 passed; 0 failed; 0 ignored; 0 measured; 0 filtered out; finished in 0.00s
[INFO] [stdout] 
[INFO] [stderr]    Doc-tests vesper
[INFO] [stdout] 
[INFO] [stdout] running 32 tests
[INFO] [stdout] test src/lib.rs - (line 346) ... FAILED
[INFO] [stdout] test src/lib.rs - (line 123) ... FAILED
[INFO] [stdout] test src/lib.rs - (line 137) ... FAILED
[INFO] [stdout] test src/lib.rs - (line 212) ... FAILED
[INFO] [stdout] test src/builder.rs - builder::FrameworkBuilder<D,T,E>::before (line 124) ... FAILED
[INFO] [stdout] test src/builder.rs - builder::FrameworkBuilder<D,T,E>::after (line 155) ... FAILED
[INFO] [stdout] test src/lib.rs - (line 330) ... FAILED
[INFO] [stdout] test src/context.rs - context::SlashContext<'a,D>::defer (line 152) ... FAILED
[INFO] [stdout] test src/lib.rs - (line 303) ... FAILED
[INFO] [stdout] test src/builder.rs - builder::FrameworkBuilder<D,T,E>::command (line 185) ... FAILED
[INFO] [stdout] test src/context.rs - context::SlashContext<'a,D>::create_modal (line 200) ... FAILED
[INFO] [stdout] test src/context.rs - context::SlashContext<'a,D>::acknowledge (line 123) ... FAILED
[INFO] [stdout] test src/lib.rs - (line 255) ... FAILED
[INFO] [stdout] test src/lib.rs - (line 162) ... FAILED
[INFO] [stdout] test src/lib.rs - (line 107) ... FAILED
[INFO] [stdout] test src/lib.rs - (line 542) ... FAILED
[INFO] [stdout] test src/lib.rs - (line 554) ... FAILED
[INFO] [stdout] test src/lib.rs - (line 559) ... FAILED
[INFO] [stdout] test src/lib.rs - (line 564) ... FAILED
[INFO] [stdout] test src/lib.rs - (line 398) ... FAILED
[INFO] [stdout] test src/lib.rs - (line 446) ... FAILED
[INFO] [stdout] test src/lib.rs - (line 365) ... FAILED
[INFO] [stdout] test src/lib.rs - (line 510) ... FAILED
[INFO] [stdout] test src/lib.rs - (line 475) ... FAILED
[INFO] [stdout] test src/lib.rs - (line 418) ... FAILED
[INFO] [stdout] test src/lib.rs - (line 383) ... FAILED
[INFO] [stdout] test src/lib.rs - (line 525) ... FAILED
[INFO] [stdout] test src/lib.rs - (line 460) ... FAILED
[INFO] [stdout] test src/lib.rs - (line 24) ... FAILED
[INFO] [stdout] test src/lib.rs - (line 575) ... FAILED
[INFO] [stdout] test src/wait.rs - wait::InteractionWaiter (line 29) ... FAILED
[INFO] [stdout] test src/lib.rs - (line 615) ... FAILED
[INFO] [stdout] 
[INFO] [stdout] failures:
[INFO] [stdout] 
[INFO] [stdout] ---- src/lib.rs - (line 346) stdout ----
[INFO] [stdout] error: cannot find attribute `autocomplete` in this scope
[INFO] [stdout]  --> src/lib.rs:347:3
[INFO] [stdout]   |
[INFO] [stdout] 3 | #[autocomplete]
[INFO] [stdout]   |   ^^^^^^^^^^^^
[INFO] [stdout]   |
[INFO] [stdout] help: consider importing one of these items
[INFO] [stdout]   |
[INFO] [stdout] 2 + use vesper::prelude::autocomplete;
[INFO] [stdout]   |
[INFO] [stdout] 2 + use vesper_macros::autocomplete;
[INFO] [stdout]   |
[INFO] [stdout] 
[INFO] [stdout] error[E0412]: cannot find type `AutocompleteContext` in this scope
[INFO] [stdout]  --> src/lib.rs:348:32
[INFO] [stdout]   |
[INFO] [stdout] 4 | async fn autocomplete_arg(ctx: AutocompleteContext</* Some type */>) -> Option<InteractionResponseData> {
[INFO] [stdout]   |                                ^^^^^^^^^^^^^^^^^^^ not found in this scope
[INFO] [stdout]   |
[INFO] [stdout] help: consider importing this struct
[INFO] [stdout]   |
[INFO] [stdout] 2 + use vesper::prelude::AutocompleteContext;
[INFO] [stdout]   |
[INFO] [stdout] 
[INFO] [stdout] error[E0412]: cannot find type `InteractionResponseData` in this scope
[INFO] [stdout]  --> src/lib.rs:348:80
[INFO] [stdout]   |
[INFO] [stdout] 4 | async fn autocomplete_arg(ctx: AutocompleteContext</* Some type */>) -> Option<InteractionResponseData> {
[INFO] [stdout]   |                                                                                ^^^^^^^^^^^^^^^^^^^^^^^ not found in this scope
[INFO] [stdout]   |
[INFO] [stdout] help: consider importing one of these items
[INFO] [stdout]   |
[INFO] [stdout] 2 + use twilight_model::http::interaction::InteractionResponseData;
[INFO] [stdout]   |
[INFO] [stdout] 2 + use vesper::twilight_exports::InteractionResponseData;
[INFO] [stdout]   |
[INFO] [stdout] 
[INFO] [stdout] error: aborting due to 3 previous errors
[INFO] [stdout] 
[INFO] [stdout] For more information about this error, try `rustc --explain E0412`.
[INFO] [stdout] Couldn't compile the test.
[INFO] [stdout] ---- src/lib.rs - (line 123) stdout ----
[INFO] [stdout] error: cannot find attribute `command` in this scope
[INFO] [stdout]  --> src/lib.rs:124:3
[INFO] [stdout]   |
[INFO] [stdout] 3 | #[command(user)]
[INFO] [stdout]   |   ^^^^^^^
[INFO] [stdout]   |
[INFO] [stdout]   = note: `command` is in scope, but it is a function, not an attribute
[INFO] [stdout] help: consider importing one of these items
[INFO] [stdout]   |
[INFO] [stdout] 2 + use vesper::prelude::command;
[INFO] [stdout]   |
[INFO] [stdout] 2 + use vesper_macros::command;
[INFO] [stdout]   |
[INFO] [stdout] 
[INFO] [stdout] error: cannot find attribute `description` in this scope
[INFO] [stdout]  --> src/lib.rs:125:3
[INFO] [stdout]   |
[INFO] [stdout] 4 | #[description = "This is the description of the command"]
[INFO] [stdout]   |   ^^^^^^^^^^^
[INFO] [stdout] 
[INFO] [stdout] error[E0412]: cannot find type `SlashContext` in this scope
[INFO] [stdout]  --> src/lib.rs:127:11
[INFO] [stdout]   |
[INFO] [stdout] 6 |     ctx: &SlashContext</* Your type of context*/>, // The context must always be the first parameter.
[INFO] [stdout]   |           ^^^^^^^^^^^^ not found in this scope
[INFO] [stdout]   |
[INFO] [stdout] help: consider importing this struct
[INFO] [stdout]   |
[INFO] [stdout] 2 + use vesper::prelude::SlashContext;
[INFO] [stdout]   |
[INFO] [stdout] 
[INFO] [stdout] error[E0412]: cannot find type `DefaultCommandResult` in this scope
[INFO] [stdout]  --> src/lib.rs:128:6
[INFO] [stdout]   |
[INFO] [stdout] 7 | ) -> DefaultCommandResult 
[INFO] [stdout]   |      ^^^^^^^^^^^^^^^^^^^^ not found in this scope
[INFO] [stdout]   |
[INFO] [stdout] help: consider importing this type alias
[INFO] [stdout]   |
[INFO] [stdout] 2 + use vesper::prelude::DefaultCommandResult;
[INFO] [stdout]   |
[INFO] [stdout] 
[INFO] [stdout] error: aborting due to 4 previous errors
[INFO] [stdout] 
[INFO] [stdout] For more information about this error, try `rustc --explain E0412`.
[INFO] [stdout] Couldn't compile the test.
[INFO] [stdout] ---- src/lib.rs - (line 137) stdout ----
[INFO] [stdout] error: cannot find attribute `command` in this scope
[INFO] [stdout]  --> src/lib.rs:138:3
[INFO] [stdout]   |
[INFO] [stdout] 3 | #[command(message)]
[INFO] [stdout]   |   ^^^^^^^
[INFO] [stdout]   |
[INFO] [stdout]   = note: `command` is in scope, but it is a function, not an attribute
[INFO] [stdout] help: consider importing one of these items
[INFO] [stdout]   |
[INFO] [stdout] 2 + use vesper::prelude::command;
[INFO] [stdout]   |
[INFO] [stdout] 2 + use vesper_macros::command;
[INFO] [stdout]   |
[INFO] [stdout] 
[INFO] [stdout] error: cannot find attribute `description` in this scope
[INFO] [stdout]  --> src/lib.rs:139:3
[INFO] [stdout]   |
[INFO] [stdout] 4 | #[description = "This is the description of the command"]
[INFO] [stdout]   |   ^^^^^^^^^^^
[INFO] [stdout] 
[INFO] [stdout] error[E0412]: cannot find type `SlashContext` in this scope
[INFO] [stdout]  --> src/lib.rs:141:11
[INFO] [stdout]   |
[INFO] [stdout] 6 |     ctx: &SlashContext</* Your type of context*/>, // The context must always be the first parameter.
[INFO] [stdout]   |           ^^^^^^^^^^^^ not found in this scope
[INFO] [stdout]   |
[INFO] [stdout] help: consider importing this struct
[INFO] [stdout]   |
[INFO] [stdout] 2 + use vesper::prelude::SlashContext;
[INFO] [stdout]   |
[INFO] [stdout] 
[INFO] [stdout] error[E0412]: cannot find type `DefaultCommandResult` in this scope
[INFO] [stdout]  --> src/lib.rs:142:6
[INFO] [stdout]   |
[INFO] [stdout] 7 | ) -> DefaultCommandResult 
[INFO] [stdout]   |      ^^^^^^^^^^^^^^^^^^^^ not found in this scope
[INFO] [stdout]   |
[INFO] [stdout] help: consider importing this type alias
[INFO] [stdout]   |
[INFO] [stdout] 2 + use vesper::prelude::DefaultCommandResult;
[INFO] [stdout]   |
[INFO] [stdout] 
[INFO] [stdout] error: aborting due to 4 previous errors
[INFO] [stdout] 
[INFO] [stdout] For more information about this error, try `rustc --explain E0412`.
[INFO] [stdout] Couldn't compile the test.
[INFO] [stdout] ---- src/lib.rs - (line 212) stdout ----
[INFO] [stdout] error: cannot find attribute `command` in this scope
[INFO] [stdout]  --> src/lib.rs:213:3
[INFO] [stdout]   |
[INFO] [stdout] 3 | #[command]
[INFO] [stdout]   |   ^^^^^^^
[INFO] [stdout]   |
[INFO] [stdout] help: consider importing one of these items
[INFO] [stdout]   |
[INFO] [stdout] 2 + use vesper::prelude::command;
[INFO] [stdout]   |
[INFO] [stdout] 2 + use vesper_macros::command;
[INFO] [stdout]   |
[INFO] [stdout] 
[INFO] [stdout] error: cannot find attribute `localized_names` in this scope
[INFO] [stdout]  --> src/lib.rs:214:3
[INFO] [stdout]   |
[INFO] [stdout] 4 | #[localized_names("en-US" = "US name", "en-GB" = "GB name", "es-ES" = "Spanish name")]
[INFO] [stdout]   |   ^^^^^^^^^^^^^^^
[INFO] [stdout] 
[INFO] [stdout] error: cannot find attribute `localized_descriptions` in this scope
[INFO] [stdout]  --> src/lib.rs:215:3
[INFO] [stdout]   |
[INFO] [stdout] 5 | #[localized_descriptions("en-US" = "US description", "en-GB" = "GB description", "es-ES" = "Spanish description")]
[INFO] [stdout]   |   ^^^^^^^^^^^^^^^^^^^^^^
[INFO] [stdout] 
[INFO] [stdout] error: cannot find attribute `description` in this scope
[INFO] [stdout]  --> src/lib.rs:216:3
[INFO] [stdout]   |
[INFO] [stdout] 6 | #[description = "My description"]
[INFO] [stdout]   |   ^^^^^^^^^^^
[INFO] [stdout] 
[INFO] [stdout] error: cannot find attribute `localized_names` in this scope
[INFO] [stdout]  --> src/lib.rs:219:7
[INFO] [stdout]   |
[INFO] [stdout] 9 |     #[localized_names("en-US" = "US name", "en-GB" = "GB name", "es-ES" = "Spanish name")]
[INFO] [stdout]   |       ^^^^^^^^^^^^^^^
[INFO] [stdout] 
[INFO] [stdout] error: cannot find attribute `description` in this scope
[INFO] [stdout]   --> src/lib.rs:220:7
[INFO] [stdout]    |
[INFO] [stdout] 10 |     #[description = "Another description"]
[INFO] [stdout]    |       ^^^^^^^^^^^
[INFO] [stdout] 
[INFO] [stdout] error: cannot find attribute `localized_descriptions` in this scope
[INFO] [stdout]   --> src/lib.rs:221:7
[INFO] [stdout]    |
[INFO] [stdout] 11 |     #[localized_descriptions("en-US" = "US description", "en-GB" = "GB description", "es-ES" = "Spanish description")]
[INFO] [stdout]    |       ^^^^^^^^^^^^^^^^^^^^^^
[INFO] [stdout] 
[INFO] [stdout] error[E0412]: cannot find type `SlashContext` in this scope
[INFO] [stdout]  --> src/lib.rs:218:11
[INFO] [stdout]   |
[INFO] [stdout] 8 |     ctx: &SlashContext</* Data type */>,
[INFO] [stdout]   |           ^^^^^^^^^^^^ not found in this scope
[INFO] [stdout]   |
[INFO] [stdout] help: consider importing this struct
[INFO] [stdout]   |
[INFO] [stdout] 2 + use vesper::prelude::SlashContext;
[INFO] [stdout]   |
[INFO] [stdout] 
[INFO] [stdout] error[E0412]: cannot find type `DefaultCommandResult` in this scope
[INFO] [stdout]   --> src/lib.rs:223:6
[INFO] [stdout]    |
[INFO] [stdout] 13 | ) -> DefaultCommandResult
[INFO] [stdout]    |      ^^^^^^^^^^^^^^^^^^^^ not found in this scope
[INFO] [stdout]    |
[INFO] [stdout] help: consider importing this type alias
[INFO] [stdout]    |
[INFO] [stdout] 2  + use vesper::prelude::DefaultCommandResult;
[INFO] [stdout]    |
[INFO] [stdout] 
[INFO] [stdout] error: aborting due to 9 previous errors
[INFO] [stdout] 
[INFO] [stdout] For more information about this error, try `rustc --explain E0412`.
[INFO] [stdout] Couldn't compile the test.
[INFO] [stdout] ---- src/builder.rs - builder::FrameworkBuilder<D,T,E>::before (line 124) stdout ----
[INFO] [stdout] error[E0433]: failed to resolve: use of undeclared crate or module `zephyrus`
[INFO] [stdout]  --> src/builder.rs:125:5
[INFO] [stdout]   |
[INFO] [stdout] 2 | use zephyrus::prelude::*;
[INFO] [stdout]   |     ^^^^^^^^ use of undeclared crate or module `zephyrus`
[INFO] [stdout] 
[INFO] [stdout] error: cannot find attribute `before` in this scope
[INFO] [stdout]  --> src/builder.rs:129:3
[INFO] [stdout]   |
[INFO] [stdout] 6 | #[before]
[INFO] [stdout]   |   ^^^^^^
[INFO] [stdout]   |
[INFO] [stdout] help: consider importing one of these items
[INFO] [stdout]   |
[INFO] [stdout] 2 + use vesper::prelude::before;
[INFO] [stdout]   |
[INFO] [stdout] 2 + use vesper_macros::before;
[INFO] [stdout]   |
[INFO] [stdout] 
[INFO] [stdout] error[E0412]: cannot find type `SlashContext` in this scope
[INFO] [stdout]  --> src/builder.rs:130:28
[INFO] [stdout]   |
[INFO] [stdout] 7 | async fn before_hook(ctx: &SlashContext<()>, command_name: &str) -> bool {
[INFO] [stdout]   |                            ^^^^^^^^^^^^ not found in this scope
[INFO] [stdout]   |
[INFO] [stdout] help: consider importing this struct
[INFO] [stdout]   |
[INFO] [stdout] 2 + use vesper::prelude::SlashContext;
[INFO] [stdout]   |
[INFO] [stdout] 
[INFO] [stdout] error[E0433]: failed to resolve: use of undeclared type `Framework`
[INFO] [stdout]   --> src/builder.rs:141:21
[INFO] [stdout]    |
[INFO] [stdout] 18 |     let framework = Framework::<()>::builder(http_client, Id::new(app_id), ())
[INFO] [stdout]    |                     ^^^^^^^^^ use of undeclared type `Framework`
[INFO] [stdout]    |
[INFO] [stdout] help: consider importing this struct
[INFO] [stdout]    |
[INFO] [stdout] 2  + use vesper::prelude::Framework;
[INFO] [stdout]    |
[INFO] [stdout] 
[INFO] [stdout] error: aborting due to 4 previous errors
[INFO] [stdout] 
[INFO] [stdout] Some errors have detailed explanations: E0412, E0433.
[INFO] [stdout] For more information about an error, try `rustc --explain E0412`.
[INFO] [stdout] Couldn't compile the test.
[INFO] [stdout] ---- src/builder.rs - builder::FrameworkBuilder<D,T,E>::after (line 155) stdout ----
[INFO] [stdout] error[E0433]: failed to resolve: use of undeclared crate or module `zephyrus`
[INFO] [stdout]  --> src/builder.rs:156:5
[INFO] [stdout]   |
[INFO] [stdout] 2 | use zephyrus::prelude::*;
[INFO] [stdout]   |     ^^^^^^^^ use of undeclared crate or module `zephyrus`
[INFO] [stdout] 
[INFO] [stdout] error: cannot find attribute `after` in this scope
[INFO] [stdout]  --> src/builder.rs:160:3
[INFO] [stdout]   |
[INFO] [stdout] 6 | #[after]
[INFO] [stdout]   |   ^^^^^
[INFO] [stdout]   |
[INFO] [stdout] help: consider importing one of these items
[INFO] [stdout]   |
[INFO] [stdout] 2 + use vesper::prelude::after;
[INFO] [stdout]   |
[INFO] [stdout] 2 + use vesper_macros::after;
[INFO] [stdout]   |
[INFO] [stdout] 
[INFO] [stdout] error[E0412]: cannot find type `SlashContext` in this scope
[INFO] [stdout]  --> src/builder.rs:161:27
[INFO] [stdout]   |
[INFO] [stdout] 7 | async fn after_hook(ctx: &SlashContext<()>, command_name: &str, _: Option<DefaultCommandResult>) {
[INFO] [stdout]   |                           ^^^^^^^^^^^^ not found in this scope
[INFO] [stdout]   |
[INFO] [stdout] help: consider importing this struct
[INFO] [stdout]   |
[INFO] [stdout] 2 + use vesper::prelude::SlashContext;
[INFO] [stdout]   |
[INFO] [stdout] 
[INFO] [stdout] error[E0412]: cannot find type `DefaultCommandResult` in this scope
[INFO] [stdout]  --> src/builder.rs:161:75
[INFO] [stdout]   |
[INFO] [stdout] 7 | async fn after_hook(ctx: &SlashContext<()>, command_name: &str, _: Option<DefaultCommandResult>) {
[INFO] [stdout]   |                                                                           ^^^^^^^^^^^^^^^^^^^^ not found in this scope
[INFO] [stdout]   |
[INFO] [stdout] help: consider importing this type alias
[INFO] [stdout]   |
[INFO] [stdout] 2 + use vesper::prelude::DefaultCommandResult;
[INFO] [stdout]   |
[INFO] [stdout] 
[INFO] [stdout] error[E0433]: failed to resolve: use of undeclared type `Framework`
[INFO] [stdout]   --> src/builder.rs:171:21
[INFO] [stdout]    |
[INFO] [stdout] 17 |     let framework = Framework::builder(http_client, Id::new(app_id), ())
[INFO] [stdout]    |                     ^^^^^^^^^ use of undeclared type `Framework`
[INFO] [stdout]    |
[INFO] [stdout] help: consider importing this struct
[INFO] [stdout]    |
[INFO] [stdout] 2  + use vesper::prelude::Framework;
[INFO] [stdout]    |
[INFO] [stdout] 
[INFO] [stdout] error: aborting due to 5 previous errors
[INFO] [stdout] 
[INFO] [stdout] Some errors have detailed explanations: E0412, E0433.
[INFO] [stdout] For more information about an error, try `rustc --explain E0412`.
[INFO] [stdout] Couldn't compile the test.
[INFO] [stdout] ---- src/lib.rs - (line 330) stdout ----
[INFO] [stdout] error: cannot find attribute `command` in this scope
[INFO] [stdout]  --> src/lib.rs:331:3
[INFO] [stdout]   |
[INFO] [stdout] 3 | #[command]
[INFO] [stdout]   |   ^^^^^^^
[INFO] [stdout]   |
[INFO] [stdout] help: consider importing one of these items
[INFO] [stdout]   |
[INFO] [stdout] 2 + use vesper::prelude::command;
[INFO] [stdout]   |
[INFO] [stdout] 2 + use vesper_macros::command;
[INFO] [stdout]   |
[INFO] [stdout] 
[INFO] [stdout] error: cannot find attribute `description` in this scope
[INFO] [stdout]  --> src/lib.rs:332:3
[INFO] [stdout]   |
[INFO] [stdout] 4 | #[description = "Some description"]
[INFO] [stdout]   |   ^^^^^^^^^^^
[INFO] [stdout] 
[INFO] [stdout] error: cannot find attribute `autocomplete` in this scope
[INFO] [stdout]  --> src/lib.rs:335:7
[INFO] [stdout]   |
[INFO] [stdout] 7 |     #[autocomplete = "autocomplete_arg"] #[description = "Some description"] arg: String
[INFO] [stdout]   |       ^^^^^^^^^^^^
[INFO] [stdout]   |
[INFO] [stdout] help: consider importing one of these items
[INFO] [stdout]   |
[INFO] [stdout] 2 + use vesper::prelude::autocomplete;
[INFO] [stdout]   |
[INFO] [stdout] 2 + use vesper_macros::autocomplete;
[INFO] [stdout]   |
[INFO] [stdout] 
[INFO] [stdout] error: cannot find attribute `description` in this scope
[INFO] [stdout]  --> src/lib.rs:335:44
[INFO] [stdout]   |
[INFO] [stdout] 7 |     #[autocomplete = "autocomplete_arg"] #[description = "Some description"] arg: String
[INFO] [stdout]   |                                            ^^^^^^^^^^^
[INFO] [stdout] 
[INFO] [stdout] error[E0412]: cannot find type `SlashCommand` in this scope
[INFO] [stdout]  --> src/lib.rs:334:11
[INFO] [stdout]   |
[INFO] [stdout] 6 |     ctx: &SlashCommand</* Some type */>,
[INFO] [stdout]   |           ^^^^^^^^^^^^ not found in this scope
[INFO] [stdout] 
[INFO] [stdout] error[E0412]: cannot find type `DefaultCommandResult` in this scope
[INFO] [stdout]  --> src/lib.rs:336:6
[INFO] [stdout]   |
[INFO] [stdout] 8 | ) -> DefaultCommandResult
[INFO] [stdout]   |      ^^^^^^^^^^^^^^^^^^^^ not found in this scope
[INFO] [stdout]   |
[INFO] [stdout] help: consider importing this type alias
[INFO] [stdout]   |
[INFO] [stdout] 2 + use vesper::prelude::DefaultCommandResult;
[INFO] [stdout]   |
[INFO] [stdout] 
[INFO] [stdout] error: aborting due to 6 previous errors
[INFO] [stdout] 
[INFO] [stdout] For more information about this error, try `rustc --explain E0412`.
[INFO] [stdout] Couldn't compile the test.
[INFO] [stdout] ---- src/context.rs - context::SlashContext<'a,D>::defer (line 152) stdout ----
[INFO] [stdout] error[E0433]: failed to resolve: use of undeclared crate or module `zephyrus`
[INFO] [stdout]  --> src/context.rs:153:5
[INFO] [stdout]   |
[INFO] [stdout] 3 | use zephyrus::prelude::*;
[INFO] [stdout]   |     ^^^^^^^^ use of undeclared crate or module `zephyrus`
[INFO] [stdout] 
[INFO] [stdout] error: cannot find attribute `command` in this scope
[INFO] [stdout]  --> src/context.rs:155:3
[INFO] [stdout]   |
[INFO] [stdout] 5 | #[command]
[INFO] [stdout]   |   ^^^^^^^
[INFO] [stdout]   |
[INFO] [stdout] help: consider importing one of these items
[INFO] [stdout]   |
[INFO] [stdout] 2 + use vesper::prelude::command;
[INFO] [stdout]   |
[INFO] [stdout] 2 + use vesper_macros::command;
[INFO] [stdout]   |
[INFO] [stdout] 
[INFO] [stdout] error: cannot find attribute `description` in this scope
[INFO] [stdout]  --> src/context.rs:156:3
[INFO] [stdout]   |
[INFO] [stdout] 6 | #[description = "My command description"]
[INFO] [stdout]   |   ^^^^^^^^^^^
[INFO] [stdout] 
[INFO] [stdout] error[E0412]: cannot find type `SlashContext` in this scope
[INFO] [stdout]  --> src/context.rs:157:27
[INFO] [stdout]   |
[INFO] [stdout] 7 | async fn my_command(ctx: &SlashContext<()>) -> DefaultCommandResult {
[INFO] [stdout]   |                           ^^^^^^^^^^^^ not found in this scope
[INFO] [stdout]   |
[INFO] [stdout] help: consider importing this struct
[INFO] [stdout]   |
[INFO] [stdout] 2 + use vesper::prelude::SlashContext;
[INFO] [stdout]   |
[INFO] [stdout] 
[INFO] [stdout] error[E0412]: cannot find type `DefaultCommandResult` in this scope
[INFO] [stdout]  --> src/context.rs:157:48
[INFO] [stdout]   |
[INFO] [stdout] 7 | async fn my_command(ctx: &SlashContext<()>) -> DefaultCommandResult {
[INFO] [stdout]   |                                                ^^^^^^^^^^^^^^^^^^^^ not found in this scope
[INFO] [stdout]   |
[INFO] [stdout] help: consider importing this type alias
[INFO] [stdout]   |
[INFO] [stdout] 2 + use vesper::prelude::DefaultCommandResult;
[INFO] [stdout]   |
[INFO] [stdout] 
[INFO] [stdout] error: aborting due to 5 previous errors
[INFO] [stdout] 
[INFO] [stdout] Some errors have detailed explanations: E0412, E0433.
[INFO] [stdout] For more information about an error, try `rustc --explain E0412`.
[INFO] [stdout] Couldn't compile the test.
[INFO] [stdout] ---- src/lib.rs - (line 303) stdout ----
[INFO] [stdout] error: cannot find attribute `command` in this scope
[INFO] [stdout]   --> src/lib.rs:313:3
[INFO] [stdout]    |
[INFO] [stdout] 12 | #[command]
[INFO] [stdout]    |   ^^^^^^^
[INFO] [stdout]    |
[INFO] [stdout] help: consider importing one of these items
[INFO] [stdout]    |
[INFO] [stdout] 2  + use vesper::prelude::command;
[INFO] [stdout]    |
[INFO] [stdout] 2  + use vesper_macros::command;
[INFO] [stdout]    |
[INFO] [stdout] 
[INFO] [stdout] error: cannot find attribute `description` in this scope
[INFO] [stdout]   --> src/lib.rs:314:3
[INFO] [stdout]    |
[INFO] [stdout] 13 | #[description = "Some description"]
[INFO] [stdout]    |   ^^^^^^^^^^^
[INFO] [stdout] 
[INFO] [stdout] error: cannot find attribute `description` in this scope
[INFO] [stdout]   --> src/lib.rs:317:7
[INFO] [stdout]    |
[INFO] [stdout] 16 |     #[description = "Some description"] choice: Choices
[INFO] [stdout]    |       ^^^^^^^^^^^
[INFO] [stdout] 
[INFO] [stdout] error: cannot find derive macro `Parse` in this scope
[INFO] [stdout]  --> src/lib.rs:304:10
[INFO] [stdout]   |
[INFO] [stdout] 3 | #[derive(Parse)]
[INFO] [stdout]   |          ^^^^^
[INFO] [stdout]   |
[INFO] [stdout] help: consider importing one of these items
[INFO] [stdout]   |
[INFO] [stdout] 2 + use vesper::prelude::Parse;
[INFO] [stdout]   |
[INFO] [stdout] 2 + use vesper_macros::Parse;
[INFO] [stdout]   |
[INFO] [stdout] 
[INFO] [stdout] error: cannot find attribute `parse` in this scope
[INFO] [stdout]  --> src/lib.rs:309:7
[INFO] [stdout]   |
[INFO] [stdout] 8 |     #[parse(rename = "Forth")]
[INFO] [stdout]   |       ^^^^^
[INFO] [stdout] 
[INFO] [stdout] error[E0412]: cannot find type `SlashContext` in this scope
[INFO] [stdout]   --> src/lib.rs:316:11
[INFO] [stdout]    |
[INFO] [stdout] 15 |     ctx: &SlashContext<()>,
[INFO] [stdout]    |           ^^^^^^^^^^^^ not found in this scope
[INFO] [stdout]    |
[INFO] [stdout] help: consider importing this struct
[INFO] [stdout]    |
[INFO] [stdout] 2  + use vesper::prelude::SlashContext;
[INFO] [stdout]    |
[INFO] [stdout] 
[INFO] [stdout] error[E0412]: cannot find type `DefaultCommandResult` in this scope
[INFO] [stdout]   --> src/lib.rs:318:6
[INFO] [stdout]    |
[INFO] [stdout] 17 | ) -> DefaultCommandResult
[INFO] [stdout]    |      ^^^^^^^^^^^^^^^^^^^^ not found in this scope
[INFO] [stdout]    |
[INFO] [stdout] help: consider importing this type alias
[INFO] [stdout]    |
[INFO] [stdout] 2  + use vesper::prelude::DefaultCommandResult;
[INFO] [stdout]    |
[INFO] [stdout] 
[INFO] [stdout] error: aborting due to 7 previous errors
[INFO] [stdout] 
[INFO] [stdout] For more information about this error, try `rustc --explain E0412`.
[INFO] [stdout] Couldn't compile the test.
[INFO] [stdout] ---- src/builder.rs - builder::FrameworkBuilder<D,T,E>::command (line 185) stdout ----
[INFO] [stdout] error[E0433]: failed to resolve: use of undeclared crate or module `zephyrus`
[INFO] [stdout]  --> src/builder.rs:186:5
[INFO] [stdout]   |
[INFO] [stdout] 2 | use zephyrus::prelude::*;
[INFO] [stdout]   |     ^^^^^^^^ use of undeclared crate or module `zephyrus`
[INFO] [stdout] 
[INFO] [stdout] error: cannot find attribute `command` in this scope
[INFO] [stdout]  --> src/builder.rs:190:3
[INFO] [stdout]   |
[INFO] [stdout] 6 | #[command]
[INFO] [stdout]   |   ^^^^^^^
[INFO] [stdout]   |
[INFO] [stdout] help: consider importing one of these items
[INFO] [stdout]   |
[INFO] [stdout] 2 + use vesper::prelude::command;
[INFO] [stdout]   |
[INFO] [stdout] 2 + use vesper_macros::command;
[INFO] [stdout]   |
[INFO] [stdout] 
[INFO] [stdout] error: cannot find attribute `description` in this scope
[INFO] [stdout]  --> src/builder.rs:191:3
[INFO] [stdout]   |
[INFO] [stdout] 7 | #[description = "Says Hello world!"]
[INFO] [stdout]   |   ^^^^^^^^^^^
[INFO] [stdout] 
[INFO] [stdout] error: cannot find attribute `command` in this scope
[INFO] [stdout]   --> src/builder.rs:202:3
[INFO] [stdout]    |
[INFO] [stdout] 18 | #[command]
[INFO] [stdout]    |   ^^^^^^^
[INFO] [stdout]    |
[INFO] [stdout] help: consider importing one of these items
[INFO] [stdout]    |
[INFO] [stdout] 2  + use vesper::prelude::command;
[INFO] [stdout]    |
[INFO] [stdout] 2  + use vesper_macros::command;
[INFO] [stdout]    |
[INFO] [stdout] 
[INFO] [stdout] error: cannot find attribute `description` in this scope
[INFO] [stdout]   --> src/builder.rs:203:3
[INFO] [stdout]    |
[INFO] [stdout] 19 | #[description = "Repeats something"]
[INFO] [stdout]    |   ^^^^^^^^^^^
[INFO] [stdout] 
[INFO] [stdout] error: cannot find attribute `rename` in this scope
[INFO] [stdout]   --> src/builder.rs:206:7
[INFO] [stdout]    |
[INFO] [stdout] 22 |     #[rename = "content"] #[description = "The content"] c: String
[INFO] [stdout]    |       ^^^^^^
[INFO] [stdout] 
[INFO] [stdout] error: cannot find attribute `description` in this scope
[INFO] [stdout]   --> src/builder.rs:206:29
[INFO] [stdout]    |
[INFO] [stdout] 22 |     #[rename = "content"] #[description = "The content"] c: String
[INFO] [stdout]    |                             ^^^^^^^^^^^
[INFO] [stdout] 
[INFO] [stdout] error[E0412]: cannot find type `SlashContext` in this scope
[INFO] [stdout]  --> src/builder.rs:192:28
[INFO] [stdout]   |
[INFO] [stdout] 8 | async fn hello_world(ctx: &SlashContext<()>) -> DefaultCommandResult {
[INFO] [stdout]   |                            ^^^^^^^^^^^^ not found in this scope
[INFO] [stdout]   |
[INFO] [stdout] help: consider importing this struct
[INFO] [stdout]   |
[INFO] [stdout] 2 + use vesper::prelude::SlashContext;
[INFO] [stdout]   |
[INFO] [stdout] 
[INFO] [stdout] error[E0412]: cannot find type `DefaultCommandResult` in this scope
[INFO] [stdout]  --> src/builder.rs:192:49
[INFO] [stdout]   |
[INFO] [stdout] 8 | async fn hello_world(ctx: &SlashContext<()>) -> DefaultCommandResult {
[INFO] [stdout]   |                                                 ^^^^^^^^^^^^^^^^^^^^ not found in this scope
[INFO] [stdout]   |
[INFO] [stdout] help: consider importing this type alias
[INFO] [stdout]   |
[INFO] [stdout] 2 + use vesper::prelude::DefaultCommandResult;
[INFO] [stdout]   |
[INFO] [stdout] 
[INFO] [stdout] error[E0412]: cannot find type `SlashContext` in this scope
[INFO] [stdout]   --> src/builder.rs:205:11
[INFO] [stdout]    |
[INFO] [stdout] 21 |     ctx: &SlashContext<()>,
[INFO] [stdout]    |           ^^^^^^^^^^^^ not found in this scope
[INFO] [stdout]    |
[INFO] [stdout] help: consider importing this struct
[INFO] [stdout]    |
[INFO] [stdout] 2  + use vesper::prelude::SlashContext;
[INFO] [stdout]    |
[INFO] [stdout] 
[INFO] [stdout] error[E0412]: cannot find type `DefaultCommandResult` in this scope
[INFO] [stdout]   --> src/builder.rs:207:6
[INFO] [stdout]    |
[INFO] [stdout] 23 | ) -> DefaultCommandResult
[INFO] [stdout]    |      ^^^^^^^^^^^^^^^^^^^^ not found in this scope
[INFO] [stdout]    |
[INFO] [stdout] help: consider importing this type alias
[INFO] [stdout]    |
[INFO] [stdout] 2  + use vesper::prelude::DefaultCommandResult;
[INFO] [stdout]    |
[INFO] [stdout] 
[INFO] [stdout] error[E0433]: failed to resolve: use of undeclared type `Framework`
[INFO] [stdout]   --> src/builder.rs:223:21
[INFO] [stdout]    |
[INFO] [stdout] 39 |     let framework = Framework::builder(http_client, Id::new(app_id), ())
[INFO] [stdout]    |                     ^^^^^^^^^ use of undeclared type `Framework`
[INFO] [stdout]    |
[INFO] [stdout] help: consider importing this struct
[INFO] [stdout]    |
[INFO] [stdout] 2  + use vesper::prelude::Framework;
[INFO] [stdout]    |
[INFO] [stdout] 
[INFO] [stdout] error: aborting due to 12 previous errors
[INFO] [stdout] 
[INFO] [stdout] Some errors have detailed explanations: E0412, E0433.
[INFO] [stdout] For more information about an error, try `rustc --explain E0412`.
[INFO] [stdout] Couldn't compile the test.
[INFO] [stdout] ---- src/context.rs - context::SlashContext<'a,D>::create_modal (line 200) stdout ----
[INFO] [stdout] error[E0433]: failed to resolve: use of undeclared crate or module `zephyrus`
[INFO] [stdout]  --> src/context.rs:201:5
[INFO] [stdout]   |
[INFO] [stdout] 3 | use zephyrus::prelude::*;
[INFO] [stdout]   |     ^^^^^^^^ use of undeclared crate or module `zephyrus`
[INFO] [stdout] 
[INFO] [stdout] error: cannot find attribute `command` in this scope
[INFO] [stdout]   --> src/context.rs:209:3
[INFO] [stdout]    |
[INFO] [stdout] 11 | #[command]
[INFO] [stdout]    |   ^^^^^^^
[INFO] [stdout]    |
[INFO] [stdout] help: consider importing one of these items
[INFO] [stdout]    |
[INFO] [stdout] 2  + use vesper::prelude::command;
[INFO] [stdout]    |
[INFO] [stdout] 2  + use vesper_macros::command;
[INFO] [stdout]    |
[INFO] [stdout] 
[INFO] [stdout] error: cannot find attribute `description` in this scope
[INFO] [stdout]   --> src/context.rs:210:3
[INFO] [stdout]    |
[INFO] [stdout] 12 | #[description = "My command description"]
[INFO] [stdout]    |   ^^^^^^^^^^^
[INFO] [stdout] 
[INFO] [stdout] error: cannot find derive macro `Modal` in this scope
[INFO] [stdout]  --> src/context.rs:203:17
[INFO] [stdout]   |
[INFO] [stdout] 5 | #[derive(Debug, Modal)]
[INFO] [stdout]   |                 ^^^^^
[INFO] [stdout]   |
[INFO] [stdout] help: consider importing one of these items
[INFO] [stdout]   |
[INFO] [stdout] 2 + use vesper::prelude::Modal;
[INFO] [stdout]   |
[INFO] [stdout] 2 + use vesper_macros::Modal;
[INFO] [stdout]   |
[INFO] [stdout] 
[INFO] [stdout] error: cannot find attribute `modal` in this scope
[INFO] [stdout]  --> src/context.rs:205:7
[INFO] [stdout]   |
[INFO] [stdout] 7 |     #[modal(paragraph)]
[INFO] [stdout]   |       ^^^^^
[INFO] [stdout] 
[INFO] [stdout] error[E0412]: cannot find type `SlashContext` in this scope
[INFO] [stdout]   --> src/context.rs:211:27
[INFO] [stdout]    |
[INFO] [stdout] 13 | async fn my_command(ctx: &SlashContext<()>) -> DefaultCommandResult {
[INFO] [stdout]    |                           ^^^^^^^^^^^^ not found in this scope
[INFO] [stdout]    |
[INFO] [stdout] help: consider importing this struct
[INFO] [stdout]    |
[INFO] [stdout] 2  + use vesper::prelude::SlashContext;
[INFO] [stdout]    |
[INFO] [stdout] 
[INFO] [stdout] error[E0412]: cannot find type `DefaultCommandResult` in this scope
[INFO] [stdout]   --> src/context.rs:211:48
[INFO] [stdout]    |
[INFO] [stdout] 13 | async fn my_command(ctx: &SlashContext<()>) -> DefaultCommandResult {
[INFO] [stdout]    |                                                ^^^^^^^^^^^^^^^^^^^^ not found in this scope
[INFO] [stdout]    |
[INFO] [stdout] help: consider importing this type alias
[INFO] [stdout]    |
[INFO] [stdout] 2  + use vesper::prelude::DefaultCommandResult;
[INFO] [stdout]    |
[INFO] [stdout] 
[INFO] [stdout] error: aborting due to 7 previous errors
[INFO] [stdout] 
[INFO] [stdout] Some errors have detailed explanations: E0412, E0433.
[INFO] [stdout] For more information about an error, try `rustc --explain E0412`.
[INFO] [stdout] Couldn't compile the test.
[INFO] [stdout] ---- src/context.rs - context::SlashContext<'a,D>::acknowledge (line 123) stdout ----
[INFO] [stdout] error[E0433]: failed to resolve: use of undeclared crate or module `zephyrus`
[INFO] [stdout]  --> src/context.rs:124:5
[INFO] [stdout]   |
[INFO] [stdout] 3 | use zephyrus::prelude::*;
[INFO] [stdout]   |     ^^^^^^^^ use of undeclared crate or module `zephyrus`
[INFO] [stdout] 
[INFO] [stdout] error: cannot find attribute `command` in this scope
[INFO] [stdout]  --> src/context.rs:126:3
[INFO] [stdout]   |
[INFO] [stdout] 5 | #[command]
[INFO] [stdout]   |   ^^^^^^^
[INFO] [stdout]   |
[INFO] [stdout] help: consider importing one of these items
[INFO] [stdout]   |
[INFO] [stdout] 2 + use vesper::prelude::command;
[INFO] [stdout]   |
[INFO] [stdout] 2 + use vesper_macros::command;
[INFO] [stdout]   |
[INFO] [stdout] 
[INFO] [stdout] error: cannot find attribute `description` in this scope
[INFO] [stdout]  --> src/context.rs:127:3
[INFO] [stdout]   |
[INFO] [stdout] 6 | #[description = "My command description"]
[INFO] [stdout]   |   ^^^^^^^^^^^
[INFO] [stdout] 
[INFO] [stdout] error[E0412]: cannot find type `SlashContext` in this scope
[INFO] [stdout]  --> src/context.rs:128:27
[INFO] [stdout]   |
[INFO] [stdout] 7 | async fn my_command(ctx: &SlashContext<()>) -> DefaultCommandResult {
[INFO] [stdout]   |                           ^^^^^^^^^^^^ not found in this scope
[INFO] [stdout]   |
[INFO] [stdout] help: consider importing this struct
[INFO] [stdout]   |
[INFO] [stdout] 2 + use vesper::prelude::SlashContext;
[INFO] [stdout]   |
[INFO] [stdout] 
[INFO] [stdout] error[E0412]: cannot find type `DefaultCommandResult` in this scope
[INFO] [stdout]  --> src/context.rs:128:48
[INFO] [stdout]   |
[INFO] [stdout] 7 | async fn my_command(ctx: &SlashContext<()>) -> DefaultCommandResult {
[INFO] [stdout]   |                                                ^^^^^^^^^^^^^^^^^^^^ not found in this scope
[INFO] [stdout]   |
[INFO] [stdout] help: consider importing this type alias
[INFO] [stdout]   |
[INFO] [stdout] 2 + use vesper::prelude::DefaultCommandResult;
[INFO] [stdout]   |
[INFO] [stdout] 
[INFO] [stdout] error: aborting due to 5 previous errors
[INFO] [stdout] 
[INFO] [stdout] Some errors have detailed explanations: E0412, E0433.
[INFO] [stdout] For more information about an error, try `rustc --explain E0412`.
[INFO] [stdout] Couldn't compile the test.
[INFO] [stdout] ---- src/lib.rs - (line 255) stdout ----
[INFO] [stdout] error: cannot find attribute `command` in this scope
[INFO] [stdout]   --> src/lib.rs:280:3
[INFO] [stdout]    |
[INFO] [stdout] 27 | #[command]
[INFO] [stdout]    |   ^^^^^^^
[INFO] [stdout]    |
[INFO] [stdout] help: consider importing one of these items
[INFO] [stdout]    |
[INFO] [stdout] 2  + use vesper::prelude::command;
[INFO] [stdout]    |
[INFO] [stdout] 2  + use vesper_macros::command;
[INFO] [stdout]    |
[INFO] [stdout] 
[INFO] [stdout] error: cannot find attribute `description` in this scope
[INFO] [stdout]   --> src/lib.rs:281:3
[INFO] [stdout]    |
[INFO] [stdout] 28 | #[description = "Something here"]
[INFO] [stdout]    |   ^^^^^^^^^^^
[INFO] [stdout] 
[INFO] [stdout] error: cannot find attribute `skip` in this scope
[INFO] [stdout]   --> src/lib.rs:284:7
[INFO] [stdout]    |
[INFO] [stdout] 31 |     #[skip] my_extractor: ExtractSomething // This won't be seen on discord, but will be parsed
[INFO] [stdout]    |       ^^^^
[INFO] [stdout] 
[INFO] [stdout] error: cannot find attribute `async_trait` in this scope
[INFO] [stdout]  --> src/lib.rs:260:3
[INFO] [stdout]   |
[INFO] [stdout] 7 | #[async_trait]
[INFO] [stdout]   |   ^^^^^^^^^^^
[INFO] [stdout]   |
[INFO] [stdout]   = note: `async_trait` is in scope, but it is a crate, not an attribute
[INFO] [stdout] help: consider importing one of these items
[INFO] [stdout]   |
[INFO] [stdout] 2 + use async_trait::async_trait;
[INFO] [stdout]   |
[INFO] [stdout] 2 + use vesper::prelude::async_trait;
[INFO] [stdout]   |
[INFO] [stdout] 
[INFO] [stdout] error[E0405]: cannot find trait `Parse` in this scope
[INFO] [stdout]  --> src/lib.rs:261:6
[INFO] [stdout]   |
[INFO] [stdout] 8 | impl Parse<T> for ExtractSomething
[INFO] [stdout]   |      ^^^^^ not found in this scope
[INFO] [stdout]   |
[INFO] [stdout] help: consider importing this trait
[INFO] [stdout]   |
[INFO] [stdout] 2 + use vesper::prelude::Parse;
[INFO] [stdout]   |
[INFO] [stdout] 
[INFO] [stdout] error[E0412]: cannot find type `T` in this scope
[INFO] [stdout]  --> src/lib.rs:261:12
[INFO] [stdout]   |
[INFO] [stdout] 8 | impl Parse<T> for ExtractSomething
[INFO] [stdout]   |            ^ not found in this scope
[INFO] [stdout]   |
[INFO] [stdout] help: you might be missing a type parameter
[INFO] [stdout]   |
[INFO] [stdout] 8 | impl<T> Parse<T> for ExtractSomething
[INFO] [stdout]   |     +++
[INFO] [stdout] 
[INFO] [stdout] error[E0412]: cannot find type `T` in this scope
[INFO] [stdout]  --> src/lib.rs:262:7
[INFO] [stdout]   |
[INFO] [stdout] 9 | where T: Send + Sync
[INFO] [stdout]   |       ^ not found in this scope
[INFO] [stdout] 
[INFO] [stdout] error[E0412]: cannot find type `WrappedClient` in this scope
[INFO] [stdout]   --> src/lib.rs:265:23
[INFO] [stdout]    |
[INFO] [stdout] 12 |         http_client: &WrappedClient,
[INFO] [stdout]    |                       ^^^^^^^^^^^^^ not found in this scope
[INFO] [stdout]    |
[INFO] [stdout] help: consider importing this enum
[INFO] [stdout]    |
[INFO] [stdout] 2  + use vesper::prelude::WrappedClient;
[INFO] [stdout]    |
[INFO] [stdout] 
[INFO] [stdout] error[E0412]: cannot find type `T` in this scope
[INFO] [stdout]   --> src/lib.rs:266:16
[INFO] [stdout]    |
[INFO] [stdout] 13 |         data: &T,
[INFO] [stdout]    |                ^ not found in this scope
[INFO] [stdout] 
[INFO] [stdout] error[E0412]: cannot find type `CommandOptionValue` in this scope
[INFO] [stdout]   --> src/lib.rs:267:24
[INFO] [stdout]    |
[INFO] [stdout] 14 |         value: Option<&CommandOptionValue>, // <- will be empty since the option was not sent
[INFO] [stdout]    |                        ^^^^^^^^^^^^^^^^^^ not found in this scope
[INFO] [stdout]    |
[INFO] [stdout] help: consider importing one of these items
[INFO] [stdout]    |
[INFO] [stdout] 2  + use twilight_model::application::command::CommandOptionValue;
[INFO] [stdout]    |
[INFO] [stdout] 2  + use twilight_model::application::interaction::application_command::CommandOptionValue;
[INFO] [stdout]    |
[INFO] [stdout] 2  + use vesper::twilight_exports::CommandOptionValue;
[INFO] [stdout]    |
[INFO] [stdout] 
[INFO] [stdout] error[E0412]: cannot find type `CommandInteractionDataResolved` in this scope
[INFO] [stdout]   --> src/lib.rs:268:31
[INFO] [stdout]    |
[INFO] [stdout] 15 |         resolved: Option<&mut CommandInteractionDataResolved>
[INFO] [stdout]    |                               ^^^^^^^^^^^^^^^^^^^^^^^^^^^^^^ not found in this scope
[INFO] [stdout]    |
[INFO] [stdout] help: consider importing one of these items
[INFO] [stdout]    |
[INFO] [stdout] 2  + use twilight_model::application::interaction::application_command::CommandInteractionDataResolved;
[INFO] [stdout]    |
[INFO] [stdout] 2  + use vesper::twilight_exports::CommandInteractionDataResolved;
[INFO] [stdout]    |
[INFO] [stdout] 
[INFO] [stdout] error[E0412]: cannot find type `ParseError` in this scope
[INFO] [stdout]   --> src/lib.rs:269:23
[INFO] [stdout]    |
[INFO] [stdout] 16 |     ) -> Result<Self, ParseError>
[INFO] [stdout]    |                       ^^^^^^^^^^ not found in this scope
[INFO] [stdout]    |
[INFO] [stdout] help: consider importing one of these items
[INFO] [stdout]    |
[INFO] [stdout] 2  + use std::string::ParseError;
[INFO] [stdout]    |
[INFO] [stdout] 2  + use vesper::prelude::ParseError;
[INFO] [stdout]    |
[INFO] [stdout] 
[INFO] [stdout] error[E0412]: cannot find type `CommandOptionType` in this scope
[INFO] [stdout]   --> src/lib.rs:274:18
[INFO] [stdout]    |
[INFO] [stdout] 21 |     fn kind() -> CommandOptionType {
[INFO] [stdout]    |                  ^^^^^^^^^^^^^^^^^ not found in this scope
[INFO] [stdout]    |
[INFO] [stdout] help: consider importing one of these items
[INFO] [stdout]    |
[INFO] [stdout] 2  + use twilight_model::application::command::CommandOptionType;
[INFO] [stdout]    |
[INFO] [stdout] 2  + use vesper::twilight_exports::CommandOptionType;
[INFO] [stdout]    |
[INFO] [stdout] 
[INFO] [stdout] error[E0412]: cannot find type `SlashContext` in this scope
[INFO] [stdout]   --> src/lib.rs:283:11
[INFO] [stdout]    |
[INFO] [stdout] 30 |     ctx: &SlashContext</* Data type */>,
[INFO] [stdout]    |           ^^^^^^^^^^^^ not found in this scope
[INFO] [stdout]    |
[INFO] [stdout] help: consider importing this struct
[INFO] [stdout]    |
[INFO] [stdout] 2  + use vesper::prelude::SlashContext;
[INFO] [stdout]    |
[INFO] [stdout] 
[INFO] [stdout] error[E0412]: cannot find type `DefaultCommandResult` in this scope
[INFO] [stdout]   --> src/lib.rs:285:6
[INFO] [stdout]    |
[INFO] [stdout] 32 | ) -> DefaultCommandResult
[INFO] [stdout]    |      ^^^^^^^^^^^^^^^^^^^^ not found in this scope
[INFO] [stdout]    |
[INFO] [stdout] help: consider importing this type alias
[INFO] [stdout]    |
[INFO] [stdout] 2  + use vesper::prelude::DefaultCommandResult;
[INFO] [stdout]    |
[INFO] [stdout] 
[INFO] [stdout] error: aborting due to 15 previous errors
[INFO] [stdout] 
[INFO] [stdout] Some errors have detailed explanations: E0405, E0412.
[INFO] [stdout] For more information about an error, try `rustc --explain E0405`.
[INFO] [stdout] Couldn't compile the test.
[INFO] [stdout] ---- src/lib.rs - (line 162) stdout ----
[INFO] [stdout] error[E0428]: the name `command` is defined multiple times
[INFO] [stdout]   --> src/lib.rs:195:1
[INFO] [stdout]    |
[INFO] [stdout] 20 | / async fn command(
[INFO] [stdout] 21 | |     ctx: &SlashContext</* Your type of context*/>,
[INFO] [stdout] 22 | |     #[description = "A description for the argument"] some_arg: String,
[INFO] [stdout] 23 | |     #[rename = "other_arg"] #[description = "other description"] other: Option<Id<UserMarker>>
[INFO] [stdout] ...  |
[INFO] [stdout] 28 | |     Ok(())
[INFO] [stdout] 29 | | }
[INFO] [stdout]    | |_- previous definition of the value `command` here
[INFO] [stdout] ...
[INFO] [stdout] 35 | / async fn command(
[INFO] [stdout] 36 | |     ctx: &SlashContext</* Your type of context*/>, // The context must always be the first parameter.
[INFO] [stdout] 37 | |     #[description = "A description for the argument"] some_arg: String,
[INFO] [stdout] 38 | |     #[rename = "other_arg"] #[description = "other description"] other: Option<Id<UserMarker>>
[INFO] [stdout] ...  |
[INFO] [stdout] 43 | |     Ok(())
[INFO] [stdout] 44 | | }
[INFO] [stdout]    | |_^ `command` redefined here
[INFO] [stdout]    |
[INFO] [stdout]    = note: `command` must be defined only once in the value namespace of this block
[INFO] [stdout] 
[INFO] [stdout] error: cannot find attribute `command` in this scope
[INFO] [stdout]   --> src/lib.rs:191:3
[INFO] [stdout]    |
[INFO] [stdout] 31 | #[command(chat)]
[INFO] [stdout]    |   ^^^^^^^
[INFO] [stdout]    |
[INFO] [stdout]    = note: `command` is in scope, but it is a function, not an attribute
[INFO] [stdout] help: consider importing one of these items
[INFO] [stdout]    |
[INFO] [stdout] 2  + use vesper::prelude::command;
[INFO] [stdout]    |
[INFO] [stdout] 2  + use vesper_macros::command;
[INFO] [stdout]    |
[INFO] [stdout] 
[INFO] [stdout] error: cannot find attribute `only_guilds` in this scope
[INFO] [stdout]   --> src/lib.rs:192:3
[INFO] [stdout]    |
[INFO] [stdout] 32 | #[only_guilds] // This command is now marked as nsfw and only available inside guilds
[INFO] [stdout]    |   ^^^^^^^^^^^
[INFO] [stdout] 
[INFO] [stdout] error: cannot find attribute `nsfw` in this scope
[INFO] [stdout]   --> src/lib.rs:193:3
[INFO] [stdout]    |
[INFO] [stdout] 33 | #[nsfw]
[INFO] [stdout]    |   ^^^^
[INFO] [stdout] 
[INFO] [stdout] error: cannot find attribute `description` in this scope
[INFO] [stdout]   --> src/lib.rs:194:3
[INFO] [stdout]    |
[INFO] [stdout] 34 | #[description = "This is the description of the command"]
[INFO] [stdout]    |   ^^^^^^^^^^^
[INFO] [stdout] 
[INFO] [stdout] error: cannot find attribute `description` in this scope
[INFO] [stdout]   --> src/lib.rs:197:7
[INFO] [stdout]    |
[INFO] [stdout] 37 |     #[description = "A description for the argument"] some_arg: String,
[INFO] [stdout]    |       ^^^^^^^^^^^
[INFO] [stdout] 
[INFO] [stdout] error: cannot find attribute `rename` in this scope
[INFO] [stdout]   --> src/lib.rs:198:7
[INFO] [stdout]    |
[INFO] [stdout] 38 |     #[rename = "other_arg"] #[description = "other description"] other: Option<Id<UserMarker>>
[INFO] [stdout]    |       ^^^^^^
[INFO] [stdout] 
[INFO] [stdout] error: cannot find attribute `description` in this scope
[INFO] [stdout]   --> src/lib.rs:198:31
[INFO] [stdout]    |
[INFO] [stdout] 38 |     #[rename = "other_arg"] #[description = "other description"] other: Option<Id<UserMarker>>
[INFO] [stdout]    |                               ^^^^^^^^^^^
[INFO] [stdout] 
[INFO] [stdout] error: cannot find attribute `command` in this scope
[INFO] [stdout]   --> src/lib.rs:177:3
[INFO] [stdout]    |
[INFO] [stdout] 17 | #[command(chat)]
[INFO] [stdout]    |   ^^^^^^^
[INFO] [stdout]    |
[INFO] [stdout]    = note: `command` is in scope, but it is a function, not an attribute
[INFO] [stdout] help: consider importing one of these items
[INFO] [stdout]    |
[INFO] [stdout] 2  + use vesper::prelude::command;
[INFO] [stdout]    |
[INFO] [stdout] 2  + use vesper_macros::command;
[INFO] [stdout]    |
[INFO] [stdout] 
[INFO] [stdout] error: cannot find attribute `only_guilds` in this scope
[INFO] [stdout]   --> src/lib.rs:178:3
[INFO] [stdout]    |
[INFO] [stdout] 18 | #[only_guilds] // This command is now only marked as only available inside of guilds
[INFO] [stdout]    |   ^^^^^^^^^^^
[INFO] [stdout] 
[INFO] [stdout] error: cannot find attribute `description` in this scope
[INFO] [stdout]   --> src/lib.rs:179:3
[INFO] [stdout]    |
[INFO] [stdout] 19 | #[description = "This is the description of the command"]
[INFO] [stdout]    |   ^^^^^^^^^^^
[INFO] [stdout] 
[INFO] [stdout] error: cannot find attribute `description` in this scope
[INFO] [stdout]   --> src/lib.rs:182:7
[INFO] [stdout]    |
[INFO] [stdout] 22 |     #[description = "A description for the argument"] some_arg: String,
[INFO] [stdout]    |       ^^^^^^^^^^^
[INFO] [stdout] 
[INFO] [stdout] error: cannot find attribute `rename` in this scope
[INFO] [stdout]   --> src/lib.rs:183:7
[INFO] [stdout]    |
[INFO] [stdout] 23 |     #[rename = "other_arg"] #[description = "other description"] other: Option<Id<UserMarker>>
[INFO] [stdout]    |       ^^^^^^
[INFO] [stdout] 
[INFO] [stdout] error: cannot find attribute `description` in this scope
[INFO] [stdout]   --> src/lib.rs:183:31
[INFO] [stdout]    |
[INFO] [stdout] 23 |     #[rename = "other_arg"] #[description = "other description"] other: Option<Id<UserMarker>>
[INFO] [stdout]    |                               ^^^^^^^^^^^
[INFO] [stdout] 
[INFO] [stdout] error: cannot find attribute `command` in this scope
[INFO] [stdout]  --> src/lib.rs:163:3
[INFO] [stdout]   |
[INFO] [stdout] 3 | #[command]
[INFO] [stdout]   |   ^^^^^^^
[INFO] [stdout]   |
[INFO] [stdout]   = note: `command` is in scope, but it is a function, not an attribute
[INFO] [stdout] help: consider importing one of these items
[INFO] [stdout]   |
[INFO] [stdout] 2 + use vesper::prelude::command;
[INFO] [stdout]   |
[INFO] [stdout] 2 + use vesper_macros::command;
[INFO] [stdout]   |
[INFO] [stdout] 
[INFO] [stdout] error: cannot find attribute `nsfw` in this scope
[INFO] [stdout]  --> src/lib.rs:164:3
[INFO] [stdout]   |
[INFO] [stdout] 4 | #[nsfw] // This command is now marked as nsfw
[INFO] [stdout]   |   ^^^^
[INFO] [stdout] 
[INFO] [stdout] error: cannot find attribute `description` in this scope
[INFO] [stdout]  --> src/lib.rs:165:3
[INFO] [stdout]   |
[INFO] [stdout] 5 | #[description = "This is the description of the command"]
[INFO] [stdout]   |   ^^^^^^^^^^^
[INFO] [stdout] 
[INFO] [stdout] error: cannot find attribute `description` in this scope
[INFO] [stdout]  --> src/lib.rs:168:7
[INFO] [stdout]   |
[INFO] [stdout] 8 |     #[description = "A description for the argument"] some_arg: String,
[INFO] [stdout]   |       ^^^^^^^^^^^
[INFO] [stdout] 
[INFO] [stdout] error: cannot find attribute `rename` in this scope
[INFO] [stdout]  --> src/lib.rs:169:7
[INFO] [stdout]   |
[INFO] [stdout] 9 |     #[rename = "other_arg"] #[description = "other description"] other: Option<Id<UserMarker>>
[INFO] [stdout]   |       ^^^^^^
[INFO] [stdout] 
[INFO] [stdout] error: cannot find attribute `description` in this scope
[INFO] [stdout]  --> src/lib.rs:169:31
[INFO] [stdout]   |
[INFO] [stdout] 9 |     #[rename = "other_arg"] #[description = "other description"] other: Option<Id<UserMarker>>
[INFO] [stdout]   |                               ^^^^^^^^^^^
[INFO] [stdout] 
[INFO] [stdout] error[E0412]: cannot find type `SlashContext` in this scope
[INFO] [stdout]  --> src/lib.rs:167:11
[INFO] [stdout]   |
[INFO] [stdout] 7 |     ctx: &SlashContext</* Your type of context*/>,
[INFO] [stdout]   |           ^^^^^^^^^^^^ not found in this scope
[INFO] [stdout]   |
[INFO] [stdout] help: consider importing this struct
[INFO] [stdout]   |
[INFO] [stdout] 2 + use vesper::prelude::SlashContext;
[INFO] [stdout]   |
[INFO] [stdout] 
[INFO] [stdout] error[E0412]: cannot find type `Id` in this scope
[INFO] [stdout]  --> src/lib.rs:169:80
[INFO] [stdout]   |
[INFO] [stdout] 9 |     #[rename = "other_arg"] #[description = "other description"] other: Option<Id<UserMarker>>
[INFO] [stdout]   |                                                                                ^^ not found in this scope
[INFO] [stdout]   |
[INFO] [stdout] help: consider importing one of these items
[INFO] [stdout]   |
[INFO] [stdout] 2 + use tracing::Id;
[INFO] [stdout]   |
[INFO] [stdout] 2 + use twilight_model::id::Id;
[INFO] [stdout]   |
[INFO] [stdout] 2 + use vesper::twilight_exports::Id;
[INFO] [stdout]   |
[INFO] [stdout] 
[INFO] [stdout] error[E0412]: cannot find type `UserMarker` in this scope
[INFO] [stdout]  --> src/lib.rs:169:83
[INFO] [stdout]   |
[INFO] [stdout] 9 |     #[rename = "other_arg"] #[description = "other description"] other: Option<Id<UserMarker>>
[INFO] [stdout]   |                                                                                   ^^^^^^^^^^ not found in this scope
[INFO] [stdout]   |
[INFO] [stdout] help: consider importing one of these items
[INFO] [stdout]   |
[INFO] [stdout] 2 + use twilight_model::id::marker::UserMarker;
[INFO] [stdout]   |
[INFO] [stdout] 2 + use vesper::twilight_exports::UserMarker;
[INFO] [stdout]   |
[INFO] [stdout] 
[INFO] [stdout] error[E0412]: cannot find type `DefaultCommandResult` in this scope
[INFO] [stdout]   --> src/lib.rs:170:6
[INFO] [stdout]    |
[INFO] [stdout] 10 | ) -> DefaultCommandResult 
[INFO] [stdout]    |      ^^^^^^^^^^^^^^^^^^^^ not found in this scope
[INFO] [stdout]    |
[INFO] [stdout] help: consider importing this type alias
[INFO] [stdout]    |
[INFO] [stdout] 2  + use vesper::prelude::DefaultCommandResult;
[INFO] [stdout]    |
[INFO] [stdout] 
[INFO] [stdout] error[E0412]: cannot find type `SlashContext` in this scope
[INFO] [stdout]   --> src/lib.rs:181:11
[INFO] [stdout]    |
[INFO] [stdout] 21 |     ctx: &SlashContext</* Your type of context*/>,
[INFO] [stdout]    |           ^^^^^^^^^^^^ not found in this scope
[INFO] [stdout]    |
[INFO] [stdout] help: consider importing this struct
[INFO] [stdout]    |
[INFO] [stdout] 2  + use vesper::prelude::SlashContext;
[INFO] [stdout]    |
[INFO] [stdout] 
[INFO] [stdout] error[E0412]: cannot find type `Id` in this scope
[INFO] [stdout]   --> src/lib.rs:183:80
[INFO] [stdout]    |
[INFO] [stdout] 23 |     #[rename = "other_arg"] #[description = "other description"] other: Option<Id<UserMarker>>
[INFO] [stdout]    |                                                                                ^^ not found in this scope
[INFO] [stdout]    |
[INFO] [stdout] help: consider importing one of these items
[INFO] [stdout]    |
[INFO] [stdout] 2  + use tracing::Id;
[INFO] [stdout]    |
[INFO] [stdout] 2  + use twilight_model::id::Id;
[INFO] [stdout]    |
[INFO] [stdout] 2  + use vesper::twilight_exports::Id;
[INFO] [stdout]    |
[INFO] [stdout] 
[INFO] [stdout] error[E0412]: cannot find type `UserMarker` in this scope
[INFO] [stdout]   --> src/lib.rs:183:83
[INFO] [stdout]    |
[INFO] [stdout] 23 |     #[rename = "other_arg"] #[description = "other description"] other: Option<Id<UserMarker>>
[INFO] [stdout]    |                                                                                   ^^^^^^^^^^ not found in this scope
[INFO] [stdout]    |
[INFO] [stdout] help: consider importing one of these items
[INFO] [stdout]    |
[INFO] [stdout] 2  + use twilight_model::id::marker::UserMarker;
[INFO] [stdout]    |
[INFO] [stdout] 2  + use vesper::twilight_exports::UserMarker;
[INFO] [stdout]    |
[INFO] [stdout] 
[INFO] [stdout] error[E0412]: cannot find type `DefaultCommandResult` in this scope
[INFO] [stdout]   --> src/lib.rs:184:6
[INFO] [stdout]    |
[INFO] [stdout] 24 | ) -> DefaultCommandResult
[INFO] [stdout]    |      ^^^^^^^^^^^^^^^^^^^^ not found in this scope
[INFO] [stdout]    |
[INFO] [stdout] help: consider importing this type alias
[INFO] [stdout]    |
[INFO] [stdout] 2  + use vesper::prelude::DefaultCommandResult;
[INFO] [stdout]    |
[INFO] [stdout] 
[INFO] [stdout] error[E0412]: cannot find type `SlashContext` in this scope
[INFO] [stdout]   --> src/lib.rs:196:11
[INFO] [stdout]    |
[INFO] [stdout] 36 |     ctx: &SlashContext</* Your type of context*/>, // The context must always be the first parameter.
[INFO] [stdout]    |           ^^^^^^^^^^^^ not found in this scope
[INFO] [stdout]    |
[INFO] [stdout] help: consider importing this struct
[INFO] [stdout]    |
[INFO] [stdout] 2  + use vesper::prelude::SlashContext;
[INFO] [stdout]    |
[INFO] [stdout] 
[INFO] [stdout] error[E0412]: cannot find type `Id` in this scope
[INFO] [stdout]   --> src/lib.rs:198:80
[INFO] [stdout]    |
[INFO] [stdout] 38 |     #[rename = "other_arg"] #[description = "other description"] other: Option<Id<UserMarker>>
[INFO] [stdout]    |                                                                                ^^ not found in this scope
[INFO] [stdout]    |
[INFO] [stdout] help: consider importing one of these items
[INFO] [stdout]    |
[INFO] [stdout] 2  + use tracing::Id;
[INFO] [stdout]    |
[INFO] [stdout] 2  + use twilight_model::id::Id;
[INFO] [stdout]    |
[INFO] [stdout] 2  + use vesper::twilight_exports::Id;
[INFO] [stdout]    |
[INFO] [stdout] 
[INFO] [stdout] error[E0412]: cannot find type `UserMarker` in this scope
[INFO] [stdout]   --> src/lib.rs:198:83
[INFO] [stdout]    |
[INFO] [stdout] 38 |     #[rename = "other_arg"] #[description = "other description"] other: Option<Id<UserMarker>>
[INFO] [stdout]    |                                                                                   ^^^^^^^^^^ not found in this scope
[INFO] [stdout]    |
[INFO] [stdout] help: consider importing one of these items
[INFO] [stdout]    |
[INFO] [stdout] 2  + use twilight_model::id::marker::UserMarker;
[INFO] [stdout]    |
[INFO] [stdout] 2  + use vesper::twilight_exports::UserMarker;
[INFO] [stdout]    |
[INFO] [stdout] 
[INFO] [stdout] error[E0412]: cannot find type `DefaultCommandResult` in this scope
[INFO] [stdout]   --> src/lib.rs:199:6
[INFO] [stdout]    |
[INFO] [stdout] 39 | ) -> DefaultCommandResult
[INFO] [stdout]    |      ^^^^^^^^^^^^^^^^^^^^ not found in this scope
[INFO] [stdout]    |
[INFO] [stdout] help: consider importing this type alias
[INFO] [stdout]    |
[INFO] [stdout] 2  + use vesper::prelude::DefaultCommandResult;
[INFO] [stdout]    |
[INFO] [stdout] 
[INFO] [stdout] error: aborting due to 32 previous errors
[INFO] [stdout] 
[INFO] [stdout] Some errors have detailed explanations: E0412, E0428.
[INFO] [stdout] For more information about an error, try `rustc --explain E0412`.
[INFO] [stdout] Couldn't compile the test.
[INFO] [stdout] ---- src/lib.rs - (line 107) stdout ----
[INFO] [stdout] error: cannot find attribute `command` in this scope
[INFO] [stdout]  --> src/lib.rs:108:3
[INFO] [stdout]   |
[INFO] [stdout] 3 | #[command(chat)] // or #[command]
[INFO] [stdout]   |   ^^^^^^^
[INFO] [stdout]   |
[INFO] [stdout]   = note: `command` is in scope, but it is a function, not an attribute
[INFO] [stdout] help: consider importing one of these items
[INFO] [stdout]   |
[INFO] [stdout] 2 + use vesper::prelude::command;
[INFO] [stdout]   |
[INFO] [stdout] 2 + use vesper_macros::command;
[INFO] [stdout]   |
[INFO] [stdout] 
[INFO] [stdout] error: cannot find attribute `description` in this scope
[INFO] [stdout]  --> src/lib.rs:109:3
[INFO] [stdout]   |
[INFO] [stdout] 4 | #[description = "This is the description of the command"]
[INFO] [stdout]   |   ^^^^^^^^^^^
[INFO] [stdout] 
[INFO] [stdout] error: cannot find attribute `description` in this scope
[INFO] [stdout]  --> src/lib.rs:112:7
[INFO] [stdout]   |
[INFO] [stdout] 7 |     #[description = "A description for the argument"] some_arg: String,
[INFO] [stdout]   |       ^^^^^^^^^^^
[INFO] [stdout] 
[INFO] [stdout] error: cannot find attribute `rename` in this scope
[INFO] [stdout]  --> src/lib.rs:113:7
[INFO] [stdout]   |
[INFO] [stdout] 8 |     #[rename = "other_arg"] #[description = "other description"] other: Option<Id<UserMarker>>
[INFO] [stdout]   |       ^^^^^^
[INFO] [stdout] 
[INFO] [stdout] error: cannot find attribute `description` in this scope
[INFO] [stdout]  --> src/lib.rs:113:31
[INFO] [stdout]   |
[INFO] [stdout] 8 |     #[rename = "other_arg"] #[description = "other description"] other: Option<Id<UserMarker>>
[INFO] [stdout]   |                               ^^^^^^^^^^^
[INFO] [stdout] 
[INFO] [stdout] error[E0412]: cannot find type `SlashContext` in this scope
[INFO] [stdout]  --> src/lib.rs:111:11
[INFO] [stdout]   |
[INFO] [stdout] 6 |     ctx: &SlashContext</* Your type of context*/>, // The context must always be the first parameter.
[INFO] [stdout]   |           ^^^^^^^^^^^^ not found in this scope
[INFO] [stdout]   |
[INFO] [stdout] help: consider importing this struct
[INFO] [stdout]   |
[INFO] [stdout] 2 + use vesper::prelude::SlashContext;
[INFO] [stdout]   |
[INFO] [stdout] 
[INFO] [stdout] error[E0412]: cannot find type `Id` in this scope
[INFO] [stdout]  --> src/lib.rs:113:80
[INFO] [stdout]   |
[INFO] [stdout] 8 |     #[rename = "other_arg"] #[description = "other description"] other: Option<Id<UserMarker>>
[INFO] [stdout]   |                                                                                ^^ not found in this scope
[INFO] [stdout]   |
[INFO] [stdout] help: consider importing one of these items
[INFO] [stdout]   |
[INFO] [stdout] 2 + use tracing::Id;
[INFO] [stdout]   |
[INFO] [stdout] 2 + use twilight_model::id::Id;
[INFO] [stdout]   |
[INFO] [stdout] 2 + use vesper::twilight_exports::Id;
[INFO] [stdout]   |
[INFO] [stdout] 
[INFO] [stdout] error[E0412]: cannot find type `UserMarker` in this scope
[INFO] [stdout]  --> src/lib.rs:113:83
[INFO] [stdout]   |
[INFO] [stdout] 8 |     #[rename = "other_arg"] #[description = "other description"] other: Option<Id<UserMarker>>
[INFO] [stdout]   |                                                                                   ^^^^^^^^^^ not found in this scope
[INFO] [stdout]   |
[INFO] [stdout] help: consider importing one of these items
[INFO] [stdout]   |
[INFO] [stdout] 2 + use twilight_model::id::marker::UserMarker;
[INFO] [stdout]   |
[INFO] [stdout] 2 + use vesper::twilight_exports::UserMarker;
[INFO] [stdout]   |
[INFO] [stdout] 
[INFO] [stdout] error[E0412]: cannot find type `DefaultCommandResult` in this scope
[INFO] [stdout]  --> src/lib.rs:114:6
[INFO] [stdout]   |
[INFO] [stdout] 9 | ) -> DefaultCommandResult 
[INFO] [stdout]   |      ^^^^^^^^^^^^^^^^^^^^ not found in this scope
[INFO] [stdout]   |
[INFO] [stdout] help: consider importing this type alias
[INFO] [stdout]   |
[INFO] [stdout] 2 + use vesper::prelude::DefaultCommandResult;
[INFO] [stdout]   |
[INFO] [stdout] 
[INFO] [stdout] error: aborting due to 9 previous errors
[INFO] [stdout] 
[INFO] [stdout] For more information about this error, try `rustc --explain E0412`.
[INFO] [stdout] Couldn't compile the test.
[INFO] [stdout] ---- src/lib.rs - (line 542) stdout ----
[INFO] [stdout] error: expected `where`, `{`, `(`, or `;` after struct name, found `}`
[INFO] [stdout]  --> src/lib.rs:544:1
[INFO] [stdout]   |
[INFO] [stdout] 4 | } _doctest_main_src_lib_rs_542_0() }
[INFO] [stdout]   | ^ expected `where`, `{`, `(`, or `;` after struct name
[INFO] [stdout] 
[INFO] [stdout] error: aborting due to 1 previous error
[INFO] [stdout] 
[INFO] [stdout] Couldn't compile the test.
[INFO] [stdout] ---- src/lib.rs - (line 554) stdout ----
[INFO] [stdout] error: expected identifier, found `(`
[INFO] [stdout]  --> src/lib.rs:555:9
[INFO] [stdout]   |
[INFO] [stdout] 3 | async fn(&SlashContext</* Some type */>, &str, Option<Result<T, E>>)
[INFO] [stdout]   |         ^ expected identifier
[INFO] [stdout] 
[INFO] [stdout] error: aborting due to 1 previous error
[INFO] [stdout] 
[INFO] [stdout] Couldn't compile the test.
[INFO] [stdout] ---- src/lib.rs - (line 559) stdout ----
[INFO] [stdout] error: expected identifier, found `(`
[INFO] [stdout]  --> src/lib.rs:560:9
[INFO] [stdout]   |
[INFO] [stdout] 3 | async fn(&SlashContext</* Some type */>, E)
[INFO] [stdout]   |         ^ expected identifier
[INFO] [stdout] 
[INFO] [stdout] error: aborting due to 1 previous error
[INFO] [stdout] 
[INFO] [stdout] Couldn't compile the test.
[INFO] [stdout] ---- src/lib.rs - (line 564) stdout ----
[INFO] [stdout] error: expected identifier, found `(`
[INFO] [stdout]  --> src/lib.rs:565:9
[INFO] [stdout]   |
[INFO] [stdout] 3 | async fn(&SlashContext</* Some type */>) -> Result<bool, E>
[INFO] [stdout]   |         ^ expected identifier
[INFO] [stdout] 
[INFO] [stdout] error: aborting due to 1 previous error
[INFO] [stdout] 
[INFO] [stdout] Couldn't compile the test.
[INFO] [stdout] ---- src/lib.rs - (line 398) stdout ----
[INFO] [stdout] error[E0433]: failed to resolve: use of undeclared type `Framework`
[INFO] [stdout]  --> src/lib.rs:401:21
[INFO] [stdout]   |
[INFO] [stdout] 4 |     let framework = Framework::builder()
[INFO] [stdout]   |                     ^^^^^^^^^ use of undeclared type `Framework`
[INFO] [stdout]   |
[INFO] [stdout] help: consider importing this struct
[INFO] [stdout]   |
[INFO] [stdout] 2 + use vesper::prelude::Framework;
[INFO] [stdout]   |
[INFO] [stdout] 
[INFO] [stdout] error[E0425]: cannot find value `something` in this scope
[INFO] [stdout]  --> src/lib.rs:405:30
[INFO] [stdout]   |
[INFO] [stdout] 8 |                 .add_command(something)
[INFO] [stdout]   |                              ^^^^^^^^^ not found in this scope
[INFO] [stdout] 
[INFO] [stdout] error: aborting due to 2 previous errors
[INFO] [stdout] 
[INFO] [stdout] Some errors have detailed explanations: E0425, E0433.
[INFO] [stdout] For more information about an error, try `rustc --explain E0425`.
[INFO] [stdout] Couldn't compile the test.
[INFO] [stdout] ---- src/lib.rs - (line 446) stdout ----
[INFO] [stdout] error: cannot find attribute `before` in this scope
[INFO] [stdout]  --> src/lib.rs:447:3
[INFO] [stdout]   |
[INFO] [stdout] 3 | #[before]
[INFO] [stdout]   |   ^^^^^^
[INFO] [stdout]   |
[INFO] [stdout] help: consider importing one of these items
[INFO] [stdout]   |
[INFO] [stdout] 2 + use vesper::prelude::before;
[INFO] [stdout]   |
[INFO] [stdout] 2 + use vesper_macros::before;
[INFO] [stdout]   |
[INFO] [stdout] 
[INFO] [stdout] error[E0412]: cannot find type `SlashContext` in this scope
[INFO] [stdout]  --> src/lib.rs:448:28
[INFO] [stdout]   |
[INFO] [stdout] 4 | async fn before_hook(ctx: &SlashContext</*Your type*/>, command_name: &str) -> bool {
[INFO] [stdout]   |                            ^^^^^^^^^^^^ not found in this scope
[INFO] [stdout]   |
[INFO] [stdout] help: consider importing this struct
[INFO] [stdout]   |
[INFO] [stdout] 2 + use vesper::prelude::SlashContext;
[INFO] [stdout]   |
[INFO] [stdout] 
[INFO] [stdout] error: aborting due to 2 previous errors
[INFO] [stdout] 
[INFO] [stdout] For more information about this error, try `rustc --explain E0412`.
[INFO] [stdout] Couldn't compile the test.
[INFO] [stdout] ---- src/lib.rs - (line 365) stdout ----
[INFO] [stdout] error: cannot find attribute `command` in this scope
[INFO] [stdout]  --> src/lib.rs:366:3
[INFO] [stdout]   |
[INFO] [stdout] 3 | #[command]
[INFO] [stdout]   |   ^^^^^^^
[INFO] [stdout]   |
[INFO] [stdout] help: consider importing one of these items
[INFO] [stdout]   |
[INFO] [stdout] 2 + use vesper::prelude::command;
[INFO] [stdout]   |
[INFO] [stdout] 2 + use vesper_macros::command;
[INFO] [stdout]   |
[INFO] [stdout] 
[INFO] [stdout] error: cannot find attribute `description` in this scope
[INFO] [stdout]  --> src/lib.rs:367:3
[INFO] [stdout]   |
[INFO] [stdout] 4 | #[description = "Super cool command"]
[INFO] [stdout]   |   ^^^^^^^^^^^
[INFO] [stdout] 
[INFO] [stdout] error: cannot find attribute `required_permissions` in this scope
[INFO] [stdout]  --> src/lib.rs:368:3
[INFO] [stdout]   |
[INFO] [stdout] 5 | #[required_permissions(MANAGE_CHANNELS, MANAGE_MESSAGES)]
[INFO] [stdout]   |   ^^^^^^^^^^^^^^^^^^^^
[INFO] [stdout] 
[INFO] [stdout] error[E0412]: cannot find type `SlashContext` in this scope
[INFO] [stdout]  --> src/lib.rs:369:35
[INFO] [stdout]   |
[INFO] [stdout] 6 | async fn super_cool_command(ctx: &SlashContext</* Your type */>) -> DefaultCommandResult {
[INFO] [stdout]   |                                   ^^^^^^^^^^^^ not found in this scope
[INFO] [stdout]   |
[INFO] [stdout] help: consider importing this struct
[INFO] [stdout]   |
[INFO] [stdout] 2 + use vesper::prelude::SlashContext;
[INFO] [stdout]   |
[INFO] [stdout] 
[INFO] [stdout] error[E0412]: cannot find type `DefaultCommandResult` in this scope
[INFO] [stdout]  --> src/lib.rs:369:69
[INFO] [stdout]   |
[INFO] [stdout] 6 | async fn super_cool_command(ctx: &SlashContext</* Your type */>) -> DefaultCommandResult {
[INFO] [stdout]   |                                                                     ^^^^^^^^^^^^^^^^^^^^ not found in this scope
[INFO] [stdout]   |
[INFO] [stdout] help: consider importing this type alias
[INFO] [stdout]   |
[INFO] [stdout] 2 + use vesper::prelude::DefaultCommandResult;
[INFO] [stdout]   |
[INFO] [stdout] 
[INFO] [stdout] error: aborting due to 5 previous errors
[INFO] [stdout] 
[INFO] [stdout] For more information about this error, try `rustc --explain E0412`.
[INFO] [stdout] Couldn't compile the test.
[INFO] [stdout] ---- src/lib.rs - (line 510) stdout ----
[INFO] [stdout] error: cannot find attribute `check` in this scope
[INFO] [stdout]  --> src/lib.rs:517:3
[INFO] [stdout]   |
[INFO] [stdout] 9 | #[check]
[INFO] [stdout]   |   ^^^^^
[INFO] [stdout]   |
[INFO] [stdout] help: consider importing one of these items
[INFO] [stdout]   |
[INFO] [stdout] 2 + use vesper::prelude::check;
[INFO] [stdout]   |
[INFO] [stdout] 2 + use vesper_macros::check;
[INFO] [stdout]   |
[INFO] [stdout] 
[INFO] [stdout] error: cannot find attribute `check` in this scope
[INFO] [stdout]  --> src/lib.rs:511:3
[INFO] [stdout]   |
[INFO] [stdout] 3 | #[check]
[INFO] [stdout]   |   ^^^^^
[INFO] [stdout]   |
[INFO] [stdout] help: consider importing one of these items
[INFO] [stdout]   |
[INFO] [stdout] 2 + use vesper::prelude::check;
[INFO] [stdout]   |
[INFO] [stdout] 2 + use vesper_macros::check;
[INFO] [stdout]   |
[INFO] [stdout] 
[INFO] [stdout] error[E0412]: cannot find type `SlashContext` in this scope
[INFO] [stdout]  --> src/lib.rs:512:28
[INFO] [stdout]   |
[INFO] [stdout] 4 | async fn only_guilds(ctx: &SlashContext</* Some type */>) -> Result<bool, DefaultError> {
[INFO] [stdout]   |                            ^^^^^^^^^^^^ not found in this scope
[INFO] [stdout]   |
[INFO] [stdout] help: consider importing this struct
[INFO] [stdout]   |
[INFO] [stdout] 2 + use vesper::prelude::SlashContext;
[INFO] [stdout]   |
[INFO] [stdout] 
[INFO] [stdout] error[E0412]: cannot find type `DefaultError` in this scope
[INFO] [stdout]  --> src/lib.rs:512:75
[INFO] [stdout]   |
[INFO] [stdout] 4 | async fn only_guilds(ctx: &SlashContext</* Some type */>) -> Result<bool, DefaultError> {
[INFO] [stdout]   |                                                                           ^^^^^^^^^^^^ not found in this scope
[INFO] [stdout]   |
[INFO] [stdout] help: consider importing this type alias
[INFO] [stdout]   |
[INFO] [stdout] 2 + use vesper::framework::DefaultError;
[INFO] [stdout]   |
[INFO] [stdout] 
[INFO] [stdout] error[E0412]: cannot find type `SlashContext` in this scope
[INFO] [stdout]   --> src/lib.rs:518:29
[INFO] [stdout]    |
[INFO] [stdout] 10 | async fn other_check(_ctx: &SlashContext</* Some type */>) -> Result<bool, DefaultError> {
[INFO] [stdout]    |                             ^^^^^^^^^^^^ not found in this scope
[INFO] [stdout]    |
[INFO] [stdout] help: consider importing this struct
[INFO] [stdout]    |
[INFO] [stdout] 2  + use vesper::prelude::SlashContext;
[INFO] [stdout]    |
[INFO] [stdout] 
[INFO] [stdout] error[E0412]: cannot find type `DefaultError` in this scope
[INFO] [stdout]   --> src/lib.rs:518:76
[INFO] [stdout]    |
[INFO] [stdout] 10 | async fn other_check(_ctx: &SlashContext</* Some type */>) -> Result<bool, DefaultError> {
[INFO] [stdout]    |                                                                            ^^^^^^^^^^^^ not found in this scope
[INFO] [stdout]    |
[INFO] [stdout] help: consider importing this type alias
[INFO] [stdout]    |
[INFO] [stdout] 2  + use vesper::framework::DefaultError;
[INFO] [stdout]    |
[INFO] [stdout] 
[INFO] [stdout] error: aborting due to 6 previous errors
[INFO] [stdout] 
[INFO] [stdout] For more information about this error, try `rustc --explain E0412`.
[INFO] [stdout] Couldn't compile the test.
[INFO] [stdout] ---- src/lib.rs - (line 475) stdout ----
[INFO] [stdout] error: cannot find attribute `command` in this scope
[INFO] [stdout]   --> src/lib.rs:484:3
[INFO] [stdout]    |
[INFO] [stdout] 11 | #[command]
[INFO] [stdout]    |   ^^^^^^^
[INFO] [stdout]    |
[INFO] [stdout] help: consider importing one of these items
[INFO] [stdout]    |
[INFO] [stdout] 2  + use vesper::prelude::command;
[INFO] [stdout]    |
[INFO] [stdout] 2  + use vesper_macros::command;
[INFO] [stdout]    |
[INFO] [stdout] 
[INFO] [stdout] error: cannot find attribute `description` in this scope
[INFO] [stdout]   --> src/lib.rs:485:3
[INFO] [stdout]    |
[INFO] [stdout] 12 | #[description = "Tries to ban the bot itself, raising an error"]
[INFO] [stdout]    |   ^^^^^^^^^^^
[INFO] [stdout] 
[INFO] [stdout] error: cannot find attribute `error_handler` in this scope
[INFO] [stdout]   --> src/lib.rs:486:3
[INFO] [stdout]    |
[INFO] [stdout] 13 | #[error_handler(handle_ban_error)]
[INFO] [stdout]    |   ^^^^^^^^^^^^^
[INFO] [stdout]    |
[INFO] [stdout] help: consider importing one of these items
[INFO] [stdout]    |
[INFO] [stdout] 2  + use vesper::prelude::error_handler;
[INFO] [stdout]    |
[INFO] [stdout] 2  + use vesper_macros::error_handler;
[INFO] [stdout]    |
[INFO] [stdout] 
[INFO] [stdout] error: cannot find attribute `error_handler` in this scope
[INFO] [stdout]  --> src/lib.rs:476:3
[INFO] [stdout]   |
[INFO] [stdout] 3 | #[error_handler]
[INFO] [stdout]   |   ^^^^^^^^^^^^^
[INFO] [stdout]   |
[INFO] [stdout] help: consider importing one of these items
[INFO] [stdout]   |
[INFO] [stdout] 2 + use vesper::prelude::error_handler;
[INFO] [stdout]   |
[INFO] [stdout] 2 + use vesper_macros::error_handler;
[INFO] [stdout]   |
[INFO] [stdout] 
[INFO] [stdout] error[E0412]: cannot find type `SlashContext` in this scope
[INFO] [stdout]  --> src/lib.rs:477:34
[INFO] [stdout]   |
[INFO] [stdout] 4 | async fn handle_ban_error(_ctx: &SlashContext</* Some type */>, error: DefaultError) {
[INFO] [stdout]   |                                  ^^^^^^^^^^^^ not found in this scope
[INFO] [stdout]   |
[INFO] [stdout] help: consider importing this struct
[INFO] [stdout]   |
[INFO] [stdout] 2 + use vesper::prelude::SlashContext;
[INFO] [stdout]   |
[INFO] [stdout] 
[INFO] [stdout] error[E0412]: cannot find type `DefaultError` in this scope
[INFO] [stdout]  --> src/lib.rs:477:72
[INFO] [stdout]   |
[INFO] [stdout] 4 | async fn handle_ban_error(_ctx: &SlashContext</* Some type */>, error: DefaultError) {
[INFO] [stdout]   |                                                                        ^^^^^^^^^^^^ not found in this scope
[INFO] [stdout]   |
[INFO] [stdout] help: consider importing this type alias
[INFO] [stdout]   |
[INFO] [stdout] 2 + use vesper::framework::DefaultError;
[INFO] [stdout]   |
[INFO] [stdout] 
[INFO] [stdout] error[E0412]: cannot find type `SlashContext` in this scope
[INFO] [stdout]   --> src/lib.rs:487:27
[INFO] [stdout]    |
[INFO] [stdout] 14 | async fn ban_itself(ctx: &SlashContext</* Some type */>) -> DefaultCommandResult {
[INFO] [stdout]    |                           ^^^^^^^^^^^^ not found in this scope
[INFO] [stdout]    |
[INFO] [stdout] help: consider importing this struct
[INFO] [stdout]    |
[INFO] [stdout] 2  + use vesper::prelude::SlashContext;
[INFO] [stdout]    |
[INFO] [stdout] 
[INFO] [stdout] error[E0412]: cannot find type `DefaultCommandResult` in this scope
[INFO] [stdout]   --> src/lib.rs:487:61
[INFO] [stdout]    |
[INFO] [stdout] 14 | async fn ban_itself(ctx: &SlashContext</* Some type */>) -> DefaultCommandResult {
[INFO] [stdout]    |                                                             ^^^^^^^^^^^^^^^^^^^^ not found in this scope
[INFO] [stdout]    |
[INFO] [stdout] help: consider importing this type alias
[INFO] [stdout]    |
[INFO] [stdout] 2  + use vesper::prelude::DefaultCommandResult;
[INFO] [stdout]    |
[INFO] [stdout] 
[INFO] [stdout] error[E0433]: failed to resolve: use of undeclared type `Id`
[INFO] [stdout]   --> src/lib.rs:489:62
[INFO] [stdout]    |
[INFO] [stdout] 16 |     ctx.http_client().ban(ctx.interaction.guild_id.unwrap(), Id::new(ctx.application_id.get()))
[INFO] [stdout]    |                                                              ^^ use of undeclared type `Id`
[INFO] [stdout]    |
[INFO] [stdout] help: consider importing one of these items
[INFO] [stdout]    |
[INFO] [stdout] 2  + use tracing::Id;
[INFO] [stdout]    |
[INFO] [stdout] 2  + use twilight_model::id::Id;
[INFO] [stdout]    |
[INFO] [stdout] 2  + use vesper::twilight_exports::Id;
[INFO] [stdout]    |
[INFO] [stdout] 
[INFO] [stdout] error: aborting due to 9 previous errors
[INFO] [stdout] 
[INFO] [stdout] Some errors have detailed explanations: E0412, E0433.
[INFO] [stdout] For more information about an error, try `rustc --explain E0412`.
[INFO] [stdout] Couldn't compile the test.
[INFO] [stdout] ---- src/lib.rs - (line 418) stdout ----
[INFO] [stdout] error[E0433]: failed to resolve: use of undeclared type `Framework`
[INFO] [stdout]  --> src/lib.rs:421:21
[INFO] [stdout]   |
[INFO] [stdout] 4 |     let framework = Framework::builder()
[INFO] [stdout]   |                     ^^^^^^^^^ use of undeclared type `Framework`
[INFO] [stdout]   |
[INFO] [stdout] help: consider importing this struct
[INFO] [stdout]   |
[INFO] [stdout] 2 + use vesper::prelude::Framework;
[INFO] [stdout]   |
[INFO] [stdout] 
[INFO] [stdout] error[E0425]: cannot find value `something` in this scope
[INFO] [stdout]   --> src/lib.rs:428:38
[INFO] [stdout]    |
[INFO] [stdout] 11 |                         .add_command(something)
[INFO] [stdout]    |                                      ^^^^^^^^^ not found in this scope
[INFO] [stdout] 
[INFO] [stdout] error: aborting due to 2 previous errors
[INFO] [stdout] 
[INFO] [stdout] Some errors have detailed explanations: E0425, E0433.
[INFO] [stdout] For more information about an error, try `rustc --explain E0425`.
[INFO] [stdout] Couldn't compile the test.
[INFO] [stdout] ---- src/lib.rs - (line 383) stdout ----
[INFO] [stdout] error: cannot find attribute `command` in this scope
[INFO] [stdout]  --> src/lib.rs:384:3
[INFO] [stdout]   |
[INFO] [stdout] 3 | #[command]
[INFO] [stdout]   |   ^^^^^^^
[INFO] [stdout]   |
[INFO] [stdout] help: consider importing one of these items
[INFO] [stdout]   |
[INFO] [stdout] 2 + use vesper::prelude::command;
[INFO] [stdout]   |
[INFO] [stdout] 2 + use vesper_macros::command;
[INFO] [stdout]   |
[INFO] [stdout] 
[INFO] [stdout] error: cannot find attribute `description` in this scope
[INFO] [stdout]  --> src/lib.rs:385:3
[INFO] [stdout]   |
[INFO] [stdout] 4 | #[description = "Something"]
[INFO] [stdout]   |   ^^^^^^^^^^^
[INFO] [stdout] 
[INFO] [stdout] error[E0412]: cannot find type `SlashContext` in this scope
[INFO] [stdout]  --> src/lib.rs:386:26
[INFO] [stdout]   |
[INFO] [stdout] 5 | async fn something(ctx: &SlashContext</* Your type */>) -> DefaultCommandResult {
[INFO] [stdout]   |                          ^^^^^^^^^^^^ not found in this scope
[INFO] [stdout]   |
[INFO] [stdout] help: consider importing this struct
[INFO] [stdout]   |
[INFO] [stdout] 2 + use vesper::prelude::SlashContext;
[INFO] [stdout]   |
[INFO] [stdout] 
[INFO] [stdout] error[E0412]: cannot find type `DefaultCommandResult` in this scope
[INFO] [stdout]  --> src/lib.rs:386:60
[INFO] [stdout]   |
[INFO] [stdout] 5 | async fn something(ctx: &SlashContext</* Your type */>) -> DefaultCommandResult {
[INFO] [stdout]   |                                                            ^^^^^^^^^^^^^^^^^^^^ not found in this scope
[INFO] [stdout]   |
[INFO] [stdout] help: consider importing this type alias
[INFO] [stdout]   |
[INFO] [stdout] 2 + use vesper::prelude::DefaultCommandResult;
[INFO] [stdout]   |
[INFO] [stdout] 
[INFO] [stdout] error: aborting due to 4 previous errors
[INFO] [stdout] 
[INFO] [stdout] For more information about this error, try `rustc --explain E0412`.
[INFO] [stdout] Couldn't compile the test.
[INFO] [stdout] ---- src/lib.rs - (line 525) stdout ----
[INFO] [stdout] error: cannot find attribute `command` in this scope
[INFO] [stdout]  --> src/lib.rs:526:3
[INFO] [stdout]   |
[INFO] [stdout] 3 | #[command]
[INFO] [stdout]   |   ^^^^^^^
[INFO] [stdout]   |
[INFO] [stdout] help: consider importing one of these items
[INFO] [stdout]   |
[INFO] [stdout] 2 + use vesper::prelude::command;
[INFO] [stdout]   |
[INFO] [stdout] 2 + use vesper_macros::command;
[INFO] [stdout]   |
[INFO] [stdout] 
[INFO] [stdout] error: cannot find attribute `description` in this scope
[INFO] [stdout]  --> src/lib.rs:527:3
[INFO] [stdout]   |
[INFO] [stdout] 4 | #[description = "Some description"]
[INFO] [stdout]   |   ^^^^^^^^^^^
[INFO] [stdout] 
[INFO] [stdout] error: cannot find attribute `checks` in this scope
[INFO] [stdout]  --> src/lib.rs:528:3
[INFO] [stdout]   |
[INFO] [stdout] 5 | #[checks(only_guilds, other_check)]
[INFO] [stdout]   |   ^^^^^^
[INFO] [stdout] 
[INFO] [stdout] error[E0412]: cannot find type `SlashContext` in this scope
[INFO] [stdout]  --> src/lib.rs:529:27
[INFO] [stdout]   |
[INFO] [stdout] 6 | async fn my_command(ctx: &SlashContext</* Some type */>) -> DefaultCommandResult {
[INFO] [stdout]   |                           ^^^^^^^^^^^^ not found in this scope
[INFO] [stdout]   |
[INFO] [stdout] help: consider importing this struct
[INFO] [stdout]   |
[INFO] [stdout] 2 + use vesper::prelude::SlashContext;
[INFO] [stdout]   |
[INFO] [stdout] 
[INFO] [stdout] error[E0412]: cannot find type `DefaultCommandResult` in this scope
[INFO] [stdout]  --> src/lib.rs:529:61
[INFO] [stdout]   |
[INFO] [stdout] 6 | async fn my_command(ctx: &SlashContext</* Some type */>) -> DefaultCommandResult {
[INFO] [stdout]   |                                                             ^^^^^^^^^^^^^^^^^^^^ not found in this scope
[INFO] [stdout]   |
[INFO] [stdout] help: consider importing this type alias
[INFO] [stdout]   |
[INFO] [stdout] 2 + use vesper::prelude::DefaultCommandResult;
[INFO] [stdout]   |
[INFO] [stdout] 
[INFO] [stdout] error: aborting due to 5 previous errors
[INFO] [stdout] 
[INFO] [stdout] For more information about this error, try `rustc --explain E0412`.
[INFO] [stdout] Couldn't compile the test.
[INFO] [stdout] ---- src/lib.rs - (line 460) stdout ----
[INFO] [stdout] error: cannot find attribute `after` in this scope
[INFO] [stdout]  --> src/lib.rs:461:3
[INFO] [stdout]   |
[INFO] [stdout] 3 | #[after]
[INFO] [stdout]   |   ^^^^^
[INFO] [stdout]   |
[INFO] [stdout] help: consider importing one of these items
[INFO] [stdout]   |
[INFO] [stdout] 2 + use vesper::prelude::after;
[INFO] [stdout]   |
[INFO] [stdout] 2 + use vesper_macros::after;
[INFO] [stdout]   |
[INFO] [stdout] 
[INFO] [stdout] error[E0412]: cannot find type `SlashContext` in this scope
[INFO] [stdout]  --> src/lib.rs:462:27
[INFO] [stdout]   |
[INFO] [stdout] 4 | async fn after_hook(ctx: &SlashContext</* Your type */>, command_name: &str, result: Option<DefaultCommandResult>) {
[INFO] [stdout]   |                           ^^^^^^^^^^^^ not found in this scope
[INFO] [stdout]   |
[INFO] [stdout] help: consider importing this struct
[INFO] [stdout]   |
[INFO] [stdout] 2 + use vesper::prelude::SlashContext;
[INFO] [stdout]   |
[INFO] [stdout] 
[INFO] [stdout] error[E0412]: cannot find type `DefaultCommandResult` in this scope
[INFO] [stdout]  --> src/lib.rs:462:93
[INFO] [stdout]   |
[INFO] [stdout] 4 | async fn after_hook(ctx: &SlashContext</* Your type */>, command_name: &str, result: Option<DefaultCommandResult>) {
[INFO] [stdout]   |                                                                                             ^^^^^^^^^^^^^^^^^^^^ not found in this scope
[INFO] [stdout]   |
[INFO] [stdout] help: consider importing this type alias
[INFO] [stdout]   |
[INFO] [stdout] 2 + use vesper::prelude::DefaultCommandResult;
[INFO] [stdout]   |
[INFO] [stdout] 
[INFO] [stdout] error: aborting due to 3 previous errors
[INFO] [stdout] 
[INFO] [stdout] For more information about this error, try `rustc --explain E0412`.
[INFO] [stdout] Couldn't compile the test.
[INFO] [stdout] ---- src/lib.rs - (line 24) stdout ----
[INFO] [stdout] error[E0432]: unresolved import `futures_util`
[INFO] [stdout]  --> src/lib.rs:27:5
[INFO] [stdout]   |
[INFO] [stdout] 5 | use futures_util::StreamExt;
[INFO] [stdout]   |     ^^^^^^^^^^^^ use of undeclared crate or module `futures_util`
[INFO] [stdout] 
[INFO] [stdout] error[E0433]: failed to resolve: use of undeclared crate or module `twilight_gateway`
[INFO] [stdout]  --> src/lib.rs:28:5
[INFO] [stdout]   |
[INFO] [stdout] 6 | use twilight_gateway::{stream::{self, ShardEventStream}, Config};
[INFO] [stdout]   |     ^^^^^^^^^^^^^^^^ use of undeclared crate or module `twilight_gateway`
[INFO] [stdout] 
[INFO] [stdout] error[E0432]: unresolved import `twilight_gateway`
[INFO] [stdout]  --> src/lib.rs:28:5
[INFO] [stdout]   |
[INFO] [stdout] 6 | use twilight_gateway::{stream::{self, ShardEventStream}, Config};
[INFO] [stdout]   |     ^^^^^^^^^^^^^^^^ use of undeclared crate or module `twilight_gateway`
[INFO] [stdout] 
[INFO] [stdout] error[E0308]: mismatched types
[INFO] [stdout]    --> src/lib.rs:61:62
[INFO] [stdout]     |
[INFO] [stdout] 39  |     framework.register_guild_commands(Id::<GuildMarker>::new("<GUILD_ID>")).await.unwrap();
[INFO] [stdout]     |                                       ---------------------- ^^^^^^^^^^^^ expected `u64`, found `&str`
[INFO] [stdout]     |                                       |
[INFO] [stdout]     |                                       arguments to this function are incorrect
[INFO] [stdout]     |
[INFO] [stdout] note: associated function defined here
[INFO] [stdout]    --> /opt/rustwide/cargo-home/registry/src/index.crates.io-6f17d22bba15001f/twilight-model-0.15.4/src/id/mod.rs:114:18
[INFO] [stdout]     |
[INFO] [stdout] 114 |     pub const fn new(n: u64) -> Self {
[INFO] [stdout]     |                  ^^^
[INFO] [stdout] 
[INFO] [stdout] error[E0308]: mismatched types
[INFO] [stdout]   --> src/lib.rs:39:10
[INFO] [stdout]    |
[INFO] [stdout] 15 | #[command]
[INFO] [stdout]    | ---------- arguments to this function are incorrect
[INFO] [stdout] 16 | #[description = "Says hello"]
[INFO] [stdout] 17 | async fn hello(ctx: &SlashContext<()>) -> DefaultCommandResult {
[INFO] [stdout]    |          ^^^^^ types differ in mutability
[INFO] [stdout]    |
[INFO] [stdout]    = note: expected fn pointer `for<'a> fn(&'a vesper::context::SlashContext<'a, _>) -> Pin<Box<(dyn Future<Output = Result<_, _>> + Send + 'a)>>`
[INFO] [stdout]                  found fn item `fn(&mut SlashContext<'a, ()>) -> Pin<Box<dyn Future<Output = Result<(), Box<...>>> + Send>> {_hello}`
[INFO] [stdout] note: associated function defined here
[INFO] [stdout]   --> /opt/rustwide/workdir/src/command.rs:93:12
[INFO] [stdout]    |
[INFO] [stdout] 93 |     pub fn new(fun: CommandFn<D, T, E>) -> Self {
[INFO] [stdout]    |            ^^^
[INFO] [stdout] 
[INFO] [stdout] error: aborting due to 5 previous errors
[INFO] [stdout] 
[INFO] [stdout] Some errors have detailed explanations: E0308, E0432, E0433.
[INFO] [stdout] For more information about an error, try `rustc --explain E0308`.
[INFO] [stdout] Couldn't compile the test.
[INFO] [stdout] ---- src/lib.rs - (line 575) stdout ----
[INFO] [stdout] error: SlashContext type must be set
[INFO] [stdout]   --> src/lib.rs:591:21
[INFO] [stdout]    |
[INFO] [stdout] 19 | async fn my_command(ctx: &SlashContext</* Some type */>) -> DefaultCommandResult {
[INFO] [stdout]    |                     ^^^
[INFO] [stdout] 
[INFO] [stdout] error: aborting due to 1 previous error
[INFO] [stdout] 
[INFO] [stdout] Couldn't compile the test.
[INFO] [stdout] ---- src/wait.rs - wait::InteractionWaiter (line 29) stdout ----
[INFO] [stdout] error[E0433]: failed to resolve: use of undeclared crate or module `zephyrus`
[INFO] [stdout]  --> src/wait.rs:30:5
[INFO] [stdout]   |
[INFO] [stdout] 3 | use zephyrus::prelude::{command, SlashContext, DefaultCommandResult};
[INFO] [stdout]   |     ^^^^^^^^ use of undeclared crate or module `zephyrus`
[INFO] [stdout] 
[INFO] [stdout] error: cannot determine resolution for the attribute macro `command`
[INFO] [stdout]  --> src/wait.rs:32:3
[INFO] [stdout]   |
[INFO] [stdout] 5 | #[command]
[INFO] [stdout]   |   ^^^^^^^
[INFO] [stdout]   |
[INFO] [stdout]   = note: import resolution is stuck, try simplifying macro imports
[INFO] [stdout] 
[INFO] [stdout] error: cannot find attribute `description` in this scope
[INFO] [stdout]  --> src/wait.rs:33:3
[INFO] [stdout]   |
[INFO] [stdout] 6 | #[description = "My Command"]
[INFO] [stdout]   |   ^^^^^^^^^^^
[INFO] [stdout] 
[INFO] [stdout] error: aborting due to 3 previous errors
[INFO] [stdout] 
[INFO] [stdout] For more information about this error, try `rustc --explain E0433`.
[INFO] [stdout] Couldn't compile the test.
[INFO] [stdout] ---- src/lib.rs - (line 615) stdout ----
[INFO] [stdout] error[E0412]: cannot find type `Arc` in this scope
[INFO] [stdout]  --> src/lib.rs:617:18
[INFO] [stdout]   |
[INFO] [stdout] 4 |     http_client: Arc<Client>,
[INFO] [stdout]   |                  ^^^ not found in this scope
[INFO] [stdout]   |
[INFO] [stdout] help: consider importing this struct
[INFO] [stdout]   |
[INFO] [stdout] 2 + use std::sync::Arc;
[INFO] [stdout]   |
[INFO] [stdout] 
[INFO] [stdout] error[E0412]: cannot find type `Client` in this scope
[INFO] [stdout]  --> src/lib.rs:617:22
[INFO] [stdout]   |
[INFO] [stdout] 4 |     http_client: Arc<Client>,
[INFO] [stdout]   |                      ^^^^^^ not found in this scope
[INFO] [stdout]   |
[INFO] [stdout] help: consider importing one of these items
[INFO] [stdout]   |
[INFO] [stdout] 2 + use twilight_http::Client;
[INFO] [stdout]   |
[INFO] [stdout] 2 + use vesper::twilight_exports::Client;
[INFO] [stdout]   |
[INFO] [stdout] 
[INFO] [stdout] error[E0412]: cannot find type `Id` in this scope
[INFO] [stdout]  --> src/lib.rs:618:13
[INFO] [stdout]   |
[INFO] [stdout] 5 |     app_id: Id<ApplicationMarker>
[INFO] [stdout]   |             ^^ not found in this scope
[INFO] [stdout]   |
[INFO] [stdout] help: consider importing one of these items
[INFO] [stdout]   |
[INFO] [stdout] 2 + use tracing::Id;
[INFO] [stdout]   |
[INFO] [stdout] 2 + use twilight_model::id::Id;
[INFO] [stdout]   |
[INFO] [stdout] 2 + use vesper::twilight_exports::Id;
[INFO] [stdout]   |
[INFO] [stdout] 
[INFO] [stdout] error[E0412]: cannot find type `ApplicationMarker` in this scope
[INFO] [stdout]  --> src/lib.rs:618:16
[INFO] [stdout]   |
[INFO] [stdout] 5 |     app_id: Id<ApplicationMarker>
[INFO] [stdout]   |                ^^^^^^^^^^^^^^^^^ not found in this scope
[INFO] [stdout]   |
[INFO] [stdout] help: consider importing one of these items
[INFO] [stdout]   |
[INFO] [stdout] 2 + use twilight_model::id::marker::ApplicationMarker;
[INFO] [stdout]   |
[INFO] [stdout] 2 + use vesper::twilight_exports::ApplicationMarker;
[INFO] [stdout]   |
[INFO] [stdout] 
[INFO] [stdout] error[E0412]: cannot find type `Framework` in this scope
[INFO] [stdout]  --> src/lib.rs:619:6
[INFO] [stdout]   |
[INFO] [stdout] 6 | ) -> Framework<()> {
[INFO] [stdout]   |      ^^^^^^^^^ not found in this scope
[INFO] [stdout]   |
[INFO] [stdout] help: consider importing this struct
[INFO] [stdout]   |
[INFO] [stdout] 2 + use vesper::prelude::Framework;
[INFO] [stdout]   |
[INFO] [stdout] 
[INFO] [stdout] error[E0433]: failed to resolve: use of undeclared type `Framework`
[INFO] [stdout]  --> src/lib.rs:620:5
[INFO] [stdout]   |
[INFO] [stdout] 7 |     Framework::builder(http_client, app_id, ())
[INFO] [stdout]   |     ^^^^^^^^^ use of undeclared type `Framework`
[INFO] [stdout]   |
[INFO] [stdout] help: consider importing this struct
[INFO] [stdout]   |
[INFO] [stdout] 2 + use vesper::prelude::Framework;
[INFO] [stdout]   |
[INFO] [stdout] 
[INFO] [stdout] error[E0425]: cannot find value `hello` in this scope
[INFO] [stdout]  --> src/lib.rs:621:18
[INFO] [stdout]   |
[INFO] [stdout] 8 |         .command(hello)
[INFO] [stdout]   |                  ^^^^^ not found in this scope
[INFO] [stdout] 
[INFO] [stdout] error[E0412]: cannot find type `Framework` in this scope
[INFO] [stdout]   --> src/lib.rs:625:31
[INFO] [stdout]    |
[INFO] [stdout] 12 | fn create_lockfile(framework: Framework<()>) -> Result<()> {
[INFO] [stdout]    |                               ^^^^^^^^^ not found in this scope
[INFO] [stdout]    |
[INFO] [stdout] help: consider importing this struct
[INFO] [stdout]    |
[INFO] [stdout] 2  + use vesper::prelude::Framework;
[INFO] [stdout]    |
[INFO] [stdout] 
[INFO] [stdout] error[E0107]: enum takes 2 generic arguments but 1 generic argument was supplied
[INFO] [stdout]   --> src/lib.rs:625:49
[INFO] [stdout]    |
[INFO] [stdout] 12 | fn create_lockfile(framework: Framework<()>) -> Result<()> {
[INFO] [stdout]    |                                                 ^^^^^^ -- supplied 1 generic argument
[INFO] [stdout]    |                                                 |
[INFO] [stdout]    |                                                 expected 2 generic arguments
[INFO] [stdout]    |
[INFO] [stdout] help: add missing generic argument
[INFO] [stdout]    |
[INFO] [stdout] 12 | fn create_lockfile(framework: Framework<()>) -> Result<(), E> {
[INFO] [stdout]    |                                                          +++
[INFO] [stdout] 
[INFO] [stdout] error[E0433]: failed to resolve: use of undeclared crate or module `serde_json`
[INFO] [stdout]   --> src/lib.rs:627:19
[INFO] [stdout]    |
[INFO] [stdout] 14 |     let content = serde_json::to_string_pretty(&commands)?;
[INFO] [stdout]    |                   ^^^^^^^^^^ use of undeclared crate or module `serde_json`
[INFO] [stdout] 
[INFO] [stdout] error: aborting due to 10 previous errors
[INFO] [stdout] 
[INFO] [stdout] Some errors have detailed explanations: E0107, E0412, E0425, E0433.
[INFO] [stdout] For more information about an error, try `rustc --explain E0107`.
[INFO] [stdout] Couldn't compile the test.
[INFO] [stdout] 
[INFO] [stdout] failures:
[INFO] [stdout]     src/builder.rs - builder::FrameworkBuilder<D,T,E>::after (line 155)
[INFO] [stdout]     src/builder.rs - builder::FrameworkBuilder<D,T,E>::before (line 124)
[INFO] [stdout]     src/builder.rs - builder::FrameworkBuilder<D,T,E>::command (line 185)
[INFO] [stdout]     src/context.rs - context::SlashContext<'a,D>::acknowledge (line 123)
[INFO] [stdout]     src/context.rs - context::SlashContext<'a,D>::create_modal (line 200)
[INFO] [stdout]     src/context.rs - context::SlashContext<'a,D>::defer (line 152)
[INFO] [stdout]     src/lib.rs - (line 107)
[INFO] [stdout]     src/lib.rs - (line 123)
[INFO] [stdout]     src/lib.rs - (line 137)
[INFO] [stdout]     src/lib.rs - (line 162)
[INFO] [stdout]     src/lib.rs - (line 212)
[INFO] [stdout]     src/lib.rs - (line 24)
[INFO] [stdout]     src/lib.rs - (line 255)
[INFO] [stdout]     src/lib.rs - (line 303)
[INFO] [stdout]     src/lib.rs - (line 330)
[INFO] [stdout]     src/lib.rs - (line 346)
[INFO] [stdout]     src/lib.rs - (line 365)
[INFO] [stdout]     src/lib.rs - (line 383)
[INFO] [stdout]     src/lib.rs - (line 398)
[INFO] [stdout]     src/lib.rs - (line 418)
[INFO] [stdout]     src/lib.rs - (line 446)
[INFO] [stdout]     src/lib.rs - (line 460)
[INFO] [stdout]     src/lib.rs - (line 475)
[INFO] [stdout]     src/lib.rs - (line 510)
[INFO] [stdout]     src/lib.rs - (line 525)
[INFO] [stdout]     src/lib.rs - (line 542)
[INFO] [stdout]     src/lib.rs - (line 554)
[INFO] [stdout]     src/lib.rs - (line 559)
[INFO] [stdout]     src/lib.rs - (line 564)
[INFO] [stdout]     src/lib.rs - (line 575)
[INFO] [stdout]     src/lib.rs - (line 615)
[INFO] [stdout]     src/wait.rs - wait::InteractionWaiter (line 29)
[INFO] [stdout] 
[INFO] [stdout] test result: FAILED. 0 passed; 32 failed; 0 ignored; 0 measured; 0 filtered out; finished in 0.23s
[INFO] [stdout] 
[INFO] [stderr] error: doctest failed, to rerun pass `--doc`
[INFO] running `Command { std: "docker" "inspect" "d5629d66a9e3d854caa79801d9826f6938ad205ccf7e531b75d78362645695cb", kill_on_drop: false }`
[INFO] running `Command { std: "docker" "rm" "-f" "d5629d66a9e3d854caa79801d9826f6938ad205ccf7e531b75d78362645695cb", kill_on_drop: false }`
[INFO] [stdout] d5629d66a9e3d854caa79801d9826f6938ad205ccf7e531b75d78362645695cb
