[INFO] fetching crate vesper-macros 0.11.0...
[INFO] testing vesper-macros-0.11.0 against 1.75.0 for beta-1.76-1
[INFO] extracting crate vesper-macros 0.11.0 into /workspace/builds/worker-4-tc1/source
[INFO] validating manifest of crates.io crate vesper-macros 0.11.0 on toolchain 1.75.0
[INFO] running `Command { std: CARGO_HOME="/workspace/cargo-home" RUSTUP_HOME="/workspace/rustup-home" "/workspace/cargo-home/bin/cargo" "+1.75.0" "metadata" "--manifest-path" "Cargo.toml" "--no-deps", kill_on_drop: false }`
[INFO] started tweaking crates.io crate vesper-macros 0.11.0
[INFO] finished tweaking crates.io crate vesper-macros 0.11.0
[INFO] tweaked toml for crates.io crate vesper-macros 0.11.0 written to /workspace/builds/worker-4-tc1/source/Cargo.toml
[INFO] running `Command { std: CARGO_HOME="/workspace/cargo-home" RUSTUP_HOME="/workspace/rustup-home" "/workspace/cargo-home/bin/cargo" "+1.75.0" "generate-lockfile" "--manifest-path" "Cargo.toml", kill_on_drop: false }`
[INFO] [stderr]     Updating crates.io index
[INFO] running `Command { std: CARGO_HOME="/workspace/cargo-home" RUSTUP_HOME="/workspace/rustup-home" "/workspace/cargo-home/bin/cargo" "+1.75.0" "fetch" "--manifest-path" "Cargo.toml", kill_on_drop: false }`
[INFO] running `Command { std: "docker" "create" "-v" "/var/lib/crater-agent-workspace/builds/worker-4-tc1/target:/opt/rustwide/target:rw,Z" "-v" "/var/lib/crater-agent-workspace/builds/worker-4-tc1/source:/opt/rustwide/workdir:ro,Z" "-v" "/var/lib/crater-agent-workspace/cargo-home:/opt/rustwide/cargo-home:ro,Z" "-v" "/var/lib/crater-agent-workspace/rustup-home:/opt/rustwide/rustup-home:ro,Z" "-e" "SOURCE_DIR=/opt/rustwide/workdir" "-e" "CARGO_TARGET_DIR=/opt/rustwide/target" "-e" "CARGO_HOME=/opt/rustwide/cargo-home" "-e" "RUSTUP_HOME=/opt/rustwide/rustup-home" "-w" "/opt/rustwide/workdir" "-m" "1610612736" "--user" "0:0" "--network" "none" "ghcr.io/rust-lang/crates-build-env/linux@sha256:2788e3201cd34a07e3172128adcd8b3090168a8e3bcc40d7c032b9dda1df7d1c" "/opt/rustwide/cargo-home/bin/cargo" "+1.75.0" "metadata" "--no-deps" "--format-version=1", kill_on_drop: false }`
[INFO] [stdout] 330ddc8a4c46efa574f92928e366203eb66e9fb05731f3497a70ac3ba0d4b744
[INFO] running `Command { std: "docker" "start" "-a" "330ddc8a4c46efa574f92928e366203eb66e9fb05731f3497a70ac3ba0d4b744", kill_on_drop: false }`
[INFO] running `Command { std: "docker" "inspect" "330ddc8a4c46efa574f92928e366203eb66e9fb05731f3497a70ac3ba0d4b744", kill_on_drop: false }`
[INFO] running `Command { std: "docker" "rm" "-f" "330ddc8a4c46efa574f92928e366203eb66e9fb05731f3497a70ac3ba0d4b744", kill_on_drop: false }`
[INFO] [stdout] 330ddc8a4c46efa574f92928e366203eb66e9fb05731f3497a70ac3ba0d4b744
[INFO] running `Command { std: "docker" "create" "-v" "/var/lib/crater-agent-workspace/builds/worker-4-tc1/target:/opt/rustwide/target:rw,Z" "-v" "/var/lib/crater-agent-workspace/builds/worker-4-tc1/source:/opt/rustwide/workdir:ro,Z" "-v" "/var/lib/crater-agent-workspace/cargo-home:/opt/rustwide/cargo-home:ro,Z" "-v" "/var/lib/crater-agent-workspace/rustup-home:/opt/rustwide/rustup-home:ro,Z" "-e" "SOURCE_DIR=/opt/rustwide/workdir" "-e" "CARGO_TARGET_DIR=/opt/rustwide/target" "-e" "CARGO_INCREMENTAL=0" "-e" "RUST_BACKTRACE=full" "-e" "RUSTFLAGS=--cap-lints=warn" "-e" "RUSTDOCFLAGS=--cap-lints=warn" "-e" "CARGO_HOME=/opt/rustwide/cargo-home" "-e" "RUSTUP_HOME=/opt/rustwide/rustup-home" "-w" "/opt/rustwide/workdir" "-m" "1610612736" "--user" "0:0" "--network" "none" "ghcr.io/rust-lang/crates-build-env/linux@sha256:2788e3201cd34a07e3172128adcd8b3090168a8e3bcc40d7c032b9dda1df7d1c" "/opt/rustwide/cargo-home/bin/cargo" "+1.75.0" "build" "--frozen" "--message-format=json", kill_on_drop: false }`
[INFO] [stdout] 1e8be54241674a80dfb34ac351a2769cd72ce495f51b120230c5d860b9c14b06
[INFO] running `Command { std: "docker" "start" "-a" "1e8be54241674a80dfb34ac351a2769cd72ce495f51b120230c5d860b9c14b06", kill_on_drop: false }`
[INFO] [stderr]    Compiling strsim v0.10.0
[INFO] [stderr]    Compiling ident_case v1.0.1
[INFO] [stderr]    Compiling fnv v1.0.7
[INFO] [stderr]    Compiling syn v2.0.48
[INFO] [stderr]    Compiling darling_core v0.20.3
[INFO] [stderr]    Compiling darling_macro v0.20.3
[INFO] [stderr]    Compiling darling v0.20.3
[INFO] [stderr]    Compiling vesper-macros v0.11.0 (/opt/rustwide/workdir)
[INFO] [stderr]     Finished dev [unoptimized + debuginfo] target(s) in 4.72s
[INFO] running `Command { std: "docker" "inspect" "1e8be54241674a80dfb34ac351a2769cd72ce495f51b120230c5d860b9c14b06", kill_on_drop: false }`
[INFO] running `Command { std: "docker" "rm" "-f" "1e8be54241674a80dfb34ac351a2769cd72ce495f51b120230c5d860b9c14b06", kill_on_drop: false }`
[INFO] [stdout] 1e8be54241674a80dfb34ac351a2769cd72ce495f51b120230c5d860b9c14b06
[INFO] running `Command { std: "docker" "create" "-v" "/var/lib/crater-agent-workspace/builds/worker-4-tc1/target:/opt/rustwide/target:rw,Z" "-v" "/var/lib/crater-agent-workspace/builds/worker-4-tc1/source:/opt/rustwide/workdir:ro,Z" "-v" "/var/lib/crater-agent-workspace/cargo-home:/opt/rustwide/cargo-home:ro,Z" "-v" "/var/lib/crater-agent-workspace/rustup-home:/opt/rustwide/rustup-home:ro,Z" "-e" "SOURCE_DIR=/opt/rustwide/workdir" "-e" "CARGO_TARGET_DIR=/opt/rustwide/target" "-e" "CARGO_INCREMENTAL=0" "-e" "RUST_BACKTRACE=full" "-e" "RUSTFLAGS=--cap-lints=warn" "-e" "RUSTDOCFLAGS=--cap-lints=warn" "-e" "CARGO_HOME=/opt/rustwide/cargo-home" "-e" "RUSTUP_HOME=/opt/rustwide/rustup-home" "-w" "/opt/rustwide/workdir" "-m" "1610612736" "--user" "0:0" "--network" "none" "ghcr.io/rust-lang/crates-build-env/linux@sha256:2788e3201cd34a07e3172128adcd8b3090168a8e3bcc40d7c032b9dda1df7d1c" "/opt/rustwide/cargo-home/bin/cargo" "+1.75.0" "test" "--frozen" "--no-run" "--message-format=json", kill_on_drop: false }`
[INFO] [stdout] ec730bd2efa4cb3638c2ec075c1b81d2cdb78fdf566a8f2c9010c3b053c9a082
[INFO] running `Command { std: "docker" "start" "-a" "ec730bd2efa4cb3638c2ec075c1b81d2cdb78fdf566a8f2c9010c3b053c9a082", kill_on_drop: false }`
[INFO] [stderr]    Compiling vesper-macros v0.11.0 (/opt/rustwide/workdir)
[INFO] [stderr]     Finished test [unoptimized + debuginfo] target(s) in 0.93s
[INFO] running `Command { std: "docker" "inspect" "ec730bd2efa4cb3638c2ec075c1b81d2cdb78fdf566a8f2c9010c3b053c9a082", kill_on_drop: false }`
[INFO] running `Command { std: "docker" "rm" "-f" "ec730bd2efa4cb3638c2ec075c1b81d2cdb78fdf566a8f2c9010c3b053c9a082", kill_on_drop: false }`
[INFO] [stdout] ec730bd2efa4cb3638c2ec075c1b81d2cdb78fdf566a8f2c9010c3b053c9a082
[INFO] running `Command { std: "docker" "create" "-v" "/var/lib/crater-agent-workspace/builds/worker-4-tc1/target:/opt/rustwide/target:rw,Z" "-v" "/var/lib/crater-agent-workspace/builds/worker-4-tc1/source:/opt/rustwide/workdir:ro,Z" "-v" "/var/lib/crater-agent-workspace/cargo-home:/opt/rustwide/cargo-home:ro,Z" "-v" "/var/lib/crater-agent-workspace/rustup-home:/opt/rustwide/rustup-home:ro,Z" "-e" "SOURCE_DIR=/opt/rustwide/workdir" "-e" "CARGO_TARGET_DIR=/opt/rustwide/target" "-e" "CARGO_INCREMENTAL=0" "-e" "RUST_BACKTRACE=full" "-e" "RUSTFLAGS=--cap-lints=warn" "-e" "RUSTDOCFLAGS=--cap-lints=warn" "-e" "CARGO_HOME=/opt/rustwide/cargo-home" "-e" "RUSTUP_HOME=/opt/rustwide/rustup-home" "-w" "/opt/rustwide/workdir" "-m" "1610612736" "--user" "0:0" "--network" "none" "ghcr.io/rust-lang/crates-build-env/linux@sha256:2788e3201cd34a07e3172128adcd8b3090168a8e3bcc40d7c032b9dda1df7d1c" "/opt/rustwide/cargo-home/bin/cargo" "+1.75.0" "test" "--frozen", kill_on_drop: false }`
[INFO] [stdout] 93d7a16400daac236692f887198e9e40b156b543ca4f7bb89850416d400e99a7
[INFO] running `Command { std: "docker" "start" "-a" "93d7a16400daac236692f887198e9e40b156b543ca4f7bb89850416d400e99a7", kill_on_drop: false }`
[INFO] [stderr]     Finished test [unoptimized + debuginfo] target(s) in 0.01s
[INFO] [stderr]      Running unittests src/lib.rs (/opt/rustwide/target/debug/deps/vesper_macros-7dab318b681ff575)
[INFO] [stdout] 
[INFO] [stdout] running 0 tests
[INFO] [stdout] 
[INFO] [stdout] test result: ok. 0 passed; 0 failed; 0 ignored; 0 measured; 0 filtered out; finished in 0.00s
[INFO] [stdout] 
[INFO] [stderr]    Doc-tests vesper-macros
[INFO] [stdout] 
[INFO] [stdout] running 11 tests
[INFO] [stdout] test src/lib.rs - command (line 44) ... FAILED
[INFO] [stdout] test src/lib.rs - command (line 37) ... FAILED
[INFO] [stdout] test src/command/argument.rs - command::argument::ArgumentAttributes::description (line 20) ... FAILED
[INFO] [stdout] test src/lib.rs - modal (line 240) ... FAILED
[INFO] [stdout] test src/lib.rs - modal (line 172) ... FAILED
[INFO] [stdout] test src/lib.rs - modal (line 224) ... FAILED
[INFO] [stdout] test src/lib.rs - modal (line 153) ... FAILED
[INFO] [stdout] test src/lib.rs - parse (line 114) ... FAILED
[INFO] [stdout] test src/lib.rs - modal (line 206) ... FAILED
[INFO] [stdout] test src/lib.rs - parse (line 130) ... FAILED
[INFO] [stdout] test src/lib.rs - modal (line 190) ... FAILED
[INFO] [stdout] 
[INFO] [stdout] failures:
[INFO] [stdout] 
[INFO] [stdout] ---- src/lib.rs - command (line 44) stdout ----
[INFO] [stdout] error: expected one of `!`, `.`, `::`, `;`, `?`, `{`, `}`, or an operator, found `way`
[INFO] [stdout]  --> src/lib.rs:45:8
[INFO] [stdout]   |
[INFO] [stdout] 3 | - List way: #[description("Some description")]
[INFO] [stdout]   |        ^^^ expected one of 8 possible tokens
[INFO] [stdout] 
[INFO] [stdout] error: aborting due to previous error
[INFO] [stdout] 
[INFO] [stdout] Couldn't compile the test.
[INFO] [stdout] ---- src/lib.rs - command (line 37) stdout ----
[INFO] [stdout] error: expected one of `!`, `.`, `::`, `;`, `?`, `{`, `}`, or an operator, found `arguments`
[INFO] [stdout]  --> src/lib.rs:38:11
[INFO] [stdout]   |
[INFO] [stdout] 3 | - Without arguments, as #[command], which takes the caller function name as the name of the command.
[INFO] [stdout]   |           ^^^^^^^^^ expected one of 8 possible tokens
[INFO] [stdout] 
[INFO] [stdout] error: aborting due to previous error
[INFO] [stdout] 
[INFO] [stdout] Couldn't compile the test.
[INFO] [stdout] ---- src/command/argument.rs - command::argument::ArgumentAttributes::description (line 20) stdout ----
[INFO] [stdout] error: expected one of `!`, `.`, `::`, `;`, `?`, `{`, `}`, or an operator, found `way`
[INFO] [stdout]  --> src/command/argument.rs:21:8
[INFO] [stdout]   |
[INFO] [stdout] 3 | - List way: #[description("Some description")]
[INFO] [stdout]   |        ^^^ expected one of 8 possible tokens
[INFO] [stdout] 
[INFO] [stdout] error: aborting due to previous error
[INFO] [stdout] 
[INFO] [stdout] Couldn't compile the test.
[INFO] [stdout] ---- src/lib.rs - modal (line 240) stdout ----
[INFO] [stdout] error[E0433]: failed to resolve: use of undeclared crate or module `vesper`
[INFO] [stdout]  --> src/lib.rs:241:5
[INFO] [stdout]   |
[INFO] [stdout] 3 | use vesper::prelude::*;
[INFO] [stdout]   |     ^^^^^^ use of undeclared crate or module `vesper`
[INFO] [stdout] 
[INFO] [stdout] error: cannot find derive macro `Modal` in this scope
[INFO] [stdout]  --> src/lib.rs:243:10
[INFO] [stdout]   |
[INFO] [stdout] 5 | #[derive(Modal)]
[INFO] [stdout]   |          ^^^^^
[INFO] [stdout]   |
[INFO] [stdout] help: consider importing this derive macro
[INFO] [stdout]   |
[INFO] [stdout] 2 + use vesper_macros::Modal;
[INFO] [stdout]   |
[INFO] [stdout] 
[INFO] [stdout] error: cannot find attribute `modal` in this scope
[INFO] [stdout]  --> src/lib.rs:245:7
[INFO] [stdout]   |
[INFO] [stdout] 7 |     #[modal(paragraph)]
[INFO] [stdout]   |       ^^^^^
[INFO] [stdout] 
[INFO] [stdout] error: aborting due to 3 previous errors
[INFO] [stdout] 
[INFO] [stdout] For more information about this error, try `rustc --explain E0433`.
[INFO] [stdout] Couldn't compile the test.
[INFO] [stdout] ---- src/lib.rs - modal (line 172) stdout ----
[INFO] [stdout] error: cannot find derive macro `Modal` in this scope
[INFO] [stdout]  --> src/lib.rs:178:10
[INFO] [stdout]   |
[INFO] [stdout] 8 | #[derive(Modal)]
[INFO] [stdout]   |          ^^^^^
[INFO] [stdout]   |
[INFO] [stdout] help: consider importing this derive macro
[INFO] [stdout]   |
[INFO] [stdout] 2 + use vesper_macros::Modal;
[INFO] [stdout]   |
[INFO] [stdout] 
[INFO] [stdout] error: cannot find attribute `modal` in this scope
[INFO] [stdout]  --> src/lib.rs:179:3
[INFO] [stdout]   |
[INFO] [stdout] 9 | #[modal(title = "Some incredible modal")]
[INFO] [stdout]   |   ^^^^^
[INFO] [stdout] 
[INFO] [stdout] error: cannot find derive macro `Modal` in this scope
[INFO] [stdout]  --> src/lib.rs:173:10
[INFO] [stdout]   |
[INFO] [stdout] 3 | #[derive(Modal)]
[INFO] [stdout]   |          ^^^^^
[INFO] [stdout]   |
[INFO] [stdout] help: consider importing this derive macro
[INFO] [stdout]   |
[INFO] [stdout] 2 + use vesper_macros::Modal;
[INFO] [stdout]   |
[INFO] [stdout] 
[INFO] [stdout] error: aborting due to 3 previous errors
[INFO] [stdout] 
[INFO] [stdout] Couldn't compile the test.
[INFO] [stdout] ---- src/lib.rs - modal (line 224) stdout ----
[INFO] [stdout] error[E0433]: failed to resolve: use of undeclared crate or module `vesper`
[INFO] [stdout]  --> src/lib.rs:225:5
[INFO] [stdout]   |
[INFO] [stdout] 3 | use vesper::prelude::*;
[INFO] [stdout]   |     ^^^^^^ use of undeclared crate or module `vesper`
[INFO] [stdout] 
[INFO] [stdout] error: cannot find derive macro `Modal` in this scope
[INFO] [stdout]  --> src/lib.rs:227:10
[INFO] [stdout]   |
[INFO] [stdout] 5 | #[derive(Modal)]
[INFO] [stdout]   |          ^^^^^
[INFO] [stdout]   |
[INFO] [stdout] help: consider importing this derive macro
[INFO] [stdout]   |
[INFO] [stdout] 2 + use vesper_macros::Modal;
[INFO] [stdout]   |
[INFO] [stdout] 
[INFO] [stdout] error: cannot find attribute `modal` in this scope
[INFO] [stdout]  --> src/lib.rs:229:7
[INFO] [stdout]   |
[INFO] [stdout] 7 |     #[modal(placeholder = "This is a placeholder")]
[INFO] [stdout]   |       ^^^^^
[INFO] [stdout] 
[INFO] [stdout] error: aborting due to 3 previous errors
[INFO] [stdout] 
[INFO] [stdout] For more information about this error, try `rustc --explain E0433`.
[INFO] [stdout] Couldn't compile the test.
[INFO] [stdout] ---- src/lib.rs - modal (line 153) stdout ----
[INFO] [stdout] error[E0433]: failed to resolve: use of undeclared crate or module `vesper`
[INFO] [stdout]  --> src/lib.rs:154:5
[INFO] [stdout]   |
[INFO] [stdout] 3 | use vesper::prelude::*;
[INFO] [stdout]   |     ^^^^^^ use of undeclared crate or module `vesper`
[INFO] [stdout] 
[INFO] [stdout] error: cannot find derive macro `Modal` in this scope
[INFO] [stdout]  --> src/lib.rs:156:10
[INFO] [stdout]   |
[INFO] [stdout] 5 | #[derive(Modal)]
[INFO] [stdout]   |          ^^^^^
[INFO] [stdout]   |
[INFO] [stdout] help: consider importing this derive macro
[INFO] [stdout]   |
[INFO] [stdout] 2 + use vesper_macros::Modal;
[INFO] [stdout]   |
[INFO] [stdout] 
[INFO] [stdout] error: aborting due to 2 previous errors
[INFO] [stdout] 
[INFO] [stdout] For more information about this error, try `rustc --explain E0433`.
[INFO] [stdout] Couldn't compile the test.
[INFO] [stdout] ---- src/lib.rs - parse (line 114) stdout ----
[INFO] [stdout] error[E0433]: failed to resolve: use of undeclared crate or module `vesper`
[INFO] [stdout]  --> src/lib.rs:115:5
[INFO] [stdout]   |
[INFO] [stdout] 3 | use vesper::prelude::*;
[INFO] [stdout]   |     ^^^^^^ use of undeclared crate or module `vesper`
[INFO] [stdout] 
[INFO] [stdout] error: cannot find derive macro `Parse` in this scope
[INFO] [stdout]  --> src/lib.rs:117:10
[INFO] [stdout]   |
[INFO] [stdout] 5 | #[derive(Parse)]
[INFO] [stdout]   |          ^^^^^
[INFO] [stdout]   |
[INFO] [stdout] help: consider importing this derive macro
[INFO] [stdout]   |
[INFO] [stdout] 2 + use vesper_macros::Parse;
[INFO] [stdout]   |
[INFO] [stdout] 
[INFO] [stdout] error: aborting due to 2 previous errors
[INFO] [stdout] 
[INFO] [stdout] For more information about this error, try `rustc --explain E0433`.
[INFO] [stdout] Couldn't compile the test.
[INFO] [stdout] ---- src/lib.rs - modal (line 206) stdout ----
[INFO] [stdout] error: expected `]`, found `=`
[INFO] [stdout]  --> src/lib.rs:213:25
[INFO] [stdout]   |
[INFO] [stdout] 6 | struct MyModal {
[INFO] [stdout]   |        ------- while parsing this struct
[INFO] [stdout] ...
[INFO] [stdout] 9 |     #[modal(max_length) = 25]
[INFO] [stdout]   |                         ^ expected `]`
[INFO] [stdout] 
[INFO] [stdout] error[E0433]: failed to resolve: use of undeclared crate or module `vesper`
[INFO] [stdout]  --> src/lib.rs:207:5
[INFO] [stdout]   |
[INFO] [stdout] 3 | use vesper::prelude::*;
[INFO] [stdout]   |     ^^^^^^ use of undeclared crate or module `vesper`
[INFO] [stdout] 
[INFO] [stdout] error: cannot find derive macro `Modal` in this scope
[INFO] [stdout]  --> src/lib.rs:209:10
[INFO] [stdout]   |
[INFO] [stdout] 5 | #[derive(Modal)]
[INFO] [stdout]   |          ^^^^^
[INFO] [stdout]   |
[INFO] [stdout] help: consider importing this derive macro
[INFO] [stdout]   |
[INFO] [stdout] 2 + use vesper_macros::Modal;
[INFO] [stdout]   |
[INFO] [stdout] 
[INFO] [stdout] error: cannot find attribute `modal` in this scope
[INFO] [stdout]  --> src/lib.rs:211:7
[INFO] [stdout]   |
[INFO] [stdout] 7 |     #[modal(max_length = 150, min_length = 15)]
[INFO] [stdout]   |       ^^^^^
[INFO] [stdout] 
[INFO] [stdout] error: aborting due to 4 previous errors
[INFO] [stdout] 
[INFO] [stdout] For more information about this error, try `rustc --explain E0433`.
[INFO] [stdout] Couldn't compile the test.
[INFO] [stdout] ---- src/lib.rs - parse (line 130) stdout ----
[INFO] [stdout] error[E0433]: failed to resolve: use of undeclared crate or module `vesper`
[INFO] [stdout]  --> src/lib.rs:131:5
[INFO] [stdout]   |
[INFO] [stdout] 3 | use vesper::prelude::*;
[INFO] [stdout]   |     ^^^^^^ use of undeclared crate or module `vesper`
[INFO] [stdout] 
[INFO] [stdout] error: cannot find derive macro `Parse` in this scope
[INFO] [stdout]  --> src/lib.rs:133:10
[INFO] [stdout]   |
[INFO] [stdout] 5 | #[derive(Parse)]
[INFO] [stdout]   |          ^^^^^
[INFO] [stdout]   |
[INFO] [stdout] help: consider importing this derive macro
[INFO] [stdout]   |
[INFO] [stdout] 2 + use vesper_macros::Parse;
[INFO] [stdout]   |
[INFO] [stdout] 
[INFO] [stdout] error: cannot find attribute `parse` in this scope
[INFO] [stdout]  --> src/lib.rs:137:7
[INFO] [stdout]   |
[INFO] [stdout] 9 |     #[parse(rename = "Forth")]
[INFO] [stdout]   |       ^^^^^
[INFO] [stdout] 
[INFO] [stdout] error: aborting due to 3 previous errors
[INFO] [stdout] 
[INFO] [stdout] For more information about this error, try `rustc --explain E0433`.
[INFO] [stdout] Couldn't compile the test.
[INFO] [stdout] ---- src/lib.rs - modal (line 190) stdout ----
[INFO] [stdout] error[E0433]: failed to resolve: use of undeclared crate or module `vesper`
[INFO] [stdout]  --> src/lib.rs:191:5
[INFO] [stdout]   |
[INFO] [stdout] 3 | use vesper::prelude::*;
[INFO] [stdout]   |     ^^^^^^ use of undeclared crate or module `vesper`
[INFO] [stdout] 
[INFO] [stdout] error: cannot find derive macro `Modal` in this scope
[INFO] [stdout]  --> src/lib.rs:193:10
[INFO] [stdout]   |
[INFO] [stdout] 5 | #[derive(Modal)]
[INFO] [stdout]   |          ^^^^^
[INFO] [stdout]   |
[INFO] [stdout] help: consider importing this derive macro
[INFO] [stdout]   |
[INFO] [stdout] 2 + use vesper_macros::Modal;
[INFO] [stdout]   |
[INFO] [stdout] 
[INFO] [stdout] error: cannot find attribute `modal` in this scope
[INFO] [stdout]  --> src/lib.rs:195:7
[INFO] [stdout]   |
[INFO] [stdout] 7 |     #[modal(label = "My field")]
[INFO] [stdout]   |       ^^^^^
[INFO] [stdout] 
[INFO] [stdout] error: aborting due to 3 previous errors
[INFO] [stdout] 
[INFO] [stdout] For more information about this error, try `rustc --explain E0433`.
[INFO] [stdout] Couldn't compile the test.
[INFO] [stdout] 
[INFO] [stdout] failures:
[INFO] [stdout]     src/command/argument.rs - command::argument::ArgumentAttributes::description (line 20)
[INFO] [stdout]     src/lib.rs - command (line 37)
[INFO] [stdout]     src/lib.rs - command (line 44)
[INFO] [stdout]     src/lib.rs - modal (line 153)
[INFO] [stdout]     src/lib.rs - modal (line 172)
[INFO] [stdout]     src/lib.rs - modal (line 190)
[INFO] [stdout]     src/lib.rs - modal (line 206)
[INFO] [stdout]     src/lib.rs - modal (line 224)
[INFO] [stdout]     src/lib.rs - modal (line 240)
[INFO] [stdout]     src/lib.rs - parse (line 114)
[INFO] [stdout]     src/lib.rs - parse (line 130)
[INFO] [stdout] 
[INFO] [stdout] test result: FAILED. 0 passed; 11 failed; 0 ignored; 0 measured; 0 filtered out; finished in 0.09s
[INFO] [stdout] 
[INFO] [stderr] error: doctest failed, to rerun pass `--doc`
[INFO] running `Command { std: "docker" "inspect" "93d7a16400daac236692f887198e9e40b156b543ca4f7bb89850416d400e99a7", kill_on_drop: false }`
[INFO] running `Command { std: "docker" "rm" "-f" "93d7a16400daac236692f887198e9e40b156b543ca4f7bb89850416d400e99a7", kill_on_drop: false }`
[INFO] [stdout] 93d7a16400daac236692f887198e9e40b156b543ca4f7bb89850416d400e99a7
