[INFO] fetching crate veilid-async-tls 0.12.0...
[INFO] testing veilid-async-tls-0.12.0 against 1.75.0 for beta-1.76-1
[INFO] extracting crate veilid-async-tls 0.12.0 into /workspace/builds/worker-4-tc1/source
[INFO] validating manifest of crates.io crate veilid-async-tls 0.12.0 on toolchain 1.75.0
[INFO] running `Command { std: CARGO_HOME="/workspace/cargo-home" RUSTUP_HOME="/workspace/rustup-home" "/workspace/cargo-home/bin/cargo" "+1.75.0" "metadata" "--manifest-path" "Cargo.toml" "--no-deps", kill_on_drop: false }`
[INFO] started tweaking crates.io crate veilid-async-tls 0.12.0
[INFO] removed 0 missing tests
[INFO] finished tweaking crates.io crate veilid-async-tls 0.12.0
[INFO] tweaked toml for crates.io crate veilid-async-tls 0.12.0 written to /workspace/builds/worker-4-tc1/source/Cargo.toml
[INFO] running `Command { std: CARGO_HOME="/workspace/cargo-home" RUSTUP_HOME="/workspace/rustup-home" "/workspace/cargo-home/bin/cargo" "+1.75.0" "generate-lockfile" "--manifest-path" "Cargo.toml", kill_on_drop: false }`
[INFO] [stderr]     Updating crates.io index
[INFO] running `Command { std: CARGO_HOME="/workspace/cargo-home" RUSTUP_HOME="/workspace/rustup-home" "/workspace/cargo-home/bin/cargo" "+1.75.0" "fetch" "--manifest-path" "Cargo.toml", kill_on_drop: false }`
[INFO] running `Command { std: "docker" "create" "-v" "/var/lib/crater-agent-workspace/builds/worker-4-tc1/target:/opt/rustwide/target:rw,Z" "-v" "/var/lib/crater-agent-workspace/builds/worker-4-tc1/source:/opt/rustwide/workdir:ro,Z" "-v" "/var/lib/crater-agent-workspace/cargo-home:/opt/rustwide/cargo-home:ro,Z" "-v" "/var/lib/crater-agent-workspace/rustup-home:/opt/rustwide/rustup-home:ro,Z" "-e" "SOURCE_DIR=/opt/rustwide/workdir" "-e" "CARGO_TARGET_DIR=/opt/rustwide/target" "-e" "CARGO_HOME=/opt/rustwide/cargo-home" "-e" "RUSTUP_HOME=/opt/rustwide/rustup-home" "-w" "/opt/rustwide/workdir" "-m" "1610612736" "--user" "0:0" "--network" "none" "ghcr.io/rust-lang/crates-build-env/linux@sha256:2788e3201cd34a07e3172128adcd8b3090168a8e3bcc40d7c032b9dda1df7d1c" "/opt/rustwide/cargo-home/bin/cargo" "+1.75.0" "metadata" "--no-deps" "--format-version=1", kill_on_drop: false }`
[INFO] [stdout] 1a73df0b301257fd9e36bdd781c9b7ac5390670d664e02c3bfc3ee6bffc03c3c
[INFO] running `Command { std: "docker" "start" "-a" "1a73df0b301257fd9e36bdd781c9b7ac5390670d664e02c3bfc3ee6bffc03c3c", kill_on_drop: false }`
[INFO] running `Command { std: "docker" "inspect" "1a73df0b301257fd9e36bdd781c9b7ac5390670d664e02c3bfc3ee6bffc03c3c", kill_on_drop: false }`
[INFO] running `Command { std: "docker" "rm" "-f" "1a73df0b301257fd9e36bdd781c9b7ac5390670d664e02c3bfc3ee6bffc03c3c", kill_on_drop: false }`
[INFO] [stdout] 1a73df0b301257fd9e36bdd781c9b7ac5390670d664e02c3bfc3ee6bffc03c3c
[INFO] running `Command { std: "docker" "create" "-v" "/var/lib/crater-agent-workspace/builds/worker-4-tc1/target:/opt/rustwide/target:rw,Z" "-v" "/var/lib/crater-agent-workspace/builds/worker-4-tc1/source:/opt/rustwide/workdir:ro,Z" "-v" "/var/lib/crater-agent-workspace/cargo-home:/opt/rustwide/cargo-home:ro,Z" "-v" "/var/lib/crater-agent-workspace/rustup-home:/opt/rustwide/rustup-home:ro,Z" "-e" "SOURCE_DIR=/opt/rustwide/workdir" "-e" "CARGO_TARGET_DIR=/opt/rustwide/target" "-e" "CARGO_INCREMENTAL=0" "-e" "RUST_BACKTRACE=full" "-e" "RUSTFLAGS=--cap-lints=warn" "-e" "RUSTDOCFLAGS=--cap-lints=warn" "-e" "CARGO_HOME=/opt/rustwide/cargo-home" "-e" "RUSTUP_HOME=/opt/rustwide/rustup-home" "-w" "/opt/rustwide/workdir" "-m" "1610612736" "--user" "0:0" "--network" "none" "ghcr.io/rust-lang/crates-build-env/linux@sha256:2788e3201cd34a07e3172128adcd8b3090168a8e3bcc40d7c032b9dda1df7d1c" "/opt/rustwide/cargo-home/bin/cargo" "+1.75.0" "build" "--frozen" "--message-format=json", kill_on_drop: false }`
[INFO] [stdout] 01a7ffd214ec6ffe037ed6297fb79f2125b224960e18307e0e018b8d6ffa9cd2
[INFO] running `Command { std: "docker" "start" "-a" "01a7ffd214ec6ffe037ed6297fb79f2125b224960e18307e0e018b8d6ffa9cd2", kill_on_drop: false }`
[INFO] [stderr]    Compiling untrusted v0.9.0
[INFO] [stderr]    Compiling spin v0.9.8
[INFO] [stderr]    Compiling rustls v0.21.10
[INFO] [stderr]    Compiling rustls-pemfile v1.0.4
[INFO] [stderr]    Compiling cc v1.0.83
[INFO] [stderr]    Compiling ring v0.17.7
[INFO] [stderr]    Compiling webpki v0.22.4
[INFO] [stderr]    Compiling rustls-webpki v0.101.7
[INFO] [stderr]    Compiling sct v0.7.1
[INFO] [stderr]    Compiling webpki-roots v0.22.6
[INFO] [stderr]    Compiling veilid-async-tls v0.12.0 (/opt/rustwide/workdir)
[INFO] [stderr]     Finished dev [unoptimized + debuginfo] target(s) in 11.00s
[INFO] running `Command { std: "docker" "inspect" "01a7ffd214ec6ffe037ed6297fb79f2125b224960e18307e0e018b8d6ffa9cd2", kill_on_drop: false }`
[INFO] running `Command { std: "docker" "rm" "-f" "01a7ffd214ec6ffe037ed6297fb79f2125b224960e18307e0e018b8d6ffa9cd2", kill_on_drop: false }`
[INFO] [stdout] 01a7ffd214ec6ffe037ed6297fb79f2125b224960e18307e0e018b8d6ffa9cd2
[INFO] running `Command { std: "docker" "create" "-v" "/var/lib/crater-agent-workspace/builds/worker-4-tc1/target:/opt/rustwide/target:rw,Z" "-v" "/var/lib/crater-agent-workspace/builds/worker-4-tc1/source:/opt/rustwide/workdir:ro,Z" "-v" "/var/lib/crater-agent-workspace/cargo-home:/opt/rustwide/cargo-home:ro,Z" "-v" "/var/lib/crater-agent-workspace/rustup-home:/opt/rustwide/rustup-home:ro,Z" "-e" "SOURCE_DIR=/opt/rustwide/workdir" "-e" "CARGO_TARGET_DIR=/opt/rustwide/target" "-e" "CARGO_INCREMENTAL=0" "-e" "RUST_BACKTRACE=full" "-e" "RUSTFLAGS=--cap-lints=warn" "-e" "RUSTDOCFLAGS=--cap-lints=warn" "-e" "CARGO_HOME=/opt/rustwide/cargo-home" "-e" "RUSTUP_HOME=/opt/rustwide/rustup-home" "-w" "/opt/rustwide/workdir" "-m" "1610612736" "--user" "0:0" "--network" "none" "ghcr.io/rust-lang/crates-build-env/linux@sha256:2788e3201cd34a07e3172128adcd8b3090168a8e3bcc40d7c032b9dda1df7d1c" "/opt/rustwide/cargo-home/bin/cargo" "+1.75.0" "test" "--frozen" "--no-run" "--message-format=json", kill_on_drop: false }`
[INFO] [stdout] 59e92806182778f6b69f7787d3fa2fac12d9f7047c04a9a5325eebec29ffc6eb
[INFO] running `Command { std: "docker" "start" "-a" "59e92806182778f6b69f7787d3fa2fac12d9f7047c04a9a5325eebec29ffc6eb", kill_on_drop: false }`
[INFO] [stderr]    Compiling rustix v0.38.28
[INFO] [stderr]    Compiling io-lifetimes v1.0.11
[INFO] [stderr]    Compiling signal-hook-registry v1.4.1
[INFO] [stderr]    Compiling socket2 v0.4.10
[INFO] [stderr]    Compiling polling v2.8.0
[INFO] [stderr]    Compiling futures-macro v0.3.30
[INFO] [stderr]    Compiling rustix v0.37.27
[INFO] [stderr]    Compiling futures-util v0.3.30
[INFO] [stderr]    Compiling async-io v1.13.0
[INFO] [stderr]    Compiling futures-executor v0.3.30
[INFO] [stderr]    Compiling polling v3.3.1
[INFO] [stderr]    Compiling async-io v2.2.2
[INFO] [stderr]    Compiling async-signal v0.2.5
[INFO] [stderr]    Compiling async-global-executor v2.4.1
[INFO] [stderr]    Compiling async-process v1.8.1
[INFO] [stderr]    Compiling async-std v1.12.0
[INFO] [stderr]    Compiling veilid-async-tls v0.12.0 (/opt/rustwide/workdir)
[INFO] [stderr]     Finished test [unoptimized + debuginfo] target(s) in 17.98s
[INFO] running `Command { std: "docker" "inspect" "59e92806182778f6b69f7787d3fa2fac12d9f7047c04a9a5325eebec29ffc6eb", kill_on_drop: false }`
[INFO] running `Command { std: "docker" "rm" "-f" "59e92806182778f6b69f7787d3fa2fac12d9f7047c04a9a5325eebec29ffc6eb", kill_on_drop: false }`
[INFO] [stdout] 59e92806182778f6b69f7787d3fa2fac12d9f7047c04a9a5325eebec29ffc6eb
[INFO] running `Command { std: "docker" "create" "-v" "/var/lib/crater-agent-workspace/builds/worker-4-tc1/target:/opt/rustwide/target:rw,Z" "-v" "/var/lib/crater-agent-workspace/builds/worker-4-tc1/source:/opt/rustwide/workdir:ro,Z" "-v" "/var/lib/crater-agent-workspace/cargo-home:/opt/rustwide/cargo-home:ro,Z" "-v" "/var/lib/crater-agent-workspace/rustup-home:/opt/rustwide/rustup-home:ro,Z" "-e" "SOURCE_DIR=/opt/rustwide/workdir" "-e" "CARGO_TARGET_DIR=/opt/rustwide/target" "-e" "CARGO_INCREMENTAL=0" "-e" "RUST_BACKTRACE=full" "-e" "RUSTFLAGS=--cap-lints=warn" "-e" "RUSTDOCFLAGS=--cap-lints=warn" "-e" "CARGO_HOME=/opt/rustwide/cargo-home" "-e" "RUSTUP_HOME=/opt/rustwide/rustup-home" "-w" "/opt/rustwide/workdir" "-m" "1610612736" "--user" "0:0" "--network" "none" "ghcr.io/rust-lang/crates-build-env/linux@sha256:2788e3201cd34a07e3172128adcd8b3090168a8e3bcc40d7c032b9dda1df7d1c" "/opt/rustwide/cargo-home/bin/cargo" "+1.75.0" "test" "--frozen", kill_on_drop: false }`
[INFO] [stdout] a627ec73fdd3415e3b9c52b641d2343754488ba1731cd9586111e95897283504
[INFO] running `Command { std: "docker" "start" "-a" "a627ec73fdd3415e3b9c52b641d2343754488ba1731cd9586111e95897283504", kill_on_drop: false }`
[INFO] [stderr]     Finished test [unoptimized + debuginfo] target(s) in 0.32s
[INFO] [stderr]      Running unittests src/lib.rs (/opt/rustwide/target/debug/deps/veilid_async_tls-791ac1b251eba938)
[INFO] [stdout] 
[INFO] [stdout] running 5 tests
[INFO] [stdout] test rusttls::stream::test_stream::stream_handshake_eof ... ok
[INFO] [stdout] test rusttls::stream::test_stream::stream_bad ... ok
[INFO] [stdout] test rusttls::stream::test_stream::stream_good ... ok
[INFO] [stdout] test rusttls::stream::test_stream::stream_handshake ... ok
[INFO] [stdout] test rusttls::stream::test_stream::stream_eof ... ok
[INFO] [stdout] 
[INFO] [stdout] test result: ok. 5 passed; 0 failed; 0 ignored; 0 measured; 0 filtered out; finished in 0.03s
[INFO] [stdout] 
[INFO] [stderr]      Running tests/google.rs (/opt/rustwide/target/debug/deps/google-2f22d61175e5b14d)
[INFO] [stdout] 
[INFO] [stdout] running 1 test
[INFO] [stdout] test fetch_google ... FAILED
[INFO] [stdout] 
[INFO] [stdout] failures:
[INFO] [stdout] 
[INFO] [stdout] ---- fetch_google stdout ----
[INFO] [stdout] Error: Custom { kind: Uncategorized, error: VerboseError { source: Custom { kind: Uncategorized, error: "failed to lookup address information: Temporary failure in name resolution" }, message: "could not resolve address `\"google.com:443\"`" } }
[INFO] [stdout] 
[INFO] [stdout] 
[INFO] [stdout] failures:
[INFO] [stdout]     fetch_google
[INFO] [stdout] 
[INFO] [stdout] test result: FAILED. 0 passed; 1 failed; 0 ignored; 0 measured; 0 filtered out; finished in 0.06s
[INFO] [stdout] 
[INFO] [stderr] error: test failed, to rerun pass `--test google`
[INFO] running `Command { std: "docker" "inspect" "a627ec73fdd3415e3b9c52b641d2343754488ba1731cd9586111e95897283504", kill_on_drop: false }`
[INFO] running `Command { std: "docker" "rm" "-f" "a627ec73fdd3415e3b9c52b641d2343754488ba1731cd9586111e95897283504", kill_on_drop: false }`
[INFO] [stdout] a627ec73fdd3415e3b9c52b641d2343754488ba1731cd9586111e95897283504
[INFO] testing veilid-async-tls-0.12.0 against beta-2023-12-22 for beta-1.76-1
[INFO] extracting crate veilid-async-tls 0.12.0 into /workspace/builds/worker-4-tc2/source
[INFO] validating manifest of crates.io crate veilid-async-tls 0.12.0 on toolchain beta-2023-12-22
[INFO] running `Command { std: CARGO_HOME="/workspace/cargo-home" RUSTUP_HOME="/workspace/rustup-home" "/workspace/cargo-home/bin/cargo" "+beta-2023-12-22" "metadata" "--manifest-path" "Cargo.toml" "--no-deps", kill_on_drop: false }`
[INFO] started tweaking crates.io crate veilid-async-tls 0.12.0
[INFO] removed 0 missing tests
[INFO] finished tweaking crates.io crate veilid-async-tls 0.12.0
[INFO] tweaked toml for crates.io crate veilid-async-tls 0.12.0 written to /workspace/builds/worker-4-tc2/source/Cargo.toml
[INFO] running `Command { std: CARGO_HOME="/workspace/cargo-home" RUSTUP_HOME="/workspace/rustup-home" "/workspace/cargo-home/bin/cargo" "+beta-2023-12-22" "generate-lockfile" "--manifest-path" "Cargo.toml", kill_on_drop: false }`
[INFO] [stderr]     Updating crates.io index
[INFO] running `Command { std: CARGO_HOME="/workspace/cargo-home" RUSTUP_HOME="/workspace/rustup-home" "/workspace/cargo-home/bin/cargo" "+beta-2023-12-22" "fetch" "--manifest-path" "Cargo.toml", kill_on_drop: false }`
[INFO] running `Command { std: "docker" "create" "-v" "/var/lib/crater-agent-workspace/builds/worker-4-tc2/target:/opt/rustwide/target:rw,Z" "-v" "/var/lib/crater-agent-workspace/builds/worker-4-tc2/source:/opt/rustwide/workdir:ro,Z" "-v" "/var/lib/crater-agent-workspace/cargo-home:/opt/rustwide/cargo-home:ro,Z" "-v" "/var/lib/crater-agent-workspace/rustup-home:/opt/rustwide/rustup-home:ro,Z" "-e" "SOURCE_DIR=/opt/rustwide/workdir" "-e" "CARGO_TARGET_DIR=/opt/rustwide/target" "-e" "CARGO_HOME=/opt/rustwide/cargo-home" "-e" "RUSTUP_HOME=/opt/rustwide/rustup-home" "-w" "/opt/rustwide/workdir" "-m" "1610612736" "--user" "0:0" "--network" "none" "ghcr.io/rust-lang/crates-build-env/linux@sha256:2788e3201cd34a07e3172128adcd8b3090168a8e3bcc40d7c032b9dda1df7d1c" "/opt/rustwide/cargo-home/bin/cargo" "+beta-2023-12-22" "metadata" "--no-deps" "--format-version=1", kill_on_drop: false }`
[INFO] [stdout] 237c0d915fd73292d241a0dee07f5dd071449261f50df0936b04feeadf8a9040
[INFO] running `Command { std: "docker" "start" "-a" "237c0d915fd73292d241a0dee07f5dd071449261f50df0936b04feeadf8a9040", kill_on_drop: false }`
[INFO] running `Command { std: "docker" "inspect" "237c0d915fd73292d241a0dee07f5dd071449261f50df0936b04feeadf8a9040", kill_on_drop: false }`
[INFO] running `Command { std: "docker" "rm" "-f" "237c0d915fd73292d241a0dee07f5dd071449261f50df0936b04feeadf8a9040", kill_on_drop: false }`
[INFO] [stdout] 237c0d915fd73292d241a0dee07f5dd071449261f50df0936b04feeadf8a9040
[INFO] running `Command { std: "docker" "create" "-v" "/var/lib/crater-agent-workspace/builds/worker-4-tc2/target:/opt/rustwide/target:rw,Z" "-v" "/var/lib/crater-agent-workspace/builds/worker-4-tc2/source:/opt/rustwide/workdir:ro,Z" "-v" "/var/lib/crater-agent-workspace/cargo-home:/opt/rustwide/cargo-home:ro,Z" "-v" "/var/lib/crater-agent-workspace/rustup-home:/opt/rustwide/rustup-home:ro,Z" "-e" "SOURCE_DIR=/opt/rustwide/workdir" "-e" "CARGO_TARGET_DIR=/opt/rustwide/target" "-e" "CARGO_INCREMENTAL=0" "-e" "RUST_BACKTRACE=full" "-e" "RUSTFLAGS=--cap-lints=warn" "-e" "RUSTDOCFLAGS=--cap-lints=warn" "-e" "CARGO_HOME=/opt/rustwide/cargo-home" "-e" "RUSTUP_HOME=/opt/rustwide/rustup-home" "-w" "/opt/rustwide/workdir" "-m" "1610612736" "--user" "0:0" "--network" "none" "ghcr.io/rust-lang/crates-build-env/linux@sha256:2788e3201cd34a07e3172128adcd8b3090168a8e3bcc40d7c032b9dda1df7d1c" "/opt/rustwide/cargo-home/bin/cargo" "+beta-2023-12-22" "build" "--frozen" "--message-format=json", kill_on_drop: false }`
[INFO] [stdout] b9e99bee2c0a25ce00cbd0c0182599b18e6e6cfd0f9d4047c820b9bb5ac70a4c
[INFO] running `Command { std: "docker" "start" "-a" "b9e99bee2c0a25ce00cbd0c0182599b18e6e6cfd0f9d4047c820b9bb5ac70a4c", kill_on_drop: false }`
[INFO] [stderr]    Compiling spin v0.9.8
[INFO] [stderr]    Compiling untrusted v0.9.0
[INFO] [stderr]    Compiling rustls v0.21.10
[INFO] [stderr]    Compiling rustls-pemfile v1.0.4
[INFO] [stderr]    Compiling cc v1.0.83
[INFO] [stderr]    Compiling ring v0.17.7
[INFO] [stderr]    Compiling webpki v0.22.4
[INFO] [stderr]    Compiling rustls-webpki v0.101.7
[INFO] [stderr]    Compiling sct v0.7.1
[INFO] [stderr]    Compiling webpki-roots v0.22.6
[INFO] [stderr]    Compiling veilid-async-tls v0.12.0 (/opt/rustwide/workdir)
[INFO] [stderr]     Finished dev [unoptimized + debuginfo] target(s) in 6.88s
[INFO] running `Command { std: "docker" "inspect" "b9e99bee2c0a25ce00cbd0c0182599b18e6e6cfd0f9d4047c820b9bb5ac70a4c", kill_on_drop: false }`
[INFO] running `Command { std: "docker" "rm" "-f" "b9e99bee2c0a25ce00cbd0c0182599b18e6e6cfd0f9d4047c820b9bb5ac70a4c", kill_on_drop: false }`
[INFO] [stdout] b9e99bee2c0a25ce00cbd0c0182599b18e6e6cfd0f9d4047c820b9bb5ac70a4c
[INFO] running `Command { std: "docker" "create" "-v" "/var/lib/crater-agent-workspace/builds/worker-4-tc2/target:/opt/rustwide/target:rw,Z" "-v" "/var/lib/crater-agent-workspace/builds/worker-4-tc2/source:/opt/rustwide/workdir:ro,Z" "-v" "/var/lib/crater-agent-workspace/cargo-home:/opt/rustwide/cargo-home:ro,Z" "-v" "/var/lib/crater-agent-workspace/rustup-home:/opt/rustwide/rustup-home:ro,Z" "-e" "SOURCE_DIR=/opt/rustwide/workdir" "-e" "CARGO_TARGET_DIR=/opt/rustwide/target" "-e" "CARGO_INCREMENTAL=0" "-e" "RUST_BACKTRACE=full" "-e" "RUSTFLAGS=--cap-lints=warn" "-e" "RUSTDOCFLAGS=--cap-lints=warn" "-e" "CARGO_HOME=/opt/rustwide/cargo-home" "-e" "RUSTUP_HOME=/opt/rustwide/rustup-home" "-w" "/opt/rustwide/workdir" "-m" "1610612736" "--user" "0:0" "--network" "none" "ghcr.io/rust-lang/crates-build-env/linux@sha256:2788e3201cd34a07e3172128adcd8b3090168a8e3bcc40d7c032b9dda1df7d1c" "/opt/rustwide/cargo-home/bin/cargo" "+beta-2023-12-22" "test" "--frozen" "--no-run" "--message-format=json", kill_on_drop: false }`
[INFO] [stdout] abbae37a0b2f7035fffa573a4a289ddcd30d2fd17c150f7bcfd8772b755e6140
[INFO] running `Command { std: "docker" "start" "-a" "abbae37a0b2f7035fffa573a4a289ddcd30d2fd17c150f7bcfd8772b755e6140", kill_on_drop: false }`
[INFO] [stderr]    Compiling rustix v0.38.28
[INFO] [stderr]    Compiling signal-hook-registry v1.4.1
[INFO] [stderr]    Compiling io-lifetimes v1.0.11
[INFO] [stderr]    Compiling polling v2.8.0
[INFO] [stderr]    Compiling socket2 v0.4.10
[INFO] [stderr]    Compiling futures-macro v0.3.30
[INFO] [stderr]    Compiling rustix v0.37.27
[INFO] [stderr]    Compiling futures-util v0.3.30
[INFO] [stderr]    Compiling async-io v1.13.0
[INFO] [stderr]    Compiling futures-executor v0.3.30
[INFO] [stderr]    Compiling polling v3.3.1
[INFO] [stderr]    Compiling async-io v2.2.2
[INFO] [stderr]    Compiling async-signal v0.2.5
[INFO] [stderr]    Compiling async-global-executor v2.4.1
[INFO] [stderr]    Compiling async-process v1.8.1
[INFO] [stderr]    Compiling async-std v1.12.0
[INFO] [stderr]    Compiling veilid-async-tls v0.12.0 (/opt/rustwide/workdir)
[INFO] [stderr]     Finished test [unoptimized + debuginfo] target(s) in 13.89s
[INFO] running `Command { std: "docker" "inspect" "abbae37a0b2f7035fffa573a4a289ddcd30d2fd17c150f7bcfd8772b755e6140", kill_on_drop: false }`
[INFO] running `Command { std: "docker" "rm" "-f" "abbae37a0b2f7035fffa573a4a289ddcd30d2fd17c150f7bcfd8772b755e6140", kill_on_drop: false }`
[INFO] [stdout] abbae37a0b2f7035fffa573a4a289ddcd30d2fd17c150f7bcfd8772b755e6140
[INFO] running `Command { std: "docker" "create" "-v" "/var/lib/crater-agent-workspace/builds/worker-4-tc2/target:/opt/rustwide/target:rw,Z" "-v" "/var/lib/crater-agent-workspace/builds/worker-4-tc2/source:/opt/rustwide/workdir:ro,Z" "-v" "/var/lib/crater-agent-workspace/cargo-home:/opt/rustwide/cargo-home:ro,Z" "-v" "/var/lib/crater-agent-workspace/rustup-home:/opt/rustwide/rustup-home:ro,Z" "-e" "SOURCE_DIR=/opt/rustwide/workdir" "-e" "CARGO_TARGET_DIR=/opt/rustwide/target" "-e" "CARGO_INCREMENTAL=0" "-e" "RUST_BACKTRACE=full" "-e" "RUSTFLAGS=--cap-lints=warn" "-e" "RUSTDOCFLAGS=--cap-lints=warn" "-e" "CARGO_HOME=/opt/rustwide/cargo-home" "-e" "RUSTUP_HOME=/opt/rustwide/rustup-home" "-w" "/opt/rustwide/workdir" "-m" "1610612736" "--user" "0:0" "--network" "none" "ghcr.io/rust-lang/crates-build-env/linux@sha256:2788e3201cd34a07e3172128adcd8b3090168a8e3bcc40d7c032b9dda1df7d1c" "/opt/rustwide/cargo-home/bin/cargo" "+beta-2023-12-22" "test" "--frozen", kill_on_drop: false }`
[INFO] [stdout] daa1ed096bb80e3994db6f0d595d221865c914774299c6f7e83a2f4d89c1317a
[INFO] running `Command { std: "docker" "start" "-a" "daa1ed096bb80e3994db6f0d595d221865c914774299c6f7e83a2f4d89c1317a", kill_on_drop: false }`
[INFO] [stderr]     Finished test [unoptimized + debuginfo] target(s) in 0.12s
[INFO] [stderr]      Running unittests src/lib.rs (/opt/rustwide/target/debug/deps/veilid_async_tls-4b918cbb7258037f)
[INFO] [stdout] 
[INFO] [stdout] running 5 tests
[INFO] [stdout] test rusttls::stream::test_stream::stream_handshake_eof ... ok
[INFO] [stdout] test rusttls::stream::test_stream::stream_eof ... ok
[INFO] [stdout] test rusttls::stream::test_stream::stream_handshake ... ok
[INFO] [stdout] test rusttls::stream::test_stream::stream_bad ... ok
[INFO] [stdout] test rusttls::stream::test_stream::stream_good ... ok
[INFO] [stdout] 
[INFO] [stdout] test result: ok. 5 passed; 0 failed; 0 ignored; 0 measured; 0 filtered out; finished in 0.01s
[INFO] [stdout] 
[INFO] [stderr]      Running tests/google.rs (/opt/rustwide/target/debug/deps/google-b01f8a26348ff1a5)
[INFO] [stdout] 
[INFO] [stdout] running 1 test
[INFO] [stdout] test fetch_google ... FAILED
[INFO] [stdout] 
[INFO] [stdout] failures:
[INFO] [stdout] 
[INFO] [stdout] ---- fetch_google stdout ----
[INFO] [stdout] Error: Custom { kind: Uncategorized, error: VerboseError { source: Custom { kind: Uncategorized, error: "failed to lookup address information: Temporary failure in name resolution" }, message: "could not resolve address `\"google.com:443\"`" } }
[INFO] [stdout] 
[INFO] [stdout] 
[INFO] [stdout] failures:
[INFO] [stdout]     fetch_google
[INFO] [stdout] 
[INFO] [stdout] test result: FAILED. 0 passed; 1 failed; 0 ignored; 0 measured; 0 filtered out; finished in 0.01s
[INFO] [stdout] 
[INFO] [stderr] error: test failed, to rerun pass `--test google`
[INFO] running `Command { std: "docker" "inspect" "daa1ed096bb80e3994db6f0d595d221865c914774299c6f7e83a2f4d89c1317a", kill_on_drop: false }`
[INFO] running `Command { std: "docker" "rm" "-f" "daa1ed096bb80e3994db6f0d595d221865c914774299c6f7e83a2f4d89c1317a", kill_on_drop: false }`
[INFO] [stdout] daa1ed096bb80e3994db6f0d595d221865c914774299c6f7e83a2f4d89c1317a
