[INFO] fetching crate varlen_macro 0.1.3...
[INFO] testing varlen_macro-0.1.3 against 1.75.0 for beta-1.76-1
[INFO] extracting crate varlen_macro 0.1.3 into /workspace/builds/worker-6-tc1/source
[INFO] validating manifest of crates.io crate varlen_macro 0.1.3 on toolchain 1.75.0
[INFO] running `Command { std: CARGO_HOME="/workspace/cargo-home" RUSTUP_HOME="/workspace/rustup-home" "/workspace/cargo-home/bin/cargo" "+1.75.0" "metadata" "--manifest-path" "Cargo.toml" "--no-deps", kill_on_drop: false }`
[INFO] started tweaking crates.io crate varlen_macro 0.1.3
[INFO] finished tweaking crates.io crate varlen_macro 0.1.3
[INFO] tweaked toml for crates.io crate varlen_macro 0.1.3 written to /workspace/builds/worker-6-tc1/source/Cargo.toml
[INFO] running `Command { std: CARGO_HOME="/workspace/cargo-home" RUSTUP_HOME="/workspace/rustup-home" "/workspace/cargo-home/bin/cargo" "+1.75.0" "generate-lockfile" "--manifest-path" "Cargo.toml", kill_on_drop: false }`
[INFO] [stderr]     Updating crates.io index
[INFO] running `Command { std: CARGO_HOME="/workspace/cargo-home" RUSTUP_HOME="/workspace/rustup-home" "/workspace/cargo-home/bin/cargo" "+1.75.0" "fetch" "--manifest-path" "Cargo.toml", kill_on_drop: false }`
[INFO] [stderr]  Downloading crates ...
[INFO] [stderr]   Downloaded varlen v0.1.2
[INFO] running `Command { std: "docker" "create" "-v" "/var/lib/crater-agent-workspace/builds/worker-6-tc1/target:/opt/rustwide/target:rw,Z" "-v" "/var/lib/crater-agent-workspace/builds/worker-6-tc1/source:/opt/rustwide/workdir:ro,Z" "-v" "/var/lib/crater-agent-workspace/cargo-home:/opt/rustwide/cargo-home:ro,Z" "-v" "/var/lib/crater-agent-workspace/rustup-home:/opt/rustwide/rustup-home:ro,Z" "-e" "SOURCE_DIR=/opt/rustwide/workdir" "-e" "CARGO_TARGET_DIR=/opt/rustwide/target" "-e" "CARGO_HOME=/opt/rustwide/cargo-home" "-e" "RUSTUP_HOME=/opt/rustwide/rustup-home" "-w" "/opt/rustwide/workdir" "-m" "1610612736" "--user" "0:0" "--network" "none" "ghcr.io/rust-lang/crates-build-env/linux@sha256:2788e3201cd34a07e3172128adcd8b3090168a8e3bcc40d7c032b9dda1df7d1c" "/opt/rustwide/cargo-home/bin/cargo" "+1.75.0" "metadata" "--no-deps" "--format-version=1", kill_on_drop: false }`
[INFO] [stdout] c43f50449bb696a36881e6ec14249704e9a0e0ae9ad95592f55f747144f36e3b
[INFO] running `Command { std: "docker" "start" "-a" "c43f50449bb696a36881e6ec14249704e9a0e0ae9ad95592f55f747144f36e3b", kill_on_drop: false }`
[INFO] running `Command { std: "docker" "inspect" "c43f50449bb696a36881e6ec14249704e9a0e0ae9ad95592f55f747144f36e3b", kill_on_drop: false }`
[INFO] running `Command { std: "docker" "rm" "-f" "c43f50449bb696a36881e6ec14249704e9a0e0ae9ad95592f55f747144f36e3b", kill_on_drop: false }`
[INFO] [stdout] c43f50449bb696a36881e6ec14249704e9a0e0ae9ad95592f55f747144f36e3b
[INFO] running `Command { std: "docker" "create" "-v" "/var/lib/crater-agent-workspace/builds/worker-6-tc1/target:/opt/rustwide/target:rw,Z" "-v" "/var/lib/crater-agent-workspace/builds/worker-6-tc1/source:/opt/rustwide/workdir:ro,Z" "-v" "/var/lib/crater-agent-workspace/cargo-home:/opt/rustwide/cargo-home:ro,Z" "-v" "/var/lib/crater-agent-workspace/rustup-home:/opt/rustwide/rustup-home:ro,Z" "-e" "SOURCE_DIR=/opt/rustwide/workdir" "-e" "CARGO_TARGET_DIR=/opt/rustwide/target" "-e" "CARGO_INCREMENTAL=0" "-e" "RUST_BACKTRACE=full" "-e" "RUSTFLAGS=--cap-lints=warn" "-e" "RUSTDOCFLAGS=--cap-lints=warn" "-e" "CARGO_HOME=/opt/rustwide/cargo-home" "-e" "RUSTUP_HOME=/opt/rustwide/rustup-home" "-w" "/opt/rustwide/workdir" "-m" "1610612736" "--user" "0:0" "--network" "none" "ghcr.io/rust-lang/crates-build-env/linux@sha256:2788e3201cd34a07e3172128adcd8b3090168a8e3bcc40d7c032b9dda1df7d1c" "/opt/rustwide/cargo-home/bin/cargo" "+1.75.0" "build" "--frozen" "--message-format=json", kill_on_drop: false }`
[INFO] [stdout] 9a7aac8911f09a07776d2d8afa79407406af0795d36525b459bd098ce648e891
[INFO] running `Command { std: "docker" "start" "-a" "9a7aac8911f09a07776d2d8afa79407406af0795d36525b459bd098ce648e891", kill_on_drop: false }`
[INFO] [stderr]    Compiling lazy_static v1.4.0
[INFO] [stderr]    Compiling convert_case v0.5.0
[INFO] [stderr]    Compiling syn v1.0.109
[INFO] [stderr]    Compiling varlen_macro v0.1.3 (/opt/rustwide/workdir)
[INFO] [stderr]     Finished dev [unoptimized + debuginfo] target(s) in 3.30s
[INFO] running `Command { std: "docker" "inspect" "9a7aac8911f09a07776d2d8afa79407406af0795d36525b459bd098ce648e891", kill_on_drop: false }`
[INFO] running `Command { std: "docker" "rm" "-f" "9a7aac8911f09a07776d2d8afa79407406af0795d36525b459bd098ce648e891", kill_on_drop: false }`
[INFO] [stdout] 9a7aac8911f09a07776d2d8afa79407406af0795d36525b459bd098ce648e891
[INFO] running `Command { std: "docker" "create" "-v" "/var/lib/crater-agent-workspace/builds/worker-6-tc1/target:/opt/rustwide/target:rw,Z" "-v" "/var/lib/crater-agent-workspace/builds/worker-6-tc1/source:/opt/rustwide/workdir:ro,Z" "-v" "/var/lib/crater-agent-workspace/cargo-home:/opt/rustwide/cargo-home:ro,Z" "-v" "/var/lib/crater-agent-workspace/rustup-home:/opt/rustwide/rustup-home:ro,Z" "-e" "SOURCE_DIR=/opt/rustwide/workdir" "-e" "CARGO_TARGET_DIR=/opt/rustwide/target" "-e" "CARGO_INCREMENTAL=0" "-e" "RUST_BACKTRACE=full" "-e" "RUSTFLAGS=--cap-lints=warn" "-e" "RUSTDOCFLAGS=--cap-lints=warn" "-e" "CARGO_HOME=/opt/rustwide/cargo-home" "-e" "RUSTUP_HOME=/opt/rustwide/rustup-home" "-w" "/opt/rustwide/workdir" "-m" "1610612736" "--user" "0:0" "--network" "none" "ghcr.io/rust-lang/crates-build-env/linux@sha256:2788e3201cd34a07e3172128adcd8b3090168a8e3bcc40d7c032b9dda1df7d1c" "/opt/rustwide/cargo-home/bin/cargo" "+1.75.0" "test" "--frozen" "--no-run" "--message-format=json", kill_on_drop: false }`
[INFO] [stdout] db748b30d4b463db6f34344fa4a127b3643a75ad73c8387b9a80d5f8af9f76fa
[INFO] running `Command { std: "docker" "start" "-a" "db748b30d4b463db6f34344fa4a127b3643a75ad73c8387b9a80d5f8af9f76fa", kill_on_drop: false }`
[INFO] [stderr]    Compiling varlen v0.1.2
[INFO] [stderr]    Compiling varlen_macro v0.1.3 (/opt/rustwide/workdir)
[INFO] [stderr]     Finished test [unoptimized + debuginfo] target(s) in 0.79s
[INFO] running `Command { std: "docker" "inspect" "db748b30d4b463db6f34344fa4a127b3643a75ad73c8387b9a80d5f8af9f76fa", kill_on_drop: false }`
[INFO] running `Command { std: "docker" "rm" "-f" "db748b30d4b463db6f34344fa4a127b3643a75ad73c8387b9a80d5f8af9f76fa", kill_on_drop: false }`
[INFO] [stdout] db748b30d4b463db6f34344fa4a127b3643a75ad73c8387b9a80d5f8af9f76fa
[INFO] running `Command { std: "docker" "create" "-v" "/var/lib/crater-agent-workspace/builds/worker-6-tc1/target:/opt/rustwide/target:rw,Z" "-v" "/var/lib/crater-agent-workspace/builds/worker-6-tc1/source:/opt/rustwide/workdir:ro,Z" "-v" "/var/lib/crater-agent-workspace/cargo-home:/opt/rustwide/cargo-home:ro,Z" "-v" "/var/lib/crater-agent-workspace/rustup-home:/opt/rustwide/rustup-home:ro,Z" "-e" "SOURCE_DIR=/opt/rustwide/workdir" "-e" "CARGO_TARGET_DIR=/opt/rustwide/target" "-e" "CARGO_INCREMENTAL=0" "-e" "RUST_BACKTRACE=full" "-e" "RUSTFLAGS=--cap-lints=warn" "-e" "RUSTDOCFLAGS=--cap-lints=warn" "-e" "CARGO_HOME=/opt/rustwide/cargo-home" "-e" "RUSTUP_HOME=/opt/rustwide/rustup-home" "-w" "/opt/rustwide/workdir" "-m" "1610612736" "--user" "0:0" "--network" "none" "ghcr.io/rust-lang/crates-build-env/linux@sha256:2788e3201cd34a07e3172128adcd8b3090168a8e3bcc40d7c032b9dda1df7d1c" "/opt/rustwide/cargo-home/bin/cargo" "+1.75.0" "test" "--frozen", kill_on_drop: false }`
[INFO] [stdout] 2d60b63dc3073cc3bb6eeb0c167dd53ceeaae5f1c55e980e5503c7a6e6fcb2f3
[INFO] running `Command { std: "docker" "start" "-a" "2d60b63dc3073cc3bb6eeb0c167dd53ceeaae5f1c55e980e5503c7a6e6fcb2f3", kill_on_drop: false }`
[INFO] [stderr]     Finished test [unoptimized + debuginfo] target(s) in 0.01s
[INFO] [stderr]      Running unittests src/lib.rs (/opt/rustwide/target/debug/deps/varlen_macro-f730003233dd7c82)
[INFO] [stdout] 
[INFO] [stdout] running 0 tests
[INFO] [stdout] 
[INFO] [stdout] test result: ok. 0 passed; 0 failed; 0 ignored; 0 measured; 0 filtered out; finished in 0.00s
[INFO] [stdout] 
[INFO] [stderr]    Doc-tests varlen_macro
[INFO] [stdout] 
[INFO] [stdout] running 2 tests
[INFO] [stdout] test src/lib.rs - define_varlen (line 22) ... FAILED
[INFO] [stdout] test src/lib.rs - define_varlen (line 53) ... FAILED
[INFO] [stdout] 
[INFO] [stdout] failures:
[INFO] [stdout] 
[INFO] [stdout] ---- src/lib.rs - define_varlen (line 22) stdout ----
[INFO] [stdout] error: cannot find attribute `define_varlen` in this scope
[INFO] [stdout]  --> src/lib.rs:24:3
[INFO] [stdout]   |
[INFO] [stdout] 3 | #[define_varlen]
[INFO] [stdout]   |   ^^^^^^^^^^^^^
[INFO] [stdout]   |
[INFO] [stdout] help: consider importing this attribute macro
[INFO] [stdout]   |
[INFO] [stdout] 2 + use varlen_macro::define_varlen;
[INFO] [stdout]   |
[INFO] [stdout] 
[INFO] [stdout] error: cannot find attribute `varlen` in this scope
[INFO] [stdout]  --> src/lib.rs:27:7
[INFO] [stdout]   |
[INFO] [stdout] 6 |     #[varlen]
[INFO] [stdout]   |       ^^^^^^
[INFO] [stdout]   |
[INFO] [stdout]   = note: `varlen` is in scope, but it is a crate, not an attribute
[INFO] [stdout] 
[INFO] [stdout] error: cannot find attribute `varlen` in this scope
[INFO] [stdout]  --> src/lib.rs:29:7
[INFO] [stdout]   |
[INFO] [stdout] 8 |     #[varlen]
[INFO] [stdout]   |       ^^^^^^
[INFO] [stdout]   |
[INFO] [stdout]   = note: `varlen` is in scope, but it is a crate, not an attribute
[INFO] [stdout] 
[INFO] [stdout] error[E0277]: the trait bound `Person: VarLen` is not satisfied
[INFO] [stdout]   --> src/lib.rs:33:12
[INFO] [stdout]    |
[INFO] [stdout] 12 | let mut p: VBox<Person> = VBox::new(
[INFO] [stdout]    |            ^^^^^^^^^^^^ the trait `VarLen` is not implemented for `Person`
[INFO] [stdout]    |
[INFO] [stdout]    = help: the following other types implement trait `VarLen`:
[INFO] [stdout]              Array<T, Len>
[INFO] [stdout]              FixedLen<T>
[INFO] [stdout]              varlen::Str<Len>
[INFO] [stdout]              Tup2<A, B>
[INFO] [stdout]              Tup3<A, B, C>
[INFO] [stdout]              Tup4<A, B, C, D>
[INFO] [stdout]              Tup5<A, B, C, D, E>
[INFO] [stdout] note: required by a bound in `varlen::VBox`
[INFO] [stdout]   --> /opt/rustwide/cargo-home/registry/src/index.crates.io-6f17d22bba15001f/varlen-0.1.2/src/vbox.rs:35:20
[INFO] [stdout]    |
[INFO] [stdout] 35 | pub struct VBox<T: VarLen>(NonNull<T>);
[INFO] [stdout]    |                    ^^^^^^ required by this bound in `VBox`
[INFO] [stdout] 
[INFO] [stdout] error[E0277]: the trait bound `Person: VarLen` is not satisfied
[INFO] [stdout]   --> src/lib.rs:33:27
[INFO] [stdout]    |
[INFO] [stdout] 12 | let mut p: VBox<Person> = VBox::new(
[INFO] [stdout]    |                           ^^^^^^^^^ the trait `VarLen` is not implemented for `Person`
[INFO] [stdout]    |
[INFO] [stdout]    = help: the following other types implement trait `VarLen`:
[INFO] [stdout]              Array<T, Len>
[INFO] [stdout]              FixedLen<T>
[INFO] [stdout]              varlen::Str<Len>
[INFO] [stdout]              Tup2<A, B>
[INFO] [stdout]              Tup3<A, B, C>
[INFO] [stdout]              Tup4<A, B, C, D>
[INFO] [stdout]              Tup5<A, B, C, D, E>
[INFO] [stdout] note: required by a bound in `varlen::VBox::<T>::new`
[INFO] [stdout]   --> /opt/rustwide/cargo-home/registry/src/index.crates.io-6f17d22bba15001f/varlen-0.1.2/src/vbox.rs:44:9
[INFO] [stdout]    |
[INFO] [stdout] 44 | impl<T: VarLen> VBox<T> {
[INFO] [stdout]    |         ^^^^^^ required by this bound in `VBox::<T>::new`
[INFO] [stdout] ...
[INFO] [stdout] 54 |     pub fn new(init: impl Initializer<T>) -> Self {
[INFO] [stdout]    |            --- required by a bound in this associated function
[INFO] [stdout] 
[INFO] [stdout] error[E0277]: the trait bound `Person: VarLen` is not satisfied
[INFO] [stdout]   --> src/lib.rs:33:27
[INFO] [stdout]    |
[INFO] [stdout] 12 | let mut p: VBox<Person> = VBox::new(
[INFO] [stdout]    |                           ^^^^ the trait `VarLen` is not implemented for `Person`
[INFO] [stdout]    |
[INFO] [stdout]    = help: the following other types implement trait `VarLen`:
[INFO] [stdout]              Array<T, Len>
[INFO] [stdout]              FixedLen<T>
[INFO] [stdout]              varlen::Str<Len>
[INFO] [stdout]              Tup2<A, B>
[INFO] [stdout]              Tup3<A, B, C>
[INFO] [stdout]              Tup4<A, B, C, D>
[INFO] [stdout]              Tup5<A, B, C, D, E>
[INFO] [stdout] note: required by a bound in `varlen::VBox`
[INFO] [stdout]   --> /opt/rustwide/cargo-home/registry/src/index.crates.io-6f17d22bba15001f/varlen-0.1.2/src/vbox.rs:35:20
[INFO] [stdout]    |
[INFO] [stdout] 35 | pub struct VBox<T: VarLen>(NonNull<T>);
[INFO] [stdout]    |                    ^^^^^^ required by this bound in `VBox`
[INFO] [stdout] 
[INFO] [stdout] error[E0609]: no field `age` on type `varlen::VBox<Person>`
[INFO] [stdout]   --> src/lib.rs:40:14
[INFO] [stdout]    |
[INFO] [stdout] 19 | assert_eq!(p.age, 16);
[INFO] [stdout]    |              ^^^ unknown field
[INFO] [stdout] 
[INFO] [stdout] error[E0599]: no method named `refs` found for struct `varlen::VBox` in the current scope
[INFO] [stdout]   --> src/lib.rs:41:15
[INFO] [stdout]    |
[INFO] [stdout] 20 | assert_eq!(&p.refs().name[..], "Harry Potter");
[INFO] [stdout]    |               ^^^^ method not found in `VBox<Person>`
[INFO] [stdout] 
[INFO] [stdout] error[E0599]: the method `as_mut` exists for struct `VBox<Person>`, but its trait bounds were not satisfied
[INFO] [stdout]    --> src/lib.rs:42:3
[INFO] [stdout]     |
[INFO] [stdout] 4   | struct Person {
[INFO] [stdout]     | ------------- doesn't satisfy `Person: VarLen`
[INFO] [stdout] ...
[INFO] [stdout] 21  | p.as_mut().muts().name.mut_slice().make_ascii_uppercase();
[INFO] [stdout]     |   ^^^^^^ method cannot be called on `VBox<Person>` due to unsatisfied trait bounds
[INFO] [stdout]     |
[INFO] [stdout]     = note: the following trait bounds were not satisfied:
[INFO] [stdout]             `Person: VarLen`
[INFO] [stdout] note: the trait `VarLen` must be implemented
[INFO] [stdout]    --> /opt/rustwide/cargo-home/registry/src/index.crates.io-6f17d22bba15001f/varlen-0.1.2/src/lib.rs:331:1
[INFO] [stdout]     |
[INFO] [stdout] 331 | pub unsafe trait VarLen: Sized {
[INFO] [stdout]     | ^^^^^^^^^^^^^^^^^^^^^^^^^^^^^^
[INFO] [stdout] 
[INFO] [stdout] error[E0599]: no method named `refs` found for struct `varlen::VBox` in the current scope
[INFO] [stdout]   --> src/lib.rs:43:15
[INFO] [stdout]    |
[INFO] [stdout] 22 | assert_eq!(&p.refs().name[..], "HARRY POTTER");
[INFO] [stdout]    |               ^^^^ method not found in `VBox<Person>`
[INFO] [stdout] 
[INFO] [stdout] error[E0599]: no method named `refs` found for struct `varlen::VBox` in the current scope
[INFO] [stdout]   --> src/lib.rs:44:15
[INFO] [stdout]    |
[INFO] [stdout] 23 | assert_eq!(&p.refs().email[..], "harry.potter@example.com");
[INFO] [stdout]    |               ^^^^ method not found in `VBox<Person>`
[INFO] [stdout] 
[INFO] [stdout] error[E0433]: failed to resolve: use of undeclared crate or module `person`
[INFO] [stdout]   --> src/lib.rs:34:5
[INFO] [stdout]    |
[INFO] [stdout] 13 |     person::Init{
[INFO] [stdout]    |     ^^^^^^
[INFO] [stdout]    |     |
[INFO] [stdout]    |     use of undeclared crate or module `person`
[INFO] [stdout]    |     help: a struct with a similar name exists: `Person`
[INFO] [stdout] 
[INFO] [stdout] error: aborting due to 12 previous errors
[INFO] [stdout] 
[INFO] [stdout] Some errors have detailed explanations: E0277, E0433, E0599, E0609.
[INFO] [stdout] For more information about an error, try `rustc --explain E0277`.
[INFO] [stdout] Couldn't compile the test.
[INFO] [stdout] ---- src/lib.rs - define_varlen (line 53) stdout ----
[INFO] [stdout] error: cannot find attribute `define_varlen` in this scope
[INFO] [stdout]  --> src/lib.rs:55:3
[INFO] [stdout]   |
[INFO] [stdout] 3 | #[define_varlen]
[INFO] [stdout]   |   ^^^^^^^^^^^^^
[INFO] [stdout]   |
[INFO] [stdout] help: consider importing this attribute macro
[INFO] [stdout]   |
[INFO] [stdout] 2 + use varlen_macro::define_varlen;
[INFO] [stdout]   |
[INFO] [stdout] 
[INFO] [stdout] error: cannot find attribute `controls_layout` in this scope
[INFO] [stdout]  --> src/lib.rs:57:7
[INFO] [stdout]   |
[INFO] [stdout] 5 |     #[controls_layout]
[INFO] [stdout]   |       ^^^^^^^^^^^^^^^
[INFO] [stdout] 
[INFO] [stdout] error: cannot find attribute `varlen_array` in this scope
[INFO] [stdout]  --> src/lib.rs:60:7
[INFO] [stdout]   |
[INFO] [stdout] 8 |     #[varlen_array]
[INFO] [stdout]   |       ^^^^^^^^^^^^
[INFO] [stdout] 
[INFO] [stdout] error: cannot find attribute `varlen_array` in this scope
[INFO] [stdout]   --> src/lib.rs:63:7
[INFO] [stdout]    |
[INFO] [stdout] 11 |     #[varlen_array]
[INFO] [stdout]    |       ^^^^^^^^^^^^
[INFO] [stdout] 
[INFO] [stdout] error: cannot find attribute `varlen_array` in this scope
[INFO] [stdout]   --> src/lib.rs:66:7
[INFO] [stdout]    |
[INFO] [stdout] 14 |     #[varlen_array]
[INFO] [stdout]    |       ^^^^^^^^^^^^
[INFO] [stdout] 
[INFO] [stdout] error[E0425]: cannot find value `len` in this scope
[INFO] [stdout]  --> src/lib.rs:61:20
[INFO] [stdout]   |
[INFO] [stdout] 9 |     array1: [u16; *len],
[INFO] [stdout]   |                    ^^^ not found in this scope
[INFO] [stdout] 
[INFO] [stdout] error[E0425]: cannot find value `len` in this scope
[INFO] [stdout]   --> src/lib.rs:64:19
[INFO] [stdout]    |
[INFO] [stdout] 12 |     array2: [u8; *len],
[INFO] [stdout]    |                   ^^^ not found in this scope
[INFO] [stdout] 
[INFO] [stdout] error[E0425]: cannot find value `len` in this scope
[INFO] [stdout]   --> src/lib.rs:67:25
[INFO] [stdout]    |
[INFO] [stdout] 15 |     half_array: [u16; (*len) / 2],
[INFO] [stdout]    |                         ^^^ not found in this scope
[INFO] [stdout] 
[INFO] [stdout] error[E0277]: the trait bound `MultipleArrays: VarLen` is not satisfied
[INFO] [stdout]   --> src/lib.rs:71:8
[INFO] [stdout]    |
[INFO] [stdout] 19 | let a: VBox<MultipleArrays> = VBox::new(multiple_arrays::Init{
[INFO] [stdout]    |        ^^^^^^^^^^^^^^^^^^^^ the trait `VarLen` is not implemented for `MultipleArrays`
[INFO] [stdout]    |
[INFO] [stdout]    = help: the following other types implement trait `VarLen`:
[INFO] [stdout]              Array<T, Len>
[INFO] [stdout]              FixedLen<T>
[INFO] [stdout]              Str<Len>
[INFO] [stdout]              Tup2<A, B>
[INFO] [stdout]              Tup3<A, B, C>
[INFO] [stdout]              Tup4<A, B, C, D>
[INFO] [stdout]              Tup5<A, B, C, D, E>
[INFO] [stdout] note: required by a bound in `varlen::VBox`
[INFO] [stdout]   --> /opt/rustwide/cargo-home/registry/src/index.crates.io-6f17d22bba15001f/varlen-0.1.2/src/vbox.rs:35:20
[INFO] [stdout]    |
[INFO] [stdout] 35 | pub struct VBox<T: VarLen>(NonNull<T>);
[INFO] [stdout]    |                    ^^^^^^ required by this bound in `VBox`
[INFO] [stdout] 
[INFO] [stdout] error[E0277]: the trait bound `MultipleArrays: VarLen` is not satisfied
[INFO] [stdout]   --> src/lib.rs:71:31
[INFO] [stdout]    |
[INFO] [stdout] 19 | let a: VBox<MultipleArrays> = VBox::new(multiple_arrays::Init{
[INFO] [stdout]    |                               ^^^^^^^^^ the trait `VarLen` is not implemented for `MultipleArrays`
[INFO] [stdout]    |
[INFO] [stdout]    = help: the following other types implement trait `VarLen`:
[INFO] [stdout]              Array<T, Len>
[INFO] [stdout]              FixedLen<T>
[INFO] [stdout]              Str<Len>
[INFO] [stdout]              Tup2<A, B>
[INFO] [stdout]              Tup3<A, B, C>
[INFO] [stdout]              Tup4<A, B, C, D>
[INFO] [stdout]              Tup5<A, B, C, D, E>
[INFO] [stdout] note: required by a bound in `varlen::VBox::<T>::new`
[INFO] [stdout]   --> /opt/rustwide/cargo-home/registry/src/index.crates.io-6f17d22bba15001f/varlen-0.1.2/src/vbox.rs:44:9
[INFO] [stdout]    |
[INFO] [stdout] 44 | impl<T: VarLen> VBox<T> {
[INFO] [stdout]    |         ^^^^^^ required by this bound in `VBox::<T>::new`
[INFO] [stdout] ...
[INFO] [stdout] 54 |     pub fn new(init: impl Initializer<T>) -> Self {
[INFO] [stdout]    |            --- required by a bound in this associated function
[INFO] [stdout] 
[INFO] [stdout] error[E0277]: the trait bound `MultipleArrays: VarLen` is not satisfied
[INFO] [stdout]   --> src/lib.rs:71:31
[INFO] [stdout]    |
[INFO] [stdout] 19 | let a: VBox<MultipleArrays> = VBox::new(multiple_arrays::Init{
[INFO] [stdout]    |                               ^^^^ the trait `VarLen` is not implemented for `MultipleArrays`
[INFO] [stdout]    |
[INFO] [stdout]    = help: the following other types implement trait `VarLen`:
[INFO] [stdout]              Array<T, Len>
[INFO] [stdout]              FixedLen<T>
[INFO] [stdout]              Str<Len>
[INFO] [stdout]              Tup2<A, B>
[INFO] [stdout]              Tup3<A, B, C>
[INFO] [stdout]              Tup4<A, B, C, D>
[INFO] [stdout]              Tup5<A, B, C, D, E>
[INFO] [stdout] note: required by a bound in `varlen::VBox`
[INFO] [stdout]   --> /opt/rustwide/cargo-home/registry/src/index.crates.io-6f17d22bba15001f/varlen-0.1.2/src/vbox.rs:35:20
[INFO] [stdout]    |
[INFO] [stdout] 35 | pub struct VBox<T: VarLen>(NonNull<T>);
[INFO] [stdout]    |                    ^^^^^^ required by this bound in `VBox`
[INFO] [stdout] 
[INFO] [stdout] error[E0599]: no method named `refs` found for struct `varlen::VBox` in the current scope
[INFO] [stdout]   --> src/lib.rs:77:14
[INFO] [stdout]    |
[INFO] [stdout] 25 | assert_eq!(a.refs().array1, &[1, 3, 9, 27]);
[INFO] [stdout]    |              ^^^^ method not found in `VBox<MultipleArrays>`
[INFO] [stdout] 
[INFO] [stdout] error[E0599]: no method named `refs` found for struct `varlen::VBox` in the current scope
[INFO] [stdout]   --> src/lib.rs:78:14
[INFO] [stdout]    |
[INFO] [stdout] 26 | assert_eq!(a.refs().array2, &[27, 9, 3, 1]);
[INFO] [stdout]    |              ^^^^ method not found in `VBox<MultipleArrays>`
[INFO] [stdout] 
[INFO] [stdout] error[E0599]: no method named `refs` found for struct `varlen::VBox` in the current scope
[INFO] [stdout]   --> src/lib.rs:79:14
[INFO] [stdout]    |
[INFO] [stdout] 27 | assert_eq!(a.refs().half_array, &[1, 9]);
[INFO] [stdout]    |              ^^^^ method not found in `VBox<MultipleArrays>`
[INFO] [stdout] 
[INFO] [stdout] error[E0433]: failed to resolve: use of undeclared crate or module `multiple_arrays`
[INFO] [stdout]   --> src/lib.rs:71:41
[INFO] [stdout]    |
[INFO] [stdout] 19 | let a: VBox<MultipleArrays> = VBox::new(multiple_arrays::Init{
[INFO] [stdout]    |                                         ^^^^^^^^^^^^^^^
[INFO] [stdout]    |                                         |
[INFO] [stdout]    |                                         use of undeclared crate or module `multiple_arrays`
[INFO] [stdout]    |                                         help: a struct with a similar name exists: `MultipleArrays`
[INFO] [stdout] 
[INFO] [stdout] error: aborting due to 15 previous errors
[INFO] [stdout] 
[INFO] [stdout] Some errors have detailed explanations: E0277, E0425, E0433, E0599.
[INFO] [stdout] For more information about an error, try `rustc --explain E0277`.
[INFO] [stdout] Couldn't compile the test.
[INFO] [stdout] 
[INFO] [stdout] failures:
[INFO] [stdout]     src/lib.rs - define_varlen (line 22)
[INFO] [stdout]     src/lib.rs - define_varlen (line 53)
[INFO] [stdout] 
[INFO] [stdout] test result: FAILED. 0 passed; 2 failed; 0 ignored; 0 measured; 0 filtered out; finished in 0.07s
[INFO] [stdout] 
[INFO] [stderr] error: doctest failed, to rerun pass `--doc`
[INFO] running `Command { std: "docker" "inspect" "2d60b63dc3073cc3bb6eeb0c167dd53ceeaae5f1c55e980e5503c7a6e6fcb2f3", kill_on_drop: false }`
[INFO] running `Command { std: "docker" "rm" "-f" "2d60b63dc3073cc3bb6eeb0c167dd53ceeaae5f1c55e980e5503c7a6e6fcb2f3", kill_on_drop: false }`
[INFO] [stdout] 2d60b63dc3073cc3bb6eeb0c167dd53ceeaae5f1c55e980e5503c7a6e6fcb2f3
[INFO] testing varlen_macro-0.1.3 against beta-2023-12-22 for beta-1.76-1
[INFO] extracting crate varlen_macro 0.1.3 into /workspace/builds/worker-6-tc2/source
[INFO] validating manifest of crates.io crate varlen_macro 0.1.3 on toolchain beta-2023-12-22
[INFO] running `Command { std: CARGO_HOME="/workspace/cargo-home" RUSTUP_HOME="/workspace/rustup-home" "/workspace/cargo-home/bin/cargo" "+beta-2023-12-22" "metadata" "--manifest-path" "Cargo.toml" "--no-deps", kill_on_drop: false }`
[INFO] started tweaking crates.io crate varlen_macro 0.1.3
[INFO] finished tweaking crates.io crate varlen_macro 0.1.3
[INFO] tweaked toml for crates.io crate varlen_macro 0.1.3 written to /workspace/builds/worker-6-tc2/source/Cargo.toml
[INFO] running `Command { std: CARGO_HOME="/workspace/cargo-home" RUSTUP_HOME="/workspace/rustup-home" "/workspace/cargo-home/bin/cargo" "+beta-2023-12-22" "generate-lockfile" "--manifest-path" "Cargo.toml", kill_on_drop: false }`
[INFO] [stderr]     Updating crates.io index
[INFO] running `Command { std: CARGO_HOME="/workspace/cargo-home" RUSTUP_HOME="/workspace/rustup-home" "/workspace/cargo-home/bin/cargo" "+beta-2023-12-22" "fetch" "--manifest-path" "Cargo.toml", kill_on_drop: false }`
[INFO] running `Command { std: "docker" "create" "-v" "/var/lib/crater-agent-workspace/builds/worker-6-tc2/target:/opt/rustwide/target:rw,Z" "-v" "/var/lib/crater-agent-workspace/builds/worker-6-tc2/source:/opt/rustwide/workdir:ro,Z" "-v" "/var/lib/crater-agent-workspace/cargo-home:/opt/rustwide/cargo-home:ro,Z" "-v" "/var/lib/crater-agent-workspace/rustup-home:/opt/rustwide/rustup-home:ro,Z" "-e" "SOURCE_DIR=/opt/rustwide/workdir" "-e" "CARGO_TARGET_DIR=/opt/rustwide/target" "-e" "CARGO_HOME=/opt/rustwide/cargo-home" "-e" "RUSTUP_HOME=/opt/rustwide/rustup-home" "-w" "/opt/rustwide/workdir" "-m" "1610612736" "--user" "0:0" "--network" "none" "ghcr.io/rust-lang/crates-build-env/linux@sha256:2788e3201cd34a07e3172128adcd8b3090168a8e3bcc40d7c032b9dda1df7d1c" "/opt/rustwide/cargo-home/bin/cargo" "+beta-2023-12-22" "metadata" "--no-deps" "--format-version=1", kill_on_drop: false }`
[INFO] [stdout] d5239cd149d66d337a5dc8e1b416813f8e0d345f54d8006ef0d65edb7b0cbe54
[INFO] running `Command { std: "docker" "start" "-a" "d5239cd149d66d337a5dc8e1b416813f8e0d345f54d8006ef0d65edb7b0cbe54", kill_on_drop: false }`
[INFO] running `Command { std: "docker" "inspect" "d5239cd149d66d337a5dc8e1b416813f8e0d345f54d8006ef0d65edb7b0cbe54", kill_on_drop: false }`
[INFO] running `Command { std: "docker" "rm" "-f" "d5239cd149d66d337a5dc8e1b416813f8e0d345f54d8006ef0d65edb7b0cbe54", kill_on_drop: false }`
[INFO] [stdout] d5239cd149d66d337a5dc8e1b416813f8e0d345f54d8006ef0d65edb7b0cbe54
[INFO] running `Command { std: "docker" "create" "-v" "/var/lib/crater-agent-workspace/builds/worker-6-tc2/target:/opt/rustwide/target:rw,Z" "-v" "/var/lib/crater-agent-workspace/builds/worker-6-tc2/source:/opt/rustwide/workdir:ro,Z" "-v" "/var/lib/crater-agent-workspace/cargo-home:/opt/rustwide/cargo-home:ro,Z" "-v" "/var/lib/crater-agent-workspace/rustup-home:/opt/rustwide/rustup-home:ro,Z" "-e" "SOURCE_DIR=/opt/rustwide/workdir" "-e" "CARGO_TARGET_DIR=/opt/rustwide/target" "-e" "CARGO_INCREMENTAL=0" "-e" "RUST_BACKTRACE=full" "-e" "RUSTFLAGS=--cap-lints=warn" "-e" "RUSTDOCFLAGS=--cap-lints=warn" "-e" "CARGO_HOME=/opt/rustwide/cargo-home" "-e" "RUSTUP_HOME=/opt/rustwide/rustup-home" "-w" "/opt/rustwide/workdir" "-m" "1610612736" "--user" "0:0" "--network" "none" "ghcr.io/rust-lang/crates-build-env/linux@sha256:2788e3201cd34a07e3172128adcd8b3090168a8e3bcc40d7c032b9dda1df7d1c" "/opt/rustwide/cargo-home/bin/cargo" "+beta-2023-12-22" "build" "--frozen" "--message-format=json", kill_on_drop: false }`
[INFO] [stdout] 4fcd847b4d57c90c88bf401fd44ae2514947592f7625b6a640770af3373aa701
[INFO] running `Command { std: "docker" "start" "-a" "4fcd847b4d57c90c88bf401fd44ae2514947592f7625b6a640770af3373aa701", kill_on_drop: false }`
[INFO] [stderr]    Compiling lazy_static v1.4.0
[INFO] [stderr]    Compiling convert_case v0.5.0
[INFO] [stderr]    Compiling syn v1.0.109
[INFO] [stderr]    Compiling varlen_macro v0.1.3 (/opt/rustwide/workdir)
[INFO] [stderr]     Finished dev [unoptimized + debuginfo] target(s) in 3.66s
[INFO] running `Command { std: "docker" "inspect" "4fcd847b4d57c90c88bf401fd44ae2514947592f7625b6a640770af3373aa701", kill_on_drop: false }`
[INFO] running `Command { std: "docker" "rm" "-f" "4fcd847b4d57c90c88bf401fd44ae2514947592f7625b6a640770af3373aa701", kill_on_drop: false }`
[INFO] [stdout] 4fcd847b4d57c90c88bf401fd44ae2514947592f7625b6a640770af3373aa701
[INFO] running `Command { std: "docker" "create" "-v" "/var/lib/crater-agent-workspace/builds/worker-6-tc2/target:/opt/rustwide/target:rw,Z" "-v" "/var/lib/crater-agent-workspace/builds/worker-6-tc2/source:/opt/rustwide/workdir:ro,Z" "-v" "/var/lib/crater-agent-workspace/cargo-home:/opt/rustwide/cargo-home:ro,Z" "-v" "/var/lib/crater-agent-workspace/rustup-home:/opt/rustwide/rustup-home:ro,Z" "-e" "SOURCE_DIR=/opt/rustwide/workdir" "-e" "CARGO_TARGET_DIR=/opt/rustwide/target" "-e" "CARGO_INCREMENTAL=0" "-e" "RUST_BACKTRACE=full" "-e" "RUSTFLAGS=--cap-lints=warn" "-e" "RUSTDOCFLAGS=--cap-lints=warn" "-e" "CARGO_HOME=/opt/rustwide/cargo-home" "-e" "RUSTUP_HOME=/opt/rustwide/rustup-home" "-w" "/opt/rustwide/workdir" "-m" "1610612736" "--user" "0:0" "--network" "none" "ghcr.io/rust-lang/crates-build-env/linux@sha256:2788e3201cd34a07e3172128adcd8b3090168a8e3bcc40d7c032b9dda1df7d1c" "/opt/rustwide/cargo-home/bin/cargo" "+beta-2023-12-22" "test" "--frozen" "--no-run" "--message-format=json", kill_on_drop: false }`
[INFO] [stdout] ee0159f5df569bce35bacb7f0cb43c87000ad54ea2c969e7f2af4792928b8c5b
[INFO] running `Command { std: "docker" "start" "-a" "ee0159f5df569bce35bacb7f0cb43c87000ad54ea2c969e7f2af4792928b8c5b", kill_on_drop: false }`
[INFO] [stderr]    Compiling varlen v0.1.2
[INFO] [stderr]    Compiling varlen_macro v0.1.3 (/opt/rustwide/workdir)
[INFO] [stderr]     Finished test [unoptimized + debuginfo] target(s) in 0.85s
[INFO] running `Command { std: "docker" "inspect" "ee0159f5df569bce35bacb7f0cb43c87000ad54ea2c969e7f2af4792928b8c5b", kill_on_drop: false }`
[INFO] running `Command { std: "docker" "rm" "-f" "ee0159f5df569bce35bacb7f0cb43c87000ad54ea2c969e7f2af4792928b8c5b", kill_on_drop: false }`
[INFO] [stdout] ee0159f5df569bce35bacb7f0cb43c87000ad54ea2c969e7f2af4792928b8c5b
[INFO] running `Command { std: "docker" "create" "-v" "/var/lib/crater-agent-workspace/builds/worker-6-tc2/target:/opt/rustwide/target:rw,Z" "-v" "/var/lib/crater-agent-workspace/builds/worker-6-tc2/source:/opt/rustwide/workdir:ro,Z" "-v" "/var/lib/crater-agent-workspace/cargo-home:/opt/rustwide/cargo-home:ro,Z" "-v" "/var/lib/crater-agent-workspace/rustup-home:/opt/rustwide/rustup-home:ro,Z" "-e" "SOURCE_DIR=/opt/rustwide/workdir" "-e" "CARGO_TARGET_DIR=/opt/rustwide/target" "-e" "CARGO_INCREMENTAL=0" "-e" "RUST_BACKTRACE=full" "-e" "RUSTFLAGS=--cap-lints=warn" "-e" "RUSTDOCFLAGS=--cap-lints=warn" "-e" "CARGO_HOME=/opt/rustwide/cargo-home" "-e" "RUSTUP_HOME=/opt/rustwide/rustup-home" "-w" "/opt/rustwide/workdir" "-m" "1610612736" "--user" "0:0" "--network" "none" "ghcr.io/rust-lang/crates-build-env/linux@sha256:2788e3201cd34a07e3172128adcd8b3090168a8e3bcc40d7c032b9dda1df7d1c" "/opt/rustwide/cargo-home/bin/cargo" "+beta-2023-12-22" "test" "--frozen", kill_on_drop: false }`
[INFO] [stdout] f375166b496a87ee654a28b1ff1b0a3ae9218c21f92230d0c762505b5a0f0f15
[INFO] running `Command { std: "docker" "start" "-a" "f375166b496a87ee654a28b1ff1b0a3ae9218c21f92230d0c762505b5a0f0f15", kill_on_drop: false }`
[INFO] [stderr]     Finished test [unoptimized + debuginfo] target(s) in 0.01s
[INFO] [stderr]      Running unittests src/lib.rs (/opt/rustwide/target/debug/deps/varlen_macro-7e0cc842d7a7d8f8)
[INFO] [stdout] 
[INFO] [stdout] running 0 tests
[INFO] [stdout] 
[INFO] [stdout] test result: ok. 0 passed; 0 failed; 0 ignored; 0 measured; 0 filtered out; finished in 0.00s
[INFO] [stdout] 
[INFO] [stderr]    Doc-tests varlen_macro
[INFO] [stdout] 
[INFO] [stdout] running 2 tests
[INFO] [stdout] test src/lib.rs - define_varlen (line 22) ... FAILED
[INFO] [stdout] test src/lib.rs - define_varlen (line 53) ... FAILED
[INFO] [stdout] 
[INFO] [stdout] failures:
[INFO] [stdout] 
[INFO] [stdout] ---- src/lib.rs - define_varlen (line 22) stdout ----
[INFO] [stdout] error: cannot find attribute `define_varlen` in this scope
[INFO] [stdout]  --> src/lib.rs:24:3
[INFO] [stdout]   |
[INFO] [stdout] 3 | #[define_varlen]
[INFO] [stdout]   |   ^^^^^^^^^^^^^
[INFO] [stdout]   |
[INFO] [stdout] help: consider importing this attribute macro
[INFO] [stdout]   |
[INFO] [stdout] 2 + use varlen_macro::define_varlen;
[INFO] [stdout]   |
[INFO] [stdout] 
[INFO] [stdout] error: cannot find attribute `varlen` in this scope
[INFO] [stdout]  --> src/lib.rs:27:7
[INFO] [stdout]   |
[INFO] [stdout] 6 |     #[varlen]
[INFO] [stdout]   |       ^^^^^^
[INFO] [stdout]   |
[INFO] [stdout]   = note: `varlen` is in scope, but it is a crate, not an attribute
[INFO] [stdout] 
[INFO] [stdout] error: cannot find attribute `varlen` in this scope
[INFO] [stdout]  --> src/lib.rs:29:7
[INFO] [stdout]   |
[INFO] [stdout] 8 |     #[varlen]
[INFO] [stdout]   |       ^^^^^^
[INFO] [stdout]   |
[INFO] [stdout]   = note: `varlen` is in scope, but it is a crate, not an attribute
[INFO] [stdout] 
[INFO] [stdout] error[E0277]: the trait bound `Person: VarLen` is not satisfied
[INFO] [stdout]   --> src/lib.rs:33:12
[INFO] [stdout]    |
[INFO] [stdout] 12 | let mut p: VBox<Person> = VBox::new(
[INFO] [stdout]    |            ^^^^^^^^^^^^ the trait `VarLen` is not implemented for `Person`
[INFO] [stdout]    |
[INFO] [stdout]    = help: the following other types implement trait `VarLen`:
[INFO] [stdout]              Array<T, Len>
[INFO] [stdout]              FixedLen<T>
[INFO] [stdout]              varlen::Str<Len>
[INFO] [stdout]              Tup2<A, B>
[INFO] [stdout]              Tup3<A, B, C>
[INFO] [stdout]              Tup4<A, B, C, D>
[INFO] [stdout]              Tup5<A, B, C, D, E>
[INFO] [stdout] note: required by a bound in `varlen::VBox`
[INFO] [stdout]   --> /opt/rustwide/cargo-home/registry/src/index.crates.io-6f17d22bba15001f/varlen-0.1.2/src/vbox.rs:35:20
[INFO] [stdout]    |
[INFO] [stdout] 35 | pub struct VBox<T: VarLen>(NonNull<T>);
[INFO] [stdout]    |                    ^^^^^^ required by this bound in `VBox`
[INFO] [stdout] 
[INFO] [stdout] error[E0277]: the trait bound `Person: VarLen` is not satisfied
[INFO] [stdout]   --> src/lib.rs:33:27
[INFO] [stdout]    |
[INFO] [stdout] 12 | let mut p: VBox<Person> = VBox::new(
[INFO] [stdout]    |                           ^^^^^^^^^ the trait `VarLen` is not implemented for `Person`
[INFO] [stdout]    |
[INFO] [stdout]    = help: the following other types implement trait `VarLen`:
[INFO] [stdout]              Array<T, Len>
[INFO] [stdout]              FixedLen<T>
[INFO] [stdout]              varlen::Str<Len>
[INFO] [stdout]              Tup2<A, B>
[INFO] [stdout]              Tup3<A, B, C>
[INFO] [stdout]              Tup4<A, B, C, D>
[INFO] [stdout]              Tup5<A, B, C, D, E>
[INFO] [stdout] note: required by a bound in `varlen::VBox::<T>::new`
[INFO] [stdout]   --> /opt/rustwide/cargo-home/registry/src/index.crates.io-6f17d22bba15001f/varlen-0.1.2/src/vbox.rs:44:9
[INFO] [stdout]    |
[INFO] [stdout] 44 | impl<T: VarLen> VBox<T> {
[INFO] [stdout]    |         ^^^^^^ required by this bound in `VBox::<T>::new`
[INFO] [stdout] ...
[INFO] [stdout] 54 |     pub fn new(init: impl Initializer<T>) -> Self {
[INFO] [stdout]    |            --- required by a bound in this associated function
[INFO] [stdout] 
[INFO] [stdout] error[E0277]: the trait bound `Person: VarLen` is not satisfied
[INFO] [stdout]   --> src/lib.rs:33:27
[INFO] [stdout]    |
[INFO] [stdout] 12 | let mut p: VBox<Person> = VBox::new(
[INFO] [stdout]    |                           ^^^^ the trait `VarLen` is not implemented for `Person`
[INFO] [stdout]    |
[INFO] [stdout]    = help: the following other types implement trait `VarLen`:
[INFO] [stdout]              Array<T, Len>
[INFO] [stdout]              FixedLen<T>
[INFO] [stdout]              varlen::Str<Len>
[INFO] [stdout]              Tup2<A, B>
[INFO] [stdout]              Tup3<A, B, C>
[INFO] [stdout]              Tup4<A, B, C, D>
[INFO] [stdout]              Tup5<A, B, C, D, E>
[INFO] [stdout] note: required by a bound in `varlen::VBox`
[INFO] [stdout]   --> /opt/rustwide/cargo-home/registry/src/index.crates.io-6f17d22bba15001f/varlen-0.1.2/src/vbox.rs:35:20
[INFO] [stdout]    |
[INFO] [stdout] 35 | pub struct VBox<T: VarLen>(NonNull<T>);
[INFO] [stdout]    |                    ^^^^^^ required by this bound in `VBox`
[INFO] [stdout] 
[INFO] [stdout] error[E0609]: no field `age` on type `varlen::VBox<Person>`
[INFO] [stdout]   --> src/lib.rs:40:14
[INFO] [stdout]    |
[INFO] [stdout] 19 | assert_eq!(p.age, 16);
[INFO] [stdout]    |              ^^^ unknown field
[INFO] [stdout] 
[INFO] [stdout] error[E0599]: no method named `refs` found for struct `varlen::VBox` in the current scope
[INFO] [stdout]   --> src/lib.rs:41:15
[INFO] [stdout]    |
[INFO] [stdout] 20 | assert_eq!(&p.refs().name[..], "Harry Potter");
[INFO] [stdout]    |               ^^^^ method not found in `VBox<Person>`
[INFO] [stdout] 
[INFO] [stdout] error[E0599]: the method `as_mut` exists for struct `VBox<Person>`, but its trait bounds were not satisfied
[INFO] [stdout]    --> src/lib.rs:42:3
[INFO] [stdout]     |
[INFO] [stdout] 4   | struct Person {
[INFO] [stdout]     | ------------- doesn't satisfy `Person: VarLen`
[INFO] [stdout] ...
[INFO] [stdout] 21  | p.as_mut().muts().name.mut_slice().make_ascii_uppercase();
[INFO] [stdout]     |   ^^^^^^ method cannot be called on `VBox<Person>` due to unsatisfied trait bounds
[INFO] [stdout]     |
[INFO] [stdout]     = note: the following trait bounds were not satisfied:
[INFO] [stdout]             `Person: VarLen`
[INFO] [stdout] note: the trait `VarLen` must be implemented
[INFO] [stdout]    --> /opt/rustwide/cargo-home/registry/src/index.crates.io-6f17d22bba15001f/varlen-0.1.2/src/lib.rs:331:1
[INFO] [stdout]     |
[INFO] [stdout] 331 | pub unsafe trait VarLen: Sized {
[INFO] [stdout]     | ^^^^^^^^^^^^^^^^^^^^^^^^^^^^^^
[INFO] [stdout] 
[INFO] [stdout] error[E0599]: no method named `refs` found for struct `varlen::VBox` in the current scope
[INFO] [stdout]   --> src/lib.rs:43:15
[INFO] [stdout]    |
[INFO] [stdout] 22 | assert_eq!(&p.refs().name[..], "HARRY POTTER");
[INFO] [stdout]    |               ^^^^ method not found in `VBox<Person>`
[INFO] [stdout] 
[INFO] [stdout] error[E0599]: no method named `refs` found for struct `varlen::VBox` in the current scope
[INFO] [stdout]   --> src/lib.rs:44:15
[INFO] [stdout]    |
[INFO] [stdout] 23 | assert_eq!(&p.refs().email[..], "harry.potter@example.com");
[INFO] [stdout]    |               ^^^^ method not found in `VBox<Person>`
[INFO] [stdout] 
[INFO] [stdout] error[E0433]: failed to resolve: use of undeclared crate or module `person`
[INFO] [stdout]   --> src/lib.rs:34:5
[INFO] [stdout]    |
[INFO] [stdout] 13 |     person::Init{
[INFO] [stdout]    |     ^^^^^^
[INFO] [stdout]    |     |
[INFO] [stdout]    |     use of undeclared crate or module `person`
[INFO] [stdout]    |     help: a struct with a similar name exists: `Person`
[INFO] [stdout] 
[INFO] [stdout] error: aborting due to 12 previous errors
[INFO] [stdout] 
[INFO] [stdout] Some errors have detailed explanations: E0277, E0433, E0599, E0609.
[INFO] [stdout] For more information about an error, try `rustc --explain E0277`.
[INFO] [stdout] Couldn't compile the test.
[INFO] [stdout] ---- src/lib.rs - define_varlen (line 53) stdout ----
[INFO] [stdout] error: cannot find attribute `define_varlen` in this scope
[INFO] [stdout]  --> src/lib.rs:55:3
[INFO] [stdout]   |
[INFO] [stdout] 3 | #[define_varlen]
[INFO] [stdout]   |   ^^^^^^^^^^^^^
[INFO] [stdout]   |
[INFO] [stdout] help: consider importing this attribute macro
[INFO] [stdout]   |
[INFO] [stdout] 2 + use varlen_macro::define_varlen;
[INFO] [stdout]   |
[INFO] [stdout] 
[INFO] [stdout] error: cannot find attribute `controls_layout` in this scope
[INFO] [stdout]  --> src/lib.rs:57:7
[INFO] [stdout]   |
[INFO] [stdout] 5 |     #[controls_layout]
[INFO] [stdout]   |       ^^^^^^^^^^^^^^^
[INFO] [stdout] 
[INFO] [stdout] error: cannot find attribute `varlen_array` in this scope
[INFO] [stdout]  --> src/lib.rs:60:7
[INFO] [stdout]   |
[INFO] [stdout] 8 |     #[varlen_array]
[INFO] [stdout]   |       ^^^^^^^^^^^^
[INFO] [stdout] 
[INFO] [stdout] error: cannot find attribute `varlen_array` in this scope
[INFO] [stdout]   --> src/lib.rs:63:7
[INFO] [stdout]    |
[INFO] [stdout] 11 |     #[varlen_array]
[INFO] [stdout]    |       ^^^^^^^^^^^^
[INFO] [stdout] 
[INFO] [stdout] error: cannot find attribute `varlen_array` in this scope
[INFO] [stdout]   --> src/lib.rs:66:7
[INFO] [stdout]    |
[INFO] [stdout] 14 |     #[varlen_array]
[INFO] [stdout]    |       ^^^^^^^^^^^^
[INFO] [stdout] 
[INFO] [stdout] error[E0425]: cannot find value `len` in this scope
[INFO] [stdout]  --> src/lib.rs:61:20
[INFO] [stdout]   |
[INFO] [stdout] 9 |     array1: [u16; *len],
[INFO] [stdout]   |                    ^^^ not found in this scope
[INFO] [stdout] 
[INFO] [stdout] error[E0425]: cannot find value `len` in this scope
[INFO] [stdout]   --> src/lib.rs:64:19
[INFO] [stdout]    |
[INFO] [stdout] 12 |     array2: [u8; *len],
[INFO] [stdout]    |                   ^^^ not found in this scope
[INFO] [stdout] 
[INFO] [stdout] error[E0425]: cannot find value `len` in this scope
[INFO] [stdout]   --> src/lib.rs:67:25
[INFO] [stdout]    |
[INFO] [stdout] 15 |     half_array: [u16; (*len) / 2],
[INFO] [stdout]    |                         ^^^ not found in this scope
[INFO] [stdout] 
[INFO] [stdout] error[E0277]: the trait bound `MultipleArrays: VarLen` is not satisfied
[INFO] [stdout]   --> src/lib.rs:71:8
[INFO] [stdout]    |
[INFO] [stdout] 19 | let a: VBox<MultipleArrays> = VBox::new(multiple_arrays::Init{
[INFO] [stdout]    |        ^^^^^^^^^^^^^^^^^^^^ the trait `VarLen` is not implemented for `MultipleArrays`
[INFO] [stdout]    |
[INFO] [stdout]    = help: the following other types implement trait `VarLen`:
[INFO] [stdout]              Array<T, Len>
[INFO] [stdout]              FixedLen<T>
[INFO] [stdout]              Str<Len>
[INFO] [stdout]              Tup2<A, B>
[INFO] [stdout]              Tup3<A, B, C>
[INFO] [stdout]              Tup4<A, B, C, D>
[INFO] [stdout]              Tup5<A, B, C, D, E>
[INFO] [stdout] note: required by a bound in `varlen::VBox`
[INFO] [stdout]   --> /opt/rustwide/cargo-home/registry/src/index.crates.io-6f17d22bba15001f/varlen-0.1.2/src/vbox.rs:35:20
[INFO] [stdout]    |
[INFO] [stdout] 35 | pub struct VBox<T: VarLen>(NonNull<T>);
[INFO] [stdout]    |                    ^^^^^^ required by this bound in `VBox`
[INFO] [stdout] 
[INFO] [stdout] error[E0277]: the trait bound `MultipleArrays: VarLen` is not satisfied
[INFO] [stdout]   --> src/lib.rs:71:31
[INFO] [stdout]    |
[INFO] [stdout] 19 | let a: VBox<MultipleArrays> = VBox::new(multiple_arrays::Init{
[INFO] [stdout]    |                               ^^^^^^^^^ the trait `VarLen` is not implemented for `MultipleArrays`
[INFO] [stdout]    |
[INFO] [stdout]    = help: the following other types implement trait `VarLen`:
[INFO] [stdout]              Array<T, Len>
[INFO] [stdout]              FixedLen<T>
[INFO] [stdout]              Str<Len>
[INFO] [stdout]              Tup2<A, B>
[INFO] [stdout]              Tup3<A, B, C>
[INFO] [stdout]              Tup4<A, B, C, D>
[INFO] [stdout]              Tup5<A, B, C, D, E>
[INFO] [stdout] note: required by a bound in `varlen::VBox::<T>::new`
[INFO] [stdout]   --> /opt/rustwide/cargo-home/registry/src/index.crates.io-6f17d22bba15001f/varlen-0.1.2/src/vbox.rs:44:9
[INFO] [stdout]    |
[INFO] [stdout] 44 | impl<T: VarLen> VBox<T> {
[INFO] [stdout]    |         ^^^^^^ required by this bound in `VBox::<T>::new`
[INFO] [stdout] ...
[INFO] [stdout] 54 |     pub fn new(init: impl Initializer<T>) -> Self {
[INFO] [stdout]    |            --- required by a bound in this associated function
[INFO] [stdout] 
[INFO] [stdout] error[E0277]: the trait bound `MultipleArrays: VarLen` is not satisfied
[INFO] [stdout]   --> src/lib.rs:71:31
[INFO] [stdout]    |
[INFO] [stdout] 19 | let a: VBox<MultipleArrays> = VBox::new(multiple_arrays::Init{
[INFO] [stdout]    |                               ^^^^ the trait `VarLen` is not implemented for `MultipleArrays`
[INFO] [stdout]    |
[INFO] [stdout]    = help: the following other types implement trait `VarLen`:
[INFO] [stdout]              Array<T, Len>
[INFO] [stdout]              FixedLen<T>
[INFO] [stdout]              Str<Len>
[INFO] [stdout]              Tup2<A, B>
[INFO] [stdout]              Tup3<A, B, C>
[INFO] [stdout]              Tup4<A, B, C, D>
[INFO] [stdout]              Tup5<A, B, C, D, E>
[INFO] [stdout] note: required by a bound in `varlen::VBox`
[INFO] [stdout]   --> /opt/rustwide/cargo-home/registry/src/index.crates.io-6f17d22bba15001f/varlen-0.1.2/src/vbox.rs:35:20
[INFO] [stdout]    |
[INFO] [stdout] 35 | pub struct VBox<T: VarLen>(NonNull<T>);
[INFO] [stdout]    |                    ^^^^^^ required by this bound in `VBox`
[INFO] [stdout] 
[INFO] [stdout] error[E0599]: no method named `refs` found for struct `varlen::VBox` in the current scope
[INFO] [stdout]   --> src/lib.rs:77:14
[INFO] [stdout]    |
[INFO] [stdout] 25 | assert_eq!(a.refs().array1, &[1, 3, 9, 27]);
[INFO] [stdout]    |              ^^^^ method not found in `VBox<MultipleArrays>`
[INFO] [stdout] 
[INFO] [stdout] error[E0599]: no method named `refs` found for struct `varlen::VBox` in the current scope
[INFO] [stdout]   --> src/lib.rs:78:14
[INFO] [stdout]    |
[INFO] [stdout] 26 | assert_eq!(a.refs().array2, &[27, 9, 3, 1]);
[INFO] [stdout]    |              ^^^^ method not found in `VBox<MultipleArrays>`
[INFO] [stdout] 
[INFO] [stdout] error[E0599]: no method named `refs` found for struct `varlen::VBox` in the current scope
[INFO] [stdout]   --> src/lib.rs:79:14
[INFO] [stdout]    |
[INFO] [stdout] 27 | assert_eq!(a.refs().half_array, &[1, 9]);
[INFO] [stdout]    |              ^^^^ method not found in `VBox<MultipleArrays>`
[INFO] [stdout] 
[INFO] [stdout] error[E0433]: failed to resolve: use of undeclared crate or module `multiple_arrays`
[INFO] [stdout]   --> src/lib.rs:71:41
[INFO] [stdout]    |
[INFO] [stdout] 19 | let a: VBox<MultipleArrays> = VBox::new(multiple_arrays::Init{
[INFO] [stdout]    |                                         ^^^^^^^^^^^^^^^
[INFO] [stdout]    |                                         |
[INFO] [stdout]    |                                         use of undeclared crate or module `multiple_arrays`
[INFO] [stdout]    |                                         help: a struct with a similar name exists: `MultipleArrays`
[INFO] [stdout] 
[INFO] [stdout] error: aborting due to 15 previous errors
[INFO] [stdout] 
[INFO] [stdout] Some errors have detailed explanations: E0277, E0425, E0433, E0599.
[INFO] [stdout] For more information about an error, try `rustc --explain E0277`.
[INFO] [stdout] Couldn't compile the test.
[INFO] [stdout] 
[INFO] [stdout] failures:
[INFO] [stdout]     src/lib.rs - define_varlen (line 22)
[INFO] [stdout]     src/lib.rs - define_varlen (line 53)
[INFO] [stdout] 
[INFO] [stdout] test result: FAILED. 0 passed; 2 failed; 0 ignored; 0 measured; 0 filtered out; finished in 0.08s
[INFO] [stdout] 
[INFO] [stderr] error: doctest failed, to rerun pass `--doc`
[INFO] running `Command { std: "docker" "inspect" "f375166b496a87ee654a28b1ff1b0a3ae9218c21f92230d0c762505b5a0f0f15", kill_on_drop: false }`
[INFO] running `Command { std: "docker" "rm" "-f" "f375166b496a87ee654a28b1ff1b0a3ae9218c21f92230d0c762505b5a0f0f15", kill_on_drop: false }`
[INFO] [stdout] f375166b496a87ee654a28b1ff1b0a3ae9218c21f92230d0c762505b5a0f0f15
