[INFO] fetching crate variadic_from 0.2.0...
[INFO] testing variadic_from-0.2.0 against 1.75.0 for beta-1.76-1
[INFO] extracting crate variadic_from 0.2.0 into /workspace/builds/worker-2-tc1/source
[INFO] validating manifest of crates.io crate variadic_from 0.2.0 on toolchain 1.75.0
[INFO] running `Command { std: CARGO_HOME="/workspace/cargo-home" RUSTUP_HOME="/workspace/rustup-home" "/workspace/cargo-home/bin/cargo" "+1.75.0" "metadata" "--manifest-path" "Cargo.toml" "--no-deps", kill_on_drop: false }`
[INFO] started tweaking crates.io crate variadic_from 0.2.0
[INFO] finished tweaking crates.io crate variadic_from 0.2.0
[INFO] tweaked toml for crates.io crate variadic_from 0.2.0 written to /workspace/builds/worker-2-tc1/source/Cargo.toml
[INFO] crate crates.io crate variadic_from 0.2.0 already has a lockfile, it will not be regenerated
[INFO] running `Command { std: CARGO_HOME="/workspace/cargo-home" RUSTUP_HOME="/workspace/rustup-home" "/workspace/cargo-home/bin/cargo" "+1.75.0" "fetch" "--manifest-path" "Cargo.toml", kill_on_drop: false }`
[INFO] [stderr]  Downloading crates ...
[INFO] [stderr]   Downloaded basic-toml v0.1.4
[INFO] [stderr]   Downloaded trybuild v1.0.85
[INFO] [stderr]   Downloaded derive_tools_meta v0.6.0
[INFO] running `Command { std: "docker" "create" "-v" "/var/lib/crater-agent-workspace/builds/worker-2-tc1/target:/opt/rustwide/target:rw,Z" "-v" "/var/lib/crater-agent-workspace/builds/worker-2-tc1/source:/opt/rustwide/workdir:ro,Z" "-v" "/var/lib/crater-agent-workspace/cargo-home:/opt/rustwide/cargo-home:ro,Z" "-v" "/var/lib/crater-agent-workspace/rustup-home:/opt/rustwide/rustup-home:ro,Z" "-e" "SOURCE_DIR=/opt/rustwide/workdir" "-e" "CARGO_TARGET_DIR=/opt/rustwide/target" "-e" "CARGO_HOME=/opt/rustwide/cargo-home" "-e" "RUSTUP_HOME=/opt/rustwide/rustup-home" "-w" "/opt/rustwide/workdir" "-m" "1610612736" "--user" "0:0" "--network" "none" "ghcr.io/rust-lang/crates-build-env/linux@sha256:2788e3201cd34a07e3172128adcd8b3090168a8e3bcc40d7c032b9dda1df7d1c" "/opt/rustwide/cargo-home/bin/cargo" "+1.75.0" "metadata" "--no-deps" "--format-version=1", kill_on_drop: false }`
[INFO] [stdout] 4a4799c062ff0201dca8e50cbbb8433accb6cc8688619bde83def9b24b96ef0a
[INFO] running `Command { std: "docker" "start" "-a" "4a4799c062ff0201dca8e50cbbb8433accb6cc8688619bde83def9b24b96ef0a", kill_on_drop: false }`
[INFO] running `Command { std: "docker" "inspect" "4a4799c062ff0201dca8e50cbbb8433accb6cc8688619bde83def9b24b96ef0a", kill_on_drop: false }`
[INFO] running `Command { std: "docker" "rm" "-f" "4a4799c062ff0201dca8e50cbbb8433accb6cc8688619bde83def9b24b96ef0a", kill_on_drop: false }`
[INFO] [stdout] 4a4799c062ff0201dca8e50cbbb8433accb6cc8688619bde83def9b24b96ef0a
[INFO] running `Command { std: "docker" "create" "-v" "/var/lib/crater-agent-workspace/builds/worker-2-tc1/target:/opt/rustwide/target:rw,Z" "-v" "/var/lib/crater-agent-workspace/builds/worker-2-tc1/source:/opt/rustwide/workdir:ro,Z" "-v" "/var/lib/crater-agent-workspace/cargo-home:/opt/rustwide/cargo-home:ro,Z" "-v" "/var/lib/crater-agent-workspace/rustup-home:/opt/rustwide/rustup-home:ro,Z" "-e" "SOURCE_DIR=/opt/rustwide/workdir" "-e" "CARGO_TARGET_DIR=/opt/rustwide/target" "-e" "CARGO_INCREMENTAL=0" "-e" "RUST_BACKTRACE=full" "-e" "RUSTFLAGS=--cap-lints=warn" "-e" "RUSTDOCFLAGS=--cap-lints=warn" "-e" "CARGO_HOME=/opt/rustwide/cargo-home" "-e" "RUSTUP_HOME=/opt/rustwide/rustup-home" "-w" "/opt/rustwide/workdir" "-m" "1610612736" "--user" "0:0" "--network" "none" "ghcr.io/rust-lang/crates-build-env/linux@sha256:2788e3201cd34a07e3172128adcd8b3090168a8e3bcc40d7c032b9dda1df7d1c" "/opt/rustwide/cargo-home/bin/cargo" "+1.75.0" "build" "--frozen" "--message-format=json", kill_on_drop: false }`
[INFO] [stdout] c62d75e67ebcacee0c7715c98e5baae5dc1ed54d9b9af039777ac0398d446c5c
[INFO] running `Command { std: "docker" "start" "-a" "c62d75e67ebcacee0c7715c98e5baae5dc1ed54d9b9af039777ac0398d446c5c", kill_on_drop: false }`
[INFO] [stderr]    Compiling proc-macro2 v1.0.68
[INFO] [stderr]    Compiling either v1.6.1
[INFO] [stderr]    Compiling interval_adapter v0.2.3
[INFO] [stderr]    Compiling itertools v0.11.0
[INFO] [stderr]    Compiling quote v1.0.33
[INFO] [stderr]    Compiling syn v1.0.109
[INFO] [stderr]    Compiling iter_tools v0.4.0
[INFO] [stderr]    Compiling macro_tools v0.3.0
[INFO] [stderr]    Compiling derive_tools_meta v0.6.0
[INFO] [stderr]    Compiling variadic_from v0.2.0 (/opt/rustwide/workdir)
[INFO] [stderr]     Finished dev [unoptimized + debuginfo] target(s) in 8.06s
[INFO] running `Command { std: "docker" "inspect" "c62d75e67ebcacee0c7715c98e5baae5dc1ed54d9b9af039777ac0398d446c5c", kill_on_drop: false }`
[INFO] running `Command { std: "docker" "rm" "-f" "c62d75e67ebcacee0c7715c98e5baae5dc1ed54d9b9af039777ac0398d446c5c", kill_on_drop: false }`
[INFO] [stdout] c62d75e67ebcacee0c7715c98e5baae5dc1ed54d9b9af039777ac0398d446c5c
[INFO] running `Command { std: "docker" "create" "-v" "/var/lib/crater-agent-workspace/builds/worker-2-tc1/target:/opt/rustwide/target:rw,Z" "-v" "/var/lib/crater-agent-workspace/builds/worker-2-tc1/source:/opt/rustwide/workdir:ro,Z" "-v" "/var/lib/crater-agent-workspace/cargo-home:/opt/rustwide/cargo-home:ro,Z" "-v" "/var/lib/crater-agent-workspace/rustup-home:/opt/rustwide/rustup-home:ro,Z" "-e" "SOURCE_DIR=/opt/rustwide/workdir" "-e" "CARGO_TARGET_DIR=/opt/rustwide/target" "-e" "CARGO_INCREMENTAL=0" "-e" "RUST_BACKTRACE=full" "-e" "RUSTFLAGS=--cap-lints=warn" "-e" "RUSTDOCFLAGS=--cap-lints=warn" "-e" "CARGO_HOME=/opt/rustwide/cargo-home" "-e" "RUSTUP_HOME=/opt/rustwide/rustup-home" "-w" "/opt/rustwide/workdir" "-m" "1610612736" "--user" "0:0" "--network" "none" "ghcr.io/rust-lang/crates-build-env/linux@sha256:2788e3201cd34a07e3172128adcd8b3090168a8e3bcc40d7c032b9dda1df7d1c" "/opt/rustwide/cargo-home/bin/cargo" "+1.75.0" "test" "--frozen" "--no-run" "--message-format=json", kill_on_drop: false }`
[INFO] [stdout] 902920707c9aadb768c6c9e04690e738f42245f434a4ea45fce49af07a307814
[INFO] running `Command { std: "docker" "start" "-a" "902920707c9aadb768c6c9e04690e738f42245f434a4ea45fce49af07a307814", kill_on_drop: false }`
[INFO] [stderr]    Compiling semver v1.0.19
[INFO] [stderr]    Compiling convert_case v0.4.0
[INFO] [stderr]    Compiling serde v1.0.188
[INFO] [stderr]    Compiling serde_json v1.0.107
[INFO] [stderr]    Compiling num-traits v0.2.16
[INFO] [stderr]    Compiling syn v2.0.38
[INFO] [stderr]    Compiling anyhow v1.0.75
[INFO] [stderr]    Compiling macro_tools v0.2.0
[INFO] [stderr]    Compiling ryu v1.0.15
[INFO] [stderr]    Compiling derive_tools_meta v0.2.0
[INFO] [stderr]    Compiling impls_index_meta v0.2.0
[INFO] [stderr]    Compiling trybuild v1.0.85
[INFO] [stderr]    Compiling itoa v1.0.9
[INFO] [stderr]    Compiling derive_more v0.99.17
[INFO] [stderr]    Compiling ansi_term v0.12.1
[INFO] [stderr]    Compiling diff v0.1.13
[INFO] [stderr]    Compiling rustc_version v0.4.0
[INFO] [stderr]    Compiling pretty_assertions v1.2.1
[INFO] [stderr]    Compiling test_tools v0.4.0
[INFO] [stderr]    Compiling impls_index v0.2.0
[INFO] [stderr]    Compiling literally v0.1.3
[INFO] [stderr]    Compiling is_slice v0.3.0
[INFO] [stderr]    Compiling glob v0.3.1
[INFO] [stderr]    Compiling dissimilar v1.0.7
[INFO] [stderr]    Compiling inspect_type v0.4.0
[INFO] [stderr]    Compiling implements v0.3.0
[INFO] [stderr]    Compiling type_constructor v0.1.19
[INFO] [stderr]    Compiling either v1.6.1
[INFO] [stderr]    Compiling termcolor v1.3.0
[INFO] [stderr]    Compiling for_each v0.3.0
[INFO] [stderr]    Compiling winterval v0.1.5
[INFO] [stderr]    Compiling data_type v0.1.9
[INFO] [stderr]    Compiling derive_tools v0.2.0
[INFO] [stderr]    Compiling typing_tools v0.2.0
[INFO] [stderr]    Compiling mod_interface_meta v0.3.0
[INFO] [stderr]    Compiling diagnostics_tools v0.2.0
[INFO] [stderr]    Compiling mem_tools v0.1.1
[INFO] [stderr]    Compiling serde_derive v1.0.188
[INFO] [stderr]    Compiling mod_interface v0.4.0
[INFO] [stderr]    Compiling meta_tools v0.5.0
[INFO] [stderr]    Compiling basic-toml v0.1.4
[INFO] [stderr]    Compiling variadic_from v0.2.0 (/opt/rustwide/workdir)
[INFO] [stderr]     Finished test [unoptimized + debuginfo] target(s) in 21.10s
[INFO] running `Command { std: "docker" "inspect" "902920707c9aadb768c6c9e04690e738f42245f434a4ea45fce49af07a307814", kill_on_drop: false }`
[INFO] running `Command { std: "docker" "rm" "-f" "902920707c9aadb768c6c9e04690e738f42245f434a4ea45fce49af07a307814", kill_on_drop: false }`
[INFO] [stdout] 902920707c9aadb768c6c9e04690e738f42245f434a4ea45fce49af07a307814
[INFO] running `Command { std: "docker" "create" "-v" "/var/lib/crater-agent-workspace/builds/worker-2-tc1/target:/opt/rustwide/target:rw,Z" "-v" "/var/lib/crater-agent-workspace/builds/worker-2-tc1/source:/opt/rustwide/workdir:ro,Z" "-v" "/var/lib/crater-agent-workspace/cargo-home:/opt/rustwide/cargo-home:ro,Z" "-v" "/var/lib/crater-agent-workspace/rustup-home:/opt/rustwide/rustup-home:ro,Z" "-e" "SOURCE_DIR=/opt/rustwide/workdir" "-e" "CARGO_TARGET_DIR=/opt/rustwide/target" "-e" "CARGO_INCREMENTAL=0" "-e" "RUST_BACKTRACE=full" "-e" "RUSTFLAGS=--cap-lints=warn" "-e" "RUSTDOCFLAGS=--cap-lints=warn" "-e" "CARGO_HOME=/opt/rustwide/cargo-home" "-e" "RUSTUP_HOME=/opt/rustwide/rustup-home" "-w" "/opt/rustwide/workdir" "-m" "1610612736" "--user" "0:0" "--network" "none" "ghcr.io/rust-lang/crates-build-env/linux@sha256:2788e3201cd34a07e3172128adcd8b3090168a8e3bcc40d7c032b9dda1df7d1c" "/opt/rustwide/cargo-home/bin/cargo" "+1.75.0" "test" "--frozen", kill_on_drop: false }`
[INFO] [stdout] 5bfc02af3e5db1e57713dbe9de085660a27b1c613c6454082603314edebba830
[INFO] running `Command { std: "docker" "start" "-a" "5bfc02af3e5db1e57713dbe9de085660a27b1c613c6454082603314edebba830", kill_on_drop: false }`
[INFO] [stderr]     Finished test [unoptimized + debuginfo] target(s) in 0.06s
[INFO] [stderr]      Running unittests src/lib.rs (/opt/rustwide/target/debug/deps/variadic_from-89919da3deba3ea3)
[INFO] [stdout] 
[INFO] [stdout] running 0 tests
[INFO] [stdout] 
[INFO] [stdout] test result: ok. 0 passed; 0 failed; 0 ignored; 0 measured; 0 filtered out; finished in 0.00s
[INFO] [stdout] 
[INFO] [stderr]      Running tests/smoke_test.rs (/opt/rustwide/target/debug/deps/smoke_test-6d42687cf2cfd47b)
[INFO] [stdout] 
[INFO] [stdout] running 2 tests
[INFO] [stdout] test published_smoke_test ... FAILED
[INFO] [stderr] error: test failed, to rerun pass `--test smoke_test`
[INFO] [stdout] test local_smoke_test ... FAILED
[INFO] [stdout] 
[INFO] [stdout] failures:
[INFO] [stdout] 
[INFO] [stdout] ---- published_smoke_test stdout ----
[INFO] [stdout] smoke_test_run module_name:variadic_from module_path:/opt/rustwide/workdir
[INFO] [stdout]      Created binary (application) `variadic_from_published_smoke_test` package
[INFO] [stdout] 
[INFO] [stdout] 
[INFO] [stdout] [package]
[INFO] [stdout]         edition = "2021"
[INFO] [stdout]         name = "variadic_from_smoke_test"
[INFO] [stdout]         version = "0.0.1"
[INFO] [stdout] 
[INFO] [stdout]         [dependencies]
[INFO] [stdout]         variadic_from = { version = "*"  }
[INFO] [stdout] 
[INFO] [stdout] 
[INFO] [stdout] #[ allow( unused_imports ) ]
[INFO] [stdout]         fn main()
[INFO] [stdout]         {
[INFO] [stdout]           use variadic_from;
[INFO] [stdout]         }
[INFO] [stdout] 
[INFO] [stdout] status : exit status: 101
[INFO] [stdout] 
[INFO] [stdout]     Updating crates.io index
[INFO] [stdout] warning: spurious network error (3 tries remaining): [6] Couldn't resolve host name (Could not resolve host: index.crates.io)
[INFO] [stdout] warning: spurious network error (2 tries remaining): [6] Couldn't resolve host name (Could not resolve host: index.crates.io)
[INFO] [stdout] warning: spurious network error (1 tries remaining): [6] Couldn't resolve host name (Could not resolve host: index.crates.io)
[INFO] [stdout] error: failed to get `variadic_from` as a dependency of package `variadic_from_smoke_test v0.0.1 (/tmp/variadic_from_published_smoke_test/variadic_from_published_smoke_test)`
[INFO] [stdout] 
[INFO] [stdout] Caused by:
[INFO] [stdout]   failed to query replaced source registry `crates-io`
[INFO] [stdout] 
[INFO] [stdout] Caused by:
[INFO] [stdout]   download of config.json failed
[INFO] [stdout] 
[INFO] [stdout] Caused by:
[INFO] [stdout]   failed to download from `https://index.crates.io/config.json`
[INFO] [stdout] 
[INFO] [stdout] Caused by:
[INFO] [stdout]   [6] Couldn't resolve host name (Could not resolve host: index.crates.io)
[INFO] [stdout] 
[INFO] [stdout] thread 'published_smoke_test' panicked at /opt/rustwide/cargo-home/registry/src/index.crates.io-6f17d22bba15001f/test_tools-0.4.0/src/basic/smoke_test.rs:167:7:
[INFO] [stdout] Smoke test failed
[INFO] [stdout] stack backtrace:
[INFO] [stdout]    0:     0x55c5cc28803c - std::backtrace_rs::backtrace::libunwind::trace::ha637c64ce894333a
[INFO] [stdout]                                at /rustc/82e1608dfa6e0b5569232559e3d385fea5a93112/library/std/src/../../backtrace/src/backtrace/libunwind.rs:104:5
[INFO] [stdout]    1:     0x55c5cc28803c - std::backtrace_rs::backtrace::trace_unsynchronized::h47f62dea28e0c88d
[INFO] [stdout]                                at /rustc/82e1608dfa6e0b5569232559e3d385fea5a93112/library/std/src/../../backtrace/src/backtrace/mod.rs:66:5
[INFO] [stdout]    2:     0x55c5cc28803c - std::sys_common::backtrace::_print_fmt::h9eef0abe20ede486
[INFO] [stdout]                                at /rustc/82e1608dfa6e0b5569232559e3d385fea5a93112/library/std/src/sys_common/backtrace.rs:67:5
[INFO] [stdout]    3:     0x55c5cc28803c - <std::sys_common::backtrace::_print::DisplayBacktrace as core::fmt::Display>::fmt::hed7f999df88cc644
[INFO] [stdout]                                at /rustc/82e1608dfa6e0b5569232559e3d385fea5a93112/library/std/src/sys_common/backtrace.rs:44:22
[INFO] [stdout]    4:     0x55c5cc2b2990 - core::fmt::rt::Argument::fmt::h1539a9308b8d058d
[INFO] [stdout]                                at /rustc/82e1608dfa6e0b5569232559e3d385fea5a93112/library/core/src/fmt/rt.rs:142:9
[INFO] [stdout]    5:     0x55c5cc2b2990 - core::fmt::write::h3a39390d8560d9c9
[INFO] [stdout]                                at /rustc/82e1608dfa6e0b5569232559e3d385fea5a93112/library/core/src/fmt/mod.rs:1120:17
[INFO] [stdout]    6:     0x55c5cc28594f - std::io::Write::write_fmt::h040b369f3a0f9cbc
[INFO] [stdout]                                at /rustc/82e1608dfa6e0b5569232559e3d385fea5a93112/library/std/src/io/mod.rs:1762:15
[INFO] [stdout]    7:     0x55c5cc287e24 - std::sys_common::backtrace::_print::h894006fb5c6f3d45
[INFO] [stdout]                                at /rustc/82e1608dfa6e0b5569232559e3d385fea5a93112/library/std/src/sys_common/backtrace.rs:47:5
[INFO] [stdout]    8:     0x55c5cc287e24 - std::sys_common::backtrace::print::h23a2d212c6fff936
[INFO] [stdout]                                at /rustc/82e1608dfa6e0b5569232559e3d385fea5a93112/library/std/src/sys_common/backtrace.rs:34:9
[INFO] [stdout]    9:     0x55c5cc289ae7 - std::panicking::default_hook::{{closure}}::h8a1d2ee00185001a
[INFO] [stdout]   10:     0x55c5cc2897d3 - std::panicking::default_hook::h6038f2eba384e475
[INFO] [stdout]                                at /rustc/82e1608dfa6e0b5569232559e3d385fea5a93112/library/std/src/panicking.rs:289:9
[INFO] [stdout]   11:     0x55c5cc259817 - <alloc::boxed::Box<F,A> as core::ops::function::Fn<Args>>::call::h0ad024c9bdc6d768
[INFO] [stdout]                                at /rustc/82e1608dfa6e0b5569232559e3d385fea5a93112/library/alloc/src/boxed.rs:2021:9
[INFO] [stdout]   12:     0x55c5cc259817 - test::test_main::{{closure}}::h7500b54257359db6
[INFO] [stdout]                                at /rustc/82e1608dfa6e0b5569232559e3d385fea5a93112/library/test/src/lib.rs:138:21
[INFO] [stdout]   13:     0x55c5cc28a0f8 - <alloc::boxed::Box<F,A> as core::ops::function::Fn<Args>>::call::h1f8f335eaa9cfaee
[INFO] [stdout]                                at /rustc/82e1608dfa6e0b5569232559e3d385fea5a93112/library/alloc/src/boxed.rs:2021:9
[INFO] [stdout]   14:     0x55c5cc28a0f8 - std::panicking::rust_panic_with_hook::h2b5517d590cab22e
[INFO] [stdout]                                at /rustc/82e1608dfa6e0b5569232559e3d385fea5a93112/library/std/src/panicking.rs:783:13
[INFO] [stdout]   15:     0x55c5cc289e19 - std::panicking::begin_panic_handler::{{closure}}::h233112c06e0ef43e
[INFO] [stdout]                                at /rustc/82e1608dfa6e0b5569232559e3d385fea5a93112/library/std/src/panicking.rs:649:13
[INFO] [stdout]   16:     0x55c5cc288506 - std::sys_common::backtrace::__rust_end_short_backtrace::h6e893f24d7ebbff8
[INFO] [stdout]                                at /rustc/82e1608dfa6e0b5569232559e3d385fea5a93112/library/std/src/sys_common/backtrace.rs:170:18
[INFO] [stdout]   17:     0x55c5cc289bb2 - rust_begin_unwind
[INFO] [stdout]                                at /rustc/82e1608dfa6e0b5569232559e3d385fea5a93112/library/std/src/panicking.rs:645:5
[INFO] [stdout]   18:     0x55c5cc219045 - core::panicking::panic_fmt::hbf0e066aabfa482c
[INFO] [stdout]                                at /rustc/82e1608dfa6e0b5569232559e3d385fea5a93112/library/core/src/panicking.rs:72:14
[INFO] [stdout]   19:     0x55c5cc21dd82 - test_tools::basic::smoke_test::private::SmokeModuleTest::perform::h0b3b56936ef3458a
[INFO] [stdout]                                at /opt/rustwide/cargo-home/registry/src/index.crates.io-6f17d22bba15001f/test_tools-0.4.0/src/basic/smoke_test.rs:167:7
[INFO] [stdout]   20:     0x55c5cc21e941 - test_tools::basic::smoke_test::private::smoke_test_run::haa69948315ccb4f2
[INFO] [stdout]                                at /opt/rustwide/cargo-home/registry/src/index.crates.io-6f17d22bba15001f/test_tools-0.4.0/src/basic/smoke_test.rs:255:5
[INFO] [stdout]   21:     0x55c5cc21efce - test_tools::basic::smoke_test::private::smoke_test_for_published_run::hd2faba551ee1a790
[INFO] [stdout]                                at /opt/rustwide/cargo-home/registry/src/index.crates.io-6f17d22bba15001f/test_tools-0.4.0/src/basic/smoke_test.rs:316:7
[INFO] [stdout]   22:     0x55c5cc219d87 - smoke_test::published_smoke_test::hd7ca7fa844ca8bdb
[INFO] [stdout]                                at /opt/rustwide/workdir/tests/smoke_test.rs:13:3
[INFO] [stdout]   23:     0x55c5cc219d67 - smoke_test::published_smoke_test::{{closure}}::h2f595cdbaba16a14
[INFO] [stdout]                                at /opt/rustwide/workdir/tests/smoke_test.rs:11:26
[INFO] [stdout]   24:     0x55c5cc219a76 - core::ops::function::FnOnce::call_once::h452050457107dc9b
[INFO] [stdout]                                at /rustc/82e1608dfa6e0b5569232559e3d385fea5a93112/library/core/src/ops/function.rs:250:5
[INFO] [stdout]   25:     0x55c5cc25ee6f - core::ops::function::FnOnce::call_once::h2b5d431d5046312d
[INFO] [stdout]                                at /rustc/82e1608dfa6e0b5569232559e3d385fea5a93112/library/core/src/ops/function.rs:250:5
[INFO] [stdout]   26:     0x55c5cc25ee6f - test::__rust_begin_short_backtrace::h7714669af176e207
[INFO] [stdout]                                at /rustc/82e1608dfa6e0b5569232559e3d385fea5a93112/library/test/src/lib.rs:628:18
[INFO] [stdout]   27:     0x55c5cc25de85 - test::run_test_in_process::{{closure}}::h85218797dcbcec12
[INFO] [stdout]                                at /rustc/82e1608dfa6e0b5569232559e3d385fea5a93112/library/test/src/lib.rs:651:60
[INFO] [stdout]   28:     0x55c5cc25de85 - <core::panic::unwind_safe::AssertUnwindSafe<F> as core::ops::function::FnOnce<()>>::call_once::h76c106ea31c14d7b
[INFO] [stdout]                                at /rustc/82e1608dfa6e0b5569232559e3d385fea5a93112/library/core/src/panic/unwind_safe.rs:272:9
[INFO] [stdout]   29:     0x55c5cc25de85 - std::panicking::try::do_call::h3bd5d0f6620ee946
[INFO] [stdout]                                at /rustc/82e1608dfa6e0b5569232559e3d385fea5a93112/library/std/src/panicking.rs:552:40
[INFO] [stdout]   30:     0x55c5cc25de85 - std::panicking::try::h232e535e4744fe31
[INFO] [stdout]                                at /rustc/82e1608dfa6e0b5569232559e3d385fea5a93112/library/std/src/panicking.rs:516:19
[INFO] [stdout]   31:     0x55c5cc25de85 - std::panic::catch_unwind::h3ce3bd6ca8dbac68
[INFO] [stdout]                                at /rustc/82e1608dfa6e0b5569232559e3d385fea5a93112/library/std/src/panic.rs:142:14
[INFO] [stdout]   32:     0x55c5cc25de85 - test::run_test_in_process::hc97b257c9621286a
[INFO] [stdout]                                at /rustc/82e1608dfa6e0b5569232559e3d385fea5a93112/library/test/src/lib.rs:651:27
[INFO] [stdout]   33:     0x55c5cc25de85 - test::run_test::{{closure}}::h2aa798823a438d38
[INFO] [stdout]                                at /rustc/82e1608dfa6e0b5569232559e3d385fea5a93112/library/test/src/lib.rs:574:43
[INFO] [stdout]   34:     0x55c5cc226146 - test::run_test::{{closure}}::h87d231c78fb59832
[INFO] [stdout]                                at /rustc/82e1608dfa6e0b5569232559e3d385fea5a93112/library/test/src/lib.rs:602:41
[INFO] [stdout]   35:     0x55c5cc226146 - std::sys_common::backtrace::__rust_begin_short_backtrace::he6df152596625789
[INFO] [stdout]                                at /rustc/82e1608dfa6e0b5569232559e3d385fea5a93112/library/std/src/sys_common/backtrace.rs:154:18
[INFO] [stdout]   36:     0x55c5cc22b1f7 - std::thread::Builder::spawn_unchecked_::{{closure}}::{{closure}}::ha94be15d1e0acf36
[INFO] [stdout]                                at /rustc/82e1608dfa6e0b5569232559e3d385fea5a93112/library/std/src/thread/mod.rs:529:17
[INFO] [stdout]   37:     0x55c5cc22b1f7 - <core::panic::unwind_safe::AssertUnwindSafe<F> as core::ops::function::FnOnce<()>>::call_once::h9dc6bd6372f16606
[INFO] [stdout]                                at /rustc/82e1608dfa6e0b5569232559e3d385fea5a93112/library/core/src/panic/unwind_safe.rs:272:9
[INFO] [stdout]   38:     0x55c5cc22b1f7 - std::panicking::try::do_call::h9057517f80303cd4
[INFO] [stdout]                                at /rustc/82e1608dfa6e0b5569232559e3d385fea5a93112/library/std/src/panicking.rs:552:40
[INFO] [stdout]   39:     0x55c5cc22b1f7 - std::panicking::try::he3a30b11ee45340c
[INFO] [stdout]                                at /rustc/82e1608dfa6e0b5569232559e3d385fea5a93112/library/std/src/panicking.rs:516:19
[INFO] [stdout]   40:     0x55c5cc22b1f7 - std::panic::catch_unwind::h410458cfd3528b8b
[INFO] [stdout]                                at /rustc/82e1608dfa6e0b5569232559e3d385fea5a93112/library/std/src/panic.rs:142:14
[INFO] [stdout]   41:     0x55c5cc22b1f7 - std::thread::Builder::spawn_unchecked_::{{closure}}::h72ac3bdb567b737b
[INFO] [stdout]                                at /rustc/82e1608dfa6e0b5569232559e3d385fea5a93112/library/std/src/thread/mod.rs:528:30
[INFO] [stdout]   42:     0x55c5cc22b1f7 - core::ops::function::FnOnce::call_once{{vtable.shim}}::h38f34da3654a8344
[INFO] [stdout]                                at /rustc/82e1608dfa6e0b5569232559e3d385fea5a93112/library/core/src/ops/function.rs:250:5
[INFO] [stdout]   43:     0x55c5cc28f5e5 - <alloc::boxed::Box<F,A> as core::ops::function::FnOnce<Args>>::call_once::hc7eafaff61e32df9
[INFO] [stdout]                                at /rustc/82e1608dfa6e0b5569232559e3d385fea5a93112/library/alloc/src/boxed.rs:2007:9
[INFO] [stdout]   44:     0x55c5cc28f5e5 - <alloc::boxed::Box<F,A> as core::ops::function::FnOnce<Args>>::call_once::h6ba4a5de48dd2304
[INFO] [stdout]                                at /rustc/82e1608dfa6e0b5569232559e3d385fea5a93112/library/alloc/src/boxed.rs:2007:9
[INFO] [stdout]   45:     0x55c5cc28f5e5 - std::sys::unix::thread::Thread::new::thread_start::he469335aef763e45
[INFO] [stdout]                                at /rustc/82e1608dfa6e0b5569232559e3d385fea5a93112/library/std/src/sys/unix/thread.rs:108:17
[INFO] [stdout]   46:     0x7fb1975bfac3 - <unknown>
[INFO] [stdout]   47:     0x7fb197650bf4 - __clone
[INFO] [stdout]   48:                0x0 - <unknown>
[INFO] [stdout] 
[INFO] [stdout] ---- local_smoke_test stdout ----
[INFO] [stdout] smoke_test_for_local_run : Err(NotPresent)
[INFO] [stdout] smoke_test_run module_name:variadic_from module_path:/opt/rustwide/workdir
[INFO] [stdout]      Created binary (application) `variadic_from_local_smoke_test` package
[INFO] [stdout] 
[INFO] [stdout] 
[INFO] [stdout] [package]
[INFO] [stdout]         edition = "2021"
[INFO] [stdout]         name = "variadic_from_smoke_test"
[INFO] [stdout]         version = "0.0.1"
[INFO] [stdout] 
[INFO] [stdout]         [dependencies]
[INFO] [stdout]         variadic_from = { version = "*" , path = "/opt/rustwide/workdir" }
[INFO] [stdout] 
[INFO] [stdout] 
[INFO] [stdout] #[ allow( unused_imports ) ]
[INFO] [stdout]         fn main()
[INFO] [stdout]         {
[INFO] [stdout]           use variadic_from;
[INFO] [stdout]         }
[INFO] [stdout] 
[INFO] [stdout] status : exit status: 101
[INFO] [stdout] 
[INFO] [stdout]     Updating crates.io index
[INFO] [stdout] warning: spurious network error (3 tries remaining): [6] Couldn't resolve host name (Could not resolve host: index.crates.io)
[INFO] [stdout] warning: spurious network error (2 tries remaining): [6] Couldn't resolve host name (Could not resolve host: index.crates.io)
[INFO] [stdout] warning: spurious network error (1 tries remaining): [6] Couldn't resolve host name (Could not resolve host: index.crates.io)
[INFO] [stdout] error: failed to get `derive_tools_meta` as a dependency of package `variadic_from v0.2.0 (/opt/rustwide/workdir)`
[INFO] [stdout]     ... which satisfies path dependency `variadic_from` of package `variadic_from_smoke_test v0.0.1 (/tmp/variadic_from_local_smoke_test/variadic_from_local_smoke_test)`
[INFO] [stdout] 
[INFO] [stdout] Caused by:
[INFO] [stdout]   failed to query replaced source registry `crates-io`
[INFO] [stdout] 
[INFO] [stdout] Caused by:
[INFO] [stdout]   download of config.json failed
[INFO] [stdout] 
[INFO] [stdout] Caused by:
[INFO] [stdout]   failed to download from `https://index.crates.io/config.json`
[INFO] [stdout] 
[INFO] [stdout] Caused by:
[INFO] [stdout]   [6] Couldn't resolve host name (Could not resolve host: index.crates.io)
[INFO] [stdout] 
[INFO] [stdout] thread 'local_smoke_test' panicked at /opt/rustwide/cargo-home/registry/src/index.crates.io-6f17d22bba15001f/test_tools-0.4.0/src/basic/smoke_test.rs:167:7:
[INFO] [stdout] Smoke test failed
[INFO] [stdout] stack backtrace:
[INFO] [stdout]    0:     0x55c5cc28803c - std::backtrace_rs::backtrace::libunwind::trace::ha637c64ce894333a
[INFO] [stdout]                                at /rustc/82e1608dfa6e0b5569232559e3d385fea5a93112/library/std/src/../../backtrace/src/backtrace/libunwind.rs:104:5
[INFO] [stdout]    1:     0x55c5cc28803c - std::backtrace_rs::backtrace::trace_unsynchronized::h47f62dea28e0c88d
[INFO] [stdout]                                at /rustc/82e1608dfa6e0b5569232559e3d385fea5a93112/library/std/src/../../backtrace/src/backtrace/mod.rs:66:5
[INFO] [stdout]    2:     0x55c5cc28803c - std::sys_common::backtrace::_print_fmt::h9eef0abe20ede486
[INFO] [stdout]                                at /rustc/82e1608dfa6e0b5569232559e3d385fea5a93112/library/std/src/sys_common/backtrace.rs:67:5
[INFO] [stdout]    3:     0x55c5cc28803c - <std::sys_common::backtrace::_print::DisplayBacktrace as core::fmt::Display>::fmt::hed7f999df88cc644
[INFO] [stdout]                                at /rustc/82e1608dfa6e0b5569232559e3d385fea5a93112/library/std/src/sys_common/backtrace.rs:44:22
[INFO] [stdout]    4:     0x55c5cc2b2990 - core::fmt::rt::Argument::fmt::h1539a9308b8d058d
[INFO] [stdout]                                at /rustc/82e1608dfa6e0b5569232559e3d385fea5a93112/library/core/src/fmt/rt.rs:142:9
[INFO] [stdout]    5:     0x55c5cc2b2990 - core::fmt::write::h3a39390d8560d9c9
[INFO] [stdout]                                at /rustc/82e1608dfa6e0b5569232559e3d385fea5a93112/library/core/src/fmt/mod.rs:1120:17
[INFO] [stdout]    6:     0x55c5cc28594f - std::io::Write::write_fmt::h040b369f3a0f9cbc
[INFO] [stdout]                                at /rustc/82e1608dfa6e0b5569232559e3d385fea5a93112/library/std/src/io/mod.rs:1762:15
[INFO] [stdout]    7:     0x55c5cc287e24 - std::sys_common::backtrace::_print::h894006fb5c6f3d45
[INFO] [stdout]                                at /rustc/82e1608dfa6e0b5569232559e3d385fea5a93112/library/std/src/sys_common/backtrace.rs:47:5
[INFO] [stdout]    8:     0x55c5cc287e24 - std::sys_common::backtrace::print::h23a2d212c6fff936
[INFO] [stdout]                                at /rustc/82e1608dfa6e0b5569232559e3d385fea5a93112/library/std/src/sys_common/backtrace.rs:34:9
[INFO] [stdout]    9:     0x55c5cc289ae7 - std::panicking::default_hook::{{closure}}::h8a1d2ee00185001a
[INFO] [stdout]   10:     0x55c5cc2897d3 - std::panicking::default_hook::h6038f2eba384e475
[INFO] [stdout]                                at /rustc/82e1608dfa6e0b5569232559e3d385fea5a93112/library/std/src/panicking.rs:289:9
[INFO] [stdout]   11:     0x55c5cc259817 - <alloc::boxed::Box<F,A> as core::ops::function::Fn<Args>>::call::h0ad024c9bdc6d768
[INFO] [stdout]                                at /rustc/82e1608dfa6e0b5569232559e3d385fea5a93112/library/alloc/src/boxed.rs:2021:9
[INFO] [stdout]   12:     0x55c5cc259817 - test::test_main::{{closure}}::h7500b54257359db6
[INFO] [stdout]                                at /rustc/82e1608dfa6e0b5569232559e3d385fea5a93112/library/test/src/lib.rs:138:21
[INFO] [stdout]   13:     0x55c5cc28a0f8 - <alloc::boxed::Box<F,A> as core::ops::function::Fn<Args>>::call::h1f8f335eaa9cfaee
[INFO] [stdout]                                at /rustc/82e1608dfa6e0b5569232559e3d385fea5a93112/library/alloc/src/boxed.rs:2021:9
[INFO] [stdout]   14:     0x55c5cc28a0f8 - std::panicking::rust_panic_with_hook::h2b5517d590cab22e
[INFO] [stdout]                                at /rustc/82e1608dfa6e0b5569232559e3d385fea5a93112/library/std/src/panicking.rs:783:13
[INFO] [stdout]   15:     0x55c5cc289e19 - std::panicking::begin_panic_handler::{{closure}}::h233112c06e0ef43e
[INFO] [stdout]                                at /rustc/82e1608dfa6e0b5569232559e3d385fea5a93112/library/std/src/panicking.rs:649:13
[INFO] [stdout]   16:     0x55c5cc288506 - std::sys_common::backtrace::__rust_end_short_backtrace::h6e893f24d7ebbff8
[INFO] [stdout]                                at /rustc/82e1608dfa6e0b5569232559e3d385fea5a93112/library/std/src/sys_common/backtrace.rs:170:18
[INFO] [stdout]   17:     0x55c5cc289bb2 - rust_begin_unwind
[INFO] [stdout]                                at /rustc/82e1608dfa6e0b5569232559e3d385fea5a93112/library/std/src/panicking.rs:645:5
[INFO] [stdout]   18:     0x55c5cc219045 - core::panicking::panic_fmt::hbf0e066aabfa482c
[INFO] [stdout]                                at /rustc/82e1608dfa6e0b5569232559e3d385fea5a93112/library/core/src/panicking.rs:72:14
[INFO] [stdout]   19:     0x55c5cc21dd82 - test_tools::basic::smoke_test::private::SmokeModuleTest::perform::h0b3b56936ef3458a
[INFO] [stdout]                                at /opt/rustwide/cargo-home/registry/src/index.crates.io-6f17d22bba15001f/test_tools-0.4.0/src/basic/smoke_test.rs:167:7
[INFO] [stdout]   20:     0x55c5cc21e941 - test_tools::basic::smoke_test::private::smoke_test_run::haa69948315ccb4f2
[INFO] [stdout]                                at /opt/rustwide/cargo-home/registry/src/index.crates.io-6f17d22bba15001f/test_tools-0.4.0/src/basic/smoke_test.rs:255:5
[INFO] [stdout]   21:     0x55c5cc21ed75 - test_tools::basic::smoke_test::private::smoke_test_for_local_run::h834946abac7b708f
[INFO] [stdout]                                at /opt/rustwide/cargo-home/registry/src/index.crates.io-6f17d22bba15001f/test_tools-0.4.0/src/basic/smoke_test.rs:290:7
[INFO] [stdout]   22:     0x55c5cc219d47 - smoke_test::local_smoke_test::hfd8e6effc34711dc
[INFO] [stdout]                                at /opt/rustwide/workdir/tests/smoke_test.rs:6:3
[INFO] [stdout]   23:     0x55c5cc219d27 - smoke_test::local_smoke_test::{{closure}}::h14c0856b9f0169b8
[INFO] [stdout]                                at /opt/rustwide/workdir/tests/smoke_test.rs:4:22
[INFO] [stdout]   24:     0x55c5cc219b06 - core::ops::function::FnOnce::call_once::h97679261b27615dd
[INFO] [stdout]                                at /rustc/82e1608dfa6e0b5569232559e3d385fea5a93112/library/core/src/ops/function.rs:250:5
[INFO] [stdout]   25:     0x55c5cc25ee6f - core::ops::function::FnOnce::call_once::h2b5d431d5046312d
[INFO] [stdout]                                at /rustc/82e1608dfa6e0b5569232559e3d385fea5a93112/library/core/src/ops/function.rs:250:5
[INFO] [stdout]   26:     0x55c5cc25ee6f - test::__rust_begin_short_backtrace::h7714669af176e207
[INFO] [stdout]                                at /rustc/82e1608dfa6e0b5569232559e3d385fea5a93112/library/test/src/lib.rs:628:18
[INFO] [stdout]   27:     0x55c5cc25de85 - test::run_test_in_process::{{closure}}::h85218797dcbcec12
[INFO] [stdout]                                at /rustc/82e1608dfa6e0b5569232559e3d385fea5a93112/library/test/src/lib.rs:651:60
[INFO] [stdout]   28:     0x55c5cc25de85 - <core::panic::unwind_safe::AssertUnwindSafe<F> as core::ops::function::FnOnce<()>>::call_once::h76c106ea31c14d7b
[INFO] [stdout]                                at /rustc/82e1608dfa6e0b5569232559e3d385fea5a93112/library/core/src/panic/unwind_safe.rs:272:9
[INFO] [stdout]   29:     0x55c5cc25de85 - std::panicking::try::do_call::h3bd5d0f6620ee946
[INFO] [stdout]                                at /rustc/82e1608dfa6e0b5569232559e3d385fea5a93112/library/std/src/panicking.rs:552:40
[INFO] [stdout]   30:     0x55c5cc25de85 - std::panicking::try::h232e535e4744fe31
[INFO] [stdout]                                at /rustc/82e1608dfa6e0b5569232559e3d385fea5a93112/library/std/src/panicking.rs:516:19
[INFO] [stdout]   31:     0x55c5cc25de85 - std::panic::catch_unwind::h3ce3bd6ca8dbac68
[INFO] [stdout]                                at /rustc/82e1608dfa6e0b5569232559e3d385fea5a93112/library/std/src/panic.rs:142:14
[INFO] [stdout]   32:     0x55c5cc25de85 - test::run_test_in_process::hc97b257c9621286a
[INFO] [stdout]                                at /rustc/82e1608dfa6e0b5569232559e3d385fea5a93112/library/test/src/lib.rs:651:27
[INFO] [stdout]   33:     0x55c5cc25de85 - test::run_test::{{closure}}::h2aa798823a438d38
[INFO] [stdout]                                at /rustc/82e1608dfa6e0b5569232559e3d385fea5a93112/library/test/src/lib.rs:574:43
[INFO] [stdout]   34:     0x55c5cc226146 - test::run_test::{{closure}}::h87d231c78fb59832
[INFO] [stdout]                                at /rustc/82e1608dfa6e0b5569232559e3d385fea5a93112/library/test/src/lib.rs:602:41
[INFO] [stdout]   35:     0x55c5cc226146 - std::sys_common::backtrace::__rust_begin_short_backtrace::he6df152596625789
[INFO] [stdout]                                at /rustc/82e1608dfa6e0b5569232559e3d385fea5a93112/library/std/src/sys_common/backtrace.rs:154:18
[INFO] [stdout]   36:     0x55c5cc22b1f7 - std::thread::Builder::spawn_unchecked_::{{closure}}::{{closure}}::ha94be15d1e0acf36
[INFO] [stdout]                                at /rustc/82e1608dfa6e0b5569232559e3d385fea5a93112/library/std/src/thread/mod.rs:529:17
[INFO] [stdout]   37:     0x55c5cc22b1f7 - <core::panic::unwind_safe::AssertUnwindSafe<F> as core::ops::function::FnOnce<()>>::call_once::h9dc6bd6372f16606
[INFO] [stdout]                                at /rustc/82e1608dfa6e0b5569232559e3d385fea5a93112/library/core/src/panic/unwind_safe.rs:272:9
[INFO] [stdout]   38:     0x55c5cc22b1f7 - std::panicking::try::do_call::h9057517f80303cd4
[INFO] [stdout]                                at /rustc/82e1608dfa6e0b5569232559e3d385fea5a93112/library/std/src/panicking.rs:552:40
[INFO] [stdout]   39:     0x55c5cc22b1f7 - std::panicking::try::he3a30b11ee45340c
[INFO] [stdout]                                at /rustc/82e1608dfa6e0b5569232559e3d385fea5a93112/library/std/src/panicking.rs:516:19
[INFO] [stdout]   40:     0x55c5cc22b1f7 - std::panic::catch_unwind::h410458cfd3528b8b
[INFO] [stdout]                                at /rustc/82e1608dfa6e0b5569232559e3d385fea5a93112/library/std/src/panic.rs:142:14
[INFO] [stdout]   41:     0x55c5cc22b1f7 - std::thread::Builder::spawn_unchecked_::{{closure}}::h72ac3bdb567b737b
[INFO] [stdout]                                at /rustc/82e1608dfa6e0b5569232559e3d385fea5a93112/library/std/src/thread/mod.rs:528:30
[INFO] [stdout]   42:     0x55c5cc22b1f7 - core::ops::function::FnOnce::call_once{{vtable.shim}}::h38f34da3654a8344
[INFO] [stdout]                                at /rustc/82e1608dfa6e0b5569232559e3d385fea5a93112/library/core/src/ops/function.rs:250:5
[INFO] [stdout]   43:     0x55c5cc28f5e5 - <alloc::boxed::Box<F,A> as core::ops::function::FnOnce<Args>>::call_once::hc7eafaff61e32df9
[INFO] [stdout]                                at /rustc/82e1608dfa6e0b5569232559e3d385fea5a93112/library/alloc/src/boxed.rs:2007:9
[INFO] [stdout]   44:     0x55c5cc28f5e5 - <alloc::boxed::Box<F,A> as core::ops::function::FnOnce<Args>>::call_once::h6ba4a5de48dd2304
[INFO] [stdout]                                at /rustc/82e1608dfa6e0b5569232559e3d385fea5a93112/library/alloc/src/boxed.rs:2007:9
[INFO] [stdout]   45:     0x55c5cc28f5e5 - std::sys::unix::thread::Thread::new::thread_start::he469335aef763e45
[INFO] [stdout]                                at /rustc/82e1608dfa6e0b5569232559e3d385fea5a93112/library/std/src/sys/unix/thread.rs:108:17
[INFO] [stdout]   46:     0x7fb1975bfac3 - <unknown>
[INFO] [stdout]   47:     0x7fb197650bf4 - __clone
[INFO] [stdout]   48:                0x0 - <unknown>
[INFO] [stdout] 
[INFO] [stdout] 
[INFO] [stdout] failures:
[INFO] [stdout]     local_smoke_test
[INFO] [stdout]     published_smoke_test
[INFO] [stdout] 
[INFO] [stdout] test result: FAILED. 0 passed; 2 failed; 0 ignored; 0 measured; 0 filtered out; finished in 12.54s
[INFO] [stdout] 
[INFO] running `Command { std: "docker" "inspect" "5bfc02af3e5db1e57713dbe9de085660a27b1c613c6454082603314edebba830", kill_on_drop: false }`
[INFO] running `Command { std: "docker" "rm" "-f" "5bfc02af3e5db1e57713dbe9de085660a27b1c613c6454082603314edebba830", kill_on_drop: false }`
[INFO] [stdout] 5bfc02af3e5db1e57713dbe9de085660a27b1c613c6454082603314edebba830
