[INFO] fetching crate valis-core 0.1.9...
[INFO] testing valis-core-0.1.9 against 1.75.0 for beta-1.76-1
[INFO] extracting crate valis-core 0.1.9 into /workspace/builds/worker-2-tc1/source
[INFO] validating manifest of crates.io crate valis-core 0.1.9 on toolchain 1.75.0
[INFO] running `Command { std: CARGO_HOME="/workspace/cargo-home" RUSTUP_HOME="/workspace/rustup-home" "/workspace/cargo-home/bin/cargo" "+1.75.0" "metadata" "--manifest-path" "Cargo.toml" "--no-deps", kill_on_drop: false }`
[INFO] started tweaking crates.io crate valis-core 0.1.9
[INFO] finished tweaking crates.io crate valis-core 0.1.9
[INFO] tweaked toml for crates.io crate valis-core 0.1.9 written to /workspace/builds/worker-2-tc1/source/Cargo.toml
[INFO] crate crates.io crate valis-core 0.1.9 already has a lockfile, it will not be regenerated
[INFO] running `Command { std: CARGO_HOME="/workspace/cargo-home" RUSTUP_HOME="/workspace/rustup-home" "/workspace/cargo-home/bin/cargo" "+1.75.0" "fetch" "--manifest-path" "Cargo.toml", kill_on_drop: false }`
[INFO] [stderr]     Updating crates.io index
[INFO] [stderr]  Downloading crates ...
[INFO] [stderr]   Downloaded sea-strum v0.21.0
[INFO] [stderr]   Downloaded rkyv_derive v0.7.41
[INFO] [stderr]   Downloaded globmatch v0.2.4
[INFO] [stderr]   Downloaded bae v0.1.7
[INFO] [stderr]   Downloaded rkyv v0.7.41
[INFO] [stderr]   Downloaded libflate v1.3.0
[INFO] [stderr]   Downloaded blake2b_simd v1.0.1
[INFO] [stderr]   Downloaded rust-argon2 v1.0.0
[INFO] [stderr]   Downloaded twofish v0.7.1
[INFO] [stderr]   Downloaded git2 v0.17.1
[INFO] [stderr]   Downloaded rustyline v8.2.0
[INFO] [stderr]   Downloaded libgit2-sys v0.15.1+1.6.4
[INFO] [stderr]   Downloaded rustix v0.37.13
[INFO] [stderr]   Downloaded xml-rs v0.8.7
[INFO] [stderr]   Downloaded rlua-lua54-sys v0.1.3
[INFO] [stderr]   Downloaded rlua v0.19.4
[INFO] [stderr]   Downloaded fd-lock v2.0.0
[INFO] [stderr]   Downloaded sea-strum_macros v0.21.2
[INFO] [stderr]   Downloaded sea-orm-macros v0.2.6
[INFO] [stderr]   Downloaded sea-query v0.17.3
[INFO] [stderr]   Downloaded kdbx-rs v0.4.0
[INFO] [stderr]   Downloaded sea-orm v0.2.6
[INFO] running `Command { std: "docker" "create" "-v" "/var/lib/crater-agent-workspace/builds/worker-2-tc1/target:/opt/rustwide/target:rw,Z" "-v" "/var/lib/crater-agent-workspace/builds/worker-2-tc1/source:/opt/rustwide/workdir:ro,Z" "-v" "/var/lib/crater-agent-workspace/cargo-home:/opt/rustwide/cargo-home:ro,Z" "-v" "/var/lib/crater-agent-workspace/rustup-home:/opt/rustwide/rustup-home:ro,Z" "-e" "SOURCE_DIR=/opt/rustwide/workdir" "-e" "CARGO_TARGET_DIR=/opt/rustwide/target" "-e" "CARGO_HOME=/opt/rustwide/cargo-home" "-e" "RUSTUP_HOME=/opt/rustwide/rustup-home" "-w" "/opt/rustwide/workdir" "-m" "1610612736" "--user" "0:0" "--network" "none" "ghcr.io/rust-lang/crates-build-env/linux@sha256:2788e3201cd34a07e3172128adcd8b3090168a8e3bcc40d7c032b9dda1df7d1c" "/opt/rustwide/cargo-home/bin/cargo" "+1.75.0" "metadata" "--no-deps" "--format-version=1", kill_on_drop: false }`
[INFO] [stdout] 756fd447fe64c6f8a6e3ddfe7391df86e33b048044d98c584241952ab7935664
[INFO] running `Command { std: "docker" "start" "-a" "756fd447fe64c6f8a6e3ddfe7391df86e33b048044d98c584241952ab7935664", kill_on_drop: false }`
[INFO] running `Command { std: "docker" "inspect" "756fd447fe64c6f8a6e3ddfe7391df86e33b048044d98c584241952ab7935664", kill_on_drop: false }`
[INFO] running `Command { std: "docker" "rm" "-f" "756fd447fe64c6f8a6e3ddfe7391df86e33b048044d98c584241952ab7935664", kill_on_drop: false }`
[INFO] [stdout] 756fd447fe64c6f8a6e3ddfe7391df86e33b048044d98c584241952ab7935664
[INFO] running `Command { std: "docker" "create" "-v" "/var/lib/crater-agent-workspace/builds/worker-2-tc1/target:/opt/rustwide/target:rw,Z" "-v" "/var/lib/crater-agent-workspace/builds/worker-2-tc1/source:/opt/rustwide/workdir:ro,Z" "-v" "/var/lib/crater-agent-workspace/cargo-home:/opt/rustwide/cargo-home:ro,Z" "-v" "/var/lib/crater-agent-workspace/rustup-home:/opt/rustwide/rustup-home:ro,Z" "-e" "SOURCE_DIR=/opt/rustwide/workdir" "-e" "CARGO_TARGET_DIR=/opt/rustwide/target" "-e" "CARGO_INCREMENTAL=0" "-e" "RUST_BACKTRACE=full" "-e" "RUSTFLAGS=--cap-lints=warn" "-e" "RUSTDOCFLAGS=--cap-lints=warn" "-e" "CARGO_HOME=/opt/rustwide/cargo-home" "-e" "RUSTUP_HOME=/opt/rustwide/rustup-home" "-w" "/opt/rustwide/workdir" "-m" "1610612736" "--user" "0:0" "--network" "none" "ghcr.io/rust-lang/crates-build-env/linux@sha256:2788e3201cd34a07e3172128adcd8b3090168a8e3bcc40d7c032b9dda1df7d1c" "/opt/rustwide/cargo-home/bin/cargo" "+1.75.0" "build" "--frozen" "--message-format=json", kill_on_drop: false }`
[INFO] [stdout] 087e7e0dd931c2abf15893f21f37c1abd21c5a6d022f688eeb27918e1b3278dc
[INFO] running `Command { std: "docker" "start" "-a" "087e7e0dd931c2abf15893f21f37c1abd21c5a6d022f688eeb27918e1b3278dc", kill_on_drop: false }`
[INFO] [stderr]    Compiling typenum v1.16.0
[INFO] [stderr]    Compiling generic-array v0.14.7
[INFO] [stderr]    Compiling getrandom v0.2.9
[INFO] [stderr]    Compiling log v0.4.17
[INFO] [stderr]    Compiling pin-project-lite v0.2.9
[INFO] [stderr]    Compiling syn v2.0.15
[INFO] [stderr]    Compiling serde_derive v1.0.160
[INFO] [stderr]    Compiling openssl-sys v0.9.87
[INFO] [stderr]    Compiling smallvec v1.10.0
[INFO] [stderr]    Compiling futures-core v0.3.28
[INFO] [stderr]    Compiling ahash v0.7.6
[INFO] [stderr]    Compiling serde v1.0.160
[INFO] [stderr]    Compiling syn v1.0.109
[INFO] [stderr]    Compiling slab v0.4.8
[INFO] [stderr]    Compiling lock_api v0.4.9
[INFO] [stderr]    Compiling futures-channel v0.3.28
[INFO] [stderr]    Compiling futures-sink v0.3.28
[INFO] [stderr]    Compiling parking_lot_core v0.9.7
[INFO] [stderr]    Compiling futures-task v0.3.28
[INFO] [stderr]    Compiling itoa v1.0.6
[INFO] [stderr]    Compiling hashbrown v0.12.3
[INFO] [stderr]    Compiling bytes v1.1.0
[INFO] [stderr]    Compiling scopeguard v1.1.0
[INFO] [stderr]    Compiling unicode-segmentation v1.10.1
[INFO] [stderr]    Compiling futures-util v0.3.28
[INFO] [stderr]    Compiling tokio v1.28.0
[INFO] [stderr]    Compiling indexmap v1.9.3
[INFO] [stderr]    Compiling futures-io v0.3.28
[INFO] [stderr]    Compiling parking_lot v0.12.1
[INFO] [stderr]    Compiling heck v0.3.3
[INFO] [stderr]    Compiling mio v0.8.6
[INFO] [stderr]    Compiling crypto-common v0.1.6
[INFO] [stderr]    Compiling block-padding v0.3.3
[INFO] [stderr]    Compiling inout v0.1.3
[INFO] [stderr]    Compiling libz-sys v1.1.8
[INFO] [stderr]    Compiling signal-hook-registry v1.4.1
[INFO] [stderr]    Compiling num_cpus v1.15.0
[INFO] [stderr]    Compiling socket2 v0.4.9
[INFO] [stderr]    Compiling cipher v0.4.4
[INFO] [stderr]    Compiling tracing-core v0.1.31
[INFO] [stderr]    Compiling proc-macro-error-attr v1.0.4
[INFO] [stderr]    Compiling num-integer v0.1.45
[INFO] [stderr]    Compiling arrayvec v0.7.2
[INFO] [stderr]    Compiling matches v0.1.10
[INFO] [stderr]    Compiling ryu v1.0.13
[INFO] [stderr]    Compiling openssl v0.10.52
[INFO] [stderr]    Compiling tracing v0.1.37
[INFO] [stderr]    Compiling http v0.2.9
[INFO] [stderr]    Compiling libssh2-sys v0.3.0
[INFO] [stderr]    Compiling proc-macro-error v1.0.4
[INFO] [stderr]    Compiling serde_json v1.0.96
[INFO] [stderr]    Compiling percent-encoding v2.3.0
[INFO] [stderr]    Compiling form_urlencoded v1.0.1
[INFO] [stderr]    Compiling native-tls v0.2.11
[INFO] [stderr]    Compiling unicode-normalization v0.1.22
[INFO] [stderr]    Compiling block-buffer v0.10.4
[INFO] [stderr]    Compiling rlua-lua54-sys v0.1.3
[INFO] [stderr]    Compiling time v0.1.45
[INFO] [stderr]    Compiling crossbeam-utils v0.8.15
[INFO] [stderr]    Compiling unicode-bidi v0.3.13
[INFO] [stderr]    Compiling rust_decimal v1.29.1
[INFO] [stderr]    Compiling cpufeatures v0.2.7
[INFO] [stderr]    Compiling try-lock v0.2.4
[INFO] [stderr]    Compiling subtle v2.4.1
[INFO] [stderr]    Compiling iana-time-zone v0.1.56
[INFO] [stderr]    Compiling convert_case v0.4.0
[INFO] [stderr]    Compiling libsqlite3-sys v0.26.0
[INFO] [stderr]    Compiling chrono v0.4.24
[INFO] [stderr]    Compiling digest v0.10.6
[INFO] [stderr]    Compiling idna v0.2.3
[INFO] [stderr]    Compiling want v0.3.0
[INFO] [stderr]    Compiling http-body v0.4.5
[INFO] [stderr]    Compiling rand_core v0.6.4
[INFO] [stderr]    Compiling futures-macro v0.3.28
[INFO] [stderr]    Compiling tokio-macros v2.1.0
[INFO] [stderr]    Compiling openssl-macros v0.1.1
[INFO] [stderr]    Compiling thiserror-impl v1.0.40
[INFO] [stderr]    Compiling libgit2-sys v0.15.1+1.6.4
[INFO] [stderr]    Compiling unicase v2.6.0
[INFO] [stderr]    Compiling async-trait v0.1.68
[INFO] [stderr]    Compiling arrayref v0.3.7
[INFO] [stderr]    Compiling constant_time_eq v0.2.5
[INFO] [stderr]    Compiling httpdate v1.0.2
[INFO] [stderr]    Compiling rle-decode-fast v1.0.3
[INFO] [stderr]    Compiling libflate_lz77 v1.2.0
[INFO] [stderr]    Compiling rand_chacha v0.3.1
[INFO] [stderr]    Compiling blake2b_simd v1.0.1
[INFO] [stderr]    Compiling sea-strum_macros v0.21.2
[INFO] [stderr]    Compiling bae v0.1.7
[INFO] [stderr]    Compiling thiserror v1.0.40
[INFO] [stderr]    Compiling sea-query-derive v0.2.0
[INFO] [stderr]    Compiling async-stream-impl v0.3.5
[INFO] [stderr]    Compiling url v2.3.0
[INFO] [stderr]    Compiling nibble_vec v0.1.0
[INFO] [stderr]    Compiling bstr v1.4.0
[INFO] [stderr]    Compiling dirs-sys-next v0.1.2
[INFO] [stderr]    Compiling atty v0.2.14
[INFO] [stderr]    Compiling constant_time_eq v0.1.5
[INFO] [stderr]    Compiling endian-type v0.1.2
[INFO] [stderr]    Compiling pulldown-cmark v0.8.0
[INFO] [stderr]    Compiling adler32 v1.2.0
[INFO] [stderr]    Compiling linked-hash-map v0.5.6
[INFO] [stderr]    Compiling rlua v0.19.4
[INFO] [stderr]    Compiling same-file v1.0.6
[INFO] [stderr]    Compiling os_str_bytes v6.5.0
[INFO] [stderr]    Compiling option-ext v0.2.0
[INFO] [stderr]    Compiling yaml-rust v0.4.5
[INFO] [stderr]    Compiling dirs-sys v0.4.1
[INFO] [stderr]    Compiling walkdir v2.3.3
[INFO] [stderr]    Compiling clap_lex v0.2.4
[INFO] [stderr]    Compiling futures-executor v0.3.28
[INFO] [stderr]    Compiling rust-argon2 v1.0.0
[INFO] [stderr]    Compiling libflate v1.3.0
[INFO] [stderr]    Compiling radix_trie v0.2.1
[INFO] [stderr]    Compiling globset v0.4.10
[INFO] [stderr]    Compiling futures v0.3.28
[INFO] [stderr]    Compiling dirs-next v2.0.0
[INFO] [stderr]    Compiling sea-strum v0.21.0
[INFO] [stderr]    Compiling async-stream v0.3.5
[INFO] [stderr]    Compiling sea-orm-macros v0.2.6
[INFO] [stderr]    Compiling tokio-util v0.7.8
[INFO] [stderr]    Compiling tokio-native-tls v0.3.1
[INFO] [stderr]    Compiling rand v0.8.5
[INFO] [stderr]    Compiling getopts v0.2.21
[INFO] [stderr]    Compiling h2 v0.3.18
[INFO] [stderr]    Compiling console v0.15.5
[INFO] [stderr]    Compiling derive_more v0.99.17
[INFO] [stderr]    Compiling hmac v0.12.1
[INFO] [stderr]    Compiling sha2 v0.10.6
[INFO] [stderr]    Compiling uuid v0.8.2
[INFO] [stderr]    Compiling serde_urlencoded v0.7.1
[INFO] [stderr]    Compiling uuid v1.3.2
[INFO] [stderr]    Compiling aes v0.8.2
[INFO] [stderr]    Compiling chacha20 v0.9.1
[INFO] [stderr]    Compiling salsa20 v0.10.2
[INFO] [stderr]    Compiling cbc v0.1.2
[INFO] [stderr]    Compiling twofish v0.7.1
[INFO] [stderr]    Compiling hashlink v0.8.1
[INFO] [stderr]    Compiling sea-query v0.17.3
[INFO] [stderr]    Compiling nix v0.20.0
[INFO] [stderr]    Compiling bstr v0.2.17
[INFO] [stderr]    Compiling fd-lock v2.0.0
[INFO] [stderr]    Compiling encoding_rs v0.8.32
[INFO] [stderr]    Compiling bitflags v2.2.1
[INFO] [stderr]    Compiling xml-rs v0.8.7
[INFO] [stderr]    Compiling numtoa v0.1.0
[INFO] [stderr]    Compiling ipnet v2.7.2
[INFO] [stderr]    Compiling hyper v0.14.26
[INFO] [stderr]    Compiling termcolor v1.2.0
[INFO] [stderr]    Compiling fallible-iterator v0.2.0
[INFO] [stderr]    Compiling textwrap v0.16.0
[INFO] [stderr]    Compiling base64 v0.21.0
[INFO] [stderr]    Compiling number_prefix v0.4.0
[INFO] [stderr]    Compiling fallible-streaming-iterator v0.1.9
[INFO] [stderr]    Compiling rusqlite v0.29.0
[INFO] [stderr]    Compiling indicatif v0.16.2
[INFO] [stderr]    Compiling clap v3.2.25
[INFO] [stderr]    Compiling kdbx-rs v0.4.0
[INFO] [stderr]    Compiling sea-orm v0.2.6
[INFO] [stderr]    Compiling rustyline v8.2.0
[INFO] [stderr]    Compiling hyper-tls v0.5.0
[INFO] [stderr]    Compiling reqwest v0.11.17
[INFO] [stderr]    Compiling termion v1.5.6
[INFO] [stderr]    Compiling serde_yaml v0.8.26
[INFO] [stderr]    Compiling globmatch v0.2.4
[INFO] [stderr]    Compiling dirs v5.0.1
[INFO] [stderr]    Compiling colored v2.0.0
[INFO] [stderr]    Compiling home v0.5.4
[INFO] [stderr]    Compiling git2 v0.17.1
[INFO] [stderr]    Compiling valis-core v0.1.9 (/opt/rustwide/workdir)
[INFO] [stdout] warning: unused imports: `Context`, `Lua`
[INFO] [stdout]  --> src/modules/formats/yaml.rs:5:12
[INFO] [stdout]   |
[INFO] [stdout] 5 | use rlua::{Context, Lua};
[INFO] [stdout]   |            ^^^^^^^  ^^^
[INFO] [stdout]   |
[INFO] [stdout]   = note: `#[warn(unused_imports)]` on by default
[INFO] [stdout] 
[INFO] [stdout] 
[INFO] [stdout] warning: unused imports: `Deserialize`, `Serialize`
[INFO] [stdout]  --> src/modules/formats/yaml.rs:6:13
[INFO] [stdout]   |
[INFO] [stdout] 6 | use serde::{Deserialize, Serialize};
[INFO] [stdout]   |             ^^^^^^^^^^^  ^^^^^^^^^
[INFO] [stdout] 
[INFO] [stdout] 
[INFO] [stdout] warning: unused import: `serde_yaml::Mapping`
[INFO] [stdout]  --> src/modules/formats/yaml.rs:7:5
[INFO] [stdout]   |
[INFO] [stdout] 7 | use serde_yaml::Mapping;
[INFO] [stdout]   |     ^^^^^^^^^^^^^^^^^^^
[INFO] [stdout] 
[INFO] [stdout] 
[INFO] [stdout] warning: unused imports: `Context`, `Table`
[INFO] [stdout]  --> src/modules/k8s/kind.rs:3:12
[INFO] [stdout]   |
[INFO] [stdout] 3 | use rlua::{Context, Table};
[INFO] [stdout]   |            ^^^^^^^  ^^^^^
[INFO] [stdout] 
[INFO] [stdout] 
[INFO] [stdout] warning: unused import: `HashSet`
[INFO] [stdout]  --> src/modules/notes/humble.rs:1:33
[INFO] [stdout]   |
[INFO] [stdout] 1 | use std::collections::{HashMap, HashSet};
[INFO] [stdout]   |                                 ^^^^^^^
[INFO] [stdout] 
[INFO] [stdout] 
[INFO] [stdout] warning: unused imports: `File`, `copy`
[INFO] [stdout]  --> src/modules/notes/humble.rs:3:15
[INFO] [stdout]   |
[INFO] [stdout] 3 | use std::fs::{copy, File};
[INFO] [stdout]   |               ^^^^  ^^^^
[INFO] [stdout] 
[INFO] [stdout] 
[INFO] [stdout] warning: unused imports: `Read`, `Write`
[INFO] [stdout]  --> src/modules/notes/humble.rs:4:15
[INFO] [stdout]   |
[INFO] [stdout] 4 | use std::io::{Read, Write};
[INFO] [stdout]   |               ^^^^  ^^^^^
[INFO] [stdout] 
[INFO] [stdout] 
[INFO] [stdout] warning: unused imports: `Event`, `Parser`, `Tag`
[INFO] [stdout]  --> src/modules/notes/humble.rs:8:22
[INFO] [stdout]   |
[INFO] [stdout] 8 | use pulldown_cmark::{Event, Parser, Tag};
[INFO] [stdout]   |                      ^^^^^  ^^^^^^  ^^^
[INFO] [stdout] 
[INFO] [stdout] 
[INFO] [stdout] warning: unused import: `serde::Deserialize`
[INFO] [stdout]   --> src/modules/notes/humble.rs:10:5
[INFO] [stdout]    |
[INFO] [stdout] 10 | use serde::Deserialize;
[INFO] [stdout]    |     ^^^^^^^^^^^^^^^^^^
[INFO] [stdout] 
[INFO] [stdout] 
[INFO] [stdout] warning: unused imports: `DirEntry`, `WalkDir`
[INFO] [stdout]   --> src/modules/notes/humble.rs:11:15
[INFO] [stdout]    |
[INFO] [stdout] 11 | use walkdir::{DirEntry, WalkDir};
[INFO] [stdout]    |               ^^^^^^^^  ^^^^^^^
[INFO] [stdout] 
[INFO] [stdout] 
[INFO] [stdout] warning: unused import: `Path`
[INFO] [stdout]  --> src/modules/notes/markdown.rs:5:17
[INFO] [stdout]   |
[INFO] [stdout] 5 | use std::path::{Path, PathBuf};
[INFO] [stdout]   |                 ^^^^
[INFO] [stdout] 
[INFO] [stdout] 
[INFO] [stdout] warning: unused imports: `Context`, `Lua`, `Table`, `ToLuaMulti`, `ToLua`
[INFO] [stdout]   --> src/modules/notes/markdown.rs:11:12
[INFO] [stdout]    |
[INFO] [stdout] 11 | use rlua::{Context, Lua, Table, ToLua, ToLuaMulti};
[INFO] [stdout]    |            ^^^^^^^  ^^^  ^^^^^  ^^^^^  ^^^^^^^^^^
[INFO] [stdout] 
[INFO] [stdout] 
[INFO] [stdout] warning: unused import: `crate::modules::notes::markdown::WikilinkType::TEXT`
[INFO] [stdout]   --> src/modules/notes/markdown.rs:14:5
[INFO] [stdout]    |
[INFO] [stdout] 14 | use crate::modules::notes::markdown::WikilinkType::TEXT;
[INFO] [stdout]    |     ^^^^^^^^^^^^^^^^^^^^^^^^^^^^^^^^^^^^^^^^^^^^^^^^^^^
[INFO] [stdout] 
[INFO] [stdout] 
[INFO] [stdout] warning: unused imports: `FromSql`, `ValueRef`
[INFO] [stdout]  --> src/modules/projects/agile/core.rs:5:23
[INFO] [stdout]   |
[INFO] [stdout] 5 | use rusqlite::types::{FromSql, ValueRef};
[INFO] [stdout]   |                       ^^^^^^^  ^^^^^^^^
[INFO] [stdout] 
[INFO] [stdout] 
[INFO] [stdout] warning: unused import: `serializers`
[INFO] [stdout]   --> src/modules/projects/agile/core.rs:13:42
[INFO] [stdout]    |
[INFO] [stdout] 13 | use crate::modules::db::{get_connection, serializers};
[INFO] [stdout]    |                                          ^^^^^^^^^^^
[INFO] [stdout] 
[INFO] [stdout] 
[INFO] [stdout] warning: unused imports: `Lua`, `Result`, `ToLua`, `UserData`
[INFO] [stdout]  --> src/modules/projects/agile/lua.rs:1:21
[INFO] [stdout]   |
[INFO] [stdout] 1 | use rlua::{Context, Lua, Result, ToLua, UserData};
[INFO] [stdout]   |                     ^^^  ^^^^^^  ^^^^^  ^^^^^^^^
[INFO] [stdout] 
[INFO] [stdout] 
[INFO] [stdout] warning: unused import: `rlua::Error as LuaError`
[INFO] [stdout]  --> src/modules/projects/agile/lua.rs:2:5
[INFO] [stdout]   |
[INFO] [stdout] 2 | use rlua::Error as LuaError;
[INFO] [stdout]   |     ^^^^^^^^^^^^^^^^^^^^^^^
[INFO] [stdout] 
[INFO] [stdout] 
[INFO] [stdout] warning: unused import: `rlua::FromLua`
[INFO] [stdout]  --> src/modules/projects/agile/lua.rs:3:5
[INFO] [stdout]   |
[INFO] [stdout] 3 | use rlua::FromLua;
[INFO] [stdout]   |     ^^^^^^^^^^^^^
[INFO] [stdout] 
[INFO] [stdout] 
[INFO] [stdout] warning: unused import: `rlua::Table`
[INFO] [stdout]  --> src/modules/projects/agile/lua.rs:4:5
[INFO] [stdout]   |
[INFO] [stdout] 4 | use rlua::Table;
[INFO] [stdout]   |     ^^^^^^^^^^^
[INFO] [stdout] 
[INFO] [stdout] 
[INFO] [stdout] warning: unused import: `Branches`
[INFO] [stdout]  --> src/modules/projects/git/core.rs:3:12
[INFO] [stdout]   |
[INFO] [stdout] 3 | use git2::{Branches, Error, Repository, RepositoryOpenFlags};
[INFO] [stdout]   |            ^^^^^^^^
[INFO] [stdout] 
[INFO] [stdout] 
[INFO] [stdout] warning: unused import: `std::env`
[INFO] [stdout]  --> src/modules/projects/git/lua.rs:1:5
[INFO] [stdout]   |
[INFO] [stdout] 1 | use std::env;
[INFO] [stdout]   |     ^^^^^^^^
[INFO] [stdout] 
[INFO] [stdout] 
[INFO] [stdout] warning: unused import: `std::str::FromStr`
[INFO] [stdout]  --> src/modules/projects/git/lua.rs:3:5
[INFO] [stdout]   |
[INFO] [stdout] 3 | use std::str::FromStr;
[INFO] [stdout]   |     ^^^^^^^^^^^^^^^^^
[INFO] [stdout] 
[INFO] [stdout] 
[INFO] [stdout] warning: unused imports: `ExternalError`, `Lua`
[INFO] [stdout]  --> src/modules/projects/git/lua.rs:5:28
[INFO] [stdout]   |
[INFO] [stdout] 5 | use rlua::{Context, Error, ExternalError, Lua};
[INFO] [stdout]   |                            ^^^^^^^^^^^^^  ^^^
[INFO] [stdout] 
[INFO] [stdout] 
[INFO] [stdout] warning: unused import: `rlua::prelude::LuaError`
[INFO] [stdout]  --> src/modules/projects/git/lua.rs:6:5
[INFO] [stdout]   |
[INFO] [stdout] 6 | use rlua::prelude::LuaError;
[INFO] [stdout]   |     ^^^^^^^^^^^^^^^^^^^^^^^
[INFO] [stdout] 
[INFO] [stdout] 
[INFO] [stdout] warning: unused import: `tokio::runtime::Runtime`
[INFO] [stdout]  --> src/modules/projects/git/lua.rs:7:5
[INFO] [stdout]   |
[INFO] [stdout] 7 | use tokio::runtime::Runtime;
[INFO] [stdout]   |     ^^^^^^^^^^^^^^^^^^^^^^^
[INFO] [stdout] 
[INFO] [stdout] 
[INFO] [stdout] warning: unused import: `uuid::Uuid`
[INFO] [stdout]  --> src/modules/projects/git/lua.rs:8:5
[INFO] [stdout]   |
[INFO] [stdout] 8 | use uuid::Uuid;
[INFO] [stdout]   |     ^^^^^^^^^^
[INFO] [stdout] 
[INFO] [stdout] 
[INFO] [stdout] warning: unused import: `std::env`
[INFO] [stdout]  --> src/modules/projects/git/github.rs:2:5
[INFO] [stdout]   |
[INFO] [stdout] 2 | use std::env;
[INFO] [stdout]   |     ^^^^^^^^
[INFO] [stdout] 
[INFO] [stdout] 
[INFO] [stdout] warning: unused import: `env`
[INFO] [stdout]  --> src/modules/projects/venv.rs:1:11
[INFO] [stdout]   |
[INFO] [stdout] 1 | use std::{env, path::PathBuf};
[INFO] [stdout]   |           ^^^
[INFO] [stdout] 
[INFO] [stdout] 
[INFO] [stdout] warning: unused import: `std::error::Error`
[INFO] [stdout]  --> src/modules/tasks/todoist/core.rs:1:5
[INFO] [stdout]   |
[INFO] [stdout] 1 | use std::error::Error;
[INFO] [stdout]   |     ^^^^^^^^^^^^^^^^^
[INFO] [stdout] 
[INFO] [stdout] 
[INFO] [stdout] warning: unused import: `std::str::FromStr`
[INFO] [stdout]  --> src/modules/tasks/todoist/lua.rs:2:5
[INFO] [stdout]   |
[INFO] [stdout] 2 | use std::str::FromStr;
[INFO] [stdout]   |     ^^^^^^^^^^^^^^^^^
[INFO] [stdout] 
[INFO] [stdout] 
[INFO] [stdout] warning: unused imports: `ExternalError`, `Lua`
[INFO] [stdout]  --> src/modules/tasks/todoist/lua.rs:4:28
[INFO] [stdout]   |
[INFO] [stdout] 4 | use rlua::{Context, Error, ExternalError, Lua};
[INFO] [stdout]   |                            ^^^^^^^^^^^^^  ^^^
[INFO] [stdout] 
[INFO] [stdout] 
[INFO] [stdout] warning: unused import: `rlua::prelude::LuaError`
[INFO] [stdout]  --> src/modules/tasks/todoist/lua.rs:5:5
[INFO] [stdout]   |
[INFO] [stdout] 5 | use rlua::prelude::LuaError;
[INFO] [stdout]   |     ^^^^^^^^^^^^^^^^^^^^^^^
[INFO] [stdout] 
[INFO] [stdout] 
[INFO] [stdout] warning: unused import: `std::env`
[INFO] [stdout]  --> src/modules/script/engine.rs:1:5
[INFO] [stdout]   |
[INFO] [stdout] 1 | use std::env;
[INFO] [stdout]   |     ^^^^^^^^
[INFO] [stdout] 
[INFO] [stdout] 
[INFO] [stdout] warning: unused imports: `ToLua`, `UserData`
[INFO] [stdout]  --> src/modules/script/engine.rs:4:34
[INFO] [stdout]   |
[INFO] [stdout] 4 | use rlua::{Context, Lua, Result, ToLua, UserData, Value};
[INFO] [stdout]   |                                  ^^^^^  ^^^^^^^^
[INFO] [stdout] 
[INFO] [stdout] 
[INFO] [stdout] warning: unused import: `rlua::FromLua`
[INFO] [stdout]  --> src/modules/script/engine.rs:6:5
[INFO] [stdout]   |
[INFO] [stdout] 6 | use rlua::FromLua;
[INFO] [stdout]   |     ^^^^^^^^^^^^^
[INFO] [stdout] 
[INFO] [stdout] 
[INFO] [stdout] warning: unused import: `tokio::runtime::Runtime`
[INFO] [stdout]  --> src/modules/script/engine.rs:9:5
[INFO] [stdout]   |
[INFO] [stdout] 9 | use tokio::runtime::Runtime;
[INFO] [stdout]   |     ^^^^^^^^^^^^^^^^^^^^^^^
[INFO] [stdout] 
[INFO] [stdout] 
[INFO] [stdout] warning: unused import: `uuid::Uuid`
[INFO] [stdout]   --> src/modules/script/engine.rs:10:5
[INFO] [stdout]    |
[INFO] [stdout] 10 | use uuid::Uuid;
[INFO] [stdout]    |     ^^^^^^^^^^
[INFO] [stdout] 
[INFO] [stdout] 
[INFO] [stdout] warning: unused import: `db`
[INFO] [stdout]   --> src/modules/script/engine.rs:12:28
[INFO] [stdout]    |
[INFO] [stdout] 12 | use crate::modules::{core, db};
[INFO] [stdout]    |                            ^^
[INFO] [stdout] 
[INFO] [stdout] 
[INFO] [stdout] warning: unused import: `crate::modules::db::serializers::SerializableDateTime`
[INFO] [stdout]   --> src/modules/script/engine.rs:14:5
[INFO] [stdout]    |
[INFO] [stdout] 14 | use crate::modules::db::serializers::SerializableDateTime;
[INFO] [stdout]    |     ^^^^^^^^^^^^^^^^^^^^^^^^^^^^^^^^^^^^^^^^^^^^^^^^^^^^^
[INFO] [stdout] 
[INFO] [stdout] 
[INFO] [stdout] warning: unused import: `Owned`
[INFO] [stdout]  --> src/modules/script/repl.rs:1:40
[INFO] [stdout]   |
[INFO] [stdout] 1 | use std::borrow::Cow::{self, Borrowed, Owned};
[INFO] [stdout]   |                                        ^^^^^
[INFO] [stdout] 
[INFO] [stdout] 
[INFO] [stdout] warning: unused import: `lazy_static::lazy_static`
[INFO] [stdout]  --> src/modules/software/definitions.rs:2:5
[INFO] [stdout]   |
[INFO] [stdout] 2 | use lazy_static::lazy_static;
[INFO] [stdout]   |     ^^^^^^^^^^^^^^^^^^^^^^^^
[INFO] [stdout] 
[INFO] [stdout] 
[INFO] [stdout] warning: unused import: `std::path::PathBuf`
[INFO] [stdout]  --> src/modules/software/definitions.rs:3:5
[INFO] [stdout]   |
[INFO] [stdout] 3 | use std::path::PathBuf;
[INFO] [stdout]   |     ^^^^^^^^^^^^^^^^^^
[INFO] [stdout] 
[INFO] [stdout] 
[INFO] [stdout] warning: use of deprecated method `chrono::NaiveDate::and_hms`: use `and_hms_opt()` instead
[INFO] [stdout]   --> src/modules/db/serializers.rs:77:54
[INFO] [stdout]    |
[INFO] [stdout] 77 |         let datetime = DateTime::from_utc(naive_date.and_hms(0, 0, 0), Utc);
[INFO] [stdout]    |                                                      ^^^^^^^
[INFO] [stdout]    |
[INFO] [stdout]    = note: `#[warn(deprecated)]` on by default
[INFO] [stdout] 
[INFO] [stdout] 
[INFO] [stdout] warning: unused import: `crate::modules::db::DatabaseOperations`
[INFO] [stdout]   --> src/modules/script/engine.rs:13:5
[INFO] [stdout]    |
[INFO] [stdout] 13 | use crate::modules::db::DatabaseOperations;
[INFO] [stdout]    |     ^^^^^^^^^^^^^^^^^^^^^^^^^^^^^^^^^^^^^^
[INFO] [stdout] 
[INFO] [stdout] 
[INFO] [stdout] warning: unused variable: `reader`
[INFO] [stdout]   --> src/modules/admin/secrets.rs:22:9
[INFO] [stdout]    |
[INFO] [stdout] 22 |     let reader = BufReader::new(file);
[INFO] [stdout]    |         ^^^^^^ help: if this is intentional, prefix it with an underscore: `_reader`
[INFO] [stdout]    |
[INFO] [stdout]    = note: `#[warn(unused_variables)]` on by default
[INFO] [stdout] 
[INFO] [stdout] 
[INFO] [stdout] warning: unused variable: `id`
[INFO] [stdout]   --> src/modules/projects/agile/core.rs:41:12
[INFO] [stdout]    |
[INFO] [stdout] 41 |     fn get(id: String, db: &str) -> Result<Self, rusqlite::Error> where Self: Sized {
[INFO] [stdout]    |            ^^ help: if this is intentional, prefix it with an underscore: `_id`
[INFO] [stdout] 
[INFO] [stdout] 
[INFO] [stdout] warning: unused variable: `db`
[INFO] [stdout]   --> src/modules/projects/agile/core.rs:41:24
[INFO] [stdout]    |
[INFO] [stdout] 41 |     fn get(id: String, db: &str) -> Result<Self, rusqlite::Error> where Self: Sized {
[INFO] [stdout]    |                        ^^ help: if this is intentional, prefix it with an underscore: `_db`
[INFO] [stdout] 
[INFO] [stdout] 
[INFO] [stdout] warning: unused variable: `row`
[INFO] [stdout]   --> src/modules/projects/agile/core.rs:71:12
[INFO] [stdout]    |
[INFO] [stdout] 71 |     fn map(row: &Row<'_>) -> std::result::Result<Self, rusqlite::Error> where Self: Sized {
[INFO] [stdout]    |            ^^^ help: if this is intentional, prefix it with an underscore: `_row`
[INFO] [stdout] 
[INFO] [stdout] 
[INFO] [stdout] warning: unused variable: `ctx`
[INFO] [stdout]    --> src/modules/projects/agile/lua.rs:102:14
[INFO] [stdout]     |
[INFO] [stdout] 102 |             |ctx, (id, path): (String, String)| {
[INFO] [stdout]     |              ^^^ help: if this is intentional, prefix it with an underscore: `_ctx`
[INFO] [stdout] 
[INFO] [stdout] 
[INFO] [stdout] warning: unused variable: `user`
[INFO] [stdout]   --> src/modules/projects/git/github.rs:18:30
[INFO] [stdout]    |
[INFO] [stdout] 18 | pub fn github_get_milestones(user: String, token: String, org: String, repo: String) -> Result<HashMap<String, String>, Box<dyn std::erro...
[INFO] [stdout]    |                              ^^^^ help: if this is intentional, prefix it with an underscore: `_user`
[INFO] [stdout] 
[INFO] [stdout] 
[INFO] [stdout] warning: unused variable: `user`
[INFO] [stdout]   --> src/modules/projects/git/github.rs:36:36
[INFO] [stdout]    |
[INFO] [stdout] 36 | pub fn github_get_milestone_issues(user: String, token: String, org: String, repo: String, milestone_number: i32) -> Result<Vec<String>, ...
[INFO] [stdout]    |                                    ^^^^ help: if this is intentional, prefix it with an underscore: `_user`
[INFO] [stdout] 
[INFO] [stdout] 
[INFO] [stdout] warning: unused variable: `venv`
[INFO] [stdout]   --> src/modules/projects/venv.rs:38:16
[INFO] [stdout]    |
[INFO] [stdout] 38 | pub fn rebuild(venv: VirtualEnv) {
[INFO] [stdout]    |                ^^^^ help: if this is intentional, prefix it with an underscore: `_venv`
[INFO] [stdout] 
[INFO] [stdout] 
[INFO] [stdout] warning: unused variable: `db`
[INFO] [stdout]   --> src/modules/tasks/todoist/core.rs:35:20
[INFO] [stdout]    |
[INFO] [stdout] 35 |     fn save(&self, db: &str) -> Result<(), std::fmt::Error> {
[INFO] [stdout]    |                    ^^ help: if this is intentional, prefix it with an underscore: `_db`
[INFO] [stdout] 
[INFO] [stdout] 
[INFO] [stdout] warning: unused variable: `id`
[INFO] [stdout]   --> src/modules/tasks/todoist/core.rs:39:12
[INFO] [stdout]    |
[INFO] [stdout] 39 |     fn get(id: String, db: &str) -> Result<Self, rusqlite::Error> where Self: Sized {
[INFO] [stdout]    |            ^^ help: if this is intentional, prefix it with an underscore: `_id`
[INFO] [stdout] 
[INFO] [stdout] 
[INFO] [stdout] warning: unused variable: `db`
[INFO] [stdout]   --> src/modules/tasks/todoist/core.rs:39:24
[INFO] [stdout]    |
[INFO] [stdout] 39 |     fn get(id: String, db: &str) -> Result<Self, rusqlite::Error> where Self: Sized {
[INFO] [stdout]    |                        ^^ help: if this is intentional, prefix it with an underscore: `_db`
[INFO] [stdout] 
[INFO] [stdout] 
[INFO] [stdout] warning: unused variable: `row`
[INFO] [stdout]   --> src/modules/tasks/todoist/core.rs:86:12
[INFO] [stdout]    |
[INFO] [stdout] 86 |     fn map(row: &Row<'_>) -> Result<Self, rusqlite::Error> where Self: Sized {
[INFO] [stdout]    |            ^^^ help: if this is intentional, prefix it with an underscore: `_row`
[INFO] [stdout] 
[INFO] [stdout] 
[INFO] [stdout] warning: unused variable: `e`
[INFO] [stdout]   --> src/modules/tasks/todoist/lua.rs:42:29
[INFO] [stdout]    |
[INFO] [stdout] 42 |                         Err(e) => Err(Error::RuntimeError("Could not save task to Sprint".to_string()))
[INFO] [stdout]    |                             ^ help: if this is intentional, prefix it with an underscore: `_e`
[INFO] [stdout] 
[INFO] [stdout] 
[INFO] [stdout] warning: unused variable: `e`
[INFO] [stdout]   --> src/modules/tasks/todoist/lua.rs:45:21
[INFO] [stdout]    |
[INFO] [stdout] 45 |                 Err(e) => {
[INFO] [stdout]    |                     ^ help: if this is intentional, prefix it with an underscore: `_e`
[INFO] [stdout] 
[INFO] [stdout] 
[INFO] [stdout] warning: unused variable: `v`
[INFO] [stdout]   --> src/modules/script/engine.rs:98:21
[INFO] [stdout]    |
[INFO] [stdout] 98 |                 let v = update_yaml_value(&file_path, &yaml_key_path, &new_value)
[INFO] [stdout]    |                     ^ help: if this is intentional, prefix it with an underscore: `_v`
[INFO] [stdout] 
[INFO] [stdout] 
[INFO] [stdout] warning: unused variable: `e`
[INFO] [stdout]    --> src/modules/script/engine.rs:111:25
[INFO] [stdout]     |
[INFO] [stdout] 111 |                     Err(e) => Err(LuaError::RuntimeError(
[INFO] [stdout]     |                         ^ help: if this is intentional, prefix it with an underscore: `_e`
[INFO] [stdout] 
[INFO] [stdout] 
[INFO] [stdout] warning: unused variable: `e`
[INFO] [stdout]    --> src/modules/script/engine.rs:122:17
[INFO] [stdout]     |
[INFO] [stdout] 122 |             Err(e) => Err(LuaError::RuntimeError(
[INFO] [stdout]     |                 ^ help: if this is intentional, prefix it with an underscore: `_e`
[INFO] [stdout] 
[INFO] [stdout] 
[INFO] [stdout] warning: unused variable: `e`
[INFO] [stdout]    --> src/modules/script/engine.rs:131:17
[INFO] [stdout]     |
[INFO] [stdout] 131 |             Err(e) => Err(LuaError::RuntimeError(
[INFO] [stdout]     |                 ^ help: if this is intentional, prefix it with an underscore: `_e`
[INFO] [stdout] 
[INFO] [stdout] 
[INFO] [stdout] warning: function `directory_exists` is never used
[INFO] [stdout]   --> src/modules/core.rs:77:4
[INFO] [stdout]    |
[INFO] [stdout] 77 | fn directory_exists(path: &Path) -> bool {
[INFO] [stdout]    |    ^^^^^^^^^^^^^^^^
[INFO] [stdout]    |
[INFO] [stdout]    = note: `#[warn(dead_code)]` on by default
[INFO] [stdout] 
[INFO] [stdout] 
[INFO] [stdout] warning: method `is_active` is never used
[INFO] [stdout]    --> src/modules/projects/agile/core.rs:183:8
[INFO] [stdout]     |
[INFO] [stdout] 182 | impl Sprint {
[INFO] [stdout]     | ----------- method in this implementation
[INFO] [stdout] 183 |     fn is_active(&self) -> bool {
[INFO] [stdout]     |        ^^^^^^^^^
[INFO] [stdout] 
[INFO] [stdout] 
[INFO] [stdout] warning: field `name` is never read
[INFO] [stdout]  --> src/modules/projects/venv.rs:7:5
[INFO] [stdout]   |
[INFO] [stdout] 6 | pub struct VirtualEnv {
[INFO] [stdout]   |            ---------- field in this struct
[INFO] [stdout] 7 |     name: String,
[INFO] [stdout]   |     ^^^^
[INFO] [stdout]   |
[INFO] [stdout]   = note: `VirtualEnv` has a derived impl for the trait `Debug`, but this is intentionally ignored during dead code analysis
[INFO] [stdout] 
[INFO] [stdout] 
[INFO] [stdout] warning: function `get_task_by_id` is never used
[INFO] [stdout]   --> src/modules/tasks/todoist/core.rs:91:4
[INFO] [stdout]    |
[INFO] [stdout] 91 | fn get_task_by_id(db: &str, id: String) -> Result<Task, std::fmt::Error> {
[INFO] [stdout]    |    ^^^^^^^^^^^^^^
[INFO] [stdout] 
[INFO] [stdout] 
[INFO] [stdout] warning: unused comparison that must be used
[INFO] [stdout]    --> src/modules/notes/humble.rs:130:13
[INFO] [stdout]     |
[INFO] [stdout] 130 |             page.title == "_index";
[INFO] [stdout]     |             ^^^^^^^^^^^^^^^^^^^^^^ the comparison produces a value
[INFO] [stdout]     |
[INFO] [stdout]     = note: `#[warn(unused_must_use)]` on by default
[INFO] [stdout] help: use `let _ = ...` to ignore the resulting value
[INFO] [stdout]     |
[INFO] [stdout] 130 |             let _ = page.title == "_index";
[INFO] [stdout]     |             +++++++
[INFO] [stdout] 
[INFO] [stdout] 
[INFO] [stdout] warning: unused `Result` that must be used
[INFO] [stdout]   --> src/modules/tasks/todoist/lua.rs:18:21
[INFO] [stdout]    |
[INFO] [stdout] 18 |                     db::init_db(&db);
[INFO] [stdout]    |                     ^^^^^^^^^^^^^^^^
[INFO] [stdout]    |
[INFO] [stdout]    = note: this `Result` may be an `Err` variant, which should be handled
[INFO] [stdout] help: use `let _ = ...` to ignore the resulting value
[INFO] [stdout]    |
[INFO] [stdout] 18 |                     let _ = db::init_db(&db);
[INFO] [stdout]    |                     +++++++
[INFO] [stdout] 
[INFO] [stdout] 
[INFO] [stdout] warning: unused `Result` that must be used
[INFO] [stdout]   --> src/modules/script/engine.rs:77:13
[INFO] [stdout]    |
[INFO] [stdout] 77 |             repo.clone();
[INFO] [stdout]    |             ^^^^^^^^^^^^
[INFO] [stdout]    |
[INFO] [stdout]    = note: this `Result` may be an `Err` variant, which should be handled
[INFO] [stdout] help: use `let _ = ...` to ignore the resulting value
[INFO] [stdout]    |
[INFO] [stdout] 77 |             let _ = repo.clone();
[INFO] [stdout]    |             +++++++
[INFO] [stdout] 
[INFO] [stdout] 
[INFO] [stdout] warning: 69 warnings emitted
[INFO] [stdout] 
[INFO] [stdout] 
[INFO] [stdout] warning: unused import: `std::env`
[INFO] [stdout]  --> src/main.rs:1:5
[INFO] [stdout]   |
[INFO] [stdout] 1 | use std::env;
[INFO] [stdout]   |     ^^^^^^^^
[INFO] [stdout]   |
[INFO] [stdout]   = note: `#[warn(unused_imports)]` on by default
[INFO] [stdout] 
[INFO] [stdout] 
[INFO] [stdout] warning: variable `githubAuth` should have a snake case name
[INFO] [stdout]   --> src/main.rs:35:17
[INFO] [stdout]    |
[INFO] [stdout] 35 |             let githubAuth = authinfo::find_auth_info_for_machine("api.github.com", authinfos).get(0).cloned().unwrap();
[INFO] [stdout]    |                 ^^^^^^^^^^ help: convert the identifier to snake case: `github_auth`
[INFO] [stdout]    |
[INFO] [stdout]    = note: `#[warn(non_snake_case)]` on by default
[INFO] [stdout] 
[INFO] [stdout] 
[INFO] [stdout] warning: 2 warnings emitted
[INFO] [stdout] 
[INFO] [stdout] 
[INFO] [stderr]     Finished dev [unoptimized + debuginfo] target(s) in 1m 08s
[INFO] running `Command { std: "docker" "inspect" "087e7e0dd931c2abf15893f21f37c1abd21c5a6d022f688eeb27918e1b3278dc", kill_on_drop: false }`
[INFO] running `Command { std: "docker" "rm" "-f" "087e7e0dd931c2abf15893f21f37c1abd21c5a6d022f688eeb27918e1b3278dc", kill_on_drop: false }`
[INFO] [stdout] 087e7e0dd931c2abf15893f21f37c1abd21c5a6d022f688eeb27918e1b3278dc
[INFO] running `Command { std: "docker" "create" "-v" "/var/lib/crater-agent-workspace/builds/worker-2-tc1/target:/opt/rustwide/target:rw,Z" "-v" "/var/lib/crater-agent-workspace/builds/worker-2-tc1/source:/opt/rustwide/workdir:ro,Z" "-v" "/var/lib/crater-agent-workspace/cargo-home:/opt/rustwide/cargo-home:ro,Z" "-v" "/var/lib/crater-agent-workspace/rustup-home:/opt/rustwide/rustup-home:ro,Z" "-e" "SOURCE_DIR=/opt/rustwide/workdir" "-e" "CARGO_TARGET_DIR=/opt/rustwide/target" "-e" "CARGO_INCREMENTAL=0" "-e" "RUST_BACKTRACE=full" "-e" "RUSTFLAGS=--cap-lints=warn" "-e" "RUSTDOCFLAGS=--cap-lints=warn" "-e" "CARGO_HOME=/opt/rustwide/cargo-home" "-e" "RUSTUP_HOME=/opt/rustwide/rustup-home" "-w" "/opt/rustwide/workdir" "-m" "1610612736" "--user" "0:0" "--network" "none" "ghcr.io/rust-lang/crates-build-env/linux@sha256:2788e3201cd34a07e3172128adcd8b3090168a8e3bcc40d7c032b9dda1df7d1c" "/opt/rustwide/cargo-home/bin/cargo" "+1.75.0" "test" "--frozen" "--no-run" "--message-format=json", kill_on_drop: false }`
[INFO] [stdout] a954840d6d084c31f8c3a856fbabdc1f23804fb3daf056bbca1af67a83df5912
[INFO] running `Command { std: "docker" "start" "-a" "a954840d6d084c31f8c3a856fbabdc1f23804fb3daf056bbca1af67a83df5912", kill_on_drop: false }`
[INFO] [stdout] warning: unused imports: `Context`, `Lua`
[INFO] [stdout]  --> src/modules/formats/yaml.rs:5:12
[INFO] [stdout]   |
[INFO] [stdout] 5 | use rlua::{Context, Lua};
[INFO] [stdout]   |            ^^^^^^^  ^^^
[INFO] [stdout]   |
[INFO] [stdout]   = note: `#[warn(unused_imports)]` on by default
[INFO] [stdout] 
[INFO] [stdout] 
[INFO] [stdout] warning: unused imports: `Deserialize`, `Serialize`
[INFO] [stdout]  --> src/modules/formats/yaml.rs:6:13
[INFO] [stdout]   |
[INFO] [stdout] 6 | use serde::{Deserialize, Serialize};
[INFO] [stdout]   |             ^^^^^^^^^^^  ^^^^^^^^^
[INFO] [stdout] 
[INFO] [stdout] 
[INFO] [stdout] warning: unused import: `serde_yaml::Mapping`
[INFO] [stdout]  --> src/modules/formats/yaml.rs:7:5
[INFO] [stdout]   |
[INFO] [stdout] 7 | use serde_yaml::Mapping;
[INFO] [stdout]   |     ^^^^^^^^^^^^^^^^^^^
[INFO] [stdout] 
[INFO] [stdout] 
[INFO] [stdout] warning: unused imports: `Context`, `Table`
[INFO] [stdout]  --> src/modules/k8s/kind.rs:3:12
[INFO] [stdout]   |
[INFO] [stdout] 3 | use rlua::{Context, Table};
[INFO] [stdout]   |            ^^^^^^^  ^^^^^
[INFO] [stdout] 
[INFO] [stdout] 
[INFO] [stdout] warning: unused import: `HashSet`
[INFO] [stdout]  --> src/modules/notes/humble.rs:1:33
[INFO] [stdout]   |
[INFO] [stdout] 1 | use std::collections::{HashMap, HashSet};
[INFO] [stdout]   |                                 ^^^^^^^
[INFO] [stdout] 
[INFO] [stdout] 
[INFO] [stdout] warning: unused imports: `File`, `copy`
[INFO] [stdout]  --> src/modules/notes/humble.rs:3:15
[INFO] [stdout]   |
[INFO] [stdout] 3 | use std::fs::{copy, File};
[INFO] [stdout]   |               ^^^^  ^^^^
[INFO] [stdout] 
[INFO] [stdout] 
[INFO] [stdout] warning: unused imports: `Read`, `Write`
[INFO] [stdout]  --> src/modules/notes/humble.rs:4:15
[INFO] [stdout]   |
[INFO] [stdout] 4 | use std::io::{Read, Write};
[INFO] [stdout]   |               ^^^^  ^^^^^
[INFO] [stdout] 
[INFO] [stdout] 
[INFO] [stdout] warning: unused imports: `Event`, `Parser`, `Tag`
[INFO] [stdout]  --> src/modules/notes/humble.rs:8:22
[INFO] [stdout]   |
[INFO] [stdout] 8 | use pulldown_cmark::{Event, Parser, Tag};
[INFO] [stdout]   |                      ^^^^^  ^^^^^^  ^^^
[INFO] [stdout] 
[INFO] [stdout] 
[INFO] [stdout] warning: unused import: `serde::Deserialize`
[INFO] [stdout]   --> src/modules/notes/humble.rs:10:5
[INFO] [stdout]    |
[INFO] [stdout] 10 | use serde::Deserialize;
[INFO] [stdout]    |     ^^^^^^^^^^^^^^^^^^
[INFO] [stdout] 
[INFO] [stdout] 
[INFO] [stdout] warning: unused imports: `DirEntry`, `WalkDir`
[INFO] [stdout]   --> src/modules/notes/humble.rs:11:15
[INFO] [stdout]    |
[INFO] [stdout] 11 | use walkdir::{DirEntry, WalkDir};
[INFO] [stdout]    |               ^^^^^^^^  ^^^^^^^
[INFO] [stdout] 
[INFO] [stdout] 
[INFO] [stdout] warning: unused import: `Path`
[INFO] [stdout]  --> src/modules/notes/markdown.rs:5:17
[INFO] [stdout]   |
[INFO] [stdout] 5 | use std::path::{Path, PathBuf};
[INFO] [stdout]   |                 ^^^^
[INFO] [stdout] 
[INFO] [stdout] 
[INFO] [stdout] warning: unused imports: `Context`, `Lua`, `Table`, `ToLuaMulti`, `ToLua`
[INFO] [stdout]   --> src/modules/notes/markdown.rs:11:12
[INFO] [stdout]    |
[INFO] [stdout] 11 | use rlua::{Context, Lua, Table, ToLua, ToLuaMulti};
[INFO] [stdout]    |            ^^^^^^^  ^^^  ^^^^^  ^^^^^  ^^^^^^^^^^
[INFO] [stdout] 
[INFO] [stdout] 
[INFO] [stdout] warning: unused import: `crate::modules::notes::markdown::WikilinkType::TEXT`
[INFO] [stdout]   --> src/modules/notes/markdown.rs:14:5
[INFO] [stdout]    |
[INFO] [stdout] 14 | use crate::modules::notes::markdown::WikilinkType::TEXT;
[INFO] [stdout]    |     ^^^^^^^^^^^^^^^^^^^^^^^^^^^^^^^^^^^^^^^^^^^^^^^^^^^
[INFO] [stdout] 
[INFO] [stdout] 
[INFO] [stdout] warning: unused imports: `FromSql`, `ValueRef`
[INFO] [stdout]  --> src/modules/projects/agile/core.rs:5:23
[INFO] [stdout]   |
[INFO] [stdout] 5 | use rusqlite::types::{FromSql, ValueRef};
[INFO] [stdout]   |                       ^^^^^^^  ^^^^^^^^
[INFO] [stdout] 
[INFO] [stdout] 
[INFO] [stdout] warning: unused import: `serializers`
[INFO] [stdout]   --> src/modules/projects/agile/core.rs:13:42
[INFO] [stdout]    |
[INFO] [stdout] 13 | use crate::modules::db::{get_connection, serializers};
[INFO] [stdout]    |                                          ^^^^^^^^^^^
[INFO] [stdout] 
[INFO] [stdout] 
[INFO] [stdout] warning: unused imports: `Lua`, `Result`, `ToLua`, `UserData`
[INFO] [stdout]  --> src/modules/projects/agile/lua.rs:1:21
[INFO] [stdout]   |
[INFO] [stdout] 1 | use rlua::{Context, Lua, Result, ToLua, UserData};
[INFO] [stdout]   |                     ^^^  ^^^^^^  ^^^^^  ^^^^^^^^
[INFO] [stdout] 
[INFO] [stdout] 
[INFO] [stdout] warning: unused import: `rlua::Error as LuaError`
[INFO] [stdout]  --> src/modules/projects/agile/lua.rs:2:5
[INFO] [stdout]   |
[INFO] [stdout] 2 | use rlua::Error as LuaError;
[INFO] [stdout]   |     ^^^^^^^^^^^^^^^^^^^^^^^
[INFO] [stdout] 
[INFO] [stdout] 
[INFO] [stdout] warning: unused import: `rlua::FromLua`
[INFO] [stdout]  --> src/modules/projects/agile/lua.rs:3:5
[INFO] [stdout]   |
[INFO] [stdout] 3 | use rlua::FromLua;
[INFO] [stdout]   |     ^^^^^^^^^^^^^
[INFO] [stdout] 
[INFO] [stdout] 
[INFO] [stdout] warning: unused import: `rlua::Table`
[INFO] [stdout]  --> src/modules/projects/agile/lua.rs:4:5
[INFO] [stdout]   |
[INFO] [stdout] 4 | use rlua::Table;
[INFO] [stdout]   |     ^^^^^^^^^^^
[INFO] [stdout] 
[INFO] [stdout] 
[INFO] [stdout] warning: unused import: `Branches`
[INFO] [stdout]  --> src/modules/projects/git/core.rs:3:12
[INFO] [stdout]   |
[INFO] [stdout] 3 | use git2::{Branches, Error, Repository, RepositoryOpenFlags};
[INFO] [stdout]   |            ^^^^^^^^
[INFO] [stdout] 
[INFO] [stdout] 
[INFO] [stdout] warning: unused import: `std::env`
[INFO] [stdout]  --> src/modules/projects/git/lua.rs:1:5
[INFO] [stdout]   |
[INFO] [stdout] 1 | use std::env;
[INFO] [stdout]   |     ^^^^^^^^
[INFO] [stdout] 
[INFO] [stdout] 
[INFO] [stdout] warning: unused import: `std::str::FromStr`
[INFO] [stdout]  --> src/modules/projects/git/lua.rs:3:5
[INFO] [stdout]   |
[INFO] [stdout] 3 | use std::str::FromStr;
[INFO] [stdout]   |     ^^^^^^^^^^^^^^^^^
[INFO] [stdout] 
[INFO] [stdout] 
[INFO] [stdout] warning: unused imports: `ExternalError`, `Lua`
[INFO] [stdout]  --> src/modules/projects/git/lua.rs:5:28
[INFO] [stdout]   |
[INFO] [stdout] 5 | use rlua::{Context, Error, ExternalError, Lua};
[INFO] [stdout]   |                            ^^^^^^^^^^^^^  ^^^
[INFO] [stdout] 
[INFO] [stdout] 
[INFO] [stdout] warning: unused import: `rlua::prelude::LuaError`
[INFO] [stdout]  --> src/modules/projects/git/lua.rs:6:5
[INFO] [stdout]   |
[INFO] [stdout] 6 | use rlua::prelude::LuaError;
[INFO] [stdout]   |     ^^^^^^^^^^^^^^^^^^^^^^^
[INFO] [stdout] 
[INFO] [stdout] 
[INFO] [stdout] warning: unused import: `tokio::runtime::Runtime`
[INFO] [stdout]  --> src/modules/projects/git/lua.rs:7:5
[INFO] [stdout]   |
[INFO] [stdout] 7 | use tokio::runtime::Runtime;
[INFO] [stdout]   |     ^^^^^^^^^^^^^^^^^^^^^^^
[INFO] [stdout] 
[INFO] [stdout] 
[INFO] [stdout] warning: unused import: `uuid::Uuid`
[INFO] [stdout]  --> src/modules/projects/git/lua.rs:8:5
[INFO] [stdout]   |
[INFO] [stdout] 8 | use uuid::Uuid;
[INFO] [stdout]   |     ^^^^^^^^^^
[INFO] [stdout] 
[INFO] [stdout] 
[INFO] [stdout] warning: unused import: `std::env`
[INFO] [stdout]  --> src/modules/projects/git/github.rs:2:5
[INFO] [stdout]   |
[INFO] [stdout] 2 | use std::env;
[INFO] [stdout]   |     ^^^^^^^^
[INFO] [stdout] 
[INFO] [stdout] 
[INFO] [stdout] warning: unused import: `env`
[INFO] [stdout]  --> src/modules/projects/venv.rs:1:11
[INFO] [stdout]   |
[INFO] [stdout] 1 | use std::{env, path::PathBuf};
[INFO] [stdout]   |           ^^^
[INFO] [stdout] 
[INFO] [stdout] 
[INFO] [stdout] warning: unused import: `std::error::Error`
[INFO] [stdout]  --> src/modules/tasks/todoist/core.rs:1:5
[INFO] [stdout]   |
[INFO] [stdout] 1 | use std::error::Error;
[INFO] [stdout]   |     ^^^^^^^^^^^^^^^^^
[INFO] [stdout] 
[INFO] [stdout] 
[INFO] [stdout] warning: unused import: `std::str::FromStr`
[INFO] [stdout]  --> src/modules/tasks/todoist/lua.rs:2:5
[INFO] [stdout]   |
[INFO] [stdout] 2 | use std::str::FromStr;
[INFO] [stdout]   |     ^^^^^^^^^^^^^^^^^
[INFO] [stdout] 
[INFO] [stdout] 
[INFO] [stdout] warning: unused imports: `ExternalError`, `Lua`
[INFO] [stdout]  --> src/modules/tasks/todoist/lua.rs:4:28
[INFO] [stdout]   |
[INFO] [stdout] 4 | use rlua::{Context, Error, ExternalError, Lua};
[INFO] [stdout]   |                            ^^^^^^^^^^^^^  ^^^
[INFO] [stdout] 
[INFO] [stdout] 
[INFO] [stdout] warning: unused import: `rlua::prelude::LuaError`
[INFO] [stdout]  --> src/modules/tasks/todoist/lua.rs:5:5
[INFO] [stdout]   |
[INFO] [stdout] 5 | use rlua::prelude::LuaError;
[INFO] [stdout]   |     ^^^^^^^^^^^^^^^^^^^^^^^
[INFO] [stdout] 
[INFO] [stdout] 
[INFO] [stdout] warning: unused import: `std::env`
[INFO] [stdout]  --> src/modules/script/engine.rs:1:5
[INFO] [stdout]   |
[INFO] [stdout] 1 | use std::env;
[INFO] [stdout]   |     ^^^^^^^^
[INFO] [stdout] 
[INFO] [stdout] 
[INFO] [stdout] warning: unused imports: `ToLua`, `UserData`
[INFO] [stdout]  --> src/modules/script/engine.rs:4:34
[INFO] [stdout]   |
[INFO] [stdout] 4 | use rlua::{Context, Lua, Result, ToLua, UserData, Value};
[INFO] [stdout]   |                                  ^^^^^  ^^^^^^^^
[INFO] [stdout] 
[INFO] [stdout] 
[INFO] [stderr]    Compiling valis-core v0.1.9 (/opt/rustwide/workdir)
[INFO] [stdout] warning: unused import: `rlua::FromLua`
[INFO] [stdout]  --> src/modules/script/engine.rs:6:5
[INFO] [stdout]   |
[INFO] [stdout] 6 | use rlua::FromLua;
[INFO] [stdout]   |     ^^^^^^^^^^^^^
[INFO] [stdout] 
[INFO] [stdout] 
[INFO] [stdout] warning: unused import: `tokio::runtime::Runtime`
[INFO] [stdout]  --> src/modules/script/engine.rs:9:5
[INFO] [stdout]   |
[INFO] [stdout] 9 | use tokio::runtime::Runtime;
[INFO] [stdout]   |     ^^^^^^^^^^^^^^^^^^^^^^^
[INFO] [stdout] 
[INFO] [stdout] 
[INFO] [stdout] warning: unused import: `uuid::Uuid`
[INFO] [stdout]   --> src/modules/script/engine.rs:10:5
[INFO] [stdout]    |
[INFO] [stdout] 10 | use uuid::Uuid;
[INFO] [stdout]    |     ^^^^^^^^^^
[INFO] [stdout] 
[INFO] [stdout] 
[INFO] [stdout] warning: unused import: `db`
[INFO] [stdout]   --> src/modules/script/engine.rs:12:28
[INFO] [stdout]    |
[INFO] [stdout] 12 | use crate::modules::{core, db};
[INFO] [stdout]    |                            ^^
[INFO] [stdout] 
[INFO] [stdout] 
[INFO] [stdout] warning: unused import: `crate::modules::db::serializers::SerializableDateTime`
[INFO] [stdout]   --> src/modules/script/engine.rs:14:5
[INFO] [stdout]    |
[INFO] [stdout] 14 | use crate::modules::db::serializers::SerializableDateTime;
[INFO] [stdout]    |     ^^^^^^^^^^^^^^^^^^^^^^^^^^^^^^^^^^^^^^^^^^^^^^^^^^^^^
[INFO] [stdout] 
[INFO] [stdout] 
[INFO] [stdout] warning: unused import: `Owned`
[INFO] [stdout]  --> src/modules/script/repl.rs:1:40
[INFO] [stdout]   |
[INFO] [stdout] 1 | use std::borrow::Cow::{self, Borrowed, Owned};
[INFO] [stdout]   |                                        ^^^^^
[INFO] [stdout] 
[INFO] [stdout] 
[INFO] [stdout] warning: unused import: `lazy_static::lazy_static`
[INFO] [stdout]  --> src/modules/software/definitions.rs:2:5
[INFO] [stdout]   |
[INFO] [stdout] 2 | use lazy_static::lazy_static;
[INFO] [stdout]   |     ^^^^^^^^^^^^^^^^^^^^^^^^
[INFO] [stdout] 
[INFO] [stdout] 
[INFO] [stdout] warning: unused import: `std::path::PathBuf`
[INFO] [stdout]  --> src/modules/software/definitions.rs:3:5
[INFO] [stdout]   |
[INFO] [stdout] 3 | use std::path::PathBuf;
[INFO] [stdout]   |     ^^^^^^^^^^^^^^^^^^
[INFO] [stdout] 
[INFO] [stdout] 
[INFO] [stdout] warning: use of deprecated method `chrono::NaiveDate::and_hms`: use `and_hms_opt()` instead
[INFO] [stdout]   --> src/modules/db/serializers.rs:77:54
[INFO] [stdout]    |
[INFO] [stdout] 77 |         let datetime = DateTime::from_utc(naive_date.and_hms(0, 0, 0), Utc);
[INFO] [stdout]    |                                                      ^^^^^^^
[INFO] [stdout]    |
[INFO] [stdout]    = note: `#[warn(deprecated)]` on by default
[INFO] [stdout] 
[INFO] [stdout] 
[INFO] [stdout] warning: unused import: `crate::modules::db::DatabaseOperations`
[INFO] [stdout]   --> src/modules/script/engine.rs:13:5
[INFO] [stdout]    |
[INFO] [stdout] 13 | use crate::modules::db::DatabaseOperations;
[INFO] [stdout]    |     ^^^^^^^^^^^^^^^^^^^^^^^^^^^^^^^^^^^^^^
[INFO] [stdout] 
[INFO] [stdout] 
[INFO] [stdout] warning: unused variable: `reader`
[INFO] [stdout]   --> src/modules/admin/secrets.rs:22:9
[INFO] [stdout]    |
[INFO] [stdout] 22 |     let reader = BufReader::new(file);
[INFO] [stdout]    |         ^^^^^^ help: if this is intentional, prefix it with an underscore: `_reader`
[INFO] [stdout]    |
[INFO] [stdout]    = note: `#[warn(unused_variables)]` on by default
[INFO] [stdout] 
[INFO] [stdout] 
[INFO] [stdout] warning: unused variable: `id`
[INFO] [stdout]   --> src/modules/projects/agile/core.rs:41:12
[INFO] [stdout]    |
[INFO] [stdout] 41 |     fn get(id: String, db: &str) -> Result<Self, rusqlite::Error> where Self: Sized {
[INFO] [stdout]    |            ^^ help: if this is intentional, prefix it with an underscore: `_id`
[INFO] [stdout] 
[INFO] [stdout] 
[INFO] [stdout] warning: unused variable: `db`
[INFO] [stdout]   --> src/modules/projects/agile/core.rs:41:24
[INFO] [stdout]    |
[INFO] [stdout] 41 |     fn get(id: String, db: &str) -> Result<Self, rusqlite::Error> where Self: Sized {
[INFO] [stdout]    |                        ^^ help: if this is intentional, prefix it with an underscore: `_db`
[INFO] [stdout] 
[INFO] [stdout] 
[INFO] [stdout] warning: unused variable: `row`
[INFO] [stdout]   --> src/modules/projects/agile/core.rs:71:12
[INFO] [stdout]    |
[INFO] [stdout] 71 |     fn map(row: &Row<'_>) -> std::result::Result<Self, rusqlite::Error> where Self: Sized {
[INFO] [stdout]    |            ^^^ help: if this is intentional, prefix it with an underscore: `_row`
[INFO] [stdout] 
[INFO] [stdout] 
[INFO] [stdout] warning: unused variable: `ctx`
[INFO] [stdout]    --> src/modules/projects/agile/lua.rs:102:14
[INFO] [stdout]     |
[INFO] [stdout] 102 |             |ctx, (id, path): (String, String)| {
[INFO] [stdout]     |              ^^^ help: if this is intentional, prefix it with an underscore: `_ctx`
[INFO] [stdout] 
[INFO] [stdout] 
[INFO] [stdout] warning: unused variable: `user`
[INFO] [stdout]   --> src/modules/projects/git/github.rs:18:30
[INFO] [stdout]    |
[INFO] [stdout] 18 | pub fn github_get_milestones(user: String, token: String, org: String, repo: String) -> Result<HashMap<String, String>, Box<dyn std::erro...
[INFO] [stdout]    |                              ^^^^ help: if this is intentional, prefix it with an underscore: `_user`
[INFO] [stdout] 
[INFO] [stdout] 
[INFO] [stdout] warning: unused variable: `user`
[INFO] [stdout]   --> src/modules/projects/git/github.rs:36:36
[INFO] [stdout]    |
[INFO] [stdout] 36 | pub fn github_get_milestone_issues(user: String, token: String, org: String, repo: String, milestone_number: i32) -> Result<Vec<String>, ...
[INFO] [stdout]    |                                    ^^^^ help: if this is intentional, prefix it with an underscore: `_user`
[INFO] [stdout] 
[INFO] [stdout] 
[INFO] [stdout] warning: unused variable: `venv`
[INFO] [stdout]   --> src/modules/projects/venv.rs:38:16
[INFO] [stdout]    |
[INFO] [stdout] 38 | pub fn rebuild(venv: VirtualEnv) {
[INFO] [stdout]    |                ^^^^ help: if this is intentional, prefix it with an underscore: `_venv`
[INFO] [stdout] 
[INFO] [stdout] 
[INFO] [stdout] warning: unused variable: `db`
[INFO] [stdout]   --> src/modules/tasks/todoist/core.rs:35:20
[INFO] [stdout]    |
[INFO] [stdout] 35 |     fn save(&self, db: &str) -> Result<(), std::fmt::Error> {
[INFO] [stdout]    |                    ^^ help: if this is intentional, prefix it with an underscore: `_db`
[INFO] [stdout] 
[INFO] [stdout] 
[INFO] [stdout] warning: unused variable: `id`
[INFO] [stdout]   --> src/modules/tasks/todoist/core.rs:39:12
[INFO] [stdout]    |
[INFO] [stdout] 39 |     fn get(id: String, db: &str) -> Result<Self, rusqlite::Error> where Self: Sized {
[INFO] [stdout]    |            ^^ help: if this is intentional, prefix it with an underscore: `_id`
[INFO] [stdout] 
[INFO] [stdout] 
[INFO] [stdout] warning: unused variable: `db`
[INFO] [stdout]   --> src/modules/tasks/todoist/core.rs:39:24
[INFO] [stdout]    |
[INFO] [stdout] 39 |     fn get(id: String, db: &str) -> Result<Self, rusqlite::Error> where Self: Sized {
[INFO] [stdout]    |                        ^^ help: if this is intentional, prefix it with an underscore: `_db`
[INFO] [stdout] 
[INFO] [stdout] 
[INFO] [stdout] warning: unused variable: `row`
[INFO] [stdout]   --> src/modules/tasks/todoist/core.rs:86:12
[INFO] [stdout]    |
[INFO] [stdout] 86 |     fn map(row: &Row<'_>) -> Result<Self, rusqlite::Error> where Self: Sized {
[INFO] [stdout]    |            ^^^ help: if this is intentional, prefix it with an underscore: `_row`
[INFO] [stdout] 
[INFO] [stdout] 
[INFO] [stdout] warning: unused variable: `e`
[INFO] [stdout]   --> src/modules/tasks/todoist/lua.rs:42:29
[INFO] [stdout]    |
[INFO] [stdout] 42 |                         Err(e) => Err(Error::RuntimeError("Could not save task to Sprint".to_string()))
[INFO] [stdout]    |                             ^ help: if this is intentional, prefix it with an underscore: `_e`
[INFO] [stdout] 
[INFO] [stdout] 
[INFO] [stdout] warning: unused variable: `e`
[INFO] [stdout]   --> src/modules/tasks/todoist/lua.rs:45:21
[INFO] [stdout]    |
[INFO] [stdout] 45 |                 Err(e) => {
[INFO] [stdout]    |                     ^ help: if this is intentional, prefix it with an underscore: `_e`
[INFO] [stdout] 
[INFO] [stdout] 
[INFO] [stdout] warning: unused variable: `v`
[INFO] [stdout]   --> src/modules/script/engine.rs:98:21
[INFO] [stdout]    |
[INFO] [stdout] 98 |                 let v = update_yaml_value(&file_path, &yaml_key_path, &new_value)
[INFO] [stdout]    |                     ^ help: if this is intentional, prefix it with an underscore: `_v`
[INFO] [stdout] 
[INFO] [stdout] 
[INFO] [stdout] warning: unused variable: `e`
[INFO] [stdout]    --> src/modules/script/engine.rs:111:25
[INFO] [stdout]     |
[INFO] [stdout] 111 |                     Err(e) => Err(LuaError::RuntimeError(
[INFO] [stdout]     |                         ^ help: if this is intentional, prefix it with an underscore: `_e`
[INFO] [stdout] 
[INFO] [stdout] 
[INFO] [stdout] warning: unused variable: `e`
[INFO] [stdout]    --> src/modules/script/engine.rs:122:17
[INFO] [stdout]     |
[INFO] [stdout] 122 |             Err(e) => Err(LuaError::RuntimeError(
[INFO] [stdout]     |                 ^ help: if this is intentional, prefix it with an underscore: `_e`
[INFO] [stdout] 
[INFO] [stdout] 
[INFO] [stdout] warning: unused variable: `e`
[INFO] [stdout]    --> src/modules/script/engine.rs:131:17
[INFO] [stdout]     |
[INFO] [stdout] 131 |             Err(e) => Err(LuaError::RuntimeError(
[INFO] [stdout]     |                 ^ help: if this is intentional, prefix it with an underscore: `_e`
[INFO] [stdout] 
[INFO] [stdout] 
[INFO] [stdout] warning: function `directory_exists` is never used
[INFO] [stdout]   --> src/modules/core.rs:77:4
[INFO] [stdout]    |
[INFO] [stdout] 77 | fn directory_exists(path: &Path) -> bool {
[INFO] [stdout]    |    ^^^^^^^^^^^^^^^^
[INFO] [stdout]    |
[INFO] [stdout]    = note: `#[warn(dead_code)]` on by default
[INFO] [stdout] 
[INFO] [stdout] 
[INFO] [stdout] warning: method `is_active` is never used
[INFO] [stdout]    --> src/modules/projects/agile/core.rs:183:8
[INFO] [stdout]     |
[INFO] [stdout] 182 | impl Sprint {
[INFO] [stdout]     | ----------- method in this implementation
[INFO] [stdout] 183 |     fn is_active(&self) -> bool {
[INFO] [stdout]     |        ^^^^^^^^^
[INFO] [stdout] 
[INFO] [stdout] 
[INFO] [stdout] warning: field `name` is never read
[INFO] [stdout]  --> src/modules/projects/venv.rs:7:5
[INFO] [stdout]   |
[INFO] [stdout] 6 | pub struct VirtualEnv {
[INFO] [stdout]   |            ---------- field in this struct
[INFO] [stdout] 7 |     name: String,
[INFO] [stdout]   |     ^^^^
[INFO] [stdout]   |
[INFO] [stdout]   = note: `VirtualEnv` has a derived impl for the trait `Debug`, but this is intentionally ignored during dead code analysis
[INFO] [stdout] 
[INFO] [stdout] 
[INFO] [stdout] warning: function `get_task_by_id` is never used
[INFO] [stdout]   --> src/modules/tasks/todoist/core.rs:91:4
[INFO] [stdout]    |
[INFO] [stdout] 91 | fn get_task_by_id(db: &str, id: String) -> Result<Task, std::fmt::Error> {
[INFO] [stdout]    |    ^^^^^^^^^^^^^^
[INFO] [stdout] 
[INFO] [stdout] 
[INFO] [stdout] warning: unused comparison that must be used
[INFO] [stdout]    --> src/modules/notes/humble.rs:130:13
[INFO] [stdout]     |
[INFO] [stdout] 130 |             page.title == "_index";
[INFO] [stdout]     |             ^^^^^^^^^^^^^^^^^^^^^^ the comparison produces a value
[INFO] [stdout]     |
[INFO] [stdout]     = note: `#[warn(unused_must_use)]` on by default
[INFO] [stdout] help: use `let _ = ...` to ignore the resulting value
[INFO] [stdout]     |
[INFO] [stdout] 130 |             let _ = page.title == "_index";
[INFO] [stdout]     |             +++++++
[INFO] [stdout] 
[INFO] [stdout] 
[INFO] [stdout] warning: unused `Result` that must be used
[INFO] [stdout]   --> src/modules/tasks/todoist/lua.rs:18:21
[INFO] [stdout]    |
[INFO] [stdout] 18 |                     db::init_db(&db);
[INFO] [stdout]    |                     ^^^^^^^^^^^^^^^^
[INFO] [stdout]    |
[INFO] [stdout]    = note: this `Result` may be an `Err` variant, which should be handled
[INFO] [stdout] help: use `let _ = ...` to ignore the resulting value
[INFO] [stdout]    |
[INFO] [stdout] 18 |                     let _ = db::init_db(&db);
[INFO] [stdout]    |                     +++++++
[INFO] [stdout] 
[INFO] [stdout] 
[INFO] [stdout] warning: unused `Result` that must be used
[INFO] [stdout]   --> src/modules/script/engine.rs:77:13
[INFO] [stdout]    |
[INFO] [stdout] 77 |             repo.clone();
[INFO] [stdout]    |             ^^^^^^^^^^^^
[INFO] [stdout]    |
[INFO] [stdout]    = note: this `Result` may be an `Err` variant, which should be handled
[INFO] [stdout] help: use `let _ = ...` to ignore the resulting value
[INFO] [stdout]    |
[INFO] [stdout] 77 |             let _ = repo.clone();
[INFO] [stdout]    |             +++++++
[INFO] [stdout] 
[INFO] [stdout] 
[INFO] [stdout] warning: 69 warnings emitted
[INFO] [stdout] 
[INFO] [stdout] 
[INFO] [stdout] warning: unused import: `std::env`
[INFO] [stdout]  --> src/main.rs:1:5
[INFO] [stdout]   |
[INFO] [stdout] 1 | use std::env;
[INFO] [stdout]   |     ^^^^^^^^
[INFO] [stdout]   |
[INFO] [stdout]   = note: `#[warn(unused_imports)]` on by default
[INFO] [stdout] 
[INFO] [stdout] 
[INFO] [stdout] warning: variable `githubAuth` should have a snake case name
[INFO] [stdout]   --> src/main.rs:35:17
[INFO] [stdout]    |
[INFO] [stdout] 35 |             let githubAuth = authinfo::find_auth_info_for_machine("api.github.com", authinfos).get(0).cloned().unwrap();
[INFO] [stdout]    |                 ^^^^^^^^^^ help: convert the identifier to snake case: `github_auth`
[INFO] [stdout]    |
[INFO] [stdout]    = note: `#[warn(non_snake_case)]` on by default
[INFO] [stdout] 
[INFO] [stdout] 
[INFO] [stdout] warning: unused imports: `Context`, `Lua`
[INFO] [stdout]  --> src/modules/formats/yaml.rs:5:12
[INFO] [stdout]   |
[INFO] [stdout] 5 | use rlua::{Context, Lua};
[INFO] [stdout]   |            ^^^^^^^  ^^^
[INFO] [stdout]   |
[INFO] [stdout]   = note: `#[warn(unused_imports)]` on by default
[INFO] [stdout] 
[INFO] [stdout] 
[INFO] [stdout] warning: unused imports: `Deserialize`, `Serialize`
[INFO] [stdout]  --> src/modules/formats/yaml.rs:6:13
[INFO] [stdout]   |
[INFO] [stdout] 6 | use serde::{Deserialize, Serialize};
[INFO] [stdout]   |             ^^^^^^^^^^^  ^^^^^^^^^
[INFO] [stdout] 
[INFO] [stdout] 
[INFO] [stdout] warning: unused import: `serde_yaml::Mapping`
[INFO] [stdout]  --> src/modules/formats/yaml.rs:7:5
[INFO] [stdout]   |
[INFO] [stdout] 7 | use serde_yaml::Mapping;
[INFO] [stdout]   |     ^^^^^^^^^^^^^^^^^^^
[INFO] [stdout] 
[INFO] [stdout] 
[INFO] [stdout] warning: unused imports: `Context`, `Table`
[INFO] [stdout]  --> src/modules/k8s/kind.rs:3:12
[INFO] [stdout]   |
[INFO] [stdout] 3 | use rlua::{Context, Table};
[INFO] [stdout]   |            ^^^^^^^  ^^^^^
[INFO] [stdout] 
[INFO] [stdout] 
[INFO] [stdout] warning: unused import: `HashSet`
[INFO] [stdout]  --> src/modules/notes/humble.rs:1:33
[INFO] [stdout]   |
[INFO] [stdout] 1 | use std::collections::{HashMap, HashSet};
[INFO] [stdout]   |                                 ^^^^^^^
[INFO] [stdout] 
[INFO] [stdout] 
[INFO] [stdout] warning: unused imports: `File`, `copy`
[INFO] [stdout]  --> src/modules/notes/humble.rs:3:15
[INFO] [stdout]   |
[INFO] [stdout] 3 | use std::fs::{copy, File};
[INFO] [stdout]   |               ^^^^  ^^^^
[INFO] [stdout] 
[INFO] [stdout] 
[INFO] [stdout] warning: unused imports: `Read`, `Write`
[INFO] [stdout]  --> src/modules/notes/humble.rs:4:15
[INFO] [stdout]   |
[INFO] [stdout] 4 | use std::io::{Read, Write};
[INFO] [stdout]   |               ^^^^  ^^^^^
[INFO] [stdout] 
[INFO] [stdout] 
[INFO] [stdout] warning: unused imports: `Event`, `Parser`, `Tag`
[INFO] [stdout]  --> src/modules/notes/humble.rs:8:22
[INFO] [stdout]   |
[INFO] [stdout] 8 | use pulldown_cmark::{Event, Parser, Tag};
[INFO] [stdout]   |                      ^^^^^  ^^^^^^  ^^^
[INFO] [stdout] 
[INFO] [stdout] 
[INFO] [stdout] warning: unused import: `serde::Deserialize`
[INFO] [stdout]   --> src/modules/notes/humble.rs:10:5
[INFO] [stdout]    |
[INFO] [stdout] 10 | use serde::Deserialize;
[INFO] [stdout]    |     ^^^^^^^^^^^^^^^^^^
[INFO] [stdout] 
[INFO] [stdout] 
[INFO] [stdout] warning: unused imports: `DirEntry`, `WalkDir`
[INFO] [stdout]   --> src/modules/notes/humble.rs:11:15
[INFO] [stdout]    |
[INFO] [stdout] 11 | use walkdir::{DirEntry, WalkDir};
[INFO] [stdout]    |               ^^^^^^^^  ^^^^^^^
[INFO] [stdout] 
[INFO] [stdout] 
[INFO] [stdout] warning: unused import: `Path`
[INFO] [stdout]  --> src/modules/notes/markdown.rs:5:17
[INFO] [stdout]   |
[INFO] [stdout] 5 | use std::path::{Path, PathBuf};
[INFO] [stdout]   |                 ^^^^
[INFO] [stdout] 
[INFO] [stdout] 
[INFO] [stdout] warning: unused imports: `Context`, `Lua`, `Table`, `ToLuaMulti`, `ToLua`
[INFO] [stdout]   --> src/modules/notes/markdown.rs:11:12
[INFO] [stdout]    |
[INFO] [stdout] 11 | use rlua::{Context, Lua, Table, ToLua, ToLuaMulti};
[INFO] [stdout]    |            ^^^^^^^  ^^^  ^^^^^  ^^^^^  ^^^^^^^^^^
[INFO] [stdout] 
[INFO] [stdout] 
[INFO] [stdout] warning: unused imports: `FromSql`, `ValueRef`
[INFO] [stdout]  --> src/modules/projects/agile/core.rs:5:23
[INFO] [stdout]   |
[INFO] [stdout] 5 | use rusqlite::types::{FromSql, ValueRef};
[INFO] [stdout]   |                       ^^^^^^^  ^^^^^^^^
[INFO] [stdout] 
[INFO] [stdout] 
[INFO] [stdout] warning: unused import: `serializers`
[INFO] [stdout]   --> src/modules/projects/agile/core.rs:13:42
[INFO] [stdout]    |
[INFO] [stdout] 13 | use crate::modules::db::{get_connection, serializers};
[INFO] [stdout]    |                                          ^^^^^^^^^^^
[INFO] [stdout] 
[INFO] [stdout] 
[INFO] [stdout] warning: unused imports: `Lua`, `Result`, `ToLua`, `UserData`
[INFO] [stdout]  --> src/modules/projects/agile/lua.rs:1:21
[INFO] [stdout]   |
[INFO] [stdout] 1 | use rlua::{Context, Lua, Result, ToLua, UserData};
[INFO] [stdout]   |                     ^^^  ^^^^^^  ^^^^^  ^^^^^^^^
[INFO] [stdout] 
[INFO] [stdout] 
[INFO] [stdout] warning: unused import: `rlua::Error as LuaError`
[INFO] [stdout]  --> src/modules/projects/agile/lua.rs:2:5
[INFO] [stdout]   |
[INFO] [stdout] 2 | use rlua::Error as LuaError;
[INFO] [stdout]   |     ^^^^^^^^^^^^^^^^^^^^^^^
[INFO] [stdout] 
[INFO] [stdout] 
[INFO] [stdout] warning: unused import: `rlua::FromLua`
[INFO] [stdout]  --> src/modules/projects/agile/lua.rs:3:5
[INFO] [stdout]   |
[INFO] [stdout] 3 | use rlua::FromLua;
[INFO] [stdout]   |     ^^^^^^^^^^^^^
[INFO] [stdout] 
[INFO] [stdout] 
[INFO] [stdout] warning: unused import: `rlua::Table`
[INFO] [stdout]  --> src/modules/projects/agile/lua.rs:4:5
[INFO] [stdout]   |
[INFO] [stdout] 4 | use rlua::Table;
[INFO] [stdout]   |     ^^^^^^^^^^^
[INFO] [stdout] 
[INFO] [stdout] 
[INFO] [stdout] warning: unused import: `Branches`
[INFO] [stdout]  --> src/modules/projects/git/core.rs:3:12
[INFO] [stdout]   |
[INFO] [stdout] 3 | use git2::{Branches, Error, Repository, RepositoryOpenFlags};
[INFO] [stdout]   |            ^^^^^^^^
[INFO] [stdout] 
[INFO] [stdout] 
[INFO] [stdout] warning: unused import: `std::env`
[INFO] [stdout]  --> src/modules/projects/git/lua.rs:1:5
[INFO] [stdout]   |
[INFO] [stdout] 1 | use std::env;
[INFO] [stdout]   |     ^^^^^^^^
[INFO] [stdout] 
[INFO] [stdout] 
[INFO] [stdout] warning: unused import: `std::str::FromStr`
[INFO] [stdout]  --> src/modules/projects/git/lua.rs:3:5
[INFO] [stdout]   |
[INFO] [stdout] 3 | use std::str::FromStr;
[INFO] [stdout]   |     ^^^^^^^^^^^^^^^^^
[INFO] [stdout] 
[INFO] [stdout] 
[INFO] [stdout] warning: unused imports: `ExternalError`, `Lua`
[INFO] [stdout]  --> src/modules/projects/git/lua.rs:5:28
[INFO] [stdout]   |
[INFO] [stdout] 5 | use rlua::{Context, Error, ExternalError, Lua};
[INFO] [stdout]   |                            ^^^^^^^^^^^^^  ^^^
[INFO] [stdout] 
[INFO] [stdout] 
[INFO] [stdout] warning: unused import: `rlua::prelude::LuaError`
[INFO] [stdout]  --> src/modules/projects/git/lua.rs:6:5
[INFO] [stdout]   |
[INFO] [stdout] 6 | use rlua::prelude::LuaError;
[INFO] [stdout]   |     ^^^^^^^^^^^^^^^^^^^^^^^
[INFO] [stdout] 
[INFO] [stdout] 
[INFO] [stdout] warning: unused import: `tokio::runtime::Runtime`
[INFO] [stdout]  --> src/modules/projects/git/lua.rs:7:5
[INFO] [stdout]   |
[INFO] [stdout] 7 | use tokio::runtime::Runtime;
[INFO] [stdout]   |     ^^^^^^^^^^^^^^^^^^^^^^^
[INFO] [stdout] 
[INFO] [stdout] 
[INFO] [stdout] warning: unused import: `uuid::Uuid`
[INFO] [stdout]  --> src/modules/projects/git/lua.rs:8:5
[INFO] [stdout]   |
[INFO] [stdout] 8 | use uuid::Uuid;
[INFO] [stdout]   |     ^^^^^^^^^^
[INFO] [stdout] 
[INFO] [stdout] 
[INFO] [stdout] warning: unused import: `std::env`
[INFO] [stdout]  --> src/modules/projects/git/github.rs:2:5
[INFO] [stdout]   |
[INFO] [stdout] 2 | use std::env;
[INFO] [stdout]   |     ^^^^^^^^
[INFO] [stdout] 
[INFO] [stdout] 
[INFO] [stdout] warning: unused import: `env`
[INFO] [stdout]  --> src/modules/projects/venv.rs:1:11
[INFO] [stdout]   |
[INFO] [stdout] 1 | use std::{env, path::PathBuf};
[INFO] [stdout]   |           ^^^
[INFO] [stdout] 
[INFO] [stdout] 
[INFO] [stdout] warning: unused import: `std::error::Error`
[INFO] [stdout]  --> src/modules/tasks/todoist/core.rs:1:5
[INFO] [stdout]   |
[INFO] [stdout] 1 | use std::error::Error;
[INFO] [stdout]   |     ^^^^^^^^^^^^^^^^^
[INFO] [stdout] 
[INFO] [stdout] 
[INFO] [stdout] warning: unused import: `std::str::FromStr`
[INFO] [stdout]  --> src/modules/tasks/todoist/lua.rs:2:5
[INFO] [stdout]   |
[INFO] [stdout] 2 | use std::str::FromStr;
[INFO] [stdout]   |     ^^^^^^^^^^^^^^^^^
[INFO] [stdout] 
[INFO] [stdout] 
[INFO] [stdout] warning: unused imports: `ExternalError`, `Lua`
[INFO] [stdout]  --> src/modules/tasks/todoist/lua.rs:4:28
[INFO] [stdout]   |
[INFO] [stdout] 4 | use rlua::{Context, Error, ExternalError, Lua};
[INFO] [stdout]   |                            ^^^^^^^^^^^^^  ^^^
[INFO] [stdout] 
[INFO] [stdout] 
[INFO] [stdout] warning: unused import: `rlua::prelude::LuaError`
[INFO] [stdout]  --> src/modules/tasks/todoist/lua.rs:5:5
[INFO] [stdout]   |
[INFO] [stdout] 5 | use rlua::prelude::LuaError;
[INFO] [stdout]   |     ^^^^^^^^^^^^^^^^^^^^^^^
[INFO] [stdout] 
[INFO] [stdout] 
[INFO] [stdout] warning: unused import: `std::env`
[INFO] [stdout]  --> src/modules/script/engine.rs:1:5
[INFO] [stdout]   |
[INFO] [stdout] 1 | use std::env;
[INFO] [stdout]   |     ^^^^^^^^
[INFO] [stdout] 
[INFO] [stdout] 
[INFO] [stdout] warning: unused imports: `ToLua`, `UserData`
[INFO] [stdout]  --> src/modules/script/engine.rs:4:34
[INFO] [stdout]   |
[INFO] [stdout] 4 | use rlua::{Context, Lua, Result, ToLua, UserData, Value};
[INFO] [stdout]   |                                  ^^^^^  ^^^^^^^^
[INFO] [stdout] 
[INFO] [stdout] 
[INFO] [stdout] warning: unused import: `rlua::FromLua`
[INFO] [stdout]  --> src/modules/script/engine.rs:6:5
[INFO] [stdout]   |
[INFO] [stdout] 6 | use rlua::FromLua;
[INFO] [stdout]   |     ^^^^^^^^^^^^^
[INFO] [stdout] 
[INFO] [stdout] 
[INFO] [stdout] warning: unused import: `tokio::runtime::Runtime`
[INFO] [stdout]  --> src/modules/script/engine.rs:9:5
[INFO] [stdout]   |
[INFO] [stdout] 9 | use tokio::runtime::Runtime;
[INFO] [stdout]   |     ^^^^^^^^^^^^^^^^^^^^^^^
[INFO] [stdout] 
[INFO] [stdout] 
[INFO] [stdout] warning: unused import: `uuid::Uuid`
[INFO] [stdout]   --> src/modules/script/engine.rs:10:5
[INFO] [stdout]    |
[INFO] [stdout] 10 | use uuid::Uuid;
[INFO] [stdout]    |     ^^^^^^^^^^
[INFO] [stdout] 
[INFO] [stdout] 
[INFO] [stdout] warning: unused import: `db`
[INFO] [stdout]   --> src/modules/script/engine.rs:12:28
[INFO] [stdout]    |
[INFO] [stdout] 12 | use crate::modules::{core, db};
[INFO] [stdout]    |                            ^^
[INFO] [stdout] 
[INFO] [stdout] 
[INFO] [stdout] warning: unused import: `crate::modules::db::serializers::SerializableDateTime`
[INFO] [stdout]   --> src/modules/script/engine.rs:14:5
[INFO] [stdout]    |
[INFO] [stdout] 14 | use crate::modules::db::serializers::SerializableDateTime;
[INFO] [stdout]    |     ^^^^^^^^^^^^^^^^^^^^^^^^^^^^^^^^^^^^^^^^^^^^^^^^^^^^^
[INFO] [stdout] 
[INFO] [stdout] 
[INFO] [stdout] warning: unused import: `Owned`
[INFO] [stdout]  --> src/modules/script/repl.rs:1:40
[INFO] [stdout]   |
[INFO] [stdout] 1 | use std::borrow::Cow::{self, Borrowed, Owned};
[INFO] [stdout]   |                                        ^^^^^
[INFO] [stdout] 
[INFO] [stdout] 
[INFO] [stdout] warning: unused import: `lazy_static::lazy_static`
[INFO] [stdout]  --> src/modules/software/definitions.rs:2:5
[INFO] [stdout]   |
[INFO] [stdout] 2 | use lazy_static::lazy_static;
[INFO] [stdout]   |     ^^^^^^^^^^^^^^^^^^^^^^^^
[INFO] [stdout] 
[INFO] [stdout] 
[INFO] [stdout] warning: unused import: `std::path::PathBuf`
[INFO] [stdout]  --> src/modules/software/definitions.rs:3:5
[INFO] [stdout]   |
[INFO] [stdout] 3 | use std::path::PathBuf;
[INFO] [stdout]   |     ^^^^^^^^^^^^^^^^^^
[INFO] [stdout] 
[INFO] [stdout] 
[INFO] [stdout] warning: use of deprecated method `chrono::NaiveDate::and_hms`: use `and_hms_opt()` instead
[INFO] [stdout]   --> src/modules/db/serializers.rs:77:54
[INFO] [stdout]    |
[INFO] [stdout] 77 |         let datetime = DateTime::from_utc(naive_date.and_hms(0, 0, 0), Utc);
[INFO] [stdout]    |                                                      ^^^^^^^
[INFO] [stdout]    |
[INFO] [stdout]    = note: `#[warn(deprecated)]` on by default
[INFO] [stdout] 
[INFO] [stdout] 
[INFO] [stdout] warning: unused import: `crate::modules::db::DatabaseOperations`
[INFO] [stdout]   --> src/modules/script/engine.rs:13:5
[INFO] [stdout]    |
[INFO] [stdout] 13 | use crate::modules::db::DatabaseOperations;
[INFO] [stdout]    |     ^^^^^^^^^^^^^^^^^^^^^^^^^^^^^^^^^^^^^^
[INFO] [stdout] 
[INFO] [stdout] 
[INFO] [stdout] warning: unused variable: `reader`
[INFO] [stdout]   --> src/modules/admin/secrets.rs:22:9
[INFO] [stdout]    |
[INFO] [stdout] 22 |     let reader = BufReader::new(file);
[INFO] [stdout]    |         ^^^^^^ help: if this is intentional, prefix it with an underscore: `_reader`
[INFO] [stdout]    |
[INFO] [stdout]    = note: `#[warn(unused_variables)]` on by default
[INFO] [stdout] 
[INFO] [stdout] 
[INFO] [stdout] warning: 2 warnings emitted
[INFO] [stdout] 
[INFO] [stdout] 
[INFO] [stdout] warning: unused variable: `filename2`
[INFO] [stdout]    --> src/modules/notes/markdown.rs:320:13
[INFO] [stdout]     |
[INFO] [stdout] 320 |         let filename2 = "FOO.GIF";
[INFO] [stdout]     |             ^^^^^^^^^ help: if this is intentional, prefix it with an underscore: `_filename2`
[INFO] [stdout] 
[INFO] [stdout] 
[INFO] [stdout] warning: unused variable: `id`
[INFO] [stdout]   --> src/modules/projects/agile/core.rs:41:12
[INFO] [stdout]    |
[INFO] [stdout] 41 |     fn get(id: String, db: &str) -> Result<Self, rusqlite::Error> where Self: Sized {
[INFO] [stdout]    |            ^^ help: if this is intentional, prefix it with an underscore: `_id`
[INFO] [stdout] 
[INFO] [stdout] 
[INFO] [stdout] warning: unused variable: `db`
[INFO] [stdout]   --> src/modules/projects/agile/core.rs:41:24
[INFO] [stdout]    |
[INFO] [stdout] 41 |     fn get(id: String, db: &str) -> Result<Self, rusqlite::Error> where Self: Sized {
[INFO] [stdout]    |                        ^^ help: if this is intentional, prefix it with an underscore: `_db`
[INFO] [stdout] 
[INFO] [stdout] 
[INFO] [stdout] warning: unused variable: `row`
[INFO] [stdout]   --> src/modules/projects/agile/core.rs:71:12
[INFO] [stdout]    |
[INFO] [stdout] 71 |     fn map(row: &Row<'_>) -> std::result::Result<Self, rusqlite::Error> where Self: Sized {
[INFO] [stdout]    |            ^^^ help: if this is intentional, prefix it with an underscore: `_row`
[INFO] [stdout] 
[INFO] [stdout] 
[INFO] [stdout] warning: unused variable: `ctx`
[INFO] [stdout]    --> src/modules/projects/agile/lua.rs:102:14
[INFO] [stdout]     |
[INFO] [stdout] 102 |             |ctx, (id, path): (String, String)| {
[INFO] [stdout]     |              ^^^ help: if this is intentional, prefix it with an underscore: `_ctx`
[INFO] [stdout] 
[INFO] [stdout] 
[INFO] [stdout] warning: unused variable: `user`
[INFO] [stdout]   --> src/modules/projects/git/github.rs:18:30
[INFO] [stdout]    |
[INFO] [stdout] 18 | pub fn github_get_milestones(user: String, token: String, org: String, repo: String) -> Result<HashMap<String, String>, Box<dyn std::erro...
[INFO] [stdout]    |                              ^^^^ help: if this is intentional, prefix it with an underscore: `_user`
[INFO] [stdout] 
[INFO] [stdout] 
[INFO] [stdout] warning: unused variable: `user`
[INFO] [stdout]   --> src/modules/projects/git/github.rs:36:36
[INFO] [stdout]    |
[INFO] [stdout] 36 | pub fn github_get_milestone_issues(user: String, token: String, org: String, repo: String, milestone_number: i32) -> Result<Vec<String>, ...
[INFO] [stdout]    |                                    ^^^^ help: if this is intentional, prefix it with an underscore: `_user`
[INFO] [stdout] 
[INFO] [stdout] 
[INFO] [stdout] warning: unused variable: `venv`
[INFO] [stdout]   --> src/modules/projects/venv.rs:38:16
[INFO] [stdout]    |
[INFO] [stdout] 38 | pub fn rebuild(venv: VirtualEnv) {
[INFO] [stdout]    |                ^^^^ help: if this is intentional, prefix it with an underscore: `_venv`
[INFO] [stdout] 
[INFO] [stdout] 
[INFO] [stdout] warning: unused variable: `db`
[INFO] [stdout]   --> src/modules/tasks/todoist/core.rs:35:20
[INFO] [stdout]    |
[INFO] [stdout] 35 |     fn save(&self, db: &str) -> Result<(), std::fmt::Error> {
[INFO] [stdout]    |                    ^^ help: if this is intentional, prefix it with an underscore: `_db`
[INFO] [stdout] 
[INFO] [stdout] 
[INFO] [stdout] warning: unused variable: `id`
[INFO] [stdout]   --> src/modules/tasks/todoist/core.rs:39:12
[INFO] [stdout]    |
[INFO] [stdout] 39 |     fn get(id: String, db: &str) -> Result<Self, rusqlite::Error> where Self: Sized {
[INFO] [stdout]    |            ^^ help: if this is intentional, prefix it with an underscore: `_id`
[INFO] [stdout] 
[INFO] [stdout] 
[INFO] [stdout] warning: unused variable: `db`
[INFO] [stdout]   --> src/modules/tasks/todoist/core.rs:39:24
[INFO] [stdout]    |
[INFO] [stdout] 39 |     fn get(id: String, db: &str) -> Result<Self, rusqlite::Error> where Self: Sized {
[INFO] [stdout]    |                        ^^ help: if this is intentional, prefix it with an underscore: `_db`
[INFO] [stdout] 
[INFO] [stdout] 
[INFO] [stdout] warning: unused variable: `row`
[INFO] [stdout]   --> src/modules/tasks/todoist/core.rs:86:12
[INFO] [stdout]    |
[INFO] [stdout] 86 |     fn map(row: &Row<'_>) -> Result<Self, rusqlite::Error> where Self: Sized {
[INFO] [stdout]    |            ^^^ help: if this is intentional, prefix it with an underscore: `_row`
[INFO] [stdout] 
[INFO] [stdout] 
[INFO] [stdout] warning: unused variable: `e`
[INFO] [stdout]   --> src/modules/tasks/todoist/lua.rs:42:29
[INFO] [stdout]    |
[INFO] [stdout] 42 |                         Err(e) => Err(Error::RuntimeError("Could not save task to Sprint".to_string()))
[INFO] [stdout]    |                             ^ help: if this is intentional, prefix it with an underscore: `_e`
[INFO] [stdout] 
[INFO] [stdout] 
[INFO] [stdout] warning: unused variable: `e`
[INFO] [stdout]   --> src/modules/tasks/todoist/lua.rs:45:21
[INFO] [stdout]    |
[INFO] [stdout] 45 |                 Err(e) => {
[INFO] [stdout]    |                     ^ help: if this is intentional, prefix it with an underscore: `_e`
[INFO] [stdout] 
[INFO] [stdout] 
[INFO] [stdout] warning: unused variable: `v`
[INFO] [stdout]   --> src/modules/script/engine.rs:98:21
[INFO] [stdout]    |
[INFO] [stdout] 98 |                 let v = update_yaml_value(&file_path, &yaml_key_path, &new_value)
[INFO] [stdout]    |                     ^ help: if this is intentional, prefix it with an underscore: `_v`
[INFO] [stdout] 
[INFO] [stdout] 
[INFO] [stdout] warning: unused variable: `e`
[INFO] [stdout]    --> src/modules/script/engine.rs:111:25
[INFO] [stdout]     |
[INFO] [stdout] 111 |                     Err(e) => Err(LuaError::RuntimeError(
[INFO] [stdout]     |                         ^ help: if this is intentional, prefix it with an underscore: `_e`
[INFO] [stdout] 
[INFO] [stdout] 
[INFO] [stdout] warning: unused variable: `e`
[INFO] [stdout]    --> src/modules/script/engine.rs:122:17
[INFO] [stdout]     |
[INFO] [stdout] 122 |             Err(e) => Err(LuaError::RuntimeError(
[INFO] [stdout]     |                 ^ help: if this is intentional, prefix it with an underscore: `_e`
[INFO] [stdout] 
[INFO] [stdout] 
[INFO] [stdout] warning: unused variable: `e`
[INFO] [stdout]    --> src/modules/script/engine.rs:131:17
[INFO] [stdout]     |
[INFO] [stdout] 131 |             Err(e) => Err(LuaError::RuntimeError(
[INFO] [stdout]     |                 ^ help: if this is intentional, prefix it with an underscore: `_e`
[INFO] [stdout] 
[INFO] [stdout] 
[INFO] [stdout] warning: function `directory_exists` is never used
[INFO] [stdout]   --> src/modules/core.rs:77:4
[INFO] [stdout]    |
[INFO] [stdout] 77 | fn directory_exists(path: &Path) -> bool {
[INFO] [stdout]    |    ^^^^^^^^^^^^^^^^
[INFO] [stdout]    |
[INFO] [stdout]    = note: `#[warn(dead_code)]` on by default
[INFO] [stdout] 
[INFO] [stdout] 
[INFO] [stdout] warning: method `is_active` is never used
[INFO] [stdout]    --> src/modules/projects/agile/core.rs:183:8
[INFO] [stdout]     |
[INFO] [stdout] 182 | impl Sprint {
[INFO] [stdout]     | ----------- method in this implementation
[INFO] [stdout] 183 |     fn is_active(&self) -> bool {
[INFO] [stdout]     |        ^^^^^^^^^
[INFO] [stdout] 
[INFO] [stdout] 
[INFO] [stdout] warning: field `name` is never read
[INFO] [stdout]  --> src/modules/projects/venv.rs:7:5
[INFO] [stdout]   |
[INFO] [stdout] 6 | pub struct VirtualEnv {
[INFO] [stdout]   |            ---------- field in this struct
[INFO] [stdout] 7 |     name: String,
[INFO] [stdout]   |     ^^^^
[INFO] [stdout]   |
[INFO] [stdout]   = note: `VirtualEnv` has a derived impl for the trait `Debug`, but this is intentionally ignored during dead code analysis
[INFO] [stdout] 
[INFO] [stdout] 
[INFO] [stdout] warning: function `get_task_by_id` is never used
[INFO] [stdout]   --> src/modules/tasks/todoist/core.rs:91:4
[INFO] [stdout]    |
[INFO] [stdout] 91 | fn get_task_by_id(db: &str, id: String) -> Result<Task, std::fmt::Error> {
[INFO] [stdout]    |    ^^^^^^^^^^^^^^
[INFO] [stdout] 
[INFO] [stdout] 
[INFO] [stdout] warning: unused comparison that must be used
[INFO] [stdout]    --> src/modules/notes/humble.rs:130:13
[INFO] [stdout]     |
[INFO] [stdout] 130 |             page.title == "_index";
[INFO] [stdout]     |             ^^^^^^^^^^^^^^^^^^^^^^ the comparison produces a value
[INFO] [stdout]     |
[INFO] [stdout]     = note: `#[warn(unused_must_use)]` on by default
[INFO] [stdout] help: use `let _ = ...` to ignore the resulting value
[INFO] [stdout]     |
[INFO] [stdout] 130 |             let _ = page.title == "_index";
[INFO] [stdout]     |             +++++++
[INFO] [stdout] 
[INFO] [stdout] 
[INFO] [stdout] warning: unused `Result` that must be used
[INFO] [stdout]   --> src/modules/tasks/todoist/lua.rs:18:21
[INFO] [stdout]    |
[INFO] [stdout] 18 |                     db::init_db(&db);
[INFO] [stdout]    |                     ^^^^^^^^^^^^^^^^
[INFO] [stdout]    |
[INFO] [stdout]    = note: this `Result` may be an `Err` variant, which should be handled
[INFO] [stdout] help: use `let _ = ...` to ignore the resulting value
[INFO] [stdout]    |
[INFO] [stdout] 18 |                     let _ = db::init_db(&db);
[INFO] [stdout]    |                     +++++++
[INFO] [stdout] 
[INFO] [stdout] 
[INFO] [stdout] warning: unused `Result` that must be used
[INFO] [stdout]   --> src/modules/script/engine.rs:77:13
[INFO] [stdout]    |
[INFO] [stdout] 77 |             repo.clone();
[INFO] [stdout]    |             ^^^^^^^^^^^^
[INFO] [stdout]    |
[INFO] [stdout]    = note: this `Result` may be an `Err` variant, which should be handled
[INFO] [stdout] help: use `let _ = ...` to ignore the resulting value
[INFO] [stdout]    |
[INFO] [stdout] 77 |             let _ = repo.clone();
[INFO] [stdout]    |             +++++++
[INFO] [stdout] 
[INFO] [stdout] 
[INFO] [stdout] warning: 69 warnings emitted
[INFO] [stdout] 
[INFO] [stdout] 
[INFO] [stderr]     Finished test [unoptimized + debuginfo] target(s) in 2.54s
[INFO] running `Command { std: "docker" "inspect" "a954840d6d084c31f8c3a856fbabdc1f23804fb3daf056bbca1af67a83df5912", kill_on_drop: false }`
[INFO] running `Command { std: "docker" "rm" "-f" "a954840d6d084c31f8c3a856fbabdc1f23804fb3daf056bbca1af67a83df5912", kill_on_drop: false }`
[INFO] [stdout] a954840d6d084c31f8c3a856fbabdc1f23804fb3daf056bbca1af67a83df5912
[INFO] running `Command { std: "docker" "create" "-v" "/var/lib/crater-agent-workspace/builds/worker-2-tc1/target:/opt/rustwide/target:rw,Z" "-v" "/var/lib/crater-agent-workspace/builds/worker-2-tc1/source:/opt/rustwide/workdir:ro,Z" "-v" "/var/lib/crater-agent-workspace/cargo-home:/opt/rustwide/cargo-home:ro,Z" "-v" "/var/lib/crater-agent-workspace/rustup-home:/opt/rustwide/rustup-home:ro,Z" "-e" "SOURCE_DIR=/opt/rustwide/workdir" "-e" "CARGO_TARGET_DIR=/opt/rustwide/target" "-e" "CARGO_INCREMENTAL=0" "-e" "RUST_BACKTRACE=full" "-e" "RUSTFLAGS=--cap-lints=warn" "-e" "RUSTDOCFLAGS=--cap-lints=warn" "-e" "CARGO_HOME=/opt/rustwide/cargo-home" "-e" "RUSTUP_HOME=/opt/rustwide/rustup-home" "-w" "/opt/rustwide/workdir" "-m" "1610612736" "--user" "0:0" "--network" "none" "ghcr.io/rust-lang/crates-build-env/linux@sha256:2788e3201cd34a07e3172128adcd8b3090168a8e3bcc40d7c032b9dda1df7d1c" "/opt/rustwide/cargo-home/bin/cargo" "+1.75.0" "test" "--frozen", kill_on_drop: false }`
[INFO] [stdout] c0fb82cefefd996b3dc2a423336f6c61c288b87d48d1bc7d2df02bb2bb508730
[INFO] running `Command { std: "docker" "start" "-a" "c0fb82cefefd996b3dc2a423336f6c61c288b87d48d1bc7d2df02bb2bb508730", kill_on_drop: false }`
[INFO] [stderr] warning: unused imports: `Context`, `Lua`
[INFO] [stderr]  --> src/modules/formats/yaml.rs:5:12
[INFO] [stderr]   |
[INFO] [stderr] 5 | use rlua::{Context, Lua};
[INFO] [stderr]   |            ^^^^^^^  ^^^
[INFO] [stderr]   |
[INFO] [stderr]   = note: `#[warn(unused_imports)]` on by default
[INFO] [stderr] 
[INFO] [stderr] warning: unused imports: `Deserialize`, `Serialize`
[INFO] [stderr]  --> src/modules/formats/yaml.rs:6:13
[INFO] [stderr]   |
[INFO] [stderr] 6 | use serde::{Deserialize, Serialize};
[INFO] [stderr]   |             ^^^^^^^^^^^  ^^^^^^^^^
[INFO] [stderr] 
[INFO] [stderr] warning: unused import: `serde_yaml::Mapping`
[INFO] [stderr]  --> src/modules/formats/yaml.rs:7:5
[INFO] [stderr]   |
[INFO] [stderr] 7 | use serde_yaml::Mapping;
[INFO] [stderr]   |     ^^^^^^^^^^^^^^^^^^^
[INFO] [stderr] 
[INFO] [stderr] warning: unused imports: `Context`, `Table`
[INFO] [stderr]  --> src/modules/k8s/kind.rs:3:12
[INFO] [stderr]   |
[INFO] [stderr] 3 | use rlua::{Context, Table};
[INFO] [stderr]   |            ^^^^^^^  ^^^^^
[INFO] [stderr] 
[INFO] [stderr] warning: unused import: `HashSet`
[INFO] [stderr]  --> src/modules/notes/humble.rs:1:33
[INFO] [stderr]   |
[INFO] [stderr] 1 | use std::collections::{HashMap, HashSet};
[INFO] [stderr]   |                                 ^^^^^^^
[INFO] [stderr] 
[INFO] [stderr] warning: unused imports: `File`, `copy`
[INFO] [stderr]  --> src/modules/notes/humble.rs:3:15
[INFO] [stderr]   |
[INFO] [stderr] 3 | use std::fs::{copy, File};
[INFO] [stderr]   |               ^^^^  ^^^^
[INFO] [stderr] 
[INFO] [stderr] warning: unused imports: `Read`, `Write`
[INFO] [stderr]  --> src/modules/notes/humble.rs:4:15
[INFO] [stderr]   |
[INFO] [stderr] 4 | use std::io::{Read, Write};
[INFO] [stderr]   |               ^^^^  ^^^^^
[INFO] [stderr] 
[INFO] [stderr] warning: unused imports: `Event`, `Parser`, `Tag`
[INFO] [stderr]  --> src/modules/notes/humble.rs:8:22
[INFO] [stderr]   |
[INFO] [stderr] 8 | use pulldown_cmark::{Event, Parser, Tag};
[INFO] [stderr]   |                      ^^^^^  ^^^^^^  ^^^
[INFO] [stderr] 
[INFO] [stderr] warning: unused import: `serde::Deserialize`
[INFO] [stderr]   --> src/modules/notes/humble.rs:10:5
[INFO] [stderr]    |
[INFO] [stderr] 10 | use serde::Deserialize;
[INFO] [stderr]    |     ^^^^^^^^^^^^^^^^^^
[INFO] [stderr] 
[INFO] [stderr] warning: unused imports: `DirEntry`, `WalkDir`
[INFO] [stderr]   --> src/modules/notes/humble.rs:11:15
[INFO] [stderr]    |
[INFO] [stderr] 11 | use walkdir::{DirEntry, WalkDir};
[INFO] [stderr]    |               ^^^^^^^^  ^^^^^^^
[INFO] [stderr] 
[INFO] [stderr] warning: unused import: `Path`
[INFO] [stderr]  --> src/modules/notes/markdown.rs:5:17
[INFO] [stderr]   |
[INFO] [stderr] 5 | use std::path::{Path, PathBuf};
[INFO] [stderr]   |                 ^^^^
[INFO] [stderr] 
[INFO] [stderr] warning: unused imports: `Context`, `Lua`, `Table`, `ToLuaMulti`, `ToLua`
[INFO] [stderr]   --> src/modules/notes/markdown.rs:11:12
[INFO] [stderr]    |
[INFO] [stderr] 11 | use rlua::{Context, Lua, Table, ToLua, ToLuaMulti};
[INFO] [stderr]    |            ^^^^^^^  ^^^  ^^^^^  ^^^^^  ^^^^^^^^^^
[INFO] [stderr] 
[INFO] [stderr] warning: unused import: `crate::modules::notes::markdown::WikilinkType::TEXT`
[INFO] [stderr]   --> src/modules/notes/markdown.rs:14:5
[INFO] [stderr]    |
[INFO] [stderr] 14 | use crate::modules::notes::markdown::WikilinkType::TEXT;
[INFO] [stderr]    |     ^^^^^^^^^^^^^^^^^^^^^^^^^^^^^^^^^^^^^^^^^^^^^^^^^^^
[INFO] [stderr] 
[INFO] [stderr] warning: unused imports: `FromSql`, `ValueRef`
[INFO] [stderr]  --> src/modules/projects/agile/core.rs:5:23
[INFO] [stderr]   |
[INFO] [stderr] 5 | use rusqlite::types::{FromSql, ValueRef};
[INFO] [stderr]   |                       ^^^^^^^  ^^^^^^^^
[INFO] [stderr] 
[INFO] [stderr] warning: unused import: `serializers`
[INFO] [stderr]   --> src/modules/projects/agile/core.rs:13:42
[INFO] [stderr]    |
[INFO] [stderr] 13 | use crate::modules::db::{get_connection, serializers};
[INFO] [stderr]    |                                          ^^^^^^^^^^^
[INFO] [stderr] 
[INFO] [stderr] warning: unused imports: `Lua`, `Result`, `ToLua`, `UserData`
[INFO] [stderr]  --> src/modules/projects/agile/lua.rs:1:21
[INFO] [stderr]   |
[INFO] [stderr] 1 | use rlua::{Context, Lua, Result, ToLua, UserData};
[INFO] [stderr]   |                     ^^^  ^^^^^^  ^^^^^  ^^^^^^^^
[INFO] [stderr] 
[INFO] [stderr] warning: unused import: `rlua::Error as LuaError`
[INFO] [stderr]  --> src/modules/projects/agile/lua.rs:2:5
[INFO] [stderr]   |
[INFO] [stderr] 2 | use rlua::Error as LuaError;
[INFO] [stderr]   |     ^^^^^^^^^^^^^^^^^^^^^^^
[INFO] [stderr] 
[INFO] [stderr] warning: unused import: `rlua::FromLua`
[INFO] [stderr]  --> src/modules/projects/agile/lua.rs:3:5
[INFO] [stderr]   |
[INFO] [stderr] 3 | use rlua::FromLua;
[INFO] [stderr]   |     ^^^^^^^^^^^^^
[INFO] [stderr] 
[INFO] [stderr] warning: unused import: `rlua::Table`
[INFO] [stderr]  --> src/modules/projects/agile/lua.rs:4:5
[INFO] [stderr]   |
[INFO] [stderr] 4 | use rlua::Table;
[INFO] [stderr]   |     ^^^^^^^^^^^
[INFO] [stderr] 
[INFO] [stderr] warning: unused import: `Branches`
[INFO] [stderr]  --> src/modules/projects/git/core.rs:3:12
[INFO] [stderr]   |
[INFO] [stderr] 3 | use git2::{Branches, Error, Repository, RepositoryOpenFlags};
[INFO] [stderr]   |            ^^^^^^^^
[INFO] [stderr] 
[INFO] [stderr] warning: unused import: `std::env`
[INFO] [stderr]  --> src/modules/projects/git/lua.rs:1:5
[INFO] [stderr]   |
[INFO] [stderr] 1 | use std::env;
[INFO] [stderr]   |     ^^^^^^^^
[INFO] [stderr] 
[INFO] [stderr] warning: unused import: `std::str::FromStr`
[INFO] [stderr]  --> src/modules/projects/git/lua.rs:3:5
[INFO] [stderr]   |
[INFO] [stderr] 3 | use std::str::FromStr;
[INFO] [stderr]   |     ^^^^^^^^^^^^^^^^^
[INFO] [stderr] 
[INFO] [stderr] warning: unused imports: `ExternalError`, `Lua`
[INFO] [stderr]  --> src/modules/projects/git/lua.rs:5:28
[INFO] [stderr]   |
[INFO] [stderr] 5 | use rlua::{Context, Error, ExternalError, Lua};
[INFO] [stderr]   |                            ^^^^^^^^^^^^^  ^^^
[INFO] [stderr] 
[INFO] [stderr] warning: unused import: `rlua::prelude::LuaError`
[INFO] [stderr]  --> src/modules/projects/git/lua.rs:6:5
[INFO] [stderr]   |
[INFO] [stderr] 6 | use rlua::prelude::LuaError;
[INFO] [stderr]   |     ^^^^^^^^^^^^^^^^^^^^^^^
[INFO] [stderr] 
[INFO] [stderr] warning: unused import: `tokio::runtime::Runtime`
[INFO] [stderr]  --> src/modules/projects/git/lua.rs:7:5
[INFO] [stderr]   |
[INFO] [stderr] 7 | use tokio::runtime::Runtime;
[INFO] [stderr]   |     ^^^^^^^^^^^^^^^^^^^^^^^
[INFO] [stderr] 
[INFO] [stderr] warning: unused import: `uuid::Uuid`
[INFO] [stderr]  --> src/modules/projects/git/lua.rs:8:5
[INFO] [stderr]   |
[INFO] [stderr] 8 | use uuid::Uuid;
[INFO] [stderr]   |     ^^^^^^^^^^
[INFO] [stderr] 
[INFO] [stderr] warning: unused import: `std::env`
[INFO] [stderr]  --> src/modules/projects/git/github.rs:2:5
[INFO] [stderr]   |
[INFO] [stderr] 2 | use std::env;
[INFO] [stderr]   |     ^^^^^^^^
[INFO] [stderr] 
[INFO] [stderr] warning: unused import: `env`
[INFO] [stderr]  --> src/modules/projects/venv.rs:1:11
[INFO] [stderr]   |
[INFO] [stderr] 1 | use std::{env, path::PathBuf};
[INFO] [stderr]   |           ^^^
[INFO] [stderr] 
[INFO] [stderr] warning: unused import: `std::error::Error`
[INFO] [stderr]  --> src/modules/tasks/todoist/core.rs:1:5
[INFO] [stderr]   |
[INFO] [stderr] 1 | use std::error::Error;
[INFO] [stderr]   |     ^^^^^^^^^^^^^^^^^
[INFO] [stderr] 
[INFO] [stderr] warning: unused import: `std::str::FromStr`
[INFO] [stderr]  --> src/modules/tasks/todoist/lua.rs:2:5
[INFO] [stderr]   |
[INFO] [stderr] 2 | use std::str::FromStr;
[INFO] [stderr]   |     ^^^^^^^^^^^^^^^^^
[INFO] [stderr] 
[INFO] [stderr] warning: unused imports: `ExternalError`, `Lua`
[INFO] [stderr]  --> src/modules/tasks/todoist/lua.rs:4:28
[INFO] [stderr]   |
[INFO] [stderr] 4 | use rlua::{Context, Error, ExternalError, Lua};
[INFO] [stderr]   |                            ^^^^^^^^^^^^^  ^^^
[INFO] [stderr] 
[INFO] [stderr] warning: unused import: `rlua::prelude::LuaError`
[INFO] [stderr]  --> src/modules/tasks/todoist/lua.rs:5:5
[INFO] [stderr]   |
[INFO] [stderr] 5 | use rlua::prelude::LuaError;
[INFO] [stderr]   |     ^^^^^^^^^^^^^^^^^^^^^^^
[INFO] [stderr] 
[INFO] [stderr] warning: unused import: `std::env`
[INFO] [stderr]  --> src/modules/script/engine.rs:1:5
[INFO] [stderr]   |
[INFO] [stderr] 1 | use std::env;
[INFO] [stderr]   |     ^^^^^^^^
[INFO] [stderr] 
[INFO] [stderr] warning: unused imports: `ToLua`, `UserData`
[INFO] [stderr]  --> src/modules/script/engine.rs:4:34
[INFO] [stderr]   |
[INFO] [stderr] 4 | use rlua::{Context, Lua, Result, ToLua, UserData, Value};
[INFO] [stderr]   |                                  ^^^^^  ^^^^^^^^
[INFO] [stderr] 
[INFO] [stderr] warning: unused import: `rlua::FromLua`
[INFO] [stderr]  --> src/modules/script/engine.rs:6:5
[INFO] [stderr]   |
[INFO] [stderr] 6 | use rlua::FromLua;
[INFO] [stderr]   |     ^^^^^^^^^^^^^
[INFO] [stderr] 
[INFO] [stderr] warning: unused import: `tokio::runtime::Runtime`
[INFO] [stderr]  --> src/modules/script/engine.rs:9:5
[INFO] [stderr]   |
[INFO] [stderr] 9 | use tokio::runtime::Runtime;
[INFO] [stderr]   |     ^^^^^^^^^^^^^^^^^^^^^^^
[INFO] [stderr] 
[INFO] [stderr] warning: unused import: `uuid::Uuid`
[INFO] [stderr]   --> src/modules/script/engine.rs:10:5
[INFO] [stderr]    |
[INFO] [stderr] 10 | use uuid::Uuid;
[INFO] [stderr]    |     ^^^^^^^^^^
[INFO] [stderr] 
[INFO] [stderr] warning: unused import: `db`
[INFO] [stderr]   --> src/modules/script/engine.rs:12:28
[INFO] [stderr]    |
[INFO] [stderr] 12 | use crate::modules::{core, db};
[INFO] [stderr]    |                            ^^
[INFO] [stderr] 
[INFO] [stderr] warning: unused import: `crate::modules::db::serializers::SerializableDateTime`
[INFO] [stderr]   --> src/modules/script/engine.rs:14:5
[INFO] [stderr]    |
[INFO] [stderr] 14 | use crate::modules::db::serializers::SerializableDateTime;
[INFO] [stderr]    |     ^^^^^^^^^^^^^^^^^^^^^^^^^^^^^^^^^^^^^^^^^^^^^^^^^^^^^
[INFO] [stderr] 
[INFO] [stderr] warning: unused import: `Owned`
[INFO] [stderr]  --> src/modules/script/repl.rs:1:40
[INFO] [stderr]   |
[INFO] [stderr] 1 | use std::borrow::Cow::{self, Borrowed, Owned};
[INFO] [stderr]   |                                        ^^^^^
[INFO] [stderr] 
[INFO] [stderr] warning: unused import: `lazy_static::lazy_static`
[INFO] [stderr]  --> src/modules/software/definitions.rs:2:5
[INFO] [stderr]   |
[INFO] [stderr] 2 | use lazy_static::lazy_static;
[INFO] [stderr]   |     ^^^^^^^^^^^^^^^^^^^^^^^^
[INFO] [stderr] 
[INFO] [stderr] warning: unused import: `std::path::PathBuf`
[INFO] [stderr]  --> src/modules/software/definitions.rs:3:5
[INFO] [stderr]   |
[INFO] [stderr] 3 | use std::path::PathBuf;
[INFO] [stderr]   |     ^^^^^^^^^^^^^^^^^^
[INFO] [stderr] 
[INFO] [stderr] warning: use of deprecated method `chrono::NaiveDate::and_hms`: use `and_hms_opt()` instead
[INFO] [stderr]   --> src/modules/db/serializers.rs:77:54
[INFO] [stderr]    |
[INFO] [stderr] 77 |         let datetime = DateTime::from_utc(naive_date.and_hms(0, 0, 0), Utc);
[INFO] [stderr]    |                                                      ^^^^^^^
[INFO] [stderr]    |
[INFO] [stderr]    = note: `#[warn(deprecated)]` on by default
[INFO] [stderr] 
[INFO] [stderr] warning: unused import: `crate::modules::db::DatabaseOperations`
[INFO] [stderr]   --> src/modules/script/engine.rs:13:5
[INFO] [stderr]    |
[INFO] [stderr] 13 | use crate::modules::db::DatabaseOperations;
[INFO] [stderr]    |     ^^^^^^^^^^^^^^^^^^^^^^^^^^^^^^^^^^^^^^
[INFO] [stderr] 
[INFO] [stderr] warning: unused variable: `reader`
[INFO] [stderr]   --> src/modules/admin/secrets.rs:22:9
[INFO] [stderr]    |
[INFO] [stderr] 22 |     let reader = BufReader::new(file);
[INFO] [stderr]    |         ^^^^^^ help: if this is intentional, prefix it with an underscore: `_reader`
[INFO] [stderr]    |
[INFO] [stderr]    = note: `#[warn(unused_variables)]` on by default
[INFO] [stderr] 
[INFO] [stderr] warning: unused variable: `id`
[INFO] [stderr]   --> src/modules/projects/agile/core.rs:41:12
[INFO] [stderr]    |
[INFO] [stderr] 41 |     fn get(id: String, db: &str) -> Result<Self, rusqlite::Error> where Self: Sized {
[INFO] [stderr]    |            ^^ help: if this is intentional, prefix it with an underscore: `_id`
[INFO] [stderr] 
[INFO] [stderr] warning: unused variable: `db`
[INFO] [stderr]   --> src/modules/projects/agile/core.rs:41:24
[INFO] [stderr]    |
[INFO] [stderr] 41 |     fn get(id: String, db: &str) -> Result<Self, rusqlite::Error> where Self: Sized {
[INFO] [stderr]    |                        ^^ help: if this is intentional, prefix it with an underscore: `_db`
[INFO] [stderr] 
[INFO] [stderr] warning: unused variable: `row`
[INFO] [stderr]   --> src/modules/projects/agile/core.rs:71:12
[INFO] [stderr]    |
[INFO] [stderr] 71 |     fn map(row: &Row<'_>) -> std::result::Result<Self, rusqlite::Error> where Self: Sized {
[INFO] [stderr]    |            ^^^ help: if this is intentional, prefix it with an underscore: `_row`
[INFO] [stderr] 
[INFO] [stderr] warning: unused variable: `ctx`
[INFO] [stderr]    --> src/modules/projects/agile/lua.rs:102:14
[INFO] [stderr]     |
[INFO] [stderr] 102 |             |ctx, (id, path): (String, String)| {
[INFO] [stderr]     |              ^^^ help: if this is intentional, prefix it with an underscore: `_ctx`
[INFO] [stderr] 
[INFO] [stderr] warning: unused variable: `user`
[INFO] [stderr]   --> src/modules/projects/git/github.rs:18:30
[INFO] [stderr]    |
[INFO] [stderr] 18 | pub fn github_get_milestones(user: String, token: String, org: String, repo: String) -> Result<HashMap<String, String>, Box<dyn std::erro...
[INFO] [stderr]    |                              ^^^^ help: if this is intentional, prefix it with an underscore: `_user`
[INFO] [stderr] 
[INFO] [stderr] warning: unused variable: `user`
[INFO] [stderr]   --> src/modules/projects/git/github.rs:36:36
[INFO] [stderr]    |
[INFO] [stderr] 36 | pub fn github_get_milestone_issues(user: String, token: String, org: String, repo: String, milestone_number: i32) -> Result<Vec<String>, ...
[INFO] [stderr]    |                                    ^^^^ help: if this is intentional, prefix it with an underscore: `_user`
[INFO] [stderr] 
[INFO] [stderr] warning: unused variable: `venv`
[INFO] [stderr]   --> src/modules/projects/venv.rs:38:16
[INFO] [stderr]    |
[INFO] [stderr] 38 | pub fn rebuild(venv: VirtualEnv) {
[INFO] [stderr]    |                ^^^^ help: if this is intentional, prefix it with an underscore: `_venv`
[INFO] [stderr] 
[INFO] [stderr] warning: unused variable: `db`
[INFO] [stderr]   --> src/modules/tasks/todoist/core.rs:35:20
[INFO] [stderr]    |
[INFO] [stderr] 35 |     fn save(&self, db: &str) -> Result<(), std::fmt::Error> {
[INFO] [stderr]    |                    ^^ help: if this is intentional, prefix it with an underscore: `_db`
[INFO] [stderr] 
[INFO] [stderr] warning: unused variable: `id`
[INFO] [stderr]   --> src/modules/tasks/todoist/core.rs:39:12
[INFO] [stderr]    |
[INFO] [stderr] 39 |     fn get(id: String, db: &str) -> Result<Self, rusqlite::Error> where Self: Sized {
[INFO] [stderr]    |            ^^ help: if this is intentional, prefix it with an underscore: `_id`
[INFO] [stderr] 
[INFO] [stderr] warning: unused variable: `db`
[INFO] [stderr]   --> src/modules/tasks/todoist/core.rs:39:24
[INFO] [stderr]    |
[INFO] [stderr] 39 |     fn get(id: String, db: &str) -> Result<Self, rusqlite::Error> where Self: Sized {
[INFO] [stderr]    |                        ^^ help: if this is intentional, prefix it with an underscore: `_db`
[INFO] [stderr] 
[INFO] [stderr] warning: unused variable: `row`
[INFO] [stderr]   --> src/modules/tasks/todoist/core.rs:86:12
[INFO] [stderr]    |
[INFO] [stderr] 86 |     fn map(row: &Row<'_>) -> Result<Self, rusqlite::Error> where Self: Sized {
[INFO] [stderr]    |            ^^^ help: if this is intentional, prefix it with an underscore: `_row`
[INFO] [stderr] 
[INFO] [stderr] warning: unused variable: `e`
[INFO] [stderr]   --> src/modules/tasks/todoist/lua.rs:42:29
[INFO] [stderr]    |
[INFO] [stderr] 42 |                         Err(e) => Err(Error::RuntimeError("Could not save task to Sprint".to_string()))
[INFO] [stderr]    |                             ^ help: if this is intentional, prefix it with an underscore: `_e`
[INFO] [stderr] 
[INFO] [stderr] warning: unused variable: `e`
[INFO] [stderr]   --> src/modules/tasks/todoist/lua.rs:45:21
[INFO] [stderr]    |
[INFO] [stderr] 45 |                 Err(e) => {
[INFO] [stderr]    |                     ^ help: if this is intentional, prefix it with an underscore: `_e`
[INFO] [stderr] 
[INFO] [stderr] warning: unused variable: `v`
[INFO] [stderr]   --> src/modules/script/engine.rs:98:21
[INFO] [stderr]    |
[INFO] [stderr] 98 |                 let v = update_yaml_value(&file_path, &yaml_key_path, &new_value)
[INFO] [stderr]    |                     ^ help: if this is intentional, prefix it with an underscore: `_v`
[INFO] [stderr] 
[INFO] [stderr] warning: unused variable: `e`
[INFO] [stderr]    --> src/modules/script/engine.rs:111:25
[INFO] [stderr]     |
[INFO] [stderr] 111 |                     Err(e) => Err(LuaError::RuntimeError(
[INFO] [stderr]     |                         ^ help: if this is intentional, prefix it with an underscore: `_e`
[INFO] [stderr] 
[INFO] [stderr] warning: unused variable: `e`
[INFO] [stderr]    --> src/modules/script/engine.rs:122:17
[INFO] [stderr]     |
[INFO] [stderr] 122 |             Err(e) => Err(LuaError::RuntimeError(
[INFO] [stderr]     |                 ^ help: if this is intentional, prefix it with an underscore: `_e`
[INFO] [stderr] 
[INFO] [stderr] warning: unused variable: `e`
[INFO] [stderr]    --> src/modules/script/engine.rs:131:17
[INFO] [stderr]     |
[INFO] [stderr] 131 |             Err(e) => Err(LuaError::RuntimeError(
[INFO] [stderr]     |                 ^ help: if this is intentional, prefix it with an underscore: `_e`
[INFO] [stderr] 
[INFO] [stderr] warning: function `directory_exists` is never used
[INFO] [stderr]   --> src/modules/core.rs:77:4
[INFO] [stderr]    |
[INFO] [stderr] 77 | fn directory_exists(path: &Path) -> bool {
[INFO] [stderr]    |    ^^^^^^^^^^^^^^^^
[INFO] [stderr]    |
[INFO] [stderr]    = note: `#[warn(dead_code)]` on by default
[INFO] [stderr] 
[INFO] [stderr] warning: method `is_active` is never used
[INFO] [stderr]    --> src/modules/projects/agile/core.rs:183:8
[INFO] [stderr]     |
[INFO] [stderr] 182 | impl Sprint {
[INFO] [stderr]     | ----------- method in this implementation
[INFO] [stderr] 183 |     fn is_active(&self) -> bool {
[INFO] [stderr]     |        ^^^^^^^^^
[INFO] [stderr] 
[INFO] [stderr] warning: field `name` is never read
[INFO] [stderr]  --> src/modules/projects/venv.rs:7:5
[INFO] [stderr]   |
[INFO] [stderr] 6 | pub struct VirtualEnv {
[INFO] [stderr]   |            ---------- field in this struct
[INFO] [stderr] 7 |     name: String,
[INFO] [stderr]   |     ^^^^
[INFO] [stderr]   |
[INFO] [stderr]   = note: `VirtualEnv` has a derived impl for the trait `Debug`, but this is intentionally ignored during dead code analysis
[INFO] [stderr] 
[INFO] [stderr] warning: function `get_task_by_id` is never used
[INFO] [stderr]   --> src/modules/tasks/todoist/core.rs:91:4
[INFO] [stderr]    |
[INFO] [stderr] 91 | fn get_task_by_id(db: &str, id: String) -> Result<Task, std::fmt::Error> {
[INFO] [stderr]    |    ^^^^^^^^^^^^^^
[INFO] [stderr] 
[INFO] [stderr] warning: unused comparison that must be used
[INFO] [stderr]    --> src/modules/notes/humble.rs:130:13
[INFO] [stderr]     |
[INFO] [stderr] 130 |             page.title == "_index";
[INFO] [stderr]     |             ^^^^^^^^^^^^^^^^^^^^^^ the comparison produces a value
[INFO] [stderr]     |
[INFO] [stderr]     = note: `#[warn(unused_must_use)]` on by default
[INFO] [stderr] help: use `let _ = ...` to ignore the resulting value
[INFO] [stderr]     |
[INFO] [stderr] 130 |             let _ = page.title == "_index";
[INFO] [stderr]     |             +++++++
[INFO] [stderr] 
[INFO] [stderr] warning: unused `Result` that must be used
[INFO] [stderr]   --> src/modules/tasks/todoist/lua.rs:18:21
[INFO] [stderr]    |
[INFO] [stderr] 18 |                     db::init_db(&db);
[INFO] [stderr]    |                     ^^^^^^^^^^^^^^^^
[INFO] [stderr]    |
[INFO] [stderr]    = note: this `Result` may be an `Err` variant, which should be handled
[INFO] [stderr] help: use `let _ = ...` to ignore the resulting value
[INFO] [stderr]    |
[INFO] [stderr] 18 |                     let _ = db::init_db(&db);
[INFO] [stderr]    |                     +++++++
[INFO] [stderr] 
[INFO] [stderr] warning: unused `Result` that must be used
[INFO] [stderr]   --> src/modules/script/engine.rs:77:13
[INFO] [stderr]    |
[INFO] [stderr] 77 |             repo.clone();
[INFO] [stderr]    |             ^^^^^^^^^^^^
[INFO] [stderr]    |
[INFO] [stderr]    = note: this `Result` may be an `Err` variant, which should be handled
[INFO] [stderr] help: use `let _ = ...` to ignore the resulting value
[INFO] [stderr]    |
[INFO] [stderr] 77 |             let _ = repo.clone();
[INFO] [stderr]    |             +++++++
[INFO] [stderr] 
[INFO] [stderr] warning: unused variable: `filename2`
[INFO] [stderr]    --> src/modules/notes/markdown.rs:320:13
[INFO] [stderr]     |
[INFO] [stderr] 320 |         let filename2 = "FOO.GIF";
[INFO] [stderr]     |             ^^^^^^^^^ help: if this is intentional, prefix it with an underscore: `_filename2`
[INFO] [stderr] 
[INFO] [stderr] warning: `valis-core` (lib) generated 69 warnings (run `cargo fix --lib -p valis-core` to apply 60 suggestions)
[INFO] [stderr] warning: `valis-core` (lib test) generated 69 warnings (68 duplicates) (run `cargo fix --lib -p valis-core --tests` to apply 1 suggestion)
[INFO] [stderr] warning: unused import: `std::env`
[INFO] [stderr]  --> src/main.rs:1:5
[INFO] [stderr]   |
[INFO] [stderr] 1 | use std::env;
[INFO] [stderr]   |     ^^^^^^^^
[INFO] [stderr]   |
[INFO] [stderr]   = note: `#[warn(unused_imports)]` on by default
[INFO] [stderr] 
[INFO] [stderr] warning: variable `githubAuth` should have a snake case name
[INFO] [stderr]   --> src/main.rs:35:17
[INFO] [stderr]    |
[INFO] [stderr] 35 |             let githubAuth = authinfo::find_auth_info_for_machine("api.github.com", authinfos).get(0).cloned().unwrap();
[INFO] [stderr]    |                 ^^^^^^^^^^ help: convert the identifier to snake case: `github_auth`
[INFO] [stderr]    |
[INFO] [stderr]    = note: `#[warn(non_snake_case)]` on by default
[INFO] [stderr] 
[INFO] [stderr] warning: `valis-core` (bin "valis_cli" test) generated 2 warnings (run `cargo fix --bin "valis_cli" --tests` to apply 1 suggestion)
[INFO] [stderr]     Finished test [unoptimized + debuginfo] target(s) in 0.13s
[INFO] [stderr]      Running unittests src/lib.rs (/opt/rustwide/target/debug/deps/valis_core-3b448b9a1768e764)
[INFO] [stdout] 
[INFO] [stdout] running 10 tests
[INFO] [stdout] test modules::notes::markdown::tests::test_alternate_name ... ok
[INFO] [stdout] test modules::notes::markdown::tests::test_anchor ... ok
[INFO] [stdout] test modules::notes::markdown::tests::test_extension_jpg ... ok
[INFO] [stdout] test modules::notes::markdown::tests::test_anchor_and_name ... ok
[INFO] [stdout] test modules::notes::markdown::tests::test_extension_gif ... ok
[INFO] [stdout] test modules::notes::markdown::tests::test_image ... ok
[INFO] [stdout] test modules::notes::markdown::tests::test_extension_png ... ok
[INFO] [stdout] test modules::notes::markdown::tests::test_image_name ... ok
[INFO] [stdout] test modules::notes::markdown::tests::test_just_anchor ... ok
[INFO] [stdout] test modules::notes::markdown::tests::test_simple ... ok
[INFO] [stdout] 
[INFO] [stdout] test result: ok. 10 passed; 0 failed; 0 ignored; 0 measured; 0 filtered out; finished in 0.00s
[INFO] [stdout] 
[INFO] [stderr]      Running unittests src/main.rs (/opt/rustwide/target/debug/deps/valis_cli-01d9561b0530dd57)
[INFO] [stdout] 
[INFO] [stdout] running 0 tests
[INFO] [stdout] 
[INFO] [stdout] test result: ok. 0 passed; 0 failed; 0 ignored; 0 measured; 0 filtered out; finished in 0.00s
[INFO] [stdout] 
[INFO] [stderr]    Doc-tests valis_core
[INFO] [stdout] 
[INFO] [stdout] running 1 test
[INFO] [stdout] test src/modules/projects/venv.rs - modules::projects::venv::status (line 49) ... FAILED
[INFO] [stdout] 
[INFO] [stdout] failures:
[INFO] [stdout] 
[INFO] [stdout] ---- src/modules/projects/venv.rs - modules::projects::venv::status (line 49) stdout ----
[INFO] [stdout] Test executable failed (exit status: 101).
[INFO] [stdout] 
[INFO] [stdout] stderr:
[INFO] [stdout] thread 'main' panicked at src/modules/projects/venv.rs:21:44:
[INFO] [stdout] called `Option::unwrap()` on a `None` value
[INFO] [stdout] stack backtrace:
[INFO] [stdout]    0:     0x560e3d06c29c - std::backtrace_rs::backtrace::libunwind::trace::ha637c64ce894333a
[INFO] [stdout]                                at /rustc/82e1608dfa6e0b5569232559e3d385fea5a93112/library/std/src/../../backtrace/src/backtrace/libunwind.rs:104:5
[INFO] [stdout]    1:     0x560e3d06c29c - std::backtrace_rs::backtrace::trace_unsynchronized::h47f62dea28e0c88d
[INFO] [stdout]                                at /rustc/82e1608dfa6e0b5569232559e3d385fea5a93112/library/std/src/../../backtrace/src/backtrace/mod.rs:66:5
[INFO] [stdout]    2:     0x560e3d06c29c - std::sys_common::backtrace::_print_fmt::h9eef0abe20ede486
[INFO] [stdout]                                at /rustc/82e1608dfa6e0b5569232559e3d385fea5a93112/library/std/src/sys_common/backtrace.rs:67:5
[INFO] [stdout]    3:     0x560e3d06c29c - <std::sys_common::backtrace::_print::DisplayBacktrace as core::fmt::Display>::fmt::hed7f999df88cc644
[INFO] [stdout]                                at /rustc/82e1608dfa6e0b5569232559e3d385fea5a93112/library/std/src/sys_common/backtrace.rs:44:22
[INFO] [stdout]    4:     0x560e3d08c0b0 - core::fmt::rt::Argument::fmt::h1539a9308b8d058d
[INFO] [stdout]                                at /rustc/82e1608dfa6e0b5569232559e3d385fea5a93112/library/core/src/fmt/rt.rs:142:9
[INFO] [stdout]    5:     0x560e3d08c0b0 - core::fmt::write::h3a39390d8560d9c9
[INFO] [stdout]                                at /rustc/82e1608dfa6e0b5569232559e3d385fea5a93112/library/core/src/fmt/mod.rs:1120:17
[INFO] [stdout]    6:     0x560e3d06a37f - std::io::Write::write_fmt::h5fc9997dfe05f882
[INFO] [stdout]                                at /rustc/82e1608dfa6e0b5569232559e3d385fea5a93112/library/std/src/io/mod.rs:1762:15
[INFO] [stdout]    7:     0x560e3d06c084 - std::sys_common::backtrace::_print::h894006fb5c6f3d45
[INFO] [stdout]                                at /rustc/82e1608dfa6e0b5569232559e3d385fea5a93112/library/std/src/sys_common/backtrace.rs:47:5
[INFO] [stdout]    8:     0x560e3d06c084 - std::sys_common::backtrace::print::h23a2d212c6fff936
[INFO] [stdout]                                at /rustc/82e1608dfa6e0b5569232559e3d385fea5a93112/library/std/src/sys_common/backtrace.rs:34:9
[INFO] [stdout]    9:     0x560e3d06d597 - std::panicking::default_hook::{{closure}}::h8a1d2ee00185001a
[INFO] [stdout]   10:     0x560e3d06d2ff - std::panicking::default_hook::h6038f2eba384e475
[INFO] [stdout]                                at /rustc/82e1608dfa6e0b5569232559e3d385fea5a93112/library/std/src/panicking.rs:292:9
[INFO] [stdout]   11:     0x560e3d06da18 - std::panicking::rust_panic_with_hook::h2b5517d590cab22e
[INFO] [stdout]                                at /rustc/82e1608dfa6e0b5569232559e3d385fea5a93112/library/std/src/panicking.rs:779:13
[INFO] [stdout]   12:     0x560e3d06d8c9 - std::panicking::begin_panic_handler::{{closure}}::h233112c06e0ef43e
[INFO] [stdout]                                at /rustc/82e1608dfa6e0b5569232559e3d385fea5a93112/library/std/src/panicking.rs:649:13
[INFO] [stdout]   13:     0x560e3d06c766 - std::sys_common::backtrace::__rust_end_short_backtrace::h6e893f24d7ebbff8
[INFO] [stdout]                                at /rustc/82e1608dfa6e0b5569232559e3d385fea5a93112/library/std/src/sys_common/backtrace.rs:170:18
[INFO] [stdout]   14:     0x560e3d06d662 - rust_begin_unwind
[INFO] [stdout]                                at /rustc/82e1608dfa6e0b5569232559e3d385fea5a93112/library/std/src/panicking.rs:645:5
[INFO] [stdout]   15:     0x560e3cfcfbd5 - core::panicking::panic_fmt::hbf0e066aabfa482c
[INFO] [stdout]                                at /rustc/82e1608dfa6e0b5569232559e3d385fea5a93112/library/core/src/panicking.rs:72:14
[INFO] [stdout]   16:     0x560e3cfcfc73 - core::panicking::panic::h195fc2a96298d4c3
[INFO] [stdout]                                at /rustc/82e1608dfa6e0b5569232559e3d385fea5a93112/library/core/src/panicking.rs:127:5
[INFO] [stdout]   17:     0x560e3cfd1845 - core::option::Option<T>::unwrap::hb694b4654bbbfb7b
[INFO] [stdout]                                at /rustc/82e1608dfa6e0b5569232559e3d385fea5a93112/library/core/src/option.rs:931:21
[INFO] [stdout]   18:     0x560e3cfd076b - valis_core::modules::projects::venv::get_venv_info::hb3726b83ad01177f
[INFO] [stdout]                                at /opt/rustwide/workdir/src/modules/projects/venv.rs:21:34
[INFO] [stdout]   19:     0x560e3cfd0b8b - valis_core::modules::projects::venv::status::hafe16e7d738e64ef
[INFO] [stdout]                                at /opt/rustwide/workdir/src/modules/projects/venv.rs:56:22
[INFO] [stdout]   20:     0x560e3cfd069c - rust_out::main::_doctest_main_src_modules_projects_venv_rs_49_0::h32144c0eb804460d
[INFO] [stdout]   21:     0x560e3cfd0656 - rust_out::main::hc20c0d07e2402830
[INFO] [stdout]   22:     0x560e3cfd0533 - core::ops::function::FnOnce::call_once::hbc459743598298c4
[INFO] [stdout]   23:     0x560e3cfd04b6 - std::sys_common::backtrace::__rust_begin_short_backtrace::h62debe7d3058b76a
[INFO] [stdout]   24:     0x560e3cfd0509 - std::rt::lang_start::{{closure}}::h8f486f3e1e6418b2
[INFO] [stdout]   25:     0x560e3d0673a7 - core::ops::function::impls::<impl core::ops::function::FnOnce<A> for &F>::call_once::hd95060ecd5e1ca24
[INFO] [stdout]                                at /rustc/82e1608dfa6e0b5569232559e3d385fea5a93112/library/core/src/ops/function.rs:284:13
[INFO] [stdout]   26:     0x560e3d0673a7 - std::panicking::try::do_call::h6e8cf51db32a6e4b
[INFO] [stdout]                                at /rustc/82e1608dfa6e0b5569232559e3d385fea5a93112/library/std/src/panicking.rs:552:40
[INFO] [stdout]   27:     0x560e3d0673a7 - std::panicking::try::h3a52eefe24fe3c29
[INFO] [stdout]                                at /rustc/82e1608dfa6e0b5569232559e3d385fea5a93112/library/std/src/panicking.rs:516:19
[INFO] [stdout]   28:     0x560e3d0673a7 - std::panic::catch_unwind::h24c28c23c02c3841
[INFO] [stdout]                                at /rustc/82e1608dfa6e0b5569232559e3d385fea5a93112/library/std/src/panic.rs:142:14
[INFO] [stdout]   29:     0x560e3d0673a7 - std::rt::lang_start_internal::{{closure}}::h705d3c9cbc06ef47
[INFO] [stdout]                                at /rustc/82e1608dfa6e0b5569232559e3d385fea5a93112/library/std/src/rt.rs:148:48
[INFO] [stdout]   30:     0x560e3d0673a7 - std::panicking::try::do_call::ha21f52ba13158470
[INFO] [stdout]                                at /rustc/82e1608dfa6e0b5569232559e3d385fea5a93112/library/std/src/panicking.rs:552:40
[INFO] [stdout]   31:     0x560e3d0673a7 - std::panicking::try::h5581346bf6aeb1f8
[INFO] [stdout]                                at /rustc/82e1608dfa6e0b5569232559e3d385fea5a93112/library/std/src/panicking.rs:516:19
[INFO] [stdout]   32:     0x560e3d0673a7 - std::panic::catch_unwind::h7919645a6b72e25b
[INFO] [stdout]                                at /rustc/82e1608dfa6e0b5569232559e3d385fea5a93112/library/std/src/panic.rs:142:14
[INFO] [stdout]   33:     0x560e3d0673a7 - std::rt::lang_start_internal::h12de51168669836e
[INFO] [stdout]                                at /rustc/82e1608dfa6e0b5569232559e3d385fea5a93112/library/std/src/rt.rs:148:20
[INFO] [stdout]   34:     0x560e3cfd04e7 - std::rt::lang_start::h2c48f91a7bf85629
[INFO] [stdout]   35:     0x560e3cfd06c5 - main
[INFO] [stdout]   36:     0x7f431da34d90 - <unknown>
[INFO] [stdout]   37:     0x7f431da34e40 - __libc_start_main
[INFO] [stdout]   38:     0x560e3cfd03e5 - _start
[INFO] [stdout]   39:                0x0 - <unknown>
[INFO] [stdout] 
[INFO] [stdout] 
[INFO] [stdout] 
[INFO] [stdout] failures:
[INFO] [stdout]     src/modules/projects/venv.rs - modules::projects::venv::status (line 49)
[INFO] [stdout] 
[INFO] [stdout] test result: FAILED. 0 passed; 1 failed; 0 ignored; 0 measured; 0 filtered out; finished in 4.15s
[INFO] [stdout] 
[INFO] [stderr] error: doctest failed, to rerun pass `--doc`
[INFO] running `Command { std: "docker" "inspect" "c0fb82cefefd996b3dc2a423336f6c61c288b87d48d1bc7d2df02bb2bb508730", kill_on_drop: false }`
[INFO] running `Command { std: "docker" "rm" "-f" "c0fb82cefefd996b3dc2a423336f6c61c288b87d48d1bc7d2df02bb2bb508730", kill_on_drop: false }`
[INFO] [stdout] c0fb82cefefd996b3dc2a423336f6c61c288b87d48d1bc7d2df02bb2bb508730
[INFO] testing valis-core-0.1.9 against beta-2023-12-22 for beta-1.76-1
[INFO] extracting crate valis-core 0.1.9 into /workspace/builds/worker-2-tc2/source
[INFO] validating manifest of crates.io crate valis-core 0.1.9 on toolchain beta-2023-12-22
[INFO] running `Command { std: CARGO_HOME="/workspace/cargo-home" RUSTUP_HOME="/workspace/rustup-home" "/workspace/cargo-home/bin/cargo" "+beta-2023-12-22" "metadata" "--manifest-path" "Cargo.toml" "--no-deps", kill_on_drop: false }`
[INFO] started tweaking crates.io crate valis-core 0.1.9
[INFO] finished tweaking crates.io crate valis-core 0.1.9
[INFO] tweaked toml for crates.io crate valis-core 0.1.9 written to /workspace/builds/worker-2-tc2/source/Cargo.toml
[INFO] crate crates.io crate valis-core 0.1.9 already has a lockfile, it will not be regenerated
[INFO] running `Command { std: CARGO_HOME="/workspace/cargo-home" RUSTUP_HOME="/workspace/rustup-home" "/workspace/cargo-home/bin/cargo" "+beta-2023-12-22" "fetch" "--manifest-path" "Cargo.toml", kill_on_drop: false }`
[INFO] running `Command { std: "docker" "create" "-v" "/var/lib/crater-agent-workspace/builds/worker-2-tc2/target:/opt/rustwide/target:rw,Z" "-v" "/var/lib/crater-agent-workspace/builds/worker-2-tc2/source:/opt/rustwide/workdir:ro,Z" "-v" "/var/lib/crater-agent-workspace/cargo-home:/opt/rustwide/cargo-home:ro,Z" "-v" "/var/lib/crater-agent-workspace/rustup-home:/opt/rustwide/rustup-home:ro,Z" "-e" "SOURCE_DIR=/opt/rustwide/workdir" "-e" "CARGO_TARGET_DIR=/opt/rustwide/target" "-e" "CARGO_HOME=/opt/rustwide/cargo-home" "-e" "RUSTUP_HOME=/opt/rustwide/rustup-home" "-w" "/opt/rustwide/workdir" "-m" "1610612736" "--user" "0:0" "--network" "none" "ghcr.io/rust-lang/crates-build-env/linux@sha256:2788e3201cd34a07e3172128adcd8b3090168a8e3bcc40d7c032b9dda1df7d1c" "/opt/rustwide/cargo-home/bin/cargo" "+beta-2023-12-22" "metadata" "--no-deps" "--format-version=1", kill_on_drop: false }`
[INFO] [stdout] 7c9bc1e64951b5433f338693a8f992e04a52e43be749ce1c64c9896e734573b9
[INFO] running `Command { std: "docker" "start" "-a" "7c9bc1e64951b5433f338693a8f992e04a52e43be749ce1c64c9896e734573b9", kill_on_drop: false }`
[INFO] running `Command { std: "docker" "inspect" "7c9bc1e64951b5433f338693a8f992e04a52e43be749ce1c64c9896e734573b9", kill_on_drop: false }`
[INFO] running `Command { std: "docker" "rm" "-f" "7c9bc1e64951b5433f338693a8f992e04a52e43be749ce1c64c9896e734573b9", kill_on_drop: false }`
[INFO] [stdout] 7c9bc1e64951b5433f338693a8f992e04a52e43be749ce1c64c9896e734573b9
[INFO] running `Command { std: "docker" "create" "-v" "/var/lib/crater-agent-workspace/builds/worker-2-tc2/target:/opt/rustwide/target:rw,Z" "-v" "/var/lib/crater-agent-workspace/builds/worker-2-tc2/source:/opt/rustwide/workdir:ro,Z" "-v" "/var/lib/crater-agent-workspace/cargo-home:/opt/rustwide/cargo-home:ro,Z" "-v" "/var/lib/crater-agent-workspace/rustup-home:/opt/rustwide/rustup-home:ro,Z" "-e" "SOURCE_DIR=/opt/rustwide/workdir" "-e" "CARGO_TARGET_DIR=/opt/rustwide/target" "-e" "CARGO_INCREMENTAL=0" "-e" "RUST_BACKTRACE=full" "-e" "RUSTFLAGS=--cap-lints=warn" "-e" "RUSTDOCFLAGS=--cap-lints=warn" "-e" "CARGO_HOME=/opt/rustwide/cargo-home" "-e" "RUSTUP_HOME=/opt/rustwide/rustup-home" "-w" "/opt/rustwide/workdir" "-m" "1610612736" "--user" "0:0" "--network" "none" "ghcr.io/rust-lang/crates-build-env/linux@sha256:2788e3201cd34a07e3172128adcd8b3090168a8e3bcc40d7c032b9dda1df7d1c" "/opt/rustwide/cargo-home/bin/cargo" "+beta-2023-12-22" "build" "--frozen" "--message-format=json", kill_on_drop: false }`
[INFO] [stdout] bf1a90509e520a7d6e48eb086bf21bf343f46c041c2599c97bc328fc3c4697ad
[INFO] running `Command { std: "docker" "start" "-a" "bf1a90509e520a7d6e48eb086bf21bf343f46c041c2599c97bc328fc3c4697ad", kill_on_drop: false }`
[INFO] [stderr]    Compiling typenum v1.16.0
[INFO] [stderr]    Compiling generic-array v0.14.7
[INFO] [stderr]    Compiling getrandom v0.2.9
[INFO] [stderr]    Compiling log v0.4.17
[INFO] [stderr]    Compiling pin-project-lite v0.2.9
[INFO] [stderr]    Compiling syn v2.0.15
[INFO] [stderr]    Compiling futures-core v0.3.28
[INFO] [stderr]    Compiling openssl-sys v0.9.87
[INFO] [stderr]    Compiling smallvec v1.10.0
[INFO] [stderr]    Compiling serde_derive v1.0.160
[INFO] [stderr]    Compiling ahash v0.7.6
[INFO] [stderr]    Compiling serde v1.0.160
[INFO] [stderr]    Compiling syn v1.0.109
[INFO] [stderr]    Compiling slab v0.4.8
[INFO] [stderr]    Compiling lock_api v0.4.9
[INFO] [stderr]    Compiling parking_lot_core v0.9.7
[INFO] [stderr]    Compiling futures-sink v0.3.28
[INFO] [stderr]    Compiling futures-channel v0.3.28
[INFO] [stderr]    Compiling futures-task v0.3.28
[INFO] [stderr]    Compiling itoa v1.0.6
[INFO] [stderr]    Compiling hashbrown v0.12.3
[INFO] [stderr]    Compiling unicode-segmentation v1.10.1
[INFO] [stderr]    Compiling scopeguard v1.1.0
[INFO] [stderr]    Compiling futures-util v0.3.28
[INFO] [stderr]    Compiling bytes v1.1.0
[INFO] [stderr]    Compiling indexmap v1.9.3
[INFO] [stderr]    Compiling tokio v1.28.0
[INFO] [stderr]    Compiling futures-io v0.3.28
[INFO] [stderr]    Compiling parking_lot v0.12.1
[INFO] [stderr]    Compiling heck v0.3.3
[INFO] [stderr]    Compiling mio v0.8.6
[INFO] [stderr]    Compiling libz-sys v1.1.8
[INFO] [stderr]    Compiling crypto-common v0.1.6
[INFO] [stderr]    Compiling block-padding v0.3.3
[INFO] [stderr]    Compiling inout v0.1.3
[INFO] [stderr]    Compiling signal-hook-registry v1.4.1
[INFO] [stderr]    Compiling num_cpus v1.15.0
[INFO] [stderr]    Compiling socket2 v0.4.9
[INFO] [stderr]    Compiling cipher v0.4.4
[INFO] [stderr]    Compiling tracing-core v0.1.31
[INFO] [stderr]    Compiling proc-macro-error-attr v1.0.4
[INFO] [stderr]    Compiling num-integer v0.1.45
[INFO] [stderr]    Compiling ryu v1.0.13
[INFO] [stderr]    Compiling matches v0.1.10
[INFO] [stderr]    Compiling openssl v0.10.52
[INFO] [stderr]    Compiling arrayvec v0.7.2
[INFO] [stderr]    Compiling http v0.2.9
[INFO] [stderr]    Compiling libssh2-sys v0.3.0
[INFO] [stderr]    Compiling tracing v0.1.37
[INFO] [stderr]    Compiling proc-macro-error v1.0.4
[INFO] [stderr]    Compiling percent-encoding v2.3.0
[INFO] [stderr]    Compiling serde_json v1.0.96
[INFO] [stderr]    Compiling native-tls v0.2.11
[INFO] [stderr]    Compiling form_urlencoded v1.0.1
[INFO] [stderr]    Compiling unicode-normalization v0.1.22
[INFO] [stderr]    Compiling block-buffer v0.10.4
[INFO] [stderr]    Compiling rlua-lua54-sys v0.1.3
[INFO] [stderr]    Compiling time v0.1.45
[INFO] [stderr]    Compiling convert_case v0.4.0
[INFO] [stderr]    Compiling rust_decimal v1.29.1
[INFO] [stderr]    Compiling cpufeatures v0.2.7
[INFO] [stderr]    Compiling unicode-bidi v0.3.13
[INFO] [stderr]    Compiling iana-time-zone v0.1.56
[INFO] [stderr]    Compiling try-lock v0.2.4
[INFO] [stderr]    Compiling subtle v2.4.1
[INFO] [stderr]    Compiling crossbeam-utils v0.8.15
[INFO] [stderr]    Compiling chrono v0.4.24
[INFO] [stderr]    Compiling want v0.3.0
[INFO] [stderr]    Compiling digest v0.10.6
[INFO] [stderr]    Compiling idna v0.2.3
[INFO] [stderr]    Compiling libsqlite3-sys v0.26.0
[INFO] [stderr]    Compiling futures-macro v0.3.28
[INFO] [stderr]    Compiling tokio-macros v2.1.0
[INFO] [stderr]    Compiling thiserror-impl v1.0.40
[INFO] [stderr]    Compiling openssl-macros v0.1.1
[INFO] [stderr]    Compiling http-body v0.4.5
[INFO] [stderr]    Compiling rand_core v0.6.4
[INFO] [stderr]    Compiling libgit2-sys v0.15.1+1.6.4
[INFO] [stderr]    Compiling unicase v2.6.0
[INFO] [stderr]    Compiling constant_time_eq v0.2.5
[INFO] [stderr]    Compiling arrayref v0.3.7
[INFO] [stderr]    Compiling thiserror v1.0.40
[INFO] [stderr]    Compiling async-trait v0.1.68
[INFO] [stderr]    Compiling rle-decode-fast v1.0.3
[INFO] [stderr]    Compiling httpdate v1.0.2
[INFO] [stderr]    Compiling libflate_lz77 v1.2.0
[INFO] [stderr]    Compiling rand_chacha v0.3.1
[INFO] [stderr]    Compiling blake2b_simd v1.0.1
[INFO] [stderr]    Compiling url v2.3.0
[INFO] [stderr]    Compiling sea-query-derive v0.2.0
[INFO] [stderr]    Compiling sea-strum_macros v0.21.2
[INFO] [stderr]    Compiling bae v0.1.7
[INFO] [stderr]    Compiling async-stream-impl v0.3.5
[INFO] [stderr]    Compiling futures-executor v0.3.28
[INFO] [stderr]    Compiling nibble_vec v0.1.0
[INFO] [stderr]    Compiling bstr v1.4.0
[INFO] [stderr]    Compiling atty v0.2.14
[INFO] [stderr]    Compiling dirs-sys-next v0.1.2
[INFO] [stderr]    Compiling rlua v0.19.4
[INFO] [stderr]    Compiling pulldown-cmark v0.8.0
[INFO] [stderr]    Compiling os_str_bytes v6.5.0
[INFO] [stderr]    Compiling same-file v1.0.6
[INFO] [stderr]    Compiling constant_time_eq v0.1.5
[INFO] [stderr]    Compiling linked-hash-map v0.5.6
[INFO] [stderr]    Compiling endian-type v0.1.2
[INFO] [stderr]    Compiling adler32 v1.2.0
[INFO] [stderr]    Compiling tokio-util v0.7.8
[INFO] [stderr]    Compiling tokio-native-tls v0.3.1
[INFO] [stderr]    Compiling option-ext v0.2.0
[INFO] [stderr]    Compiling sea-strum v0.21.0
[INFO] [stderr]    Compiling dirs-sys v0.4.1
[INFO] [stderr]    Compiling libflate v1.3.0
[INFO] [stderr]    Compiling radix_trie v0.2.1
[INFO] [stderr]    Compiling yaml-rust v0.4.5
[INFO] [stderr]    Compiling clap_lex v0.2.4
[INFO] [stderr]    Compiling h2 v0.3.18
[INFO] [stderr]    Compiling walkdir v2.3.3
[INFO] [stderr]    Compiling rust-argon2 v1.0.0
[INFO] [stderr]    Compiling globset v0.4.10
[INFO] [stderr]    Compiling dirs-next v2.0.0
[INFO] [stderr]    Compiling sea-orm-macros v0.2.6
[INFO] [stderr]    Compiling async-stream v0.3.5
[INFO] [stderr]    Compiling futures v0.3.28
[INFO] [stderr]    Compiling rand v0.8.5
[INFO] [stderr]    Compiling derive_more v0.99.17
[INFO] [stderr]    Compiling console v0.15.5
[INFO] [stderr]    Compiling getopts v0.2.21
[INFO] [stderr]    Compiling uuid v0.8.2
[INFO] [stderr]    Compiling hyper v0.14.26
[INFO] [stderr]    Compiling uuid v1.3.2
[INFO] [stderr]    Compiling serde_urlencoded v0.7.1
[INFO] [stderr]    Compiling sha2 v0.10.6
[INFO] [stderr]    Compiling hmac v0.12.1
[INFO] [stderr]    Compiling chacha20 v0.9.1
[INFO] [stderr]    Compiling aes v0.8.2
[INFO] [stderr]    Compiling sea-query v0.17.3
[INFO] [stderr]    Compiling cbc v0.1.2
[INFO] [stderr]    Compiling twofish v0.7.1
[INFO] [stderr]    Compiling salsa20 v0.10.2
[INFO] [stderr]    Compiling hashlink v0.8.1
[INFO] [stderr]    Compiling nix v0.20.0
[INFO] [stderr]    Compiling bstr v0.2.17
[INFO] [stderr]    Compiling fd-lock v2.0.0
[INFO] [stderr]    Compiling encoding_rs v0.8.32
[INFO] [stderr]    Compiling base64 v0.21.0
[INFO] [stderr]    Compiling xml-rs v0.8.7
[INFO] [stderr]    Compiling termcolor v1.2.0
[INFO] [stderr]    Compiling hyper-tls v0.5.0
[INFO] [stderr]    Compiling numtoa v0.1.0
[INFO] [stderr]    Compiling bitflags v2.2.1
[INFO] [stderr]    Compiling ipnet v2.7.2
[INFO] [stderr]    Compiling fallible-iterator v0.2.0
[INFO] [stderr]    Compiling fallible-streaming-iterator v0.1.9
[INFO] [stderr]    Compiling number_prefix v0.4.0
[INFO] [stderr]    Compiling textwrap v0.16.0
[INFO] [stderr]    Compiling indicatif v0.16.2
[INFO] [stderr]    Compiling rusqlite v0.29.0
[INFO] [stderr]    Compiling clap v3.2.25
[INFO] [stderr]    Compiling reqwest v0.11.17
[INFO] [stderr]    Compiling termion v1.5.6
[INFO] [stderr]    Compiling kdbx-rs v0.4.0
[INFO] [stderr]    Compiling sea-orm v0.2.6
[INFO] [stderr]    Compiling serde_yaml v0.8.26
[INFO] [stderr]    Compiling globmatch v0.2.4
[INFO] [stderr]    Compiling rustyline v8.2.0
[INFO] [stderr]    Compiling dirs v5.0.1
[INFO] [stderr]    Compiling colored v2.0.0
[INFO] [stderr]    Compiling home v0.5.4
[INFO] [stderr]    Compiling git2 v0.17.1
[INFO] [stderr]    Compiling valis-core v0.1.9 (/opt/rustwide/workdir)
[INFO] [stdout] warning: unused imports: `Context`, `Lua`
[INFO] [stdout]  --> src/modules/formats/yaml.rs:5:12
[INFO] [stdout]   |
[INFO] [stdout] 5 | use rlua::{Context, Lua};
[INFO] [stdout]   |            ^^^^^^^  ^^^
[INFO] [stdout]   |
[INFO] [stdout]   = note: `#[warn(unused_imports)]` on by default
[INFO] [stdout] 
[INFO] [stdout] 
[INFO] [stdout] warning: unused imports: `Deserialize`, `Serialize`
[INFO] [stdout]  --> src/modules/formats/yaml.rs:6:13
[INFO] [stdout]   |
[INFO] [stdout] 6 | use serde::{Deserialize, Serialize};
[INFO] [stdout]   |             ^^^^^^^^^^^  ^^^^^^^^^
[INFO] [stdout] 
[INFO] [stdout] 
[INFO] [stdout] warning: unused import: `serde_yaml::Mapping`
[INFO] [stdout]  --> src/modules/formats/yaml.rs:7:5
[INFO] [stdout]   |
[INFO] [stdout] 7 | use serde_yaml::Mapping;
[INFO] [stdout]   |     ^^^^^^^^^^^^^^^^^^^
[INFO] [stdout] 
[INFO] [stdout] 
[INFO] [stdout] warning: unused imports: `Context`, `Table`
[INFO] [stdout]  --> src/modules/k8s/kind.rs:3:12
[INFO] [stdout]   |
[INFO] [stdout] 3 | use rlua::{Context, Table};
[INFO] [stdout]   |            ^^^^^^^  ^^^^^
[INFO] [stdout] 
[INFO] [stdout] 
[INFO] [stdout] warning: unused import: `HashSet`
[INFO] [stdout]  --> src/modules/notes/humble.rs:1:33
[INFO] [stdout]   |
[INFO] [stdout] 1 | use std::collections::{HashMap, HashSet};
[INFO] [stdout]   |                                 ^^^^^^^
[INFO] [stdout] 
[INFO] [stdout] 
[INFO] [stdout] warning: unused imports: `File`, `copy`
[INFO] [stdout]  --> src/modules/notes/humble.rs:3:15
[INFO] [stdout]   |
[INFO] [stdout] 3 | use std::fs::{copy, File};
[INFO] [stdout]   |               ^^^^  ^^^^
[INFO] [stdout] 
[INFO] [stdout] 
[INFO] [stdout] warning: unused imports: `Read`, `Write`
[INFO] [stdout]  --> src/modules/notes/humble.rs:4:15
[INFO] [stdout]   |
[INFO] [stdout] 4 | use std::io::{Read, Write};
[INFO] [stdout]   |               ^^^^  ^^^^^
[INFO] [stdout] 
[INFO] [stdout] 
[INFO] [stdout] warning: unused imports: `Event`, `Parser`, `Tag`
[INFO] [stdout]  --> src/modules/notes/humble.rs:8:22
[INFO] [stdout]   |
[INFO] [stdout] 8 | use pulldown_cmark::{Event, Parser, Tag};
[INFO] [stdout]   |                      ^^^^^  ^^^^^^  ^^^
[INFO] [stdout] 
[INFO] [stdout] 
[INFO] [stdout] warning: unused import: `serde::Deserialize`
[INFO] [stdout]   --> src/modules/notes/humble.rs:10:5
[INFO] [stdout]    |
[INFO] [stdout] 10 | use serde::Deserialize;
[INFO] [stdout]    |     ^^^^^^^^^^^^^^^^^^
[INFO] [stdout] 
[INFO] [stdout] 
[INFO] [stdout] warning: unused imports: `DirEntry`, `WalkDir`
[INFO] [stdout]   --> src/modules/notes/humble.rs:11:15
[INFO] [stdout]    |
[INFO] [stdout] 11 | use walkdir::{DirEntry, WalkDir};
[INFO] [stdout]    |               ^^^^^^^^  ^^^^^^^
[INFO] [stdout] 
[INFO] [stdout] 
[INFO] [stdout] warning: unused import: `Path`
[INFO] [stdout]  --> src/modules/notes/markdown.rs:5:17
[INFO] [stdout]   |
[INFO] [stdout] 5 | use std::path::{Path, PathBuf};
[INFO] [stdout]   |                 ^^^^
[INFO] [stdout] 
[INFO] [stdout] 
[INFO] [stdout] warning: unused imports: `Context`, `Lua`, `Table`, `ToLuaMulti`, `ToLua`
[INFO] [stdout]   --> src/modules/notes/markdown.rs:11:12
[INFO] [stdout]    |
[INFO] [stdout] 11 | use rlua::{Context, Lua, Table, ToLua, ToLuaMulti};
[INFO] [stdout]    |            ^^^^^^^  ^^^  ^^^^^  ^^^^^  ^^^^^^^^^^
[INFO] [stdout] 
[INFO] [stdout] 
[INFO] [stdout] warning: unused import: `crate::modules::notes::markdown::WikilinkType::TEXT`
[INFO] [stdout]   --> src/modules/notes/markdown.rs:14:5
[INFO] [stdout]    |
[INFO] [stdout] 14 | use crate::modules::notes::markdown::WikilinkType::TEXT;
[INFO] [stdout]    |     ^^^^^^^^^^^^^^^^^^^^^^^^^^^^^^^^^^^^^^^^^^^^^^^^^^^
[INFO] [stdout] 
[INFO] [stdout] 
[INFO] [stdout] warning: unused imports: `FromSql`, `ValueRef`
[INFO] [stdout]  --> src/modules/projects/agile/core.rs:5:23
[INFO] [stdout]   |
[INFO] [stdout] 5 | use rusqlite::types::{FromSql, ValueRef};
[INFO] [stdout]   |                       ^^^^^^^  ^^^^^^^^
[INFO] [stdout] 
[INFO] [stdout] 
[INFO] [stdout] warning: unused import: `serializers`
[INFO] [stdout]   --> src/modules/projects/agile/core.rs:13:42
[INFO] [stdout]    |
[INFO] [stdout] 13 | use crate::modules::db::{get_connection, serializers};
[INFO] [stdout]    |                                          ^^^^^^^^^^^
[INFO] [stdout] 
[INFO] [stdout] 
[INFO] [stdout] warning: unused imports: `Lua`, `Result`, `ToLua`, `UserData`
[INFO] [stdout]  --> src/modules/projects/agile/lua.rs:1:21
[INFO] [stdout]   |
[INFO] [stdout] 1 | use rlua::{Context, Lua, Result, ToLua, UserData};
[INFO] [stdout]   |                     ^^^  ^^^^^^  ^^^^^  ^^^^^^^^
[INFO] [stdout] 
[INFO] [stdout] 
[INFO] [stdout] warning: unused import: `rlua::Error as LuaError`
[INFO] [stdout]  --> src/modules/projects/agile/lua.rs:2:5
[INFO] [stdout]   |
[INFO] [stdout] 2 | use rlua::Error as LuaError;
[INFO] [stdout]   |     ^^^^^^^^^^^^^^^^^^^^^^^
[INFO] [stdout] 
[INFO] [stdout] 
[INFO] [stdout] warning: unused import: `rlua::FromLua`
[INFO] [stdout]  --> src/modules/projects/agile/lua.rs:3:5
[INFO] [stdout]   |
[INFO] [stdout] 3 | use rlua::FromLua;
[INFO] [stdout]   |     ^^^^^^^^^^^^^
[INFO] [stdout] 
[INFO] [stdout] 
[INFO] [stdout] warning: unused import: `rlua::Table`
[INFO] [stdout]  --> src/modules/projects/agile/lua.rs:4:5
[INFO] [stdout]   |
[INFO] [stdout] 4 | use rlua::Table;
[INFO] [stdout]   |     ^^^^^^^^^^^
[INFO] [stdout] 
[INFO] [stdout] 
[INFO] [stdout] warning: unused import: `Branches`
[INFO] [stdout]  --> src/modules/projects/git/core.rs:3:12
[INFO] [stdout]   |
[INFO] [stdout] 3 | use git2::{Branches, Error, Repository, RepositoryOpenFlags};
[INFO] [stdout]   |            ^^^^^^^^
[INFO] [stdout] 
[INFO] [stdout] 
[INFO] [stdout] warning: unused import: `std::env`
[INFO] [stdout]  --> src/modules/projects/git/lua.rs:1:5
[INFO] [stdout]   |
[INFO] [stdout] 1 | use std::env;
[INFO] [stdout]   |     ^^^^^^^^
[INFO] [stdout] 
[INFO] [stdout] 
[INFO] [stdout] warning: unused import: `std::str::FromStr`
[INFO] [stdout]  --> src/modules/projects/git/lua.rs:3:5
[INFO] [stdout]   |
[INFO] [stdout] 3 | use std::str::FromStr;
[INFO] [stdout]   |     ^^^^^^^^^^^^^^^^^
[INFO] [stdout] 
[INFO] [stdout] 
[INFO] [stdout] warning: unused imports: `ExternalError`, `Lua`
[INFO] [stdout]  --> src/modules/projects/git/lua.rs:5:28
[INFO] [stdout]   |
[INFO] [stdout] 5 | use rlua::{Context, Error, ExternalError, Lua};
[INFO] [stdout]   |                            ^^^^^^^^^^^^^  ^^^
[INFO] [stdout] 
[INFO] [stdout] 
[INFO] [stdout] warning: unused import: `rlua::prelude::LuaError`
[INFO] [stdout]  --> src/modules/projects/git/lua.rs:6:5
[INFO] [stdout]   |
[INFO] [stdout] 6 | use rlua::prelude::LuaError;
[INFO] [stdout]   |     ^^^^^^^^^^^^^^^^^^^^^^^
[INFO] [stdout] 
[INFO] [stdout] 
[INFO] [stdout] warning: unused import: `tokio::runtime::Runtime`
[INFO] [stdout]  --> src/modules/projects/git/lua.rs:7:5
[INFO] [stdout]   |
[INFO] [stdout] 7 | use tokio::runtime::Runtime;
[INFO] [stdout]   |     ^^^^^^^^^^^^^^^^^^^^^^^
[INFO] [stdout] 
[INFO] [stdout] 
[INFO] [stdout] warning: unused import: `uuid::Uuid`
[INFO] [stdout]  --> src/modules/projects/git/lua.rs:8:5
[INFO] [stdout]   |
[INFO] [stdout] 8 | use uuid::Uuid;
[INFO] [stdout]   |     ^^^^^^^^^^
[INFO] [stdout] 
[INFO] [stdout] 
[INFO] [stdout] warning: unused import: `std::env`
[INFO] [stdout]  --> src/modules/projects/git/github.rs:2:5
[INFO] [stdout]   |
[INFO] [stdout] 2 | use std::env;
[INFO] [stdout]   |     ^^^^^^^^
[INFO] [stdout] 
[INFO] [stdout] 
[INFO] [stdout] warning: unused import: `env`
[INFO] [stdout]  --> src/modules/projects/venv.rs:1:11
[INFO] [stdout]   |
[INFO] [stdout] 1 | use std::{env, path::PathBuf};
[INFO] [stdout]   |           ^^^
[INFO] [stdout] 
[INFO] [stdout] 
[INFO] [stdout] warning: unused import: `std::error::Error`
[INFO] [stdout]  --> src/modules/tasks/todoist/core.rs:1:5
[INFO] [stdout]   |
[INFO] [stdout] 1 | use std::error::Error;
[INFO] [stdout]   |     ^^^^^^^^^^^^^^^^^
[INFO] [stdout] 
[INFO] [stdout] 
[INFO] [stdout] warning: unused import: `std::str::FromStr`
[INFO] [stdout]  --> src/modules/tasks/todoist/lua.rs:2:5
[INFO] [stdout]   |
[INFO] [stdout] 2 | use std::str::FromStr;
[INFO] [stdout]   |     ^^^^^^^^^^^^^^^^^
[INFO] [stdout] 
[INFO] [stdout] 
[INFO] [stdout] warning: unused imports: `ExternalError`, `Lua`
[INFO] [stdout]  --> src/modules/tasks/todoist/lua.rs:4:28
[INFO] [stdout]   |
[INFO] [stdout] 4 | use rlua::{Context, Error, ExternalError, Lua};
[INFO] [stdout]   |                            ^^^^^^^^^^^^^  ^^^
[INFO] [stdout] 
[INFO] [stdout] 
[INFO] [stdout] warning: unused import: `rlua::prelude::LuaError`
[INFO] [stdout]  --> src/modules/tasks/todoist/lua.rs:5:5
[INFO] [stdout]   |
[INFO] [stdout] 5 | use rlua::prelude::LuaError;
[INFO] [stdout]   |     ^^^^^^^^^^^^^^^^^^^^^^^
[INFO] [stdout] 
[INFO] [stdout] 
[INFO] [stdout] warning: unused import: `std::env`
[INFO] [stdout]  --> src/modules/script/engine.rs:1:5
[INFO] [stdout]   |
[INFO] [stdout] 1 | use std::env;
[INFO] [stdout]   |     ^^^^^^^^
[INFO] [stdout] 
[INFO] [stdout] 
[INFO] [stdout] warning: unused imports: `ToLua`, `UserData`
[INFO] [stdout]  --> src/modules/script/engine.rs:4:34
[INFO] [stdout]   |
[INFO] [stdout] 4 | use rlua::{Context, Lua, Result, ToLua, UserData, Value};
[INFO] [stdout]   |                                  ^^^^^  ^^^^^^^^
[INFO] [stdout] 
[INFO] [stdout] 
[INFO] [stdout] warning: unused import: `rlua::FromLua`
[INFO] [stdout]  --> src/modules/script/engine.rs:6:5
[INFO] [stdout]   |
[INFO] [stdout] 6 | use rlua::FromLua;
[INFO] [stdout]   |     ^^^^^^^^^^^^^
[INFO] [stdout] 
[INFO] [stdout] 
[INFO] [stdout] warning: unused import: `tokio::runtime::Runtime`
[INFO] [stdout]  --> src/modules/script/engine.rs:9:5
[INFO] [stdout]   |
[INFO] [stdout] 9 | use tokio::runtime::Runtime;
[INFO] [stdout]   |     ^^^^^^^^^^^^^^^^^^^^^^^
[INFO] [stdout] 
[INFO] [stdout] 
[INFO] [stdout] warning: unused import: `uuid::Uuid`
[INFO] [stdout]   --> src/modules/script/engine.rs:10:5
[INFO] [stdout]    |
[INFO] [stdout] 10 | use uuid::Uuid;
[INFO] [stdout]    |     ^^^^^^^^^^
[INFO] [stdout] 
[INFO] [stdout] 
[INFO] [stdout] warning: unused import: `db`
[INFO] [stdout]   --> src/modules/script/engine.rs:12:28
[INFO] [stdout]    |
[INFO] [stdout] 12 | use crate::modules::{core, db};
[INFO] [stdout]    |                            ^^
[INFO] [stdout] 
[INFO] [stdout] 
[INFO] [stdout] warning: unused import: `crate::modules::db::serializers::SerializableDateTime`
[INFO] [stdout]   --> src/modules/script/engine.rs:14:5
[INFO] [stdout]    |
[INFO] [stdout] 14 | use crate::modules::db::serializers::SerializableDateTime;
[INFO] [stdout]    |     ^^^^^^^^^^^^^^^^^^^^^^^^^^^^^^^^^^^^^^^^^^^^^^^^^^^^^
[INFO] [stdout] 
[INFO] [stdout] 
[INFO] [stdout] warning: unused import: `Owned`
[INFO] [stdout]  --> src/modules/script/repl.rs:1:40
[INFO] [stdout]   |
[INFO] [stdout] 1 | use std::borrow::Cow::{self, Borrowed, Owned};
[INFO] [stdout]   |                                        ^^^^^
[INFO] [stdout] 
[INFO] [stdout] 
[INFO] [stdout] warning: unused import: `lazy_static::lazy_static`
[INFO] [stdout]  --> src/modules/software/definitions.rs:2:5
[INFO] [stdout]   |
[INFO] [stdout] 2 | use lazy_static::lazy_static;
[INFO] [stdout]   |     ^^^^^^^^^^^^^^^^^^^^^^^^
[INFO] [stdout] 
[INFO] [stdout] 
[INFO] [stdout] warning: unused import: `std::path::PathBuf`
[INFO] [stdout]  --> src/modules/software/definitions.rs:3:5
[INFO] [stdout]   |
[INFO] [stdout] 3 | use std::path::PathBuf;
[INFO] [stdout]   |     ^^^^^^^^^^^^^^^^^^
[INFO] [stdout] 
[INFO] [stdout] 
[INFO] [stdout] warning: use of deprecated method `chrono::NaiveDate::and_hms`: use `and_hms_opt()` instead
[INFO] [stdout]   --> src/modules/db/serializers.rs:77:54
[INFO] [stdout]    |
[INFO] [stdout] 77 |         let datetime = DateTime::from_utc(naive_date.and_hms(0, 0, 0), Utc);
[INFO] [stdout]    |                                                      ^^^^^^^
[INFO] [stdout]    |
[INFO] [stdout]    = note: `#[warn(deprecated)]` on by default
[INFO] [stdout] 
[INFO] [stdout] 
[INFO] [stdout] warning: unused import: `crate::modules::db::DatabaseOperations`
[INFO] [stdout]   --> src/modules/script/engine.rs:13:5
[INFO] [stdout]    |
[INFO] [stdout] 13 | use crate::modules::db::DatabaseOperations;
[INFO] [stdout]    |     ^^^^^^^^^^^^^^^^^^^^^^^^^^^^^^^^^^^^^^
[INFO] [stdout] 
[INFO] [stdout] 
[INFO] [stdout] warning: unused variable: `reader`
[INFO] [stdout]   --> src/modules/admin/secrets.rs:22:9
[INFO] [stdout]    |
[INFO] [stdout] 22 |     let reader = BufReader::new(file);
[INFO] [stdout]    |         ^^^^^^ help: if this is intentional, prefix it with an underscore: `_reader`
[INFO] [stdout]    |
[INFO] [stdout]    = note: `#[warn(unused_variables)]` on by default
[INFO] [stdout] 
[INFO] [stdout] 
[INFO] [stdout] warning: unused variable: `id`
[INFO] [stdout]   --> src/modules/projects/agile/core.rs:41:12
[INFO] [stdout]    |
[INFO] [stdout] 41 |     fn get(id: String, db: &str) -> Result<Self, rusqlite::Error> where Self: Sized {
[INFO] [stdout]    |            ^^ help: if this is intentional, prefix it with an underscore: `_id`
[INFO] [stdout] 
[INFO] [stdout] 
[INFO] [stdout] warning: unused variable: `db`
[INFO] [stdout]   --> src/modules/projects/agile/core.rs:41:24
[INFO] [stdout]    |
[INFO] [stdout] 41 |     fn get(id: String, db: &str) -> Result<Self, rusqlite::Error> where Self: Sized {
[INFO] [stdout]    |                        ^^ help: if this is intentional, prefix it with an underscore: `_db`
[INFO] [stdout] 
[INFO] [stdout] 
[INFO] [stdout] warning: unused variable: `row`
[INFO] [stdout]   --> src/modules/projects/agile/core.rs:71:12
[INFO] [stdout]    |
[INFO] [stdout] 71 |     fn map(row: &Row<'_>) -> std::result::Result<Self, rusqlite::Error> where Self: Sized {
[INFO] [stdout]    |            ^^^ help: if this is intentional, prefix it with an underscore: `_row`
[INFO] [stdout] 
[INFO] [stdout] 
[INFO] [stdout] warning: unused variable: `ctx`
[INFO] [stdout]    --> src/modules/projects/agile/lua.rs:102:14
[INFO] [stdout]     |
[INFO] [stdout] 102 |             |ctx, (id, path): (String, String)| {
[INFO] [stdout]     |              ^^^ help: if this is intentional, prefix it with an underscore: `_ctx`
[INFO] [stdout] 
[INFO] [stdout] 
[INFO] [stdout] warning: unused variable: `user`
[INFO] [stdout]   --> src/modules/projects/git/github.rs:18:30
[INFO] [stdout]    |
[INFO] [stdout] 18 | pub fn github_get_milestones(user: String, token: String, org: String, repo: String) -> Result<HashMap<String, String>, Box<dyn std::erro...
[INFO] [stdout]    |                              ^^^^ help: if this is intentional, prefix it with an underscore: `_user`
[INFO] [stdout] 
[INFO] [stdout] 
[INFO] [stdout] warning: unused variable: `user`
[INFO] [stdout]   --> src/modules/projects/git/github.rs:36:36
[INFO] [stdout]    |
[INFO] [stdout] 36 | pub fn github_get_milestone_issues(user: String, token: String, org: String, repo: String, milestone_number: i32) -> Result<Vec<String>, ...
[INFO] [stdout]    |                                    ^^^^ help: if this is intentional, prefix it with an underscore: `_user`
[INFO] [stdout] 
[INFO] [stdout] 
[INFO] [stdout] warning: unused variable: `venv`
[INFO] [stdout]   --> src/modules/projects/venv.rs:38:16
[INFO] [stdout]    |
[INFO] [stdout] 38 | pub fn rebuild(venv: VirtualEnv) {
[INFO] [stdout]    |                ^^^^ help: if this is intentional, prefix it with an underscore: `_venv`
[INFO] [stdout] 
[INFO] [stdout] 
[INFO] [stdout] warning: unused variable: `db`
[INFO] [stdout]   --> src/modules/tasks/todoist/core.rs:35:20
[INFO] [stdout]    |
[INFO] [stdout] 35 |     fn save(&self, db: &str) -> Result<(), std::fmt::Error> {
[INFO] [stdout]    |                    ^^ help: if this is intentional, prefix it with an underscore: `_db`
[INFO] [stdout] 
[INFO] [stdout] 
[INFO] [stdout] warning: unused variable: `id`
[INFO] [stdout]   --> src/modules/tasks/todoist/core.rs:39:12
[INFO] [stdout]    |
[INFO] [stdout] 39 |     fn get(id: String, db: &str) -> Result<Self, rusqlite::Error> where Self: Sized {
[INFO] [stdout]    |            ^^ help: if this is intentional, prefix it with an underscore: `_id`
[INFO] [stdout] 
[INFO] [stdout] 
[INFO] [stdout] warning: unused variable: `db`
[INFO] [stdout]   --> src/modules/tasks/todoist/core.rs:39:24
[INFO] [stdout]    |
[INFO] [stdout] 39 |     fn get(id: String, db: &str) -> Result<Self, rusqlite::Error> where Self: Sized {
[INFO] [stdout]    |                        ^^ help: if this is intentional, prefix it with an underscore: `_db`
[INFO] [stdout] 
[INFO] [stdout] 
[INFO] [stdout] warning: unused variable: `row`
[INFO] [stdout]   --> src/modules/tasks/todoist/core.rs:86:12
[INFO] [stdout]    |
[INFO] [stdout] 86 |     fn map(row: &Row<'_>) -> Result<Self, rusqlite::Error> where Self: Sized {
[INFO] [stdout]    |            ^^^ help: if this is intentional, prefix it with an underscore: `_row`
[INFO] [stdout] 
[INFO] [stdout] 
[INFO] [stdout] warning: unused variable: `e`
[INFO] [stdout]   --> src/modules/tasks/todoist/lua.rs:42:29
[INFO] [stdout]    |
[INFO] [stdout] 42 |                         Err(e) => Err(Error::RuntimeError("Could not save task to Sprint".to_string()))
[INFO] [stdout]    |                             ^ help: if this is intentional, prefix it with an underscore: `_e`
[INFO] [stdout] 
[INFO] [stdout] 
[INFO] [stdout] warning: unused variable: `e`
[INFO] [stdout]   --> src/modules/tasks/todoist/lua.rs:45:21
[INFO] [stdout]    |
[INFO] [stdout] 45 |                 Err(e) => {
[INFO] [stdout]    |                     ^ help: if this is intentional, prefix it with an underscore: `_e`
[INFO] [stdout] 
[INFO] [stdout] 
[INFO] [stdout] warning: unused variable: `v`
[INFO] [stdout]   --> src/modules/script/engine.rs:98:21
[INFO] [stdout]    |
[INFO] [stdout] 98 |                 let v = update_yaml_value(&file_path, &yaml_key_path, &new_value)
[INFO] [stdout]    |                     ^ help: if this is intentional, prefix it with an underscore: `_v`
[INFO] [stdout] 
[INFO] [stdout] 
[INFO] [stdout] warning: unused variable: `e`
[INFO] [stdout]    --> src/modules/script/engine.rs:111:25
[INFO] [stdout]     |
[INFO] [stdout] 111 |                     Err(e) => Err(LuaError::RuntimeError(
[INFO] [stdout]     |                         ^ help: if this is intentional, prefix it with an underscore: `_e`
[INFO] [stdout] 
[INFO] [stdout] 
[INFO] [stdout] warning: unused variable: `e`
[INFO] [stdout]    --> src/modules/script/engine.rs:122:17
[INFO] [stdout]     |
[INFO] [stdout] 122 |             Err(e) => Err(LuaError::RuntimeError(
[INFO] [stdout]     |                 ^ help: if this is intentional, prefix it with an underscore: `_e`
[INFO] [stdout] 
[INFO] [stdout] 
[INFO] [stdout] warning: unused variable: `e`
[INFO] [stdout]    --> src/modules/script/engine.rs:131:17
[INFO] [stdout]     |
[INFO] [stdout] 131 |             Err(e) => Err(LuaError::RuntimeError(
[INFO] [stdout]     |                 ^ help: if this is intentional, prefix it with an underscore: `_e`
[INFO] [stdout] 
[INFO] [stdout] 
[INFO] [stdout] warning: function `directory_exists` is never used
[INFO] [stdout]   --> src/modules/core.rs:77:4
[INFO] [stdout]    |
[INFO] [stdout] 77 | fn directory_exists(path: &Path) -> bool {
[INFO] [stdout]    |    ^^^^^^^^^^^^^^^^
[INFO] [stdout]    |
[INFO] [stdout]    = note: `#[warn(dead_code)]` on by default
[INFO] [stdout] 
[INFO] [stdout] 
[INFO] [stdout] warning: method `is_active` is never used
[INFO] [stdout]    --> src/modules/projects/agile/core.rs:183:8
[INFO] [stdout]     |
[INFO] [stdout] 182 | impl Sprint {
[INFO] [stdout]     | ----------- method in this implementation
[INFO] [stdout] 183 |     fn is_active(&self) -> bool {
[INFO] [stdout]     |        ^^^^^^^^^
[INFO] [stdout] 
[INFO] [stdout] 
[INFO] [stdout] warning: field `name` is never read
[INFO] [stdout]  --> src/modules/projects/venv.rs:7:5
[INFO] [stdout]   |
[INFO] [stdout] 6 | pub struct VirtualEnv {
[INFO] [stdout]   |            ---------- field in this struct
[INFO] [stdout] 7 |     name: String,
[INFO] [stdout]   |     ^^^^
[INFO] [stdout]   |
[INFO] [stdout]   = note: `VirtualEnv` has a derived impl for the trait `Debug`, but this is intentionally ignored during dead code analysis
[INFO] [stdout] 
[INFO] [stdout] 
[INFO] [stdout] warning: function `get_task_by_id` is never used
[INFO] [stdout]   --> src/modules/tasks/todoist/core.rs:91:4
[INFO] [stdout]    |
[INFO] [stdout] 91 | fn get_task_by_id(db: &str, id: String) -> Result<Task, std::fmt::Error> {
[INFO] [stdout]    |    ^^^^^^^^^^^^^^
[INFO] [stdout] 
[INFO] [stdout] 
[INFO] [stdout] warning: unused comparison that must be used
[INFO] [stdout]    --> src/modules/notes/humble.rs:130:13
[INFO] [stdout]     |
[INFO] [stdout] 130 |             page.title == "_index";
[INFO] [stdout]     |             ^^^^^^^^^^^^^^^^^^^^^^ the comparison produces a value
[INFO] [stdout]     |
[INFO] [stdout]     = note: `#[warn(unused_must_use)]` on by default
[INFO] [stdout] help: use `let _ = ...` to ignore the resulting value
[INFO] [stdout]     |
[INFO] [stdout] 130 |             let _ = page.title == "_index";
[INFO] [stdout]     |             +++++++
[INFO] [stdout] 
[INFO] [stdout] 
[INFO] [stdout] warning: unused `Result` that must be used
[INFO] [stdout]   --> src/modules/tasks/todoist/lua.rs:18:21
[INFO] [stdout]    |
[INFO] [stdout] 18 |                     db::init_db(&db);
[INFO] [stdout]    |                     ^^^^^^^^^^^^^^^^
[INFO] [stdout]    |
[INFO] [stdout]    = note: this `Result` may be an `Err` variant, which should be handled
[INFO] [stdout] help: use `let _ = ...` to ignore the resulting value
[INFO] [stdout]    |
[INFO] [stdout] 18 |                     let _ = db::init_db(&db);
[INFO] [stdout]    |                     +++++++
[INFO] [stdout] 
[INFO] [stdout] 
[INFO] [stdout] warning: unused `Result` that must be used
[INFO] [stdout]   --> src/modules/script/engine.rs:77:13
[INFO] [stdout]    |
[INFO] [stdout] 77 |             repo.clone();
[INFO] [stdout]    |             ^^^^^^^^^^^^
[INFO] [stdout]    |
[INFO] [stdout]    = note: this `Result` may be an `Err` variant, which should be handled
[INFO] [stdout] help: use `let _ = ...` to ignore the resulting value
[INFO] [stdout]    |
[INFO] [stdout] 77 |             let _ = repo.clone();
[INFO] [stdout]    |             +++++++
[INFO] [stdout] 
[INFO] [stdout] 
[INFO] [stdout] warning: 69 warnings emitted
[INFO] [stdout] 
[INFO] [stdout] 
[INFO] [stdout] warning: unused import: `std::env`
[INFO] [stdout]  --> src/main.rs:1:5
[INFO] [stdout]   |
[INFO] [stdout] 1 | use std::env;
[INFO] [stdout]   |     ^^^^^^^^
[INFO] [stdout]   |
[INFO] [stdout]   = note: `#[warn(unused_imports)]` on by default
[INFO] [stdout] 
[INFO] [stdout] 
[INFO] [stdout] warning: variable `githubAuth` should have a snake case name
[INFO] [stdout]   --> src/main.rs:35:17
[INFO] [stdout]    |
[INFO] [stdout] 35 |             let githubAuth = authinfo::find_auth_info_for_machine("api.github.com", authinfos).get(0).cloned().unwrap();
[INFO] [stdout]    |                 ^^^^^^^^^^ help: convert the identifier to snake case: `github_auth`
[INFO] [stdout]    |
[INFO] [stdout]    = note: `#[warn(non_snake_case)]` on by default
[INFO] [stdout] 
[INFO] [stdout] 
[INFO] [stdout] warning: 2 warnings emitted
[INFO] [stdout] 
[INFO] [stdout] 
[INFO] [stderr]     Finished dev [unoptimized + debuginfo] target(s) in 55.25s
[INFO] running `Command { std: "docker" "inspect" "bf1a90509e520a7d6e48eb086bf21bf343f46c041c2599c97bc328fc3c4697ad", kill_on_drop: false }`
[INFO] running `Command { std: "docker" "rm" "-f" "bf1a90509e520a7d6e48eb086bf21bf343f46c041c2599c97bc328fc3c4697ad", kill_on_drop: false }`
[INFO] [stdout] bf1a90509e520a7d6e48eb086bf21bf343f46c041c2599c97bc328fc3c4697ad
[INFO] running `Command { std: "docker" "create" "-v" "/var/lib/crater-agent-workspace/builds/worker-2-tc2/target:/opt/rustwide/target:rw,Z" "-v" "/var/lib/crater-agent-workspace/builds/worker-2-tc2/source:/opt/rustwide/workdir:ro,Z" "-v" "/var/lib/crater-agent-workspace/cargo-home:/opt/rustwide/cargo-home:ro,Z" "-v" "/var/lib/crater-agent-workspace/rustup-home:/opt/rustwide/rustup-home:ro,Z" "-e" "SOURCE_DIR=/opt/rustwide/workdir" "-e" "CARGO_TARGET_DIR=/opt/rustwide/target" "-e" "CARGO_INCREMENTAL=0" "-e" "RUST_BACKTRACE=full" "-e" "RUSTFLAGS=--cap-lints=warn" "-e" "RUSTDOCFLAGS=--cap-lints=warn" "-e" "CARGO_HOME=/opt/rustwide/cargo-home" "-e" "RUSTUP_HOME=/opt/rustwide/rustup-home" "-w" "/opt/rustwide/workdir" "-m" "1610612736" "--user" "0:0" "--network" "none" "ghcr.io/rust-lang/crates-build-env/linux@sha256:2788e3201cd34a07e3172128adcd8b3090168a8e3bcc40d7c032b9dda1df7d1c" "/opt/rustwide/cargo-home/bin/cargo" "+beta-2023-12-22" "test" "--frozen" "--no-run" "--message-format=json", kill_on_drop: false }`
[INFO] [stdout] 725e77c7037a26755e78eca30ea79c30e6447cd93762370d3ab8d642c44b6b70
[INFO] running `Command { std: "docker" "start" "-a" "725e77c7037a26755e78eca30ea79c30e6447cd93762370d3ab8d642c44b6b70", kill_on_drop: false }`
[INFO] [stdout] warning: unused imports: `Context`, `Lua`
[INFO] [stdout]  --> src/modules/formats/yaml.rs:5:12
[INFO] [stdout]   |
[INFO] [stdout] 5 | use rlua::{Context, Lua};
[INFO] [stdout]   |            ^^^^^^^  ^^^
[INFO] [stdout]   |
[INFO] [stdout]   = note: `#[warn(unused_imports)]` on by default
[INFO] [stdout] 
[INFO] [stdout] 
[INFO] [stdout] warning: unused imports: `Deserialize`, `Serialize`
[INFO] [stdout]  --> src/modules/formats/yaml.rs:6:13
[INFO] [stdout]   |
[INFO] [stdout] 6 | use serde::{Deserialize, Serialize};
[INFO] [stdout]   |             ^^^^^^^^^^^  ^^^^^^^^^
[INFO] [stdout] 
[INFO] [stdout] 
[INFO] [stdout] warning: unused import: `serde_yaml::Mapping`
[INFO] [stdout]  --> src/modules/formats/yaml.rs:7:5
[INFO] [stdout]   |
[INFO] [stdout] 7 | use serde_yaml::Mapping;
[INFO] [stdout]   |     ^^^^^^^^^^^^^^^^^^^
[INFO] [stdout] 
[INFO] [stdout] 
[INFO] [stdout] warning: unused imports: `Context`, `Table`
[INFO] [stdout]  --> src/modules/k8s/kind.rs:3:12
[INFO] [stdout]   |
[INFO] [stdout] 3 | use rlua::{Context, Table};
[INFO] [stdout]   |            ^^^^^^^  ^^^^^
[INFO] [stdout] 
[INFO] [stdout] 
[INFO] [stdout] warning: unused import: `HashSet`
[INFO] [stdout]  --> src/modules/notes/humble.rs:1:33
[INFO] [stdout]   |
[INFO] [stdout] 1 | use std::collections::{HashMap, HashSet};
[INFO] [stdout]   |                                 ^^^^^^^
[INFO] [stdout] 
[INFO] [stdout] 
[INFO] [stdout] warning: unused imports: `File`, `copy`
[INFO] [stdout]  --> src/modules/notes/humble.rs:3:15
[INFO] [stdout]   |
[INFO] [stdout] 3 | use std::fs::{copy, File};
[INFO] [stdout]   |               ^^^^  ^^^^
[INFO] [stdout] 
[INFO] [stdout] 
[INFO] [stdout] warning: unused imports: `Read`, `Write`
[INFO] [stdout]  --> src/modules/notes/humble.rs:4:15
[INFO] [stdout]   |
[INFO] [stdout] 4 | use std::io::{Read, Write};
[INFO] [stdout]   |               ^^^^  ^^^^^
[INFO] [stdout] 
[INFO] [stdout] 
[INFO] [stdout] warning: unused imports: `Event`, `Parser`, `Tag`
[INFO] [stdout]  --> src/modules/notes/humble.rs:8:22
[INFO] [stdout]   |
[INFO] [stdout] 8 | use pulldown_cmark::{Event, Parser, Tag};
[INFO] [stdout]   |                      ^^^^^  ^^^^^^  ^^^
[INFO] [stdout] 
[INFO] [stdout] 
[INFO] [stdout] warning: unused import: `serde::Deserialize`
[INFO] [stdout]   --> src/modules/notes/humble.rs:10:5
[INFO] [stdout]    |
[INFO] [stdout] 10 | use serde::Deserialize;
[INFO] [stdout]    |     ^^^^^^^^^^^^^^^^^^
[INFO] [stdout] 
[INFO] [stdout] 
[INFO] [stdout] warning: unused imports: `DirEntry`, `WalkDir`
[INFO] [stdout]   --> src/modules/notes/humble.rs:11:15
[INFO] [stdout]    |
[INFO] [stdout] 11 | use walkdir::{DirEntry, WalkDir};
[INFO] [stdout]    |               ^^^^^^^^  ^^^^^^^
[INFO] [stdout] 
[INFO] [stdout] 
[INFO] [stdout] warning: unused import: `Path`
[INFO] [stdout]  --> src/modules/notes/markdown.rs:5:17
[INFO] [stdout]   |
[INFO] [stdout] 5 | use std::path::{Path, PathBuf};
[INFO] [stdout]   |                 ^^^^
[INFO] [stdout] 
[INFO] [stdout] 
[INFO] [stdout] warning: unused imports: `Context`, `Lua`, `Table`, `ToLuaMulti`, `ToLua`
[INFO] [stdout]   --> src/modules/notes/markdown.rs:11:12
[INFO] [stdout]    |
[INFO] [stdout] 11 | use rlua::{Context, Lua, Table, ToLua, ToLuaMulti};
[INFO] [stdout]    |            ^^^^^^^  ^^^  ^^^^^  ^^^^^  ^^^^^^^^^^
[INFO] [stdout] 
[INFO] [stdout] 
[INFO] [stdout] warning: unused import: `crate::modules::notes::markdown::WikilinkType::TEXT`
[INFO] [stdout]   --> src/modules/notes/markdown.rs:14:5
[INFO] [stdout]    |
[INFO] [stdout] 14 | use crate::modules::notes::markdown::WikilinkType::TEXT;
[INFO] [stdout]    |     ^^^^^^^^^^^^^^^^^^^^^^^^^^^^^^^^^^^^^^^^^^^^^^^^^^^
[INFO] [stdout] 
[INFO] [stdout] 
[INFO] [stdout] warning: unused imports: `FromSql`, `ValueRef`
[INFO] [stdout]  --> src/modules/projects/agile/core.rs:5:23
[INFO] [stdout]   |
[INFO] [stdout] 5 | use rusqlite::types::{FromSql, ValueRef};
[INFO] [stdout]   |                       ^^^^^^^  ^^^^^^^^
[INFO] [stdout] 
[INFO] [stdout] 
[INFO] [stdout] warning: unused import: `serializers`
[INFO] [stdout]   --> src/modules/projects/agile/core.rs:13:42
[INFO] [stdout]    |
[INFO] [stdout] 13 | use crate::modules::db::{get_connection, serializers};
[INFO] [stdout]    |                                          ^^^^^^^^^^^
[INFO] [stdout] 
[INFO] [stdout] 
[INFO] [stdout] warning: unused imports: `Lua`, `Result`, `ToLua`, `UserData`
[INFO] [stdout]  --> src/modules/projects/agile/lua.rs:1:21
[INFO] [stdout]   |
[INFO] [stdout] 1 | use rlua::{Context, Lua, Result, ToLua, UserData};
[INFO] [stdout]   |                     ^^^  ^^^^^^  ^^^^^  ^^^^^^^^
[INFO] [stdout] 
[INFO] [stdout] 
[INFO] [stdout] warning: unused import: `rlua::Error as LuaError`
[INFO] [stdout]  --> src/modules/projects/agile/lua.rs:2:5
[INFO] [stdout]   |
[INFO] [stdout] 2 | use rlua::Error as LuaError;
[INFO] [stdout]   |     ^^^^^^^^^^^^^^^^^^^^^^^
[INFO] [stdout] 
[INFO] [stdout] 
[INFO] [stdout] warning: unused import: `rlua::FromLua`
[INFO] [stdout]  --> src/modules/projects/agile/lua.rs:3:5
[INFO] [stdout]   |
[INFO] [stdout] 3 | use rlua::FromLua;
[INFO] [stdout]   |     ^^^^^^^^^^^^^
[INFO] [stdout] 
[INFO] [stdout] 
[INFO] [stdout] warning: unused import: `rlua::Table`
[INFO] [stdout]  --> src/modules/projects/agile/lua.rs:4:5
[INFO] [stdout]   |
[INFO] [stdout] 4 | use rlua::Table;
[INFO] [stdout]   |     ^^^^^^^^^^^
[INFO] [stdout] 
[INFO] [stdout] 
[INFO] [stdout] warning: unused import: `Branches`
[INFO] [stdout]  --> src/modules/projects/git/core.rs:3:12
[INFO] [stdout]   |
[INFO] [stdout] 3 | use git2::{Branches, Error, Repository, RepositoryOpenFlags};
[INFO] [stdout]   |            ^^^^^^^^
[INFO] [stdout] 
[INFO] [stdout] 
[INFO] [stdout] warning: unused import: `std::env`
[INFO] [stdout]  --> src/modules/projects/git/lua.rs:1:5
[INFO] [stdout]   |
[INFO] [stdout] 1 | use std::env;
[INFO] [stdout]   |     ^^^^^^^^
[INFO] [stdout] 
[INFO] [stdout] 
[INFO] [stdout] warning: unused import: `std::str::FromStr`
[INFO] [stdout]  --> src/modules/projects/git/lua.rs:3:5
[INFO] [stdout]   |
[INFO] [stdout] 3 | use std::str::FromStr;
[INFO] [stdout]   |     ^^^^^^^^^^^^^^^^^
[INFO] [stdout] 
[INFO] [stdout] 
[INFO] [stdout] warning: unused imports: `ExternalError`, `Lua`
[INFO] [stdout]  --> src/modules/projects/git/lua.rs:5:28
[INFO] [stdout]   |
[INFO] [stdout] 5 | use rlua::{Context, Error, ExternalError, Lua};
[INFO] [stdout]   |                            ^^^^^^^^^^^^^  ^^^
[INFO] [stdout] 
[INFO] [stdout] 
[INFO] [stdout] warning: unused import: `rlua::prelude::LuaError`
[INFO] [stdout]  --> src/modules/projects/git/lua.rs:6:5
[INFO] [stdout]   |
[INFO] [stdout] 6 | use rlua::prelude::LuaError;
[INFO] [stdout]   |     ^^^^^^^^^^^^^^^^^^^^^^^
[INFO] [stdout] 
[INFO] [stdout] 
[INFO] [stdout] warning: unused import: `tokio::runtime::Runtime`
[INFO] [stdout]  --> src/modules/projects/git/lua.rs:7:5
[INFO] [stdout]   |
[INFO] [stdout] 7 | use tokio::runtime::Runtime;
[INFO] [stdout]   |     ^^^^^^^^^^^^^^^^^^^^^^^
[INFO] [stdout] 
[INFO] [stdout] 
[INFO] [stdout] warning: unused import: `uuid::Uuid`
[INFO] [stdout]  --> src/modules/projects/git/lua.rs:8:5
[INFO] [stdout]   |
[INFO] [stdout] 8 | use uuid::Uuid;
[INFO] [stdout]   |     ^^^^^^^^^^
[INFO] [stdout] 
[INFO] [stdout] 
[INFO] [stdout] warning: unused import: `std::env`
[INFO] [stdout]  --> src/modules/projects/git/github.rs:2:5
[INFO] [stdout]   |
[INFO] [stdout] 2 | use std::env;
[INFO] [stdout]   |     ^^^^^^^^
[INFO] [stdout] 
[INFO] [stdout] 
[INFO] [stdout] warning: unused import: `env`
[INFO] [stdout]  --> src/modules/projects/venv.rs:1:11
[INFO] [stdout]   |
[INFO] [stdout] 1 | use std::{env, path::PathBuf};
[INFO] [stdout]   |           ^^^
[INFO] [stdout] 
[INFO] [stdout] 
[INFO] [stdout] warning: unused import: `std::error::Error`
[INFO] [stdout]  --> src/modules/tasks/todoist/core.rs:1:5
[INFO] [stdout]   |
[INFO] [stdout] 1 | use std::error::Error;
[INFO] [stdout]   |     ^^^^^^^^^^^^^^^^^
[INFO] [stdout] 
[INFO] [stdout] 
[INFO] [stdout] warning: unused import: `std::str::FromStr`
[INFO] [stdout]  --> src/modules/tasks/todoist/lua.rs:2:5
[INFO] [stdout]   |
[INFO] [stdout] 2 | use std::str::FromStr;
[INFO] [stdout]   |     ^^^^^^^^^^^^^^^^^
[INFO] [stdout] 
[INFO] [stdout] 
[INFO] [stdout] warning: unused imports: `ExternalError`, `Lua`
[INFO] [stdout]  --> src/modules/tasks/todoist/lua.rs:4:28
[INFO] [stdout]   |
[INFO] [stdout] 4 | use rlua::{Context, Error, ExternalError, Lua};
[INFO] [stdout]   |                            ^^^^^^^^^^^^^  ^^^
[INFO] [stdout] 
[INFO] [stdout] 
[INFO] [stdout] warning: unused import: `rlua::prelude::LuaError`
[INFO] [stdout]  --> src/modules/tasks/todoist/lua.rs:5:5
[INFO] [stdout]   |
[INFO] [stdout] 5 | use rlua::prelude::LuaError;
[INFO] [stdout]   |     ^^^^^^^^^^^^^^^^^^^^^^^
[INFO] [stdout] 
[INFO] [stdout] 
[INFO] [stdout] warning: unused import: `std::env`
[INFO] [stdout]  --> src/modules/script/engine.rs:1:5
[INFO] [stdout]   |
[INFO] [stdout] 1 | use std::env;
[INFO] [stdout]   |     ^^^^^^^^
[INFO] [stdout] 
[INFO] [stdout] 
[INFO] [stdout] warning: unused imports: `ToLua`, `UserData`
[INFO] [stdout]  --> src/modules/script/engine.rs:4:34
[INFO] [stdout]   |
[INFO] [stdout] 4 | use rlua::{Context, Lua, Result, ToLua, UserData, Value};
[INFO] [stdout]   |                                  ^^^^^  ^^^^^^^^
[INFO] [stdout] 
[INFO] [stdout] 
[INFO] [stdout] warning: unused import: `rlua::FromLua`
[INFO] [stdout]  --> src/modules/script/engine.rs:6:5
[INFO] [stdout]   |
[INFO] [stdout] 6 | use rlua::FromLua;
[INFO] [stdout]   |     ^^^^^^^^^^^^^
[INFO] [stdout] 
[INFO] [stdout] 
[INFO] [stdout] warning: unused import: `tokio::runtime::Runtime`
[INFO] [stdout]  --> src/modules/script/engine.rs:9:5
[INFO] [stdout]   |
[INFO] [stdout] 9 | use tokio::runtime::Runtime;
[INFO] [stdout]   |     ^^^^^^^^^^^^^^^^^^^^^^^
[INFO] [stdout] 
[INFO] [stdout] 
[INFO] [stdout] warning: unused import: `uuid::Uuid`
[INFO] [stdout]   --> src/modules/script/engine.rs:10:5
[INFO] [stdout]    |
[INFO] [stdout] 10 | use uuid::Uuid;
[INFO] [stdout]    |     ^^^^^^^^^^
[INFO] [stdout] 
[INFO] [stdout] 
[INFO] [stdout] warning: unused import: `db`
[INFO] [stdout]   --> src/modules/script/engine.rs:12:28
[INFO] [stdout]    |
[INFO] [stdout] 12 | use crate::modules::{core, db};
[INFO] [stdout]    |                            ^^
[INFO] [stdout] 
[INFO] [stdout] 
[INFO] [stdout] warning: unused import: `crate::modules::db::serializers::SerializableDateTime`
[INFO] [stdout]   --> src/modules/script/engine.rs:14:5
[INFO] [stdout]    |
[INFO] [stdout] 14 | use crate::modules::db::serializers::SerializableDateTime;
[INFO] [stdout]    |     ^^^^^^^^^^^^^^^^^^^^^^^^^^^^^^^^^^^^^^^^^^^^^^^^^^^^^
[INFO] [stdout] 
[INFO] [stdout] 
[INFO] [stdout] warning: unused import: `Owned`
[INFO] [stdout]  --> src/modules/script/repl.rs:1:40
[INFO] [stdout]   |
[INFO] [stdout] 1 | use std::borrow::Cow::{self, Borrowed, Owned};
[INFO] [stdout]   |                                        ^^^^^
[INFO] [stdout] 
[INFO] [stdout] 
[INFO] [stdout] warning: unused import: `lazy_static::lazy_static`
[INFO] [stdout]  --> src/modules/software/definitions.rs:2:5
[INFO] [stdout]   |
[INFO] [stdout] 2 | use lazy_static::lazy_static;
[INFO] [stdout]   |     ^^^^^^^^^^^^^^^^^^^^^^^^
[INFO] [stdout] 
[INFO] [stdout] 
[INFO] [stdout] warning: unused import: `std::path::PathBuf`
[INFO] [stdout]  --> src/modules/software/definitions.rs:3:5
[INFO] [stdout]   |
[INFO] [stdout] 3 | use std::path::PathBuf;
[INFO] [stdout]   |     ^^^^^^^^^^^^^^^^^^
[INFO] [stdout] 
[INFO] [stdout] 
[INFO] [stdout] warning: use of deprecated method `chrono::NaiveDate::and_hms`: use `and_hms_opt()` instead
[INFO] [stdout]   --> src/modules/db/serializers.rs:77:54
[INFO] [stdout]    |
[INFO] [stdout] 77 |         let datetime = DateTime::from_utc(naive_date.and_hms(0, 0, 0), Utc);
[INFO] [stdout]    |                                                      ^^^^^^^
[INFO] [stdout]    |
[INFO] [stdout]    = note: `#[warn(deprecated)]` on by default
[INFO] [stdout] 
[INFO] [stdout] 
[INFO] [stdout] warning: unused import: `crate::modules::db::DatabaseOperations`
[INFO] [stdout]   --> src/modules/script/engine.rs:13:5
[INFO] [stdout]    |
[INFO] [stdout] 13 | use crate::modules::db::DatabaseOperations;
[INFO] [stdout]    |     ^^^^^^^^^^^^^^^^^^^^^^^^^^^^^^^^^^^^^^
[INFO] [stdout] 
[INFO] [stdout] 
[INFO] [stdout] warning: unused variable: `reader`
[INFO] [stdout]   --> src/modules/admin/secrets.rs:22:9
[INFO] [stdout]    |
[INFO] [stdout] 22 |     let reader = BufReader::new(file);
[INFO] [stdout]    |         ^^^^^^ help: if this is intentional, prefix it with an underscore: `_reader`
[INFO] [stdout]    |
[INFO] [stdout]    = note: `#[warn(unused_variables)]` on by default
[INFO] [stdout] 
[INFO] [stdout] 
[INFO] [stdout] warning: unused variable: `id`
[INFO] [stdout]   --> src/modules/projects/agile/core.rs:41:12
[INFO] [stdout]    |
[INFO] [stdout] 41 |     fn get(id: String, db: &str) -> Result<Self, rusqlite::Error> where Self: Sized {
[INFO] [stdout]    |            ^^ help: if this is intentional, prefix it with an underscore: `_id`
[INFO] [stdout] 
[INFO] [stdout] 
[INFO] [stdout] warning: unused variable: `db`
[INFO] [stdout]   --> src/modules/projects/agile/core.rs:41:24
[INFO] [stdout]    |
[INFO] [stdout] 41 |     fn get(id: String, db: &str) -> Result<Self, rusqlite::Error> where Self: Sized {
[INFO] [stdout]    |                        ^^ help: if this is intentional, prefix it with an underscore: `_db`
[INFO] [stdout] 
[INFO] [stdout] 
[INFO] [stdout] warning: unused variable: `row`
[INFO] [stdout]   --> src/modules/projects/agile/core.rs:71:12
[INFO] [stdout]    |
[INFO] [stdout] 71 |     fn map(row: &Row<'_>) -> std::result::Result<Self, rusqlite::Error> where Self: Sized {
[INFO] [stdout]    |            ^^^ help: if this is intentional, prefix it with an underscore: `_row`
[INFO] [stdout] 
[INFO] [stdout] 
[INFO] [stdout] warning: unused variable: `ctx`
[INFO] [stdout]    --> src/modules/projects/agile/lua.rs:102:14
[INFO] [stdout]     |
[INFO] [stdout] 102 |             |ctx, (id, path): (String, String)| {
[INFO] [stdout]     |              ^^^ help: if this is intentional, prefix it with an underscore: `_ctx`
[INFO] [stdout] 
[INFO] [stdout] 
[INFO] [stdout] warning: unused variable: `user`
[INFO] [stdout]   --> src/modules/projects/git/github.rs:18:30
[INFO] [stdout]    |
[INFO] [stdout] 18 | pub fn github_get_milestones(user: String, token: String, org: String, repo: String) -> Result<HashMap<String, String>, Box<dyn std::erro...
[INFO] [stdout]    |                              ^^^^ help: if this is intentional, prefix it with an underscore: `_user`
[INFO] [stdout] 
[INFO] [stdout] 
[INFO] [stdout] warning: unused variable: `user`
[INFO] [stdout]   --> src/modules/projects/git/github.rs:36:36
[INFO] [stdout]    |
[INFO] [stdout] 36 | pub fn github_get_milestone_issues(user: String, token: String, org: String, repo: String, milestone_number: i32) -> Result<Vec<String>, ...
[INFO] [stdout]    |                                    ^^^^ help: if this is intentional, prefix it with an underscore: `_user`
[INFO] [stdout] 
[INFO] [stdout] 
[INFO] [stdout] warning: unused variable: `venv`
[INFO] [stdout]   --> src/modules/projects/venv.rs:38:16
[INFO] [stdout]    |
[INFO] [stdout] 38 | pub fn rebuild(venv: VirtualEnv) {
[INFO] [stdout]    |                ^^^^ help: if this is intentional, prefix it with an underscore: `_venv`
[INFO] [stdout] 
[INFO] [stdout] 
[INFO] [stdout] warning: unused variable: `db`
[INFO] [stdout]   --> src/modules/tasks/todoist/core.rs:35:20
[INFO] [stdout]    |
[INFO] [stdout] 35 |     fn save(&self, db: &str) -> Result<(), std::fmt::Error> {
[INFO] [stdout]    |                    ^^ help: if this is intentional, prefix it with an underscore: `_db`
[INFO] [stdout] 
[INFO] [stdout] 
[INFO] [stdout] warning: unused variable: `id`
[INFO] [stdout]   --> src/modules/tasks/todoist/core.rs:39:12
[INFO] [stdout]    |
[INFO] [stdout] 39 |     fn get(id: String, db: &str) -> Result<Self, rusqlite::Error> where Self: Sized {
[INFO] [stdout]    |            ^^ help: if this is intentional, prefix it with an underscore: `_id`
[INFO] [stdout] 
[INFO] [stdout] 
[INFO] [stdout] warning: unused variable: `db`
[INFO] [stdout]   --> src/modules/tasks/todoist/core.rs:39:24
[INFO] [stdout]    |
[INFO] [stdout] 39 |     fn get(id: String, db: &str) -> Result<Self, rusqlite::Error> where Self: Sized {
[INFO] [stdout]    |                        ^^ help: if this is intentional, prefix it with an underscore: `_db`
[INFO] [stdout] 
[INFO] [stdout] 
[INFO] [stdout] warning: unused variable: `row`
[INFO] [stdout]   --> src/modules/tasks/todoist/core.rs:86:12
[INFO] [stdout]    |
[INFO] [stdout] 86 |     fn map(row: &Row<'_>) -> Result<Self, rusqlite::Error> where Self: Sized {
[INFO] [stdout]    |            ^^^ help: if this is intentional, prefix it with an underscore: `_row`
[INFO] [stdout] 
[INFO] [stdout] 
[INFO] [stdout] warning: unused variable: `e`
[INFO] [stdout]   --> src/modules/tasks/todoist/lua.rs:42:29
[INFO] [stdout]    |
[INFO] [stdout] 42 |                         Err(e) => Err(Error::RuntimeError("Could not save task to Sprint".to_string()))
[INFO] [stdout]    |                             ^ help: if this is intentional, prefix it with an underscore: `_e`
[INFO] [stdout] 
[INFO] [stdout] 
[INFO] [stdout] warning: unused variable: `e`
[INFO] [stdout]   --> src/modules/tasks/todoist/lua.rs:45:21
[INFO] [stdout]    |
[INFO] [stdout] 45 |                 Err(e) => {
[INFO] [stdout]    |                     ^ help: if this is intentional, prefix it with an underscore: `_e`
[INFO] [stdout] 
[INFO] [stdout] 
[INFO] [stdout] warning: unused variable: `v`
[INFO] [stdout]   --> src/modules/script/engine.rs:98:21
[INFO] [stdout]    |
[INFO] [stdout] 98 |                 let v = update_yaml_value(&file_path, &yaml_key_path, &new_value)
[INFO] [stdout]    |                     ^ help: if this is intentional, prefix it with an underscore: `_v`
[INFO] [stdout] 
[INFO] [stdout] 
[INFO] [stdout] warning: unused variable: `e`
[INFO] [stdout]    --> src/modules/script/engine.rs:111:25
[INFO] [stdout]     |
[INFO] [stdout] 111 |                     Err(e) => Err(LuaError::RuntimeError(
[INFO] [stdout]     |                         ^ help: if this is intentional, prefix it with an underscore: `_e`
[INFO] [stdout] 
[INFO] [stdout] 
[INFO] [stdout] warning: unused variable: `e`
[INFO] [stdout]    --> src/modules/script/engine.rs:122:17
[INFO] [stdout]     |
[INFO] [stdout] 122 |             Err(e) => Err(LuaError::RuntimeError(
[INFO] [stdout]     |                 ^ help: if this is intentional, prefix it with an underscore: `_e`
[INFO] [stdout] 
[INFO] [stdout] 
[INFO] [stdout] warning: unused variable: `e`
[INFO] [stdout]    --> src/modules/script/engine.rs:131:17
[INFO] [stdout]     |
[INFO] [stdout] 131 |             Err(e) => Err(LuaError::RuntimeError(
[INFO] [stdout]     |                 ^ help: if this is intentional, prefix it with an underscore: `_e`
[INFO] [stdout] 
[INFO] [stdout] 
[INFO] [stdout] warning: function `directory_exists` is never used
[INFO] [stdout]   --> src/modules/core.rs:77:4
[INFO] [stdout]    |
[INFO] [stdout] 77 | fn directory_exists(path: &Path) -> bool {
[INFO] [stdout]    |    ^^^^^^^^^^^^^^^^
[INFO] [stdout]    |
[INFO] [stdout]    = note: `#[warn(dead_code)]` on by default
[INFO] [stdout] 
[INFO] [stdout] 
[INFO] [stdout] warning: method `is_active` is never used
[INFO] [stdout]    --> src/modules/projects/agile/core.rs:183:8
[INFO] [stdout]     |
[INFO] [stdout] 182 | impl Sprint {
[INFO] [stdout]     | ----------- method in this implementation
[INFO] [stdout] 183 |     fn is_active(&self) -> bool {
[INFO] [stdout]     |        ^^^^^^^^^
[INFO] [stdout] 
[INFO] [stdout] 
[INFO] [stdout] warning: field `name` is never read
[INFO] [stdout]  --> src/modules/projects/venv.rs:7:5
[INFO] [stdout]   |
[INFO] [stdout] 6 | pub struct VirtualEnv {
[INFO] [stdout]   |            ---------- field in this struct
[INFO] [stdout] 7 |     name: String,
[INFO] [stdout]   |     ^^^^
[INFO] [stdout]   |
[INFO] [stdout]   = note: `VirtualEnv` has a derived impl for the trait `Debug`, but this is intentionally ignored during dead code analysis
[INFO] [stdout] 
[INFO] [stdout] 
[INFO] [stdout] warning: function `get_task_by_id` is never used
[INFO] [stdout]   --> src/modules/tasks/todoist/core.rs:91:4
[INFO] [stdout]    |
[INFO] [stdout] 91 | fn get_task_by_id(db: &str, id: String) -> Result<Task, std::fmt::Error> {
[INFO] [stdout]    |    ^^^^^^^^^^^^^^
[INFO] [stdout] 
[INFO] [stdout] 
[INFO] [stdout] warning: unused comparison that must be used
[INFO] [stdout]    --> src/modules/notes/humble.rs:130:13
[INFO] [stdout]     |
[INFO] [stdout] 130 |             page.title == "_index";
[INFO] [stdout]     |             ^^^^^^^^^^^^^^^^^^^^^^ the comparison produces a value
[INFO] [stdout]     |
[INFO] [stdout]     = note: `#[warn(unused_must_use)]` on by default
[INFO] [stdout] help: use `let _ = ...` to ignore the resulting value
[INFO] [stdout]     |
[INFO] [stdout] 130 |             let _ = page.title == "_index";
[INFO] [stdout]     |             +++++++
[INFO] [stdout] 
[INFO] [stdout] 
[INFO] [stdout] warning: unused `Result` that must be used
[INFO] [stdout]   --> src/modules/tasks/todoist/lua.rs:18:21
[INFO] [stdout]    |
[INFO] [stdout] 18 |                     db::init_db(&db);
[INFO] [stdout]    |                     ^^^^^^^^^^^^^^^^
[INFO] [stdout]    |
[INFO] [stdout]    = note: this `Result` may be an `Err` variant, which should be handled
[INFO] [stdout] help: use `let _ = ...` to ignore the resulting value
[INFO] [stdout]    |
[INFO] [stdout] 18 |                     let _ = db::init_db(&db);
[INFO] [stdout]    |                     +++++++
[INFO] [stdout] 
[INFO] [stdout] 
[INFO] [stdout] warning: unused `Result` that must be used
[INFO] [stdout]   --> src/modules/script/engine.rs:77:13
[INFO] [stdout]    |
[INFO] [stdout] 77 |             repo.clone();
[INFO] [stdout]    |             ^^^^^^^^^^^^
[INFO] [stdout]    |
[INFO] [stdout]    = note: this `Result` may be an `Err` variant, which should be handled
[INFO] [stdout] help: use `let _ = ...` to ignore the resulting value
[INFO] [stdout]    |
[INFO] [stdout] 77 |             let _ = repo.clone();
[INFO] [stdout]    |             +++++++
[INFO] [stdout] 
[INFO] [stdout] 
[INFO] [stdout] warning: 69 warnings emitted
[INFO] [stdout] 
[INFO] [stdout] 
[INFO] [stderr]    Compiling valis-core v0.1.9 (/opt/rustwide/workdir)
[INFO] [stdout] warning: unused import: `std::env`
[INFO] [stdout]  --> src/main.rs:1:5
[INFO] [stdout]   |
[INFO] [stdout] 1 | use std::env;
[INFO] [stdout]   |     ^^^^^^^^
[INFO] [stdout]   |
[INFO] [stdout]   = note: `#[warn(unused_imports)]` on by default
[INFO] [stdout] 
[INFO] [stdout] 
[INFO] [stdout] warning: unused imports: `Context`, `Lua`
[INFO] [stdout]  --> src/modules/formats/yaml.rs:5:12
[INFO] [stdout]   |
[INFO] [stdout] 5 | use rlua::{Context, Lua};
[INFO] [stdout]   |            ^^^^^^^  ^^^
[INFO] [stdout]   |
[INFO] [stdout]   = note: `#[warn(unused_imports)]` on by default
[INFO] [stdout] 
[INFO] [stdout] 
[INFO] [stdout] warning: unused imports: `Deserialize`, `Serialize`
[INFO] [stdout]  --> src/modules/formats/yaml.rs:6:13
[INFO] [stdout]   |
[INFO] [stdout] 6 | use serde::{Deserialize, Serialize};
[INFO] [stdout]   |             ^^^^^^^^^^^  ^^^^^^^^^
[INFO] [stdout] 
[INFO] [stdout] 
[INFO] [stdout] warning: unused import: `serde_yaml::Mapping`
[INFO] [stdout]  --> src/modules/formats/yaml.rs:7:5
[INFO] [stdout]   |
[INFO] [stdout] 7 | use serde_yaml::Mapping;
[INFO] [stdout]   |     ^^^^^^^^^^^^^^^^^^^
[INFO] [stdout] 
[INFO] [stdout] 
[INFO] [stdout] warning: unused imports: `Context`, `Table`
[INFO] [stdout]  --> src/modules/k8s/kind.rs:3:12
[INFO] [stdout]   |
[INFO] [stdout] 3 | use rlua::{Context, Table};
[INFO] [stdout]   |            ^^^^^^^  ^^^^^
[INFO] [stdout] 
[INFO] [stdout] 
[INFO] [stdout] warning: variable `githubAuth` should have a snake case name
[INFO] [stdout]   --> src/main.rs:35:17
[INFO] [stdout]    |
[INFO] [stdout] 35 |             let githubAuth = authinfo::find_auth_info_for_machine("api.github.com", authinfos).get(0).cloned().unwrap();
[INFO] [stdout]    |                 ^^^^^^^^^^ help: convert the identifier to snake case: `github_auth`
[INFO] [stdout]    |
[INFO] [stdout]    = note: `#[warn(non_snake_case)]` on by default
[INFO] [stdout] 
[INFO] [stdout] 
[INFO] [stdout] warning: unused import: `HashSet`
[INFO] [stdout]  --> src/modules/notes/humble.rs:1:33
[INFO] [stdout]   |
[INFO] [stdout] 1 | use std::collections::{HashMap, HashSet};
[INFO] [stdout]   |                                 ^^^^^^^
[INFO] [stdout] 
[INFO] [stdout] 
[INFO] [stdout] warning: unused imports: `File`, `copy`
[INFO] [stdout]  --> src/modules/notes/humble.rs:3:15
[INFO] [stdout]   |
[INFO] [stdout] 3 | use std::fs::{copy, File};
[INFO] [stdout]   |               ^^^^  ^^^^
[INFO] [stdout] 
[INFO] [stdout] 
[INFO] [stdout] warning: unused imports: `Read`, `Write`
[INFO] [stdout]  --> src/modules/notes/humble.rs:4:15
[INFO] [stdout]   |
[INFO] [stdout] 4 | use std::io::{Read, Write};
[INFO] [stdout]   |               ^^^^  ^^^^^
[INFO] [stdout] 
[INFO] [stdout] 
[INFO] [stdout] warning: unused imports: `Event`, `Parser`, `Tag`
[INFO] [stdout]  --> src/modules/notes/humble.rs:8:22
[INFO] [stdout]   |
[INFO] [stdout] 8 | use pulldown_cmark::{Event, Parser, Tag};
[INFO] [stdout]   |                      ^^^^^  ^^^^^^  ^^^
[INFO] [stdout] 
[INFO] [stdout] 
[INFO] [stdout] warning: unused import: `serde::Deserialize`
[INFO] [stdout]   --> src/modules/notes/humble.rs:10:5
[INFO] [stdout]    |
[INFO] [stdout] 10 | use serde::Deserialize;
[INFO] [stdout]    |     ^^^^^^^^^^^^^^^^^^
[INFO] [stdout] 
[INFO] [stdout] 
[INFO] [stdout] warning: unused imports: `DirEntry`, `WalkDir`
[INFO] [stdout]   --> src/modules/notes/humble.rs:11:15
[INFO] [stdout]    |
[INFO] [stdout] 11 | use walkdir::{DirEntry, WalkDir};
[INFO] [stdout]    |               ^^^^^^^^  ^^^^^^^
[INFO] [stdout] 
[INFO] [stdout] 
[INFO] [stdout] warning: unused import: `Path`
[INFO] [stdout]  --> src/modules/notes/markdown.rs:5:17
[INFO] [stdout]   |
[INFO] [stdout] 5 | use std::path::{Path, PathBuf};
[INFO] [stdout]   |                 ^^^^
[INFO] [stdout] 
[INFO] [stdout] 
[INFO] [stdout] warning: unused imports: `Context`, `Lua`, `Table`, `ToLuaMulti`, `ToLua`
[INFO] [stdout]   --> src/modules/notes/markdown.rs:11:12
[INFO] [stdout]    |
[INFO] [stdout] 11 | use rlua::{Context, Lua, Table, ToLua, ToLuaMulti};
[INFO] [stdout]    |            ^^^^^^^  ^^^  ^^^^^  ^^^^^  ^^^^^^^^^^
[INFO] [stdout] 
[INFO] [stdout] 
[INFO] [stdout] warning: unused imports: `FromSql`, `ValueRef`
[INFO] [stdout]  --> src/modules/projects/agile/core.rs:5:23
[INFO] [stdout]   |
[INFO] [stdout] 5 | use rusqlite::types::{FromSql, ValueRef};
[INFO] [stdout]   |                       ^^^^^^^  ^^^^^^^^
[INFO] [stdout] 
[INFO] [stdout] 
[INFO] [stdout] warning: unused import: `serializers`
[INFO] [stdout]   --> src/modules/projects/agile/core.rs:13:42
[INFO] [stdout]    |
[INFO] [stdout] 13 | use crate::modules::db::{get_connection, serializers};
[INFO] [stdout]    |                                          ^^^^^^^^^^^
[INFO] [stdout] 
[INFO] [stdout] 
[INFO] [stdout] warning: unused imports: `Lua`, `Result`, `ToLua`, `UserData`
[INFO] [stdout]  --> src/modules/projects/agile/lua.rs:1:21
[INFO] [stdout]   |
[INFO] [stdout] 1 | use rlua::{Context, Lua, Result, ToLua, UserData};
[INFO] [stdout]   |                     ^^^  ^^^^^^  ^^^^^  ^^^^^^^^
[INFO] [stdout] 
[INFO] [stdout] 
[INFO] [stdout] warning: unused import: `rlua::Error as LuaError`
[INFO] [stdout]  --> src/modules/projects/agile/lua.rs:2:5
[INFO] [stdout]   |
[INFO] [stdout] 2 | use rlua::Error as LuaError;
[INFO] [stdout]   |     ^^^^^^^^^^^^^^^^^^^^^^^
[INFO] [stdout] 
[INFO] [stdout] 
[INFO] [stdout] warning: unused import: `rlua::FromLua`
[INFO] [stdout]  --> src/modules/projects/agile/lua.rs:3:5
[INFO] [stdout]   |
[INFO] [stdout] 3 | use rlua::FromLua;
[INFO] [stdout]   |     ^^^^^^^^^^^^^
[INFO] [stdout] 
[INFO] [stdout] 
[INFO] [stdout] warning: unused import: `rlua::Table`
[INFO] [stdout]  --> src/modules/projects/agile/lua.rs:4:5
[INFO] [stdout]   |
[INFO] [stdout] 4 | use rlua::Table;
[INFO] [stdout]   |     ^^^^^^^^^^^
[INFO] [stdout] 
[INFO] [stdout] 
[INFO] [stdout] warning: unused import: `Branches`
[INFO] [stdout]  --> src/modules/projects/git/core.rs:3:12
[INFO] [stdout]   |
[INFO] [stdout] 3 | use git2::{Branches, Error, Repository, RepositoryOpenFlags};
[INFO] [stdout]   |            ^^^^^^^^
[INFO] [stdout] 
[INFO] [stdout] 
[INFO] [stdout] warning: unused import: `std::env`
[INFO] [stdout]  --> src/modules/projects/git/lua.rs:1:5
[INFO] [stdout]   |
[INFO] [stdout] 1 | use std::env;
[INFO] [stdout]   |     ^^^^^^^^
[INFO] [stdout] 
[INFO] [stdout] 
[INFO] [stdout] warning: unused import: `std::str::FromStr`
[INFO] [stdout]  --> src/modules/projects/git/lua.rs:3:5
[INFO] [stdout]   |
[INFO] [stdout] 3 | use std::str::FromStr;
[INFO] [stdout]   |     ^^^^^^^^^^^^^^^^^
[INFO] [stdout] 
[INFO] [stdout] 
[INFO] [stdout] warning: unused imports: `ExternalError`, `Lua`
[INFO] [stdout]  --> src/modules/projects/git/lua.rs:5:28
[INFO] [stdout]   |
[INFO] [stdout] 5 | use rlua::{Context, Error, ExternalError, Lua};
[INFO] [stdout]   |                            ^^^^^^^^^^^^^  ^^^
[INFO] [stdout] 
[INFO] [stdout] 
[INFO] [stdout] warning: unused import: `rlua::prelude::LuaError`
[INFO] [stdout]  --> src/modules/projects/git/lua.rs:6:5
[INFO] [stdout]   |
[INFO] [stdout] 6 | use rlua::prelude::LuaError;
[INFO] [stdout]   |     ^^^^^^^^^^^^^^^^^^^^^^^
[INFO] [stdout] 
[INFO] [stdout] 
[INFO] [stdout] warning: unused import: `tokio::runtime::Runtime`
[INFO] [stdout]  --> src/modules/projects/git/lua.rs:7:5
[INFO] [stdout]   |
[INFO] [stdout] 7 | use tokio::runtime::Runtime;
[INFO] [stdout]   |     ^^^^^^^^^^^^^^^^^^^^^^^
[INFO] [stdout] 
[INFO] [stdout] 
[INFO] [stdout] warning: unused import: `uuid::Uuid`
[INFO] [stdout]  --> src/modules/projects/git/lua.rs:8:5
[INFO] [stdout]   |
[INFO] [stdout] 8 | use uuid::Uuid;
[INFO] [stdout]   |     ^^^^^^^^^^
[INFO] [stdout] 
[INFO] [stdout] 
[INFO] [stdout] warning: unused import: `std::env`
[INFO] [stdout]  --> src/modules/projects/git/github.rs:2:5
[INFO] [stdout]   |
[INFO] [stdout] 2 | use std::env;
[INFO] [stdout]   |     ^^^^^^^^
[INFO] [stdout] 
[INFO] [stdout] 
[INFO] [stdout] warning: unused import: `env`
[INFO] [stdout]  --> src/modules/projects/venv.rs:1:11
[INFO] [stdout]   |
[INFO] [stdout] 1 | use std::{env, path::PathBuf};
[INFO] [stdout]   |           ^^^
[INFO] [stdout] 
[INFO] [stdout] 
[INFO] [stdout] warning: unused import: `std::error::Error`
[INFO] [stdout]  --> src/modules/tasks/todoist/core.rs:1:5
[INFO] [stdout]   |
[INFO] [stdout] 1 | use std::error::Error;
[INFO] [stdout]   |     ^^^^^^^^^^^^^^^^^
[INFO] [stdout] 
[INFO] [stdout] 
[INFO] [stdout] warning: unused import: `std::str::FromStr`
[INFO] [stdout]  --> src/modules/tasks/todoist/lua.rs:2:5
[INFO] [stdout]   |
[INFO] [stdout] 2 | use std::str::FromStr;
[INFO] [stdout]   |     ^^^^^^^^^^^^^^^^^
[INFO] [stdout] 
[INFO] [stdout] 
[INFO] [stdout] warning: unused imports: `ExternalError`, `Lua`
[INFO] [stdout]  --> src/modules/tasks/todoist/lua.rs:4:28
[INFO] [stdout]   |
[INFO] [stdout] 4 | use rlua::{Context, Error, ExternalError, Lua};
[INFO] [stdout]   |                            ^^^^^^^^^^^^^  ^^^
[INFO] [stdout] 
[INFO] [stdout] 
[INFO] [stdout] warning: unused import: `rlua::prelude::LuaError`
[INFO] [stdout]  --> src/modules/tasks/todoist/lua.rs:5:5
[INFO] [stdout]   |
[INFO] [stdout] 5 | use rlua::prelude::LuaError;
[INFO] [stdout]   |     ^^^^^^^^^^^^^^^^^^^^^^^
[INFO] [stdout] 
[INFO] [stdout] 
[INFO] [stdout] warning: unused import: `std::env`
[INFO] [stdout]  --> src/modules/script/engine.rs:1:5
[INFO] [stdout]   |
[INFO] [stdout] 1 | use std::env;
[INFO] [stdout]   |     ^^^^^^^^
[INFO] [stdout] 
[INFO] [stdout] 
[INFO] [stdout] warning: unused imports: `ToLua`, `UserData`
[INFO] [stdout]  --> src/modules/script/engine.rs:4:34
[INFO] [stdout]   |
[INFO] [stdout] 4 | use rlua::{Context, Lua, Result, ToLua, UserData, Value};
[INFO] [stdout]   |                                  ^^^^^  ^^^^^^^^
[INFO] [stdout] 
[INFO] [stdout] 
[INFO] [stdout] warning: unused import: `rlua::FromLua`
[INFO] [stdout]  --> src/modules/script/engine.rs:6:5
[INFO] [stdout]   |
[INFO] [stdout] 6 | use rlua::FromLua;
[INFO] [stdout]   |     ^^^^^^^^^^^^^
[INFO] [stdout] 
[INFO] [stdout] 
[INFO] [stdout] warning: unused import: `tokio::runtime::Runtime`
[INFO] [stdout]  --> src/modules/script/engine.rs:9:5
[INFO] [stdout]   |
[INFO] [stdout] 9 | use tokio::runtime::Runtime;
[INFO] [stdout]   |     ^^^^^^^^^^^^^^^^^^^^^^^
[INFO] [stdout] 
[INFO] [stdout] 
[INFO] [stdout] warning: unused import: `uuid::Uuid`
[INFO] [stdout]   --> src/modules/script/engine.rs:10:5
[INFO] [stdout]    |
[INFO] [stdout] 10 | use uuid::Uuid;
[INFO] [stdout]    |     ^^^^^^^^^^
[INFO] [stdout] 
[INFO] [stdout] 
[INFO] [stdout] warning: unused import: `db`
[INFO] [stdout]   --> src/modules/script/engine.rs:12:28
[INFO] [stdout]    |
[INFO] [stdout] 12 | use crate::modules::{core, db};
[INFO] [stdout]    |                            ^^
[INFO] [stdout] 
[INFO] [stdout] 
[INFO] [stdout] warning: unused import: `crate::modules::db::serializers::SerializableDateTime`
[INFO] [stdout]   --> src/modules/script/engine.rs:14:5
[INFO] [stdout]    |
[INFO] [stdout] 14 | use crate::modules::db::serializers::SerializableDateTime;
[INFO] [stdout]    |     ^^^^^^^^^^^^^^^^^^^^^^^^^^^^^^^^^^^^^^^^^^^^^^^^^^^^^
[INFO] [stdout] 
[INFO] [stdout] 
[INFO] [stdout] warning: unused import: `Owned`
[INFO] [stdout]  --> src/modules/script/repl.rs:1:40
[INFO] [stdout]   |
[INFO] [stdout] 1 | use std::borrow::Cow::{self, Borrowed, Owned};
[INFO] [stdout]   |                                        ^^^^^
[INFO] [stdout] 
[INFO] [stdout] 
[INFO] [stdout] warning: unused import: `lazy_static::lazy_static`
[INFO] [stdout]  --> src/modules/software/definitions.rs:2:5
[INFO] [stdout]   |
[INFO] [stdout] 2 | use lazy_static::lazy_static;
[INFO] [stdout]   |     ^^^^^^^^^^^^^^^^^^^^^^^^
[INFO] [stdout] 
[INFO] [stdout] 
[INFO] [stdout] warning: unused import: `std::path::PathBuf`
[INFO] [stdout]  --> src/modules/software/definitions.rs:3:5
[INFO] [stdout]   |
[INFO] [stdout] 3 | use std::path::PathBuf;
[INFO] [stdout]   |     ^^^^^^^^^^^^^^^^^^
[INFO] [stdout] 
[INFO] [stdout] 
[INFO] [stdout] warning: use of deprecated method `chrono::NaiveDate::and_hms`: use `and_hms_opt()` instead
[INFO] [stdout]   --> src/modules/db/serializers.rs:77:54
[INFO] [stdout]    |
[INFO] [stdout] 77 |         let datetime = DateTime::from_utc(naive_date.and_hms(0, 0, 0), Utc);
[INFO] [stdout]    |                                                      ^^^^^^^
[INFO] [stdout]    |
[INFO] [stdout]    = note: `#[warn(deprecated)]` on by default
[INFO] [stdout] 
[INFO] [stdout] 
[INFO] [stdout] warning: unused import: `crate::modules::db::DatabaseOperations`
[INFO] [stdout]   --> src/modules/script/engine.rs:13:5
[INFO] [stdout]    |
[INFO] [stdout] 13 | use crate::modules::db::DatabaseOperations;
[INFO] [stdout]    |     ^^^^^^^^^^^^^^^^^^^^^^^^^^^^^^^^^^^^^^
[INFO] [stdout] 
[INFO] [stdout] 
[INFO] [stdout] warning: unused variable: `reader`
[INFO] [stdout]   --> src/modules/admin/secrets.rs:22:9
[INFO] [stdout]    |
[INFO] [stdout] 22 |     let reader = BufReader::new(file);
[INFO] [stdout]    |         ^^^^^^ help: if this is intentional, prefix it with an underscore: `_reader`
[INFO] [stdout]    |
[INFO] [stdout]    = note: `#[warn(unused_variables)]` on by default
[INFO] [stdout] 
[INFO] [stdout] 
[INFO] [stdout] warning: unused variable: `filename2`
[INFO] [stdout]    --> src/modules/notes/markdown.rs:320:13
[INFO] [stdout]     |
[INFO] [stdout] 320 |         let filename2 = "FOO.GIF";
[INFO] [stdout]     |             ^^^^^^^^^ help: if this is intentional, prefix it with an underscore: `_filename2`
[INFO] [stdout] 
[INFO] [stdout] 
[INFO] [stdout] warning: unused variable: `id`
[INFO] [stdout]   --> src/modules/projects/agile/core.rs:41:12
[INFO] [stdout]    |
[INFO] [stdout] 41 |     fn get(id: String, db: &str) -> Result<Self, rusqlite::Error> where Self: Sized {
[INFO] [stdout]    |            ^^ help: if this is intentional, prefix it with an underscore: `_id`
[INFO] [stdout] 
[INFO] [stdout] 
[INFO] [stdout] warning: unused variable: `db`
[INFO] [stdout]   --> src/modules/projects/agile/core.rs:41:24
[INFO] [stdout]    |
[INFO] [stdout] 41 |     fn get(id: String, db: &str) -> Result<Self, rusqlite::Error> where Self: Sized {
[INFO] [stdout]    |                        ^^ help: if this is intentional, prefix it with an underscore: `_db`
[INFO] [stdout] 
[INFO] [stdout] 
[INFO] [stdout] warning: unused variable: `row`
[INFO] [stdout]   --> src/modules/projects/agile/core.rs:71:12
[INFO] [stdout]    |
[INFO] [stdout] 71 |     fn map(row: &Row<'_>) -> std::result::Result<Self, rusqlite::Error> where Self: Sized {
[INFO] [stdout]    |            ^^^ help: if this is intentional, prefix it with an underscore: `_row`
[INFO] [stdout] 
[INFO] [stdout] 
[INFO] [stdout] warning: 2 warnings emitted
[INFO] [stdout] 
[INFO] [stdout] 
[INFO] [stdout] warning: unused variable: `ctx`
[INFO] [stdout]    --> src/modules/projects/agile/lua.rs:102:14
[INFO] [stdout]     |
[INFO] [stdout] 102 |             |ctx, (id, path): (String, String)| {
[INFO] [stdout]     |              ^^^ help: if this is intentional, prefix it with an underscore: `_ctx`
[INFO] [stdout] 
[INFO] [stdout] 
[INFO] [stdout] warning: unused variable: `user`
[INFO] [stdout]   --> src/modules/projects/git/github.rs:18:30
[INFO] [stdout]    |
[INFO] [stdout] 18 | pub fn github_get_milestones(user: String, token: String, org: String, repo: String) -> Result<HashMap<String, String>, Box<dyn std::erro...
[INFO] [stdout]    |                              ^^^^ help: if this is intentional, prefix it with an underscore: `_user`
[INFO] [stdout] 
[INFO] [stdout] 
[INFO] [stdout] warning: unused variable: `user`
[INFO] [stdout]   --> src/modules/projects/git/github.rs:36:36
[INFO] [stdout]    |
[INFO] [stdout] 36 | pub fn github_get_milestone_issues(user: String, token: String, org: String, repo: String, milestone_number: i32) -> Result<Vec<String>, ...
[INFO] [stdout]    |                                    ^^^^ help: if this is intentional, prefix it with an underscore: `_user`
[INFO] [stdout] 
[INFO] [stdout] 
[INFO] [stdout] warning: unused variable: `venv`
[INFO] [stdout]   --> src/modules/projects/venv.rs:38:16
[INFO] [stdout]    |
[INFO] [stdout] 38 | pub fn rebuild(venv: VirtualEnv) {
[INFO] [stdout]    |                ^^^^ help: if this is intentional, prefix it with an underscore: `_venv`
[INFO] [stdout] 
[INFO] [stdout] 
[INFO] [stdout] warning: unused variable: `db`
[INFO] [stdout]   --> src/modules/tasks/todoist/core.rs:35:20
[INFO] [stdout]    |
[INFO] [stdout] 35 |     fn save(&self, db: &str) -> Result<(), std::fmt::Error> {
[INFO] [stdout]    |                    ^^ help: if this is intentional, prefix it with an underscore: `_db`
[INFO] [stdout] 
[INFO] [stdout] 
[INFO] [stdout] warning: unused variable: `id`
[INFO] [stdout]   --> src/modules/tasks/todoist/core.rs:39:12
[INFO] [stdout]    |
[INFO] [stdout] 39 |     fn get(id: String, db: &str) -> Result<Self, rusqlite::Error> where Self: Sized {
[INFO] [stdout]    |            ^^ help: if this is intentional, prefix it with an underscore: `_id`
[INFO] [stdout] 
[INFO] [stdout] 
[INFO] [stdout] warning: unused variable: `db`
[INFO] [stdout]   --> src/modules/tasks/todoist/core.rs:39:24
[INFO] [stdout]    |
[INFO] [stdout] 39 |     fn get(id: String, db: &str) -> Result<Self, rusqlite::Error> where Self: Sized {
[INFO] [stdout]    |                        ^^ help: if this is intentional, prefix it with an underscore: `_db`
[INFO] [stdout] 
[INFO] [stdout] 
[INFO] [stdout] warning: unused variable: `row`
[INFO] [stdout]   --> src/modules/tasks/todoist/core.rs:86:12
[INFO] [stdout]    |
[INFO] [stdout] 86 |     fn map(row: &Row<'_>) -> Result<Self, rusqlite::Error> where Self: Sized {
[INFO] [stdout]    |            ^^^ help: if this is intentional, prefix it with an underscore: `_row`
[INFO] [stdout] 
[INFO] [stdout] 
[INFO] [stdout] warning: unused variable: `e`
[INFO] [stdout]   --> src/modules/tasks/todoist/lua.rs:42:29
[INFO] [stdout]    |
[INFO] [stdout] 42 |                         Err(e) => Err(Error::RuntimeError("Could not save task to Sprint".to_string()))
[INFO] [stdout]    |                             ^ help: if this is intentional, prefix it with an underscore: `_e`
[INFO] [stdout] 
[INFO] [stdout] 
[INFO] [stdout] warning: unused variable: `e`
[INFO] [stdout]   --> src/modules/tasks/todoist/lua.rs:45:21
[INFO] [stdout]    |
[INFO] [stdout] 45 |                 Err(e) => {
[INFO] [stdout]    |                     ^ help: if this is intentional, prefix it with an underscore: `_e`
[INFO] [stdout] 
[INFO] [stdout] 
[INFO] [stdout] warning: unused variable: `v`
[INFO] [stdout]   --> src/modules/script/engine.rs:98:21
[INFO] [stdout]    |
[INFO] [stdout] 98 |                 let v = update_yaml_value(&file_path, &yaml_key_path, &new_value)
[INFO] [stdout]    |                     ^ help: if this is intentional, prefix it with an underscore: `_v`
[INFO] [stdout] 
[INFO] [stdout] 
[INFO] [stdout] warning: unused variable: `e`
[INFO] [stdout]    --> src/modules/script/engine.rs:111:25
[INFO] [stdout]     |
[INFO] [stdout] 111 |                     Err(e) => Err(LuaError::RuntimeError(
[INFO] [stdout]     |                         ^ help: if this is intentional, prefix it with an underscore: `_e`
[INFO] [stdout] 
[INFO] [stdout] 
[INFO] [stdout] warning: unused variable: `e`
[INFO] [stdout]    --> src/modules/script/engine.rs:122:17
[INFO] [stdout]     |
[INFO] [stdout] 122 |             Err(e) => Err(LuaError::RuntimeError(
[INFO] [stdout]     |                 ^ help: if this is intentional, prefix it with an underscore: `_e`
[INFO] [stdout] 
[INFO] [stdout] 
[INFO] [stdout] warning: unused variable: `e`
[INFO] [stdout]    --> src/modules/script/engine.rs:131:17
[INFO] [stdout]     |
[INFO] [stdout] 131 |             Err(e) => Err(LuaError::RuntimeError(
[INFO] [stdout]     |                 ^ help: if this is intentional, prefix it with an underscore: `_e`
[INFO] [stdout] 
[INFO] [stdout] 
[INFO] [stdout] warning: function `directory_exists` is never used
[INFO] [stdout]   --> src/modules/core.rs:77:4
[INFO] [stdout]    |
[INFO] [stdout] 77 | fn directory_exists(path: &Path) -> bool {
[INFO] [stdout]    |    ^^^^^^^^^^^^^^^^
[INFO] [stdout]    |
[INFO] [stdout]    = note: `#[warn(dead_code)]` on by default
[INFO] [stdout] 
[INFO] [stdout] 
[INFO] [stdout] warning: method `is_active` is never used
[INFO] [stdout]    --> src/modules/projects/agile/core.rs:183:8
[INFO] [stdout]     |
[INFO] [stdout] 182 | impl Sprint {
[INFO] [stdout]     | ----------- method in this implementation
[INFO] [stdout] 183 |     fn is_active(&self) -> bool {
[INFO] [stdout]     |        ^^^^^^^^^
[INFO] [stdout] 
[INFO] [stdout] 
[INFO] [stdout] warning: field `name` is never read
[INFO] [stdout]  --> src/modules/projects/venv.rs:7:5
[INFO] [stdout]   |
[INFO] [stdout] 6 | pub struct VirtualEnv {
[INFO] [stdout]   |            ---------- field in this struct
[INFO] [stdout] 7 |     name: String,
[INFO] [stdout]   |     ^^^^
[INFO] [stdout]   |
[INFO] [stdout]   = note: `VirtualEnv` has a derived impl for the trait `Debug`, but this is intentionally ignored during dead code analysis
[INFO] [stdout] 
[INFO] [stdout] 
[INFO] [stdout] warning: function `get_task_by_id` is never used
[INFO] [stdout]   --> src/modules/tasks/todoist/core.rs:91:4
[INFO] [stdout]    |
[INFO] [stdout] 91 | fn get_task_by_id(db: &str, id: String) -> Result<Task, std::fmt::Error> {
[INFO] [stdout]    |    ^^^^^^^^^^^^^^
[INFO] [stdout] 
[INFO] [stdout] 
[INFO] [stdout] warning: unused comparison that must be used
[INFO] [stdout]    --> src/modules/notes/humble.rs:130:13
[INFO] [stdout]     |
[INFO] [stdout] 130 |             page.title == "_index";
[INFO] [stdout]     |             ^^^^^^^^^^^^^^^^^^^^^^ the comparison produces a value
[INFO] [stdout]     |
[INFO] [stdout]     = note: `#[warn(unused_must_use)]` on by default
[INFO] [stdout] help: use `let _ = ...` to ignore the resulting value
[INFO] [stdout]     |
[INFO] [stdout] 130 |             let _ = page.title == "_index";
[INFO] [stdout]     |             +++++++
[INFO] [stdout] 
[INFO] [stdout] 
[INFO] [stdout] warning: unused `Result` that must be used
[INFO] [stdout]   --> src/modules/tasks/todoist/lua.rs:18:21
[INFO] [stdout]    |
[INFO] [stdout] 18 |                     db::init_db(&db);
[INFO] [stdout]    |                     ^^^^^^^^^^^^^^^^
[INFO] [stdout]    |
[INFO] [stdout]    = note: this `Result` may be an `Err` variant, which should be handled
[INFO] [stdout] help: use `let _ = ...` to ignore the resulting value
[INFO] [stdout]    |
[INFO] [stdout] 18 |                     let _ = db::init_db(&db);
[INFO] [stdout]    |                     +++++++
[INFO] [stdout] 
[INFO] [stdout] 
[INFO] [stdout] warning: unused `Result` that must be used
[INFO] [stdout]   --> src/modules/script/engine.rs:77:13
[INFO] [stdout]    |
[INFO] [stdout] 77 |             repo.clone();
[INFO] [stdout]    |             ^^^^^^^^^^^^
[INFO] [stdout]    |
[INFO] [stdout]    = note: this `Result` may be an `Err` variant, which should be handled
[INFO] [stdout] help: use `let _ = ...` to ignore the resulting value
[INFO] [stdout]    |
[INFO] [stdout] 77 |             let _ = repo.clone();
[INFO] [stdout]    |             +++++++
[INFO] [stdout] 
[INFO] [stdout] 
[INFO] [stdout] warning: 69 warnings emitted
[INFO] [stdout] 
[INFO] [stdout] 
[INFO] [stderr]     Finished test [unoptimized + debuginfo] target(s) in 3.64s
[INFO] running `Command { std: "docker" "inspect" "725e77c7037a26755e78eca30ea79c30e6447cd93762370d3ab8d642c44b6b70", kill_on_drop: false }`
[INFO] running `Command { std: "docker" "rm" "-f" "725e77c7037a26755e78eca30ea79c30e6447cd93762370d3ab8d642c44b6b70", kill_on_drop: false }`
[INFO] [stdout] 725e77c7037a26755e78eca30ea79c30e6447cd93762370d3ab8d642c44b6b70
[INFO] running `Command { std: "docker" "create" "-v" "/var/lib/crater-agent-workspace/builds/worker-2-tc2/target:/opt/rustwide/target:rw,Z" "-v" "/var/lib/crater-agent-workspace/builds/worker-2-tc2/source:/opt/rustwide/workdir:ro,Z" "-v" "/var/lib/crater-agent-workspace/cargo-home:/opt/rustwide/cargo-home:ro,Z" "-v" "/var/lib/crater-agent-workspace/rustup-home:/opt/rustwide/rustup-home:ro,Z" "-e" "SOURCE_DIR=/opt/rustwide/workdir" "-e" "CARGO_TARGET_DIR=/opt/rustwide/target" "-e" "CARGO_INCREMENTAL=0" "-e" "RUST_BACKTRACE=full" "-e" "RUSTFLAGS=--cap-lints=warn" "-e" "RUSTDOCFLAGS=--cap-lints=warn" "-e" "CARGO_HOME=/opt/rustwide/cargo-home" "-e" "RUSTUP_HOME=/opt/rustwide/rustup-home" "-w" "/opt/rustwide/workdir" "-m" "1610612736" "--user" "0:0" "--network" "none" "ghcr.io/rust-lang/crates-build-env/linux@sha256:2788e3201cd34a07e3172128adcd8b3090168a8e3bcc40d7c032b9dda1df7d1c" "/opt/rustwide/cargo-home/bin/cargo" "+beta-2023-12-22" "test" "--frozen", kill_on_drop: false }`
[INFO] [stdout] 8f2f8758ac4acc46587dc78b112a78de2d89cf6b4b1a66d371fa1be20a57c02c
[INFO] running `Command { std: "docker" "start" "-a" "8f2f8758ac4acc46587dc78b112a78de2d89cf6b4b1a66d371fa1be20a57c02c", kill_on_drop: false }`
[INFO] [stderr] warning: unused imports: `Context`, `Lua`
[INFO] [stderr]  --> src/modules/formats/yaml.rs:5:12
[INFO] [stderr]   |
[INFO] [stderr] 5 | use rlua::{Context, Lua};
[INFO] [stderr]   |            ^^^^^^^  ^^^
[INFO] [stderr]   |
[INFO] [stderr]   = note: `#[warn(unused_imports)]` on by default
[INFO] [stderr] 
[INFO] [stderr] warning: unused imports: `Deserialize`, `Serialize`
[INFO] [stderr]  --> src/modules/formats/yaml.rs:6:13
[INFO] [stderr]   |
[INFO] [stderr] 6 | use serde::{Deserialize, Serialize};
[INFO] [stderr]   |             ^^^^^^^^^^^  ^^^^^^^^^
[INFO] [stderr] 
[INFO] [stderr] warning: unused import: `serde_yaml::Mapping`
[INFO] [stderr]  --> src/modules/formats/yaml.rs:7:5
[INFO] [stderr]   |
[INFO] [stderr] 7 | use serde_yaml::Mapping;
[INFO] [stderr]   |     ^^^^^^^^^^^^^^^^^^^
[INFO] [stderr] 
[INFO] [stderr] warning: unused imports: `Context`, `Table`
[INFO] [stderr]  --> src/modules/k8s/kind.rs:3:12
[INFO] [stderr]   |
[INFO] [stderr] 3 | use rlua::{Context, Table};
[INFO] [stderr]   |            ^^^^^^^  ^^^^^
[INFO] [stderr] 
[INFO] [stderr] warning: unused import: `HashSet`
[INFO] [stderr]  --> src/modules/notes/humble.rs:1:33
[INFO] [stderr]   |
[INFO] [stderr] 1 | use std::collections::{HashMap, HashSet};
[INFO] [stderr]   |                                 ^^^^^^^
[INFO] [stderr] 
[INFO] [stderr] warning: unused imports: `File`, `copy`
[INFO] [stderr]  --> src/modules/notes/humble.rs:3:15
[INFO] [stderr]   |
[INFO] [stderr] 3 | use std::fs::{copy, File};
[INFO] [stderr]   |               ^^^^  ^^^^
[INFO] [stderr] 
[INFO] [stderr] warning: unused imports: `Read`, `Write`
[INFO] [stderr]  --> src/modules/notes/humble.rs:4:15
[INFO] [stderr]   |
[INFO] [stderr] 4 | use std::io::{Read, Write};
[INFO] [stderr]   |               ^^^^  ^^^^^
[INFO] [stderr] 
[INFO] [stderr] warning: unused imports: `Event`, `Parser`, `Tag`
[INFO] [stderr]  --> src/modules/notes/humble.rs:8:22
[INFO] [stderr]   |
[INFO] [stderr] 8 | use pulldown_cmark::{Event, Parser, Tag};
[INFO] [stderr]   |                      ^^^^^  ^^^^^^  ^^^
[INFO] [stderr] 
[INFO] [stderr] warning: unused import: `serde::Deserialize`
[INFO] [stderr]   --> src/modules/notes/humble.rs:10:5
[INFO] [stderr]    |
[INFO] [stderr] 10 | use serde::Deserialize;
[INFO] [stderr]    |     ^^^^^^^^^^^^^^^^^^
[INFO] [stderr] 
[INFO] [stderr] warning: unused imports: `DirEntry`, `WalkDir`
[INFO] [stderr]   --> src/modules/notes/humble.rs:11:15
[INFO] [stderr]    |
[INFO] [stderr] 11 | use walkdir::{DirEntry, WalkDir};
[INFO] [stderr]    |               ^^^^^^^^  ^^^^^^^
[INFO] [stderr] 
[INFO] [stderr] warning: unused import: `Path`
[INFO] [stderr]  --> src/modules/notes/markdown.rs:5:17
[INFO] [stderr]   |
[INFO] [stderr] 5 | use std::path::{Path, PathBuf};
[INFO] [stderr]   |                 ^^^^
[INFO] [stderr] 
[INFO] [stderr] warning: unused imports: `Context`, `Lua`, `Table`, `ToLuaMulti`, `ToLua`
[INFO] [stderr]   --> src/modules/notes/markdown.rs:11:12
[INFO] [stderr]    |
[INFO] [stderr] 11 | use rlua::{Context, Lua, Table, ToLua, ToLuaMulti};
[INFO] [stderr]    |            ^^^^^^^  ^^^  ^^^^^  ^^^^^  ^^^^^^^^^^
[INFO] [stderr] 
[INFO] [stderr] warning: unused import: `crate::modules::notes::markdown::WikilinkType::TEXT`
[INFO] [stderr]   --> src/modules/notes/markdown.rs:14:5
[INFO] [stderr]    |
[INFO] [stderr] 14 | use crate::modules::notes::markdown::WikilinkType::TEXT;
[INFO] [stderr]    |     ^^^^^^^^^^^^^^^^^^^^^^^^^^^^^^^^^^^^^^^^^^^^^^^^^^^
[INFO] [stderr] 
[INFO] [stderr] warning: unused imports: `FromSql`, `ValueRef`
[INFO] [stderr]  --> src/modules/projects/agile/core.rs:5:23
[INFO] [stderr]   |
[INFO] [stderr] 5 | use rusqlite::types::{FromSql, ValueRef};
[INFO] [stderr]   |                       ^^^^^^^  ^^^^^^^^
[INFO] [stderr] 
[INFO] [stderr] warning: unused import: `serializers`
[INFO] [stderr]   --> src/modules/projects/agile/core.rs:13:42
[INFO] [stderr]    |
[INFO] [stderr] 13 | use crate::modules::db::{get_connection, serializers};
[INFO] [stderr]    |                                          ^^^^^^^^^^^
[INFO] [stderr] 
[INFO] [stderr] warning: unused imports: `Lua`, `Result`, `ToLua`, `UserData`
[INFO] [stderr]  --> src/modules/projects/agile/lua.rs:1:21
[INFO] [stderr]   |
[INFO] [stderr] 1 | use rlua::{Context, Lua, Result, ToLua, UserData};
[INFO] [stderr]   |                     ^^^  ^^^^^^  ^^^^^  ^^^^^^^^
[INFO] [stderr] 
[INFO] [stderr] warning: unused import: `rlua::Error as LuaError`
[INFO] [stderr]  --> src/modules/projects/agile/lua.rs:2:5
[INFO] [stderr]   |
[INFO] [stderr] 2 | use rlua::Error as LuaError;
[INFO] [stderr]   |     ^^^^^^^^^^^^^^^^^^^^^^^
[INFO] [stderr] 
[INFO] [stderr] warning: unused import: `rlua::FromLua`
[INFO] [stderr]  --> src/modules/projects/agile/lua.rs:3:5
[INFO] [stderr]   |
[INFO] [stderr] 3 | use rlua::FromLua;
[INFO] [stderr]   |     ^^^^^^^^^^^^^
[INFO] [stderr] 
[INFO] [stderr] warning: unused import: `rlua::Table`
[INFO] [stderr]  --> src/modules/projects/agile/lua.rs:4:5
[INFO] [stderr]   |
[INFO] [stderr] 4 | use rlua::Table;
[INFO] [stderr]   |     ^^^^^^^^^^^
[INFO] [stderr] 
[INFO] [stderr] warning: unused import: `Branches`
[INFO] [stderr]  --> src/modules/projects/git/core.rs:3:12
[INFO] [stderr]   |
[INFO] [stderr] 3 | use git2::{Branches, Error, Repository, RepositoryOpenFlags};
[INFO] [stderr]   |            ^^^^^^^^
[INFO] [stderr] 
[INFO] [stderr] warning: unused import: `std::env`
[INFO] [stderr]  --> src/modules/projects/git/lua.rs:1:5
[INFO] [stderr]   |
[INFO] [stderr] 1 | use std::env;
[INFO] [stderr]   |     ^^^^^^^^
[INFO] [stderr] 
[INFO] [stderr] warning: unused import: `std::str::FromStr`
[INFO] [stderr]  --> src/modules/projects/git/lua.rs:3:5
[INFO] [stderr]   |
[INFO] [stderr] 3 | use std::str::FromStr;
[INFO] [stderr]   |     ^^^^^^^^^^^^^^^^^
[INFO] [stderr] 
[INFO] [stderr] warning: unused imports: `ExternalError`, `Lua`
[INFO] [stderr]  --> src/modules/projects/git/lua.rs:5:28
[INFO] [stderr]   |
[INFO] [stderr] 5 | use rlua::{Context, Error, ExternalError, Lua};
[INFO] [stderr]   |                            ^^^^^^^^^^^^^  ^^^
[INFO] [stderr] 
[INFO] [stderr] warning: unused import: `rlua::prelude::LuaError`
[INFO] [stderr]  --> src/modules/projects/git/lua.rs:6:5
[INFO] [stderr]   |
[INFO] [stderr] 6 | use rlua::prelude::LuaError;
[INFO] [stderr]   |     ^^^^^^^^^^^^^^^^^^^^^^^
[INFO] [stderr] 
[INFO] [stderr] warning: unused import: `tokio::runtime::Runtime`
[INFO] [stderr]  --> src/modules/projects/git/lua.rs:7:5
[INFO] [stderr]   |
[INFO] [stderr] 7 | use tokio::runtime::Runtime;
[INFO] [stderr]   |     ^^^^^^^^^^^^^^^^^^^^^^^
[INFO] [stderr] 
[INFO] [stderr] warning: unused import: `uuid::Uuid`
[INFO] [stderr]  --> src/modules/projects/git/lua.rs:8:5
[INFO] [stderr]   |
[INFO] [stderr] 8 | use uuid::Uuid;
[INFO] [stderr]   |     ^^^^^^^^^^
[INFO] [stderr] 
[INFO] [stderr] warning: unused import: `std::env`
[INFO] [stderr]  --> src/modules/projects/git/github.rs:2:5
[INFO] [stderr]   |
[INFO] [stderr] 2 | use std::env;
[INFO] [stderr]   |     ^^^^^^^^
[INFO] [stderr] 
[INFO] [stderr] warning: unused import: `env`
[INFO] [stderr]  --> src/modules/projects/venv.rs:1:11
[INFO] [stderr]   |
[INFO] [stderr] 1 | use std::{env, path::PathBuf};
[INFO] [stderr]   |           ^^^
[INFO] [stderr] 
[INFO] [stderr] warning: unused import: `std::error::Error`
[INFO] [stderr]  --> src/modules/tasks/todoist/core.rs:1:5
[INFO] [stderr]   |
[INFO] [stderr] 1 | use std::error::Error;
[INFO] [stderr]   |     ^^^^^^^^^^^^^^^^^
[INFO] [stderr] 
[INFO] [stderr] warning: unused import: `std::str::FromStr`
[INFO] [stderr]  --> src/modules/tasks/todoist/lua.rs:2:5
[INFO] [stderr]   |
[INFO] [stderr] 2 | use std::str::FromStr;
[INFO] [stderr]   |     ^^^^^^^^^^^^^^^^^
[INFO] [stderr] 
[INFO] [stderr] warning: unused imports: `ExternalError`, `Lua`
[INFO] [stderr]  --> src/modules/tasks/todoist/lua.rs:4:28
[INFO] [stderr]   |
[INFO] [stderr] 4 | use rlua::{Context, Error, ExternalError, Lua};
[INFO] [stderr]   |                            ^^^^^^^^^^^^^  ^^^
[INFO] [stderr] 
[INFO] [stderr] warning: unused import: `rlua::prelude::LuaError`
[INFO] [stderr]  --> src/modules/tasks/todoist/lua.rs:5:5
[INFO] [stderr]   |
[INFO] [stderr] 5 | use rlua::prelude::LuaError;
[INFO] [stderr]   |     ^^^^^^^^^^^^^^^^^^^^^^^
[INFO] [stderr] 
[INFO] [stderr] warning: unused import: `std::env`
[INFO] [stderr]  --> src/modules/script/engine.rs:1:5
[INFO] [stderr]   |
[INFO] [stderr] 1 | use std::env;
[INFO] [stderr]   |     ^^^^^^^^
[INFO] [stderr] 
[INFO] [stderr] warning: unused imports: `ToLua`, `UserData`
[INFO] [stderr]  --> src/modules/script/engine.rs:4:34
[INFO] [stderr]   |
[INFO] [stderr] 4 | use rlua::{Context, Lua, Result, ToLua, UserData, Value};
[INFO] [stderr]   |                                  ^^^^^  ^^^^^^^^
[INFO] [stderr] 
[INFO] [stderr] warning: unused import: `rlua::FromLua`
[INFO] [stderr]  --> src/modules/script/engine.rs:6:5
[INFO] [stderr]   |
[INFO] [stderr] 6 | use rlua::FromLua;
[INFO] [stderr]   |     ^^^^^^^^^^^^^
[INFO] [stderr] 
[INFO] [stderr] warning: unused import: `tokio::runtime::Runtime`
[INFO] [stderr]  --> src/modules/script/engine.rs:9:5
[INFO] [stderr]   |
[INFO] [stderr] 9 | use tokio::runtime::Runtime;
[INFO] [stderr]   |     ^^^^^^^^^^^^^^^^^^^^^^^
[INFO] [stderr] 
[INFO] [stderr] warning: unused import: `uuid::Uuid`
[INFO] [stderr]   --> src/modules/script/engine.rs:10:5
[INFO] [stderr]    |
[INFO] [stderr] 10 | use uuid::Uuid;
[INFO] [stderr]    |     ^^^^^^^^^^
[INFO] [stderr] 
[INFO] [stderr] warning: unused import: `db`
[INFO] [stderr]   --> src/modules/script/engine.rs:12:28
[INFO] [stderr]    |
[INFO] [stderr] 12 | use crate::modules::{core, db};
[INFO] [stderr]    |                            ^^
[INFO] [stderr] 
[INFO] [stderr] warning: unused import: `crate::modules::db::serializers::SerializableDateTime`
[INFO] [stderr]   --> src/modules/script/engine.rs:14:5
[INFO] [stderr]    |
[INFO] [stderr] 14 | use crate::modules::db::serializers::SerializableDateTime;
[INFO] [stderr]    |     ^^^^^^^^^^^^^^^^^^^^^^^^^^^^^^^^^^^^^^^^^^^^^^^^^^^^^
[INFO] [stderr] 
[INFO] [stderr] warning: unused import: `Owned`
[INFO] [stderr]  --> src/modules/script/repl.rs:1:40
[INFO] [stderr]   |
[INFO] [stderr] 1 | use std::borrow::Cow::{self, Borrowed, Owned};
[INFO] [stderr]   |                                        ^^^^^
[INFO] [stderr] 
[INFO] [stderr] warning: unused import: `lazy_static::lazy_static`
[INFO] [stderr]  --> src/modules/software/definitions.rs:2:5
[INFO] [stderr]   |
[INFO] [stderr] 2 | use lazy_static::lazy_static;
[INFO] [stderr]   |     ^^^^^^^^^^^^^^^^^^^^^^^^
[INFO] [stderr] 
[INFO] [stderr] warning: unused import: `std::path::PathBuf`
[INFO] [stderr]  --> src/modules/software/definitions.rs:3:5
[INFO] [stderr]   |
[INFO] [stderr] 3 | use std::path::PathBuf;
[INFO] [stderr]   |     ^^^^^^^^^^^^^^^^^^
[INFO] [stderr] 
[INFO] [stderr] warning: use of deprecated method `chrono::NaiveDate::and_hms`: use `and_hms_opt()` instead
[INFO] [stderr]   --> src/modules/db/serializers.rs:77:54
[INFO] [stderr]    |
[INFO] [stderr] 77 |         let datetime = DateTime::from_utc(naive_date.and_hms(0, 0, 0), Utc);
[INFO] [stderr]    |                                                      ^^^^^^^
[INFO] [stderr]    |
[INFO] [stderr]    = note: `#[warn(deprecated)]` on by default
[INFO] [stderr] 
[INFO] [stderr] warning: unused import: `crate::modules::db::DatabaseOperations`
[INFO] [stderr]   --> src/modules/script/engine.rs:13:5
[INFO] [stderr]    |
[INFO] [stderr] 13 | use crate::modules::db::DatabaseOperations;
[INFO] [stderr]    |     ^^^^^^^^^^^^^^^^^^^^^^^^^^^^^^^^^^^^^^
[INFO] [stderr] 
[INFO] [stderr] warning: unused variable: `reader`
[INFO] [stderr]   --> src/modules/admin/secrets.rs:22:9
[INFO] [stderr]    |
[INFO] [stderr] 22 |     let reader = BufReader::new(file);
[INFO] [stderr]    |         ^^^^^^ help: if this is intentional, prefix it with an underscore: `_reader`
[INFO] [stderr]    |
[INFO] [stderr]    = note: `#[warn(unused_variables)]` on by default
[INFO] [stderr] 
[INFO] [stderr] warning: unused variable: `id`
[INFO] [stderr]   --> src/modules/projects/agile/core.rs:41:12
[INFO] [stderr]    |
[INFO] [stderr] 41 |     fn get(id: String, db: &str) -> Result<Self, rusqlite::Error> where Self: Sized {
[INFO] [stderr]    |            ^^ help: if this is intentional, prefix it with an underscore: `_id`
[INFO] [stderr] 
[INFO] [stderr] warning: unused variable: `db`
[INFO] [stderr]   --> src/modules/projects/agile/core.rs:41:24
[INFO] [stderr]    |
[INFO] [stderr] 41 |     fn get(id: String, db: &str) -> Result<Self, rusqlite::Error> where Self: Sized {
[INFO] [stderr]    |                        ^^ help: if this is intentional, prefix it with an underscore: `_db`
[INFO] [stderr] 
[INFO] [stderr] warning: unused variable: `row`
[INFO] [stderr]   --> src/modules/projects/agile/core.rs:71:12
[INFO] [stderr]    |
[INFO] [stderr] 71 |     fn map(row: &Row<'_>) -> std::result::Result<Self, rusqlite::Error> where Self: Sized {
[INFO] [stderr]    |            ^^^ help: if this is intentional, prefix it with an underscore: `_row`
[INFO] [stderr] 
[INFO] [stderr] warning: unused variable: `ctx`
[INFO] [stderr]    --> src/modules/projects/agile/lua.rs:102:14
[INFO] [stderr]     |
[INFO] [stderr] 102 |             |ctx, (id, path): (String, String)| {
[INFO] [stderr]     |              ^^^ help: if this is intentional, prefix it with an underscore: `_ctx`
[INFO] [stderr] 
[INFO] [stderr] warning: unused variable: `user`
[INFO] [stderr]   --> src/modules/projects/git/github.rs:18:30
[INFO] [stderr]    |
[INFO] [stderr] 18 | pub fn github_get_milestones(user: String, token: String, org: String, repo: String) -> Result<HashMap<String, String>, Box<dyn std::erro...
[INFO] [stderr]    |                              ^^^^ help: if this is intentional, prefix it with an underscore: `_user`
[INFO] [stderr] 
[INFO] [stderr] warning: unused variable: `user`
[INFO] [stderr]   --> src/modules/projects/git/github.rs:36:36
[INFO] [stderr]    |
[INFO] [stderr] 36 | pub fn github_get_milestone_issues(user: String, token: String, org: String, repo: String, milestone_number: i32) -> Result<Vec<String>, ...
[INFO] [stderr]    |                                    ^^^^ help: if this is intentional, prefix it with an underscore: `_user`
[INFO] [stderr] 
[INFO] [stderr] warning: unused variable: `venv`
[INFO] [stderr]   --> src/modules/projects/venv.rs:38:16
[INFO] [stderr]    |
[INFO] [stderr] 38 | pub fn rebuild(venv: VirtualEnv) {
[INFO] [stderr]    |                ^^^^ help: if this is intentional, prefix it with an underscore: `_venv`
[INFO] [stderr] 
[INFO] [stderr] warning: unused variable: `db`
[INFO] [stderr]   --> src/modules/tasks/todoist/core.rs:35:20
[INFO] [stderr]    |
[INFO] [stderr] 35 |     fn save(&self, db: &str) -> Result<(), std::fmt::Error> {
[INFO] [stderr]    |                    ^^ help: if this is intentional, prefix it with an underscore: `_db`
[INFO] [stderr] 
[INFO] [stderr] warning: unused variable: `id`
[INFO] [stderr]   --> src/modules/tasks/todoist/core.rs:39:12
[INFO] [stderr]    |
[INFO] [stderr] 39 |     fn get(id: String, db: &str) -> Result<Self, rusqlite::Error> where Self: Sized {
[INFO] [stderr]    |            ^^ help: if this is intentional, prefix it with an underscore: `_id`
[INFO] [stderr] 
[INFO] [stderr] warning: unused variable: `db`
[INFO] [stderr]   --> src/modules/tasks/todoist/core.rs:39:24
[INFO] [stderr]    |
[INFO] [stderr] 39 |     fn get(id: String, db: &str) -> Result<Self, rusqlite::Error> where Self: Sized {
[INFO] [stderr]    |                        ^^ help: if this is intentional, prefix it with an underscore: `_db`
[INFO] [stderr] 
[INFO] [stderr] warning: unused variable: `row`
[INFO] [stderr]   --> src/modules/tasks/todoist/core.rs:86:12
[INFO] [stderr]    |
[INFO] [stderr] 86 |     fn map(row: &Row<'_>) -> Result<Self, rusqlite::Error> where Self: Sized {
[INFO] [stderr]    |            ^^^ help: if this is intentional, prefix it with an underscore: `_row`
[INFO] [stderr] 
[INFO] [stderr] warning: unused variable: `e`
[INFO] [stderr]   --> src/modules/tasks/todoist/lua.rs:42:29
[INFO] [stderr]    |
[INFO] [stderr] 42 |                         Err(e) => Err(Error::RuntimeError("Could not save task to Sprint".to_string()))
[INFO] [stderr]    |                             ^ help: if this is intentional, prefix it with an underscore: `_e`
[INFO] [stderr] 
[INFO] [stderr] warning: unused variable: `e`
[INFO] [stderr]   --> src/modules/tasks/todoist/lua.rs:45:21
[INFO] [stderr]    |
[INFO] [stderr] 45 |                 Err(e) => {
[INFO] [stderr]    |                     ^ help: if this is intentional, prefix it with an underscore: `_e`
[INFO] [stderr] 
[INFO] [stderr] warning: unused variable: `v`
[INFO] [stderr]   --> src/modules/script/engine.rs:98:21
[INFO] [stderr]    |
[INFO] [stderr] 98 |                 let v = update_yaml_value(&file_path, &yaml_key_path, &new_value)
[INFO] [stderr]    |                     ^ help: if this is intentional, prefix it with an underscore: `_v`
[INFO] [stderr] 
[INFO] [stderr] warning: unused variable: `e`
[INFO] [stderr]    --> src/modules/script/engine.rs:111:25
[INFO] [stderr]     |
[INFO] [stderr] 111 |                     Err(e) => Err(LuaError::RuntimeError(
[INFO] [stderr]     |                         ^ help: if this is intentional, prefix it with an underscore: `_e`
[INFO] [stderr] 
[INFO] [stderr] warning: unused variable: `e`
[INFO] [stderr]    --> src/modules/script/engine.rs:122:17
[INFO] [stderr]     |
[INFO] [stderr] 122 |             Err(e) => Err(LuaError::RuntimeError(
[INFO] [stderr]     |                 ^ help: if this is intentional, prefix it with an underscore: `_e`
[INFO] [stderr] 
[INFO] [stderr] warning: unused variable: `e`
[INFO] [stderr]    --> src/modules/script/engine.rs:131:17
[INFO] [stderr]     |
[INFO] [stderr] 131 |             Err(e) => Err(LuaError::RuntimeError(
[INFO] [stderr]     |                 ^ help: if this is intentional, prefix it with an underscore: `_e`
[INFO] [stderr] 
[INFO] [stderr] warning: function `directory_exists` is never used
[INFO] [stderr]   --> src/modules/core.rs:77:4
[INFO] [stderr]    |
[INFO] [stderr] 77 | fn directory_exists(path: &Path) -> bool {
[INFO] [stderr]    |    ^^^^^^^^^^^^^^^^
[INFO] [stderr]    |
[INFO] [stderr]    = note: `#[warn(dead_code)]` on by default
[INFO] [stderr] 
[INFO] [stderr] warning: method `is_active` is never used
[INFO] [stderr]    --> src/modules/projects/agile/core.rs:183:8
[INFO] [stderr]     |
[INFO] [stderr] 182 | impl Sprint {
[INFO] [stderr]     | ----------- method in this implementation
[INFO] [stderr] 183 |     fn is_active(&self) -> bool {
[INFO] [stderr]     |        ^^^^^^^^^
[INFO] [stderr] 
[INFO] [stderr] warning: field `name` is never read
[INFO] [stderr]  --> src/modules/projects/venv.rs:7:5
[INFO] [stderr]   |
[INFO] [stderr] 6 | pub struct VirtualEnv {
[INFO] [stderr]   |            ---------- field in this struct
[INFO] [stderr] 7 |     name: String,
[INFO] [stderr]   |     ^^^^
[INFO] [stderr]   |
[INFO] [stderr]   = note: `VirtualEnv` has a derived impl for the trait `Debug`, but this is intentionally ignored during dead code analysis
[INFO] [stderr] 
[INFO] [stderr] warning: function `get_task_by_id` is never used
[INFO] [stderr]   --> src/modules/tasks/todoist/core.rs:91:4
[INFO] [stderr]    |
[INFO] [stderr] 91 | fn get_task_by_id(db: &str, id: String) -> Result<Task, std::fmt::Error> {
[INFO] [stderr]    |    ^^^^^^^^^^^^^^
[INFO] [stderr] 
[INFO] [stderr] warning: unused comparison that must be used
[INFO] [stderr]    --> src/modules/notes/humble.rs:130:13
[INFO] [stderr]     |
[INFO] [stderr] 130 |             page.title == "_index";
[INFO] [stderr]     |             ^^^^^^^^^^^^^^^^^^^^^^ the comparison produces a value
[INFO] [stderr]     |
[INFO] [stderr]     = note: `#[warn(unused_must_use)]` on by default
[INFO] [stderr] help: use `let _ = ...` to ignore the resulting value
[INFO] [stderr]     |
[INFO] [stderr] 130 |             let _ = page.title == "_index";
[INFO] [stderr]     |             +++++++
[INFO] [stderr] 
[INFO] [stderr] warning: unused `Result` that must be used
[INFO] [stderr]   --> src/modules/tasks/todoist/lua.rs:18:21
[INFO] [stderr]    |
[INFO] [stderr] 18 |                     db::init_db(&db);
[INFO] [stderr]    |                     ^^^^^^^^^^^^^^^^
[INFO] [stderr]    |
[INFO] [stderr]    = note: this `Result` may be an `Err` variant, which should be handled
[INFO] [stderr] help: use `let _ = ...` to ignore the resulting value
[INFO] [stderr]    |
[INFO] [stderr] 18 |                     let _ = db::init_db(&db);
[INFO] [stderr]    |                     +++++++
[INFO] [stderr] 
[INFO] [stderr] warning: unused `Result` that must be used
[INFO] [stderr]   --> src/modules/script/engine.rs:77:13
[INFO] [stderr]    |
[INFO] [stderr] 77 |             repo.clone();
[INFO] [stderr]    |             ^^^^^^^^^^^^
[INFO] [stderr]    |
[INFO] [stderr]    = note: this `Result` may be an `Err` variant, which should be handled
[INFO] [stderr] help: use `let _ = ...` to ignore the resulting value
[INFO] [stderr]    |
[INFO] [stderr] 77 |             let _ = repo.clone();
[INFO] [stderr]    |             +++++++
[INFO] [stderr] 
[INFO] [stderr] warning: unused variable: `filename2`
[INFO] [stderr]    --> src/modules/notes/markdown.rs:320:13
[INFO] [stderr]     |
[INFO] [stderr] 320 |         let filename2 = "FOO.GIF";
[INFO] [stderr]     |             ^^^^^^^^^ help: if this is intentional, prefix it with an underscore: `_filename2`
[INFO] [stderr] 
[INFO] [stderr] warning: `valis-core` (lib) generated 69 warnings (run `cargo fix --lib -p valis-core` to apply 60 suggestions)
[INFO] [stderr] warning: `valis-core` (lib test) generated 69 warnings (68 duplicates) (run `cargo fix --lib -p valis-core --tests` to apply 1 suggestion)
[INFO] [stderr] warning: unused import: `std::env`
[INFO] [stderr]  --> src/main.rs:1:5
[INFO] [stderr]   |
[INFO] [stderr] 1 | use std::env;
[INFO] [stderr]   |     ^^^^^^^^
[INFO] [stderr]   |
[INFO] [stderr]   = note: `#[warn(unused_imports)]` on by default
[INFO] [stderr] 
[INFO] [stderr] warning: variable `githubAuth` should have a snake case name
[INFO] [stderr]   --> src/main.rs:35:17
[INFO] [stderr]    |
[INFO] [stderr] 35 |             let githubAuth = authinfo::find_auth_info_for_machine("api.github.com", authinfos).get(0).cloned().unwrap();
[INFO] [stderr]    |                 ^^^^^^^^^^ help: convert the identifier to snake case: `github_auth`
[INFO] [stderr]    |
[INFO] [stderr]    = note: `#[warn(non_snake_case)]` on by default
[INFO] [stderr] 
[INFO] [stderr] warning: `valis-core` (bin "valis_cli" test) generated 2 warnings (run `cargo fix --bin "valis_cli" --tests` to apply 1 suggestion)
[INFO] [stderr]     Finished test [unoptimized + debuginfo] target(s) in 0.26s
[INFO] [stderr]      Running unittests src/lib.rs (/opt/rustwide/target/debug/deps/valis_core-b74751c80fdd09f6)
[INFO] [stdout] 
[INFO] [stdout] running 10 tests
[INFO] [stdout] test modules::notes::markdown::tests::test_alternate_name ... ok
[INFO] [stdout] test modules::notes::markdown::tests::test_extension_gif ... ok
[INFO] [stdout] test modules::notes::markdown::tests::test_extension_png ... ok
[INFO] [stdout] test modules::notes::markdown::tests::test_image ... ok
[INFO] [stdout] test modules::notes::markdown::tests::test_anchor_and_name ... ok
[INFO] [stdout] test modules::notes::markdown::tests::test_extension_jpg ... ok
[INFO] [stdout] test modules::notes::markdown::tests::test_anchor ... ok
[INFO] [stdout] test modules::notes::markdown::tests::test_just_anchor ... ok
[INFO] [stdout] test modules::notes::markdown::tests::test_simple ... ok
[INFO] [stdout] test modules::notes::markdown::tests::test_image_name ... ok
[INFO] [stdout] 
[INFO] [stdout] test result: ok. 10 passed; 0 failed; 0 ignored; 0 measured; 0 filtered out; finished in 0.04s
[INFO] [stdout] 
[INFO] [stderr]      Running unittests src/main.rs (/opt/rustwide/target/debug/deps/valis_cli-f9732b1fca3d702d)
[INFO] [stdout] 
[INFO] [stdout] running 0 tests
[INFO] [stdout] 
[INFO] [stdout] test result: ok. 0 passed; 0 failed; 0 ignored; 0 measured; 0 filtered out; finished in 0.00s
[INFO] [stdout] 
[INFO] [stderr]    Doc-tests valis_core
[INFO] [stdout] 
[INFO] [stdout] running 1 test
[INFO] [stdout] test src/modules/projects/venv.rs - modules::projects::venv::status (line 49) ... FAILED
[INFO] [stderr] error: doctest failed, to rerun pass `--doc`
[INFO] [stdout] 
[INFO] [stdout] failures:
[INFO] [stdout] 
[INFO] [stdout] ---- src/modules/projects/venv.rs - modules::projects::venv::status (line 49) stdout ----
[INFO] [stdout] Test executable failed (exit status: 101).
[INFO] [stdout] 
[INFO] [stdout] stderr:
[INFO] [stdout] thread 'main' panicked at src/modules/projects/venv.rs:21:44:
[INFO] [stdout] called `Option::unwrap()` on a `None` value
[INFO] [stdout] stack backtrace:
[INFO] [stdout]    0:     0x56256bd93da6 - std::backtrace_rs::backtrace::libunwind::trace::h261606ad26a499c1
[INFO] [stdout]                                at /rustc/0e09125c6c3c2fd70d7de961bcf0e51575235fad/library/std/src/../../backtrace/src/backtrace/libunwind.rs:104:5
[INFO] [stdout]    1:     0x56256bd93da6 - std::backtrace_rs::backtrace::trace_unsynchronized::hd183f0625477fb28
[INFO] [stdout]                                at /rustc/0e09125c6c3c2fd70d7de961bcf0e51575235fad/library/std/src/../../backtrace/src/backtrace/mod.rs:66:5
[INFO] [stdout]    2:     0x56256bd93da6 - std::sys_common::backtrace::_print_fmt::hd7f8fef21b4eda67
[INFO] [stdout]                                at /rustc/0e09125c6c3c2fd70d7de961bcf0e51575235fad/library/std/src/sys_common/backtrace.rs:68:5
[INFO] [stdout]    3:     0x56256bd93da6 - <std::sys_common::backtrace::_print::DisplayBacktrace as core::fmt::Display>::fmt::h623d9b51f2f453f1
[INFO] [stdout]                                at /rustc/0e09125c6c3c2fd70d7de961bcf0e51575235fad/library/std/src/sys_common/backtrace.rs:44:22
[INFO] [stdout]    4:     0x56256bdb2cf0 - core::fmt::rt::Argument::fmt::h9f417ac76a86f368
[INFO] [stdout]                                at /rustc/0e09125c6c3c2fd70d7de961bcf0e51575235fad/library/core/src/fmt/rt.rs:142:9
[INFO] [stdout]    5:     0x56256bdb2cf0 - core::fmt::write::hc9b6faf4ac2aeff7
[INFO] [stdout]                                at /rustc/0e09125c6c3c2fd70d7de961bcf0e51575235fad/library/core/src/fmt/mod.rs:1120:17
[INFO] [stdout]    6:     0x56256bd91e8f - std::io::Write::write_fmt::hfead1eee52c2e65e
[INFO] [stdout]                                at /rustc/0e09125c6c3c2fd70d7de961bcf0e51575235fad/library/std/src/io/mod.rs:1810:15
[INFO] [stdout]    7:     0x56256bd93b84 - std::sys_common::backtrace::_print::hd5d66399c7df88a2
[INFO] [stdout]                                at /rustc/0e09125c6c3c2fd70d7de961bcf0e51575235fad/library/std/src/sys_common/backtrace.rs:47:5
[INFO] [stdout]    8:     0x56256bd93b84 - std::sys_common::backtrace::print::he81ed2da642d37e5
[INFO] [stdout]                                at /rustc/0e09125c6c3c2fd70d7de961bcf0e51575235fad/library/std/src/sys_common/backtrace.rs:34:9
[INFO] [stdout]    9:     0x56256bd950e7 - std::panicking::default_hook::{{closure}}::h85773f4fa117163d
[INFO] [stdout]   10:     0x56256bd94e49 - std::panicking::default_hook::h6a1694a91d09b278
[INFO] [stdout]                                at /rustc/0e09125c6c3c2fd70d7de961bcf0e51575235fad/library/std/src/panicking.rs:292:9
[INFO] [stdout]   11:     0x56256bd95578 - std::panicking::rust_panic_with_hook::h0a7ad96e90f7145b
[INFO] [stdout]                                at /rustc/0e09125c6c3c2fd70d7de961bcf0e51575235fad/library/std/src/panicking.rs:779:13
[INFO] [stdout]   12:     0x56256bd95419 - std::panicking::begin_panic_handler::{{closure}}::h7919090525c6485e
[INFO] [stdout]                                at /rustc/0e09125c6c3c2fd70d7de961bcf0e51575235fad/library/std/src/panicking.rs:649:13
[INFO] [stdout]   13:     0x56256bd942a6 - std::sys_common::backtrace::__rust_end_short_backtrace::hf3289479464f7dfe
[INFO] [stdout]                                at /rustc/0e09125c6c3c2fd70d7de961bcf0e51575235fad/library/std/src/sys_common/backtrace.rs:171:18
[INFO] [stdout]   14:     0x56256bd951b0 - rust_begin_unwind
[INFO] [stdout]                                at /rustc/0e09125c6c3c2fd70d7de961bcf0e51575235fad/library/std/src/panicking.rs:645:5
[INFO] [stdout]   15:     0x56256bcf7bc5 - core::panicking::panic_fmt::hcc9f77c5c132af55
[INFO] [stdout]                                at /rustc/0e09125c6c3c2fd70d7de961bcf0e51575235fad/library/core/src/panicking.rs:72:14
[INFO] [stdout]   16:     0x56256bcf7c83 - core::panicking::panic::h5a1259c1164bd480
[INFO] [stdout]                                at /rustc/0e09125c6c3c2fd70d7de961bcf0e51575235fad/library/core/src/panicking.rs:144:5
[INFO] [stdout]   17:     0x56256bcf8845 - core::option::Option<T>::unwrap::had96c794d9592593
[INFO] [stdout]                                at /rustc/0e09125c6c3c2fd70d7de961bcf0e51575235fad/library/core/src/option.rs:931:21
[INFO] [stdout]   18:     0x56256bcf88ab - valis_core::modules::projects::venv::get_venv_info::h47bd6490a7e6a736
[INFO] [stdout]                                at /opt/rustwide/workdir/src/modules/projects/venv.rs:21:34
[INFO] [stdout]   19:     0x56256bcf8cbb - valis_core::modules::projects::venv::status::h789c41b14fe1f801
[INFO] [stdout]                                at /opt/rustwide/workdir/src/modules/projects/venv.rs:56:22
[INFO] [stdout]   20:     0x56256bcf86ac - rust_out::main::_doctest_main_src_modules_projects_venv_rs_49_0::h081de3abb8bf0d07
[INFO] [stdout]   21:     0x56256bcf8666 - rust_out::main::h71185a25be64b52e
[INFO] [stdout]   22:     0x56256bcf8533 - core::ops::function::FnOnce::call_once::h0a5e8bc522cf7e26
[INFO] [stdout]   23:     0x56256bcf84b6 - std::sys_common::backtrace::__rust_begin_short_backtrace::h904992c6a2208b49
[INFO] [stdout]   24:     0x56256bcf8509 - std::rt::lang_start::{{closure}}::h95a4dad7805b7c7c
[INFO] [stdout]   25:     0x56256bd8ed91 - core::ops::function::impls::<impl core::ops::function::FnOnce<A> for &F>::call_once::h4eb4c5e1620f29b0
[INFO] [stdout]                                at /rustc/0e09125c6c3c2fd70d7de961bcf0e51575235fad/library/core/src/ops/function.rs:284:13
[INFO] [stdout]   26:     0x56256bd8ed91 - std::panicking::try::do_call::h73fd26535faffcdf
[INFO] [stdout]                                at /rustc/0e09125c6c3c2fd70d7de961bcf0e51575235fad/library/std/src/panicking.rs:552:40
[INFO] [stdout]   27:     0x56256bd8ed91 - std::panicking::try::h77ff1d98f0fb9f39
[INFO] [stdout]                                at /rustc/0e09125c6c3c2fd70d7de961bcf0e51575235fad/library/std/src/panicking.rs:516:19
[INFO] [stdout]   28:     0x56256bd8ed91 - std::panic::catch_unwind::hab3caf2448b95e37
[INFO] [stdout]                                at /rustc/0e09125c6c3c2fd70d7de961bcf0e51575235fad/library/std/src/panic.rs:142:14
[INFO] [stdout]   29:     0x56256bd8ed91 - std::rt::lang_start_internal::{{closure}}::h8086711f9c783f78
[INFO] [stdout]                                at /rustc/0e09125c6c3c2fd70d7de961bcf0e51575235fad/library/std/src/rt.rs:148:48
[INFO] [stdout]   30:     0x56256bd8ed91 - std::panicking::try::do_call::hf920d4dc291cd6ca
[INFO] [stdout]                                at /rustc/0e09125c6c3c2fd70d7de961bcf0e51575235fad/library/std/src/panicking.rs:552:40
[INFO] [stdout]   31:     0x56256bd8ed91 - std::panicking::try::h2b806ccc0a85db74
[INFO] [stdout]                                at /rustc/0e09125c6c3c2fd70d7de961bcf0e51575235fad/library/std/src/panicking.rs:516:19
[INFO] [stdout]   32:     0x56256bd8ed91 - std::panic::catch_unwind::h038489539c507df2
[INFO] [stdout]                                at /rustc/0e09125c6c3c2fd70d7de961bcf0e51575235fad/library/std/src/panic.rs:142:14
[INFO] [stdout]   33:     0x56256bd8ed91 - std::rt::lang_start_internal::h28503b88912e8a5c
[INFO] [stdout]                                at /rustc/0e09125c6c3c2fd70d7de961bcf0e51575235fad/library/std/src/rt.rs:148:20
[INFO] [stdout]   34:     0x56256bcf84e7 - std::rt::lang_start::h9942cc54b4d5350a
[INFO] [stdout]   35:     0x56256bcf86d5 - main
[INFO] [stdout]   36:     0x7fe21e416d90 - <unknown>
[INFO] [stdout]   37:     0x7fe21e416e40 - __libc_start_main
[INFO] [stdout]   38:     0x56256bcf83e5 - _start
[INFO] [stdout]   39:                0x0 - <unknown>
[INFO] [stdout] 
[INFO] [stdout] 
[INFO] [stdout] 
[INFO] [stdout] failures:
[INFO] [stdout]     src/modules/projects/venv.rs - modules::projects::venv::status (line 49)
[INFO] [stdout] 
[INFO] [stdout] test result: FAILED. 0 passed; 1 failed; 0 ignored; 0 measured; 0 filtered out; finished in 4.22s
[INFO] [stdout] 
[INFO] running `Command { std: "docker" "inspect" "8f2f8758ac4acc46587dc78b112a78de2d89cf6b4b1a66d371fa1be20a57c02c", kill_on_drop: false }`
[INFO] running `Command { std: "docker" "rm" "-f" "8f2f8758ac4acc46587dc78b112a78de2d89cf6b4b1a66d371fa1be20a57c02c", kill_on_drop: false }`
[INFO] [stdout] 8f2f8758ac4acc46587dc78b112a78de2d89cf6b4b1a66d371fa1be20a57c02c
