[INFO] fetching crate utoipauto-core 0.1.1...
[INFO] testing utoipauto-core-0.1.1 against 1.75.0 for beta-1.76-1
[INFO] extracting crate utoipauto-core 0.1.1 into /workspace/builds/worker-4-tc1/source
[INFO] validating manifest of crates.io crate utoipauto-core 0.1.1 on toolchain 1.75.0
[INFO] running `Command { std: CARGO_HOME="/workspace/cargo-home" RUSTUP_HOME="/workspace/rustup-home" "/workspace/cargo-home/bin/cargo" "+1.75.0" "metadata" "--manifest-path" "Cargo.toml" "--no-deps", kill_on_drop: false }`
[INFO] started tweaking crates.io crate utoipauto-core 0.1.1
[INFO] finished tweaking crates.io crate utoipauto-core 0.1.1
[INFO] tweaked toml for crates.io crate utoipauto-core 0.1.1 written to /workspace/builds/worker-4-tc1/source/Cargo.toml
[INFO] running `Command { std: CARGO_HOME="/workspace/cargo-home" RUSTUP_HOME="/workspace/rustup-home" "/workspace/cargo-home/bin/cargo" "+1.75.0" "generate-lockfile" "--manifest-path" "Cargo.toml", kill_on_drop: false }`
[INFO] [stderr]     Updating crates.io index
[INFO] running `Command { std: CARGO_HOME="/workspace/cargo-home" RUSTUP_HOME="/workspace/rustup-home" "/workspace/cargo-home/bin/cargo" "+1.75.0" "fetch" "--manifest-path" "Cargo.toml", kill_on_drop: false }`
[INFO] [stderr]  Downloading crates ...
[INFO] [stderr]   Downloaded utoipa-gen v4.1.0
[INFO] [stderr]   Downloaded utoipa v4.1.0
[INFO] running `Command { std: "docker" "create" "-v" "/var/lib/crater-agent-workspace/builds/worker-4-tc1/target:/opt/rustwide/target:rw,Z" "-v" "/var/lib/crater-agent-workspace/builds/worker-4-tc1/source:/opt/rustwide/workdir:ro,Z" "-v" "/var/lib/crater-agent-workspace/cargo-home:/opt/rustwide/cargo-home:ro,Z" "-v" "/var/lib/crater-agent-workspace/rustup-home:/opt/rustwide/rustup-home:ro,Z" "-e" "SOURCE_DIR=/opt/rustwide/workdir" "-e" "CARGO_TARGET_DIR=/opt/rustwide/target" "-e" "CARGO_HOME=/opt/rustwide/cargo-home" "-e" "RUSTUP_HOME=/opt/rustwide/rustup-home" "-w" "/opt/rustwide/workdir" "-m" "1610612736" "--user" "0:0" "--network" "none" "ghcr.io/rust-lang/crates-build-env/linux@sha256:2788e3201cd34a07e3172128adcd8b3090168a8e3bcc40d7c032b9dda1df7d1c" "/opt/rustwide/cargo-home/bin/cargo" "+1.75.0" "metadata" "--no-deps" "--format-version=1", kill_on_drop: false }`
[INFO] [stdout] d7b7ba80e08fea03d9c0ee0ceb75dd43a866a45a43bfbc1f67734be190812623
[INFO] running `Command { std: "docker" "start" "-a" "d7b7ba80e08fea03d9c0ee0ceb75dd43a866a45a43bfbc1f67734be190812623", kill_on_drop: false }`
[INFO] running `Command { std: "docker" "inspect" "d7b7ba80e08fea03d9c0ee0ceb75dd43a866a45a43bfbc1f67734be190812623", kill_on_drop: false }`
[INFO] running `Command { std: "docker" "rm" "-f" "d7b7ba80e08fea03d9c0ee0ceb75dd43a866a45a43bfbc1f67734be190812623", kill_on_drop: false }`
[INFO] [stdout] d7b7ba80e08fea03d9c0ee0ceb75dd43a866a45a43bfbc1f67734be190812623
[INFO] running `Command { std: "docker" "create" "-v" "/var/lib/crater-agent-workspace/builds/worker-4-tc1/target:/opt/rustwide/target:rw,Z" "-v" "/var/lib/crater-agent-workspace/builds/worker-4-tc1/source:/opt/rustwide/workdir:ro,Z" "-v" "/var/lib/crater-agent-workspace/cargo-home:/opt/rustwide/cargo-home:ro,Z" "-v" "/var/lib/crater-agent-workspace/rustup-home:/opt/rustwide/rustup-home:ro,Z" "-e" "SOURCE_DIR=/opt/rustwide/workdir" "-e" "CARGO_TARGET_DIR=/opt/rustwide/target" "-e" "CARGO_INCREMENTAL=0" "-e" "RUST_BACKTRACE=full" "-e" "RUSTFLAGS=--cap-lints=warn" "-e" "RUSTDOCFLAGS=--cap-lints=warn" "-e" "CARGO_HOME=/opt/rustwide/cargo-home" "-e" "RUSTUP_HOME=/opt/rustwide/rustup-home" "-w" "/opt/rustwide/workdir" "-m" "1610612736" "--user" "0:0" "--network" "none" "ghcr.io/rust-lang/crates-build-env/linux@sha256:2788e3201cd34a07e3172128adcd8b3090168a8e3bcc40d7c032b9dda1df7d1c" "/opt/rustwide/cargo-home/bin/cargo" "+1.75.0" "build" "--frozen" "--message-format=json", kill_on_drop: false }`
[INFO] [stdout] 722199e794f052c246b9db2a323b83ef83dfb5ea702d1653f2142258318f7d51
[INFO] running `Command { std: "docker" "start" "-a" "722199e794f052c246b9db2a323b83ef83dfb5ea702d1653f2142258318f7d51", kill_on_drop: false }`
[INFO] [stderr]    Compiling proc-macro2 v1.0.75
[INFO] [stderr]    Compiling unicode-ident v1.0.12
[INFO] [stderr]    Compiling quote v1.0.35
[INFO] [stderr]    Compiling syn v2.0.48
[INFO] [stderr]    Compiling utoipauto-core v0.1.1 (/opt/rustwide/workdir)
[INFO] [stderr]     Finished dev [unoptimized + debuginfo] target(s) in 2.48s
[INFO] running `Command { std: "docker" "inspect" "722199e794f052c246b9db2a323b83ef83dfb5ea702d1653f2142258318f7d51", kill_on_drop: false }`
[INFO] running `Command { std: "docker" "rm" "-f" "722199e794f052c246b9db2a323b83ef83dfb5ea702d1653f2142258318f7d51", kill_on_drop: false }`
[INFO] [stdout] 722199e794f052c246b9db2a323b83ef83dfb5ea702d1653f2142258318f7d51
[INFO] running `Command { std: "docker" "create" "-v" "/var/lib/crater-agent-workspace/builds/worker-4-tc1/target:/opt/rustwide/target:rw,Z" "-v" "/var/lib/crater-agent-workspace/builds/worker-4-tc1/source:/opt/rustwide/workdir:ro,Z" "-v" "/var/lib/crater-agent-workspace/cargo-home:/opt/rustwide/cargo-home:ro,Z" "-v" "/var/lib/crater-agent-workspace/rustup-home:/opt/rustwide/rustup-home:ro,Z" "-e" "SOURCE_DIR=/opt/rustwide/workdir" "-e" "CARGO_TARGET_DIR=/opt/rustwide/target" "-e" "CARGO_INCREMENTAL=0" "-e" "RUST_BACKTRACE=full" "-e" "RUSTFLAGS=--cap-lints=warn" "-e" "RUSTDOCFLAGS=--cap-lints=warn" "-e" "CARGO_HOME=/opt/rustwide/cargo-home" "-e" "RUSTUP_HOME=/opt/rustwide/rustup-home" "-w" "/opt/rustwide/workdir" "-m" "1610612736" "--user" "0:0" "--network" "none" "ghcr.io/rust-lang/crates-build-env/linux@sha256:2788e3201cd34a07e3172128adcd8b3090168a8e3bcc40d7c032b9dda1df7d1c" "/opt/rustwide/cargo-home/bin/cargo" "+1.75.0" "test" "--frozen" "--no-run" "--message-format=json", kill_on_drop: false }`
[INFO] [stdout] 453c14153c19f38cd75fb0e3d045339c932a3e9181dd2b625074acdb58f86fa3
[INFO] running `Command { std: "docker" "start" "-a" "453c14153c19f38cd75fb0e3d045339c932a3e9181dd2b625074acdb58f86fa3", kill_on_drop: false }`
[INFO] [stderr]    Compiling version_check v0.9.4
[INFO] [stderr]    Compiling syn v1.0.109
[INFO] [stderr]    Compiling serde v1.0.194
[INFO] [stderr]    Compiling serde_json v1.0.111
[INFO] [stderr]    Compiling itoa v1.0.10
[INFO] [stderr]    Compiling ryu v1.0.16
[INFO] [stderr]    Compiling equivalent v1.0.1
[INFO] [stderr]    Compiling syn v2.0.48
[INFO] [stderr]    Compiling hashbrown v0.14.3
[INFO] [stderr]    Compiling proc-macro-error-attr v1.0.4
[INFO] [stderr]    Compiling proc-macro-error v1.0.4
[INFO] [stderr]    Compiling serde_derive v1.0.194
[INFO] [stderr]    Compiling utoipa-gen v4.1.0
[INFO] [stderr]    Compiling indexmap v2.1.0
[INFO] [stderr]    Compiling utoipa v4.1.0
[INFO] [stderr]    Compiling utoipauto-core v0.1.1 (/opt/rustwide/workdir)
[INFO] [stderr]     Finished test [unoptimized + debuginfo] target(s) in 8.52s
[INFO] running `Command { std: "docker" "inspect" "453c14153c19f38cd75fb0e3d045339c932a3e9181dd2b625074acdb58f86fa3", kill_on_drop: false }`
[INFO] running `Command { std: "docker" "rm" "-f" "453c14153c19f38cd75fb0e3d045339c932a3e9181dd2b625074acdb58f86fa3", kill_on_drop: false }`
[INFO] [stdout] 453c14153c19f38cd75fb0e3d045339c932a3e9181dd2b625074acdb58f86fa3
[INFO] running `Command { std: "docker" "create" "-v" "/var/lib/crater-agent-workspace/builds/worker-4-tc1/target:/opt/rustwide/target:rw,Z" "-v" "/var/lib/crater-agent-workspace/builds/worker-4-tc1/source:/opt/rustwide/workdir:ro,Z" "-v" "/var/lib/crater-agent-workspace/cargo-home:/opt/rustwide/cargo-home:ro,Z" "-v" "/var/lib/crater-agent-workspace/rustup-home:/opt/rustwide/rustup-home:ro,Z" "-e" "SOURCE_DIR=/opt/rustwide/workdir" "-e" "CARGO_TARGET_DIR=/opt/rustwide/target" "-e" "CARGO_INCREMENTAL=0" "-e" "RUST_BACKTRACE=full" "-e" "RUSTFLAGS=--cap-lints=warn" "-e" "RUSTDOCFLAGS=--cap-lints=warn" "-e" "CARGO_HOME=/opt/rustwide/cargo-home" "-e" "RUSTUP_HOME=/opt/rustwide/rustup-home" "-w" "/opt/rustwide/workdir" "-m" "1610612736" "--user" "0:0" "--network" "none" "ghcr.io/rust-lang/crates-build-env/linux@sha256:2788e3201cd34a07e3172128adcd8b3090168a8e3bcc40d7c032b9dda1df7d1c" "/opt/rustwide/cargo-home/bin/cargo" "+1.75.0" "test" "--frozen", kill_on_drop: false }`
[INFO] [stdout] acf1a2ffa2c3be4a08df8699a0a1398e3f9061613fe97d5acd2924aec87f963c
[INFO] running `Command { std: "docker" "start" "-a" "acf1a2ffa2c3be4a08df8699a0a1398e3f9061613fe97d5acd2924aec87f963c", kill_on_drop: false }`
[INFO] [stderr]     Finished test [unoptimized + debuginfo] target(s) in 0.01s
[INFO] [stderr]      Running unittests src/lib.rs (/opt/rustwide/target/debug/deps/utoipauto_core-009483df642954a6)
[INFO] [stdout] 
[INFO] [stdout] running 17 tests
[INFO] [stdout] test attribute_utils::test::test_build_new_openapi_attributes_components ... ok
[INFO] [stdout] test attribute_utils::test::test_build_new_openapi_attributes ... ok
[INFO] [stdout] test attribute_utils::test::test_build_new_openapi_attributes_components_responses_schemas ... ok
[INFO] [stdout] test attribute_utils::test::test_build_new_openapi_attributes_components_responses_replace ... ok
[INFO] [stdout] test attribute_utils::test::test_build_new_openapi_attributes_components_responses_schemas_replace ... ok
[INFO] [stdout] test attribute_utils::test::test_build_new_openapi_attributes_components_schemas_reponses ... ok
[INFO] [stdout] test attribute_utils::test::test_extract_paths ... ok
[INFO] [stdout] test attribute_utils::test::test_build_new_openapi_attributes_components_schemas_replace ... ok
[INFO] [stdout] test attribute_utils::test::test_build_new_openapi_attributes_path_replace ... ok
[INFO] [stdout] test attribute_utils::test::test_remove_paths ... ok
[INFO] [stdout] test file_utils::tests::test_extract_module_name_from_lib ... ok
[INFO] [stdout] test file_utils::tests::test_extract_module_name_from_mod ... ok
[INFO] [stdout] test file_utils::tests::test_extract_module_name_from_path ... ok
[INFO] [stdout] test attribute_utils::test::test_extract_paths_empty ... ok
[INFO] [stdout] test string_utils::test::test_extract_paths_arrow ... ok
[INFO] [stdout] test file_utils::tests::test_extract_module_name_from_main ... ok
[INFO] [stdout] test string_utils::test::test_extract_paths_coma ... ok
[INFO] [stdout] 
[INFO] [stdout] test result: ok. 17 passed; 0 failed; 0 ignored; 0 measured; 0 filtered out; finished in 0.00s
[INFO] [stdout] 
[INFO] [stderr]    Doc-tests utoipauto-core
[INFO] [stdout] 
[INFO] [stdout] running 2 tests
[INFO] [stdout] test src/file_utils.rs - file_utils::extract_module_name_from_path (line 51) ... FAILED
[INFO] [stdout] test src/string_utils.rs - string_utils::extract_paths (line 31) ... FAILED
[INFO] [stdout] 
[INFO] [stdout] failures:
[INFO] [stdout] 
[INFO] [stdout] ---- src/file_utils.rs - file_utils::extract_module_name_from_path (line 51) stdout ----
[INFO] [stdout] error[E0425]: cannot find function `extract_module_name_from_path` in this scope
[INFO] [stdout]  --> src/file_utils.rs:52:19
[INFO] [stdout]   |
[INFO] [stdout] 3 | let module_name = extract_module_name_from_path(
[INFO] [stdout]   |                   ^^^^^^^^^^^^^^^^^^^^^^^^^^^^^ not found in this scope
[INFO] [stdout]   |
[INFO] [stdout] help: consider importing this function
[INFO] [stdout]   |
[INFO] [stdout] 2 + use utoipauto_core::file_utils::extract_module_name_from_path;
[INFO] [stdout]   |
[INFO] [stdout] 
[INFO] [stdout] error: aborting due to previous error
[INFO] [stdout] 
[INFO] [stdout] For more information about this error, try `rustc --explain E0425`.
[INFO] [stdout] Couldn't compile the test.
[INFO] [stdout] ---- src/string_utils.rs - string_utils::extract_paths (line 31) stdout ----
[INFO] [stdout] error[E0425]: cannot find function `extract_paths` in this scope
[INFO] [stdout]  --> src/string_utils.rs:32:13
[INFO] [stdout]   |
[INFO] [stdout] 3 | let paths = extract_paths(
[INFO] [stdout]   |             ^^^^^^^^^^^^^ not found in this scope
[INFO] [stdout]   |
[INFO] [stdout] help: consider importing this function
[INFO] [stdout]   |
[INFO] [stdout] 2 + use utoipauto_core::string_utils::extract_paths;
[INFO] [stdout]   |
[INFO] [stdout] 
[INFO] [stdout] error: aborting due to previous error
[INFO] [stdout] 
[INFO] [stdout] For more information about this error, try `rustc --explain E0425`.
[INFO] [stdout] Couldn't compile the test.
[INFO] [stdout] 
[INFO] [stdout] failures:
[INFO] [stdout]     src/file_utils.rs - file_utils::extract_module_name_from_path (line 51)
[INFO] [stdout]     src/string_utils.rs - string_utils::extract_paths (line 31)
[INFO] [stdout] 
[INFO] [stdout] test result: FAILED. 0 passed; 2 failed; 0 ignored; 0 measured; 0 filtered out; finished in 0.03s
[INFO] [stdout] 
[INFO] [stderr] error: doctest failed, to rerun pass `--doc`
[INFO] running `Command { std: "docker" "inspect" "acf1a2ffa2c3be4a08df8699a0a1398e3f9061613fe97d5acd2924aec87f963c", kill_on_drop: false }`
[INFO] running `Command { std: "docker" "rm" "-f" "acf1a2ffa2c3be4a08df8699a0a1398e3f9061613fe97d5acd2924aec87f963c", kill_on_drop: false }`
[INFO] [stdout] acf1a2ffa2c3be4a08df8699a0a1398e3f9061613fe97d5acd2924aec87f963c
