[INFO] fetching crate utoipa-swagger-ui 5.0.0...
[INFO] testing utoipa-swagger-ui-5.0.0 against 1.75.0 for beta-1.76-1
[INFO] extracting crate utoipa-swagger-ui 5.0.0 into /workspace/builds/worker-3-tc1/source
[INFO] validating manifest of crates.io crate utoipa-swagger-ui 5.0.0 on toolchain 1.75.0
[INFO] running `Command { std: CARGO_HOME="/workspace/cargo-home" RUSTUP_HOME="/workspace/rustup-home" "/workspace/cargo-home/bin/cargo" "+1.75.0" "metadata" "--manifest-path" "Cargo.toml" "--no-deps", kill_on_drop: false }`
[INFO] started tweaking crates.io crate utoipa-swagger-ui 5.0.0
[INFO] finished tweaking crates.io crate utoipa-swagger-ui 5.0.0
[INFO] tweaked toml for crates.io crate utoipa-swagger-ui 5.0.0 written to /workspace/builds/worker-3-tc1/source/Cargo.toml
[INFO] running `Command { std: CARGO_HOME="/workspace/cargo-home" RUSTUP_HOME="/workspace/rustup-home" "/workspace/cargo-home/bin/cargo" "+1.75.0" "generate-lockfile" "--manifest-path" "Cargo.toml", kill_on_drop: false }`
[INFO] [stderr]     Updating crates.io index
[INFO] running `Command { std: CARGO_HOME="/workspace/cargo-home" RUSTUP_HOME="/workspace/rustup-home" "/workspace/cargo-home/bin/cargo" "+1.75.0" "fetch" "--manifest-path" "Cargo.toml", kill_on_drop: false }`
[INFO] [stderr]  Downloading crates ...
[INFO] [stderr]   Downloaded utoipa v4.1.0
[INFO] [stderr]   Downloaded utoipa-gen v4.1.0
[INFO] running `Command { std: "docker" "create" "-v" "/var/lib/crater-agent-workspace/builds/worker-3-tc1/target:/opt/rustwide/target:rw,Z" "-v" "/var/lib/crater-agent-workspace/builds/worker-3-tc1/source:/opt/rustwide/workdir:ro,Z" "-v" "/var/lib/crater-agent-workspace/cargo-home:/opt/rustwide/cargo-home:ro,Z" "-v" "/var/lib/crater-agent-workspace/rustup-home:/opt/rustwide/rustup-home:ro,Z" "-e" "SOURCE_DIR=/opt/rustwide/workdir" "-e" "CARGO_TARGET_DIR=/opt/rustwide/target" "-e" "CARGO_HOME=/opt/rustwide/cargo-home" "-e" "RUSTUP_HOME=/opt/rustwide/rustup-home" "-w" "/opt/rustwide/workdir" "-m" "1610612736" "--user" "0:0" "--network" "none" "ghcr.io/rust-lang/crates-build-env/linux@sha256:2788e3201cd34a07e3172128adcd8b3090168a8e3bcc40d7c032b9dda1df7d1c" "/opt/rustwide/cargo-home/bin/cargo" "+1.75.0" "metadata" "--no-deps" "--format-version=1", kill_on_drop: false }`
[INFO] [stdout] 8d1bd704944f74a99423227e7d2e3d6f28940944dccd03addb344940ed60ea17
[INFO] running `Command { std: "docker" "start" "-a" "8d1bd704944f74a99423227e7d2e3d6f28940944dccd03addb344940ed60ea17", kill_on_drop: false }`
[INFO] running `Command { std: "docker" "inspect" "8d1bd704944f74a99423227e7d2e3d6f28940944dccd03addb344940ed60ea17", kill_on_drop: false }`
[INFO] running `Command { std: "docker" "rm" "-f" "8d1bd704944f74a99423227e7d2e3d6f28940944dccd03addb344940ed60ea17", kill_on_drop: false }`
[INFO] [stdout] 8d1bd704944f74a99423227e7d2e3d6f28940944dccd03addb344940ed60ea17
[INFO] running `Command { std: "docker" "create" "-v" "/var/lib/crater-agent-workspace/builds/worker-3-tc1/target:/opt/rustwide/target:rw,Z" "-v" "/var/lib/crater-agent-workspace/builds/worker-3-tc1/source:/opt/rustwide/workdir:ro,Z" "-v" "/var/lib/crater-agent-workspace/cargo-home:/opt/rustwide/cargo-home:ro,Z" "-v" "/var/lib/crater-agent-workspace/rustup-home:/opt/rustwide/rustup-home:ro,Z" "-e" "SOURCE_DIR=/opt/rustwide/workdir" "-e" "CARGO_TARGET_DIR=/opt/rustwide/target" "-e" "CARGO_INCREMENTAL=0" "-e" "RUST_BACKTRACE=full" "-e" "RUSTFLAGS=--cap-lints=warn" "-e" "RUSTDOCFLAGS=--cap-lints=warn" "-e" "CARGO_HOME=/opt/rustwide/cargo-home" "-e" "RUSTUP_HOME=/opt/rustwide/rustup-home" "-w" "/opt/rustwide/workdir" "-m" "1610612736" "--user" "0:0" "--network" "none" "ghcr.io/rust-lang/crates-build-env/linux@sha256:2788e3201cd34a07e3172128adcd8b3090168a8e3bcc40d7c032b9dda1df7d1c" "/opt/rustwide/cargo-home/bin/cargo" "+1.75.0" "build" "--frozen" "--message-format=json", kill_on_drop: false }`
[INFO] [stdout] 228f4e9bde9c958605a16f7eeaae141a88b7c9d30b6a0a56ff70ff80d5cdca0a
[INFO] running `Command { std: "docker" "start" "-a" "228f4e9bde9c958605a16f7eeaae141a88b7c9d30b6a0a56ff70ff80d5cdca0a", kill_on_drop: false }`
[INFO] [stderr]    Compiling version_check v0.9.4
[INFO] [stderr]    Compiling proc-macro2 v1.0.75
[INFO] [stderr]    Compiling unicode-ident v1.0.12
[INFO] [stderr]    Compiling typenum v1.17.0
[INFO] [stderr]    Compiling cfg-if v1.0.0
[INFO] [stderr]    Compiling libc v0.2.151
[INFO] [stderr]    Compiling crc32fast v1.3.2
[INFO] [stderr]    Compiling adler v1.0.2
[INFO] [stderr]    Compiling memchr v2.7.1
[INFO] [stderr]    Compiling syn v1.0.109
[INFO] [stderr]    Compiling serde v1.0.194
[INFO] [stderr]    Compiling option-ext v0.2.0
[INFO] [stderr]    Compiling same-file v1.0.6
[INFO] [stderr]    Compiling cpufeatures v0.2.12
[INFO] [stderr]    Compiling regex-syntax v0.8.2
[INFO] [stderr]    Compiling byteorder v1.5.0
[INFO] [stderr]    Compiling serde_json v1.0.111
[INFO] [stderr]    Compiling itoa v1.0.10
[INFO] [stderr]    Compiling ryu v1.0.16
[INFO] [stderr]    Compiling miniz_oxide v0.7.1
[INFO] [stderr]    Compiling walkdir v2.4.0
[INFO] [stderr]    Compiling equivalent v1.0.1
[INFO] [stderr]    Compiling hashbrown v0.14.3
[INFO] [stderr]    Compiling mime v0.3.17
[INFO] [stderr]    Compiling generic-array v0.14.7
[INFO] [stderr]    Compiling proc-macro-error-attr v1.0.4
[INFO] [stderr]    Compiling unicase v2.7.0
[INFO] [stderr]    Compiling proc-macro-error v1.0.4
[INFO] [stderr]    Compiling aho-corasick v1.1.2
[INFO] [stderr]    Compiling flate2 v1.0.28
[INFO] [stderr]    Compiling quote v1.0.35
[INFO] [stderr]    Compiling mime_guess v2.0.4
[INFO] [stderr]    Compiling zip v0.6.6
[INFO] [stderr]    Compiling syn v2.0.48
[INFO] [stderr]    Compiling dirs-sys v0.4.1
[INFO] [stderr]    Compiling dirs v5.0.1
[INFO] [stderr]    Compiling shellexpand v3.1.0
[INFO] [stderr]    Compiling block-buffer v0.10.4
[INFO] [stderr]    Compiling crypto-common v0.1.6
[INFO] [stderr]    Compiling regex-automata v0.4.3
[INFO] [stderr]    Compiling digest v0.10.7
[INFO] [stderr]    Compiling sha2 v0.10.8
[INFO] [stderr]    Compiling rust-embed-utils v8.2.0
[INFO] [stderr]    Compiling regex v1.10.2
[INFO] [stderr]    Compiling utoipa-swagger-ui v5.0.0 (/opt/rustwide/workdir)
[INFO] [stderr]    Compiling serde_derive v1.0.194
[INFO] [stderr]    Compiling utoipa-gen v4.1.0
[INFO] [stderr]    Compiling rust-embed-impl v8.2.0
[INFO] [stderr]    Compiling rust-embed v8.2.0
[INFO] [stderr]    Compiling indexmap v2.1.0
[INFO] [stderr]    Compiling utoipa v4.1.0
[INFO] [stderr]     Finished dev [unoptimized + debuginfo] target(s) in 10.23s
[INFO] running `Command { std: "docker" "inspect" "228f4e9bde9c958605a16f7eeaae141a88b7c9d30b6a0a56ff70ff80d5cdca0a", kill_on_drop: false }`
[INFO] running `Command { std: "docker" "rm" "-f" "228f4e9bde9c958605a16f7eeaae141a88b7c9d30b6a0a56ff70ff80d5cdca0a", kill_on_drop: false }`
[INFO] [stdout] 228f4e9bde9c958605a16f7eeaae141a88b7c9d30b6a0a56ff70ff80d5cdca0a
[INFO] running `Command { std: "docker" "create" "-v" "/var/lib/crater-agent-workspace/builds/worker-3-tc1/target:/opt/rustwide/target:rw,Z" "-v" "/var/lib/crater-agent-workspace/builds/worker-3-tc1/source:/opt/rustwide/workdir:ro,Z" "-v" "/var/lib/crater-agent-workspace/cargo-home:/opt/rustwide/cargo-home:ro,Z" "-v" "/var/lib/crater-agent-workspace/rustup-home:/opt/rustwide/rustup-home:ro,Z" "-e" "SOURCE_DIR=/opt/rustwide/workdir" "-e" "CARGO_TARGET_DIR=/opt/rustwide/target" "-e" "CARGO_INCREMENTAL=0" "-e" "RUST_BACKTRACE=full" "-e" "RUSTFLAGS=--cap-lints=warn" "-e" "RUSTDOCFLAGS=--cap-lints=warn" "-e" "CARGO_HOME=/opt/rustwide/cargo-home" "-e" "RUSTUP_HOME=/opt/rustwide/rustup-home" "-w" "/opt/rustwide/workdir" "-m" "1610612736" "--user" "0:0" "--network" "none" "ghcr.io/rust-lang/crates-build-env/linux@sha256:2788e3201cd34a07e3172128adcd8b3090168a8e3bcc40d7c032b9dda1df7d1c" "/opt/rustwide/cargo-home/bin/cargo" "+1.75.0" "test" "--frozen" "--no-run" "--message-format=json", kill_on_drop: false }`
[INFO] [stdout] 632d41125e3f2cdf67519e3fd08e16515459ffc49d8e3ead4af9962bb2d9417a
[INFO] running `Command { std: "docker" "start" "-a" "632d41125e3f2cdf67519e3fd08e16515459ffc49d8e3ead4af9962bb2d9417a", kill_on_drop: false }`
[INFO] [stderr]    Compiling similar v2.4.0
[INFO] [stderr]    Compiling utoipa-swagger-ui v5.0.0 (/opt/rustwide/workdir)
[INFO] [stderr]     Finished test [unoptimized + debuginfo] target(s) in 1.69s
[INFO] running `Command { std: "docker" "inspect" "632d41125e3f2cdf67519e3fd08e16515459ffc49d8e3ead4af9962bb2d9417a", kill_on_drop: false }`
[INFO] running `Command { std: "docker" "rm" "-f" "632d41125e3f2cdf67519e3fd08e16515459ffc49d8e3ead4af9962bb2d9417a", kill_on_drop: false }`
[INFO] [stdout] 632d41125e3f2cdf67519e3fd08e16515459ffc49d8e3ead4af9962bb2d9417a
[INFO] running `Command { std: "docker" "create" "-v" "/var/lib/crater-agent-workspace/builds/worker-3-tc1/target:/opt/rustwide/target:rw,Z" "-v" "/var/lib/crater-agent-workspace/builds/worker-3-tc1/source:/opt/rustwide/workdir:ro,Z" "-v" "/var/lib/crater-agent-workspace/cargo-home:/opt/rustwide/cargo-home:ro,Z" "-v" "/var/lib/crater-agent-workspace/rustup-home:/opt/rustwide/rustup-home:ro,Z" "-e" "SOURCE_DIR=/opt/rustwide/workdir" "-e" "CARGO_TARGET_DIR=/opt/rustwide/target" "-e" "CARGO_INCREMENTAL=0" "-e" "RUST_BACKTRACE=full" "-e" "RUSTFLAGS=--cap-lints=warn" "-e" "RUSTDOCFLAGS=--cap-lints=warn" "-e" "CARGO_HOME=/opt/rustwide/cargo-home" "-e" "RUSTUP_HOME=/opt/rustwide/rustup-home" "-w" "/opt/rustwide/workdir" "-m" "1610612736" "--user" "0:0" "--network" "none" "ghcr.io/rust-lang/crates-build-env/linux@sha256:2788e3201cd34a07e3172128adcd8b3090168a8e3bcc40d7c032b9dda1df7d1c" "/opt/rustwide/cargo-home/bin/cargo" "+1.75.0" "test" "--frozen", kill_on_drop: false }`
[INFO] [stdout] b539b8016e8a2567c591853a8416c72e11f9962b388ac6f9e8cb44a434df701e
[INFO] running `Command { std: "docker" "start" "-a" "b539b8016e8a2567c591853a8416c72e11f9962b388ac6f9e8cb44a434df701e", kill_on_drop: false }`
[INFO] [stderr]     Finished test [unoptimized + debuginfo] target(s) in 0.08s
[INFO] [stderr]      Running unittests src/lib.rs (/opt/rustwide/target/debug/deps/utoipa_swagger_ui-bb6429429a1051f4)
[INFO] [stdout] 
[INFO] [stdout] running 7 tests
[INFO] [stdout] test oauth::tests::format_swagger_config_oauth ... ok
[INFO] [stdout] test tests::format_swagger_config_json_single_url_primary ... ok
[INFO] [stdout] test tests::format_swagger_config_multiple_urls ... ok
[INFO] [stdout] test tests::format_swagger_config_json_single_url ... ok
[INFO] [stdout] test tests::format_swagger_config_json_single_url_with_name ... ok
[INFO] [stdout] test tests::format_swagger_config_with_multiple_fields ... ok
[INFO] [stdout] test tests::format_swagger_config_multiple_urls_with_primary ... ok
[INFO] [stdout] 
[INFO] [stdout] test result: ok. 7 passed; 0 failed; 0 ignored; 0 measured; 0 filtered out; finished in 0.00s
[INFO] [stdout] 
[INFO] [stderr]    Doc-tests utoipa-swagger-ui
[INFO] [stdout] 
[INFO] [stdout] running 47 tests
[INFO] [stdout] test src/lib.rs - (line 94) - compile ... FAILED
[INFO] [stdout] test src/lib.rs - (line 72) - compile ... FAILED
[INFO] [stdout] test src/lib.rs - (line 51) - compile ... FAILED
[INFO] [stdout] test src/lib.rs - Config (line 490) ... ok
[INFO] [stdout] test src/lib.rs - Config<'a>::default_models_expand_depth (line 887) ... ok
[INFO] [stdout] test src/lib.rs - Config<'a>::config_url (line 775) ... ok
[INFO] [stdout] test src/lib.rs - Config (line 511) ... ok
[INFO] [stdout] test src/lib.rs - Config<'a>::default_model_expand_depth (line 902) ... ok
[INFO] [stdout] test src/lib.rs - Config<'a>::filter (line 979) ... ok
[INFO] [stdout] test src/lib.rs - Config (line 496) ... ok
[INFO] [stdout] test src/lib.rs - Config<'a>::max_displayed_tags (line 997) ... ok
[INFO] [stdout] test src/lib.rs - Config<'a>::dom_id (line 793) ... ok
[INFO] [stdout] test src/lib.rs - Config (line 502) ... ok
[INFO] [stdout] test src/lib.rs - Config<'a>::new (line 713) ... ok
[INFO] [stdout] test src/lib.rs - Config<'a>::doc_expansion (line 958) ... ok
[INFO] [stdout] test src/lib.rs - Config<'a>::default_model_rendering (line 922) ... ok
[INFO] [stdout] test src/lib.rs - Config<'a>::deep_linking (line 833) ... ok
[INFO] [stdout] test src/lib.rs - Config<'a>::display_operation_id (line 851) ... ok
[INFO] [stdout] test src/lib.rs - Config<'a>::display_request_duration (line 939) ... ok
[INFO] [stdout] test src/lib.rs - Config<'a>::oauth2_redirect_url (line 1086) ... ok
[INFO] [stdout] test src/lib.rs - Config<'a>::query_config_enabled (line 811) ... ok
[INFO] [stdout] test src/lib.rs - serve (line 1291) ... FAILED
[INFO] [stdout] test src/lib.rs - Config<'a>::request_snippets_enabled (line 1070) ... ok
[INFO] [stdout] test src/lib.rs - Config<'a>::try_it_out_enabled (line 1050) ... ok
[INFO] [stdout] test src/lib.rs - Config<'a>::show_extensions (line 1014) ... ok
[INFO] [stdout] test src/lib.rs - Config<'a>::show_common_extensions (line 1032) ... ok
[INFO] [stdout] test src/lib.rs - Config<'a>::show_mutated_request (line 1104) ... ok
[INFO] [stdout] test src/lib.rs - Config<'a>::use_base_layout (line 869) ... ok
[INFO] [stdout] test src/lib.rs - Config<'a>::validator_url (line 1164) ... ok
[INFO] [stdout] test src/lib.rs - Config<'a>::persist_authorization (line 1205) ... ok
[INFO] [stdout] test src/lib.rs - Config<'a>::supported_submit_methods (line 1127) ... ok
[INFO] [stdout] test src/lib.rs - Config<'a>::with_credentials (line 1186) ... ok
[INFO] [stdout] test src/lib.rs - Config<'a>::with_oauth_config (line 725) ... ok
[INFO] [stdout] test src/lib.rs - Config<'a>::supported_submit_methods (line 1134) ... ok
[INFO] [stdout] test src/lib.rs - Url<'a>::new (line 414) ... ok
[INFO] [stdout] test src/lib.rs - Url<'a>::with_primary (line 439) ... ok
[INFO] [stdout] test src/oauth.rs - oauth::Config (line 13) ... ok
[INFO] [stdout] test src/oauth.rs - oauth::Config::app_name (line 149) ... ok
[INFO] [stdout] test src/oauth.rs - oauth::Config::client_secret (line 113) ... ok
[INFO] [stdout] test src/oauth.rs - oauth::Config::additional_query_string_params (line 203) ... ok
[INFO] [stdout] test src/oauth.rs - oauth::Config::new (line 78) ... ok
[INFO] [stdout] test src/oauth.rs - oauth::Config::client_id (line 94) ... ok
[INFO] [stdout] test src/oauth.rs - oauth::Config::scope_separator (line 167) ... ok
[INFO] [stdout] test src/oauth.rs - oauth::Config::scopes (line 185) ... ok
[INFO] [stdout] test src/oauth.rs - oauth::Config::realm (line 131) ... ok
[INFO] [stdout] test src/oauth.rs - oauth::Config::use_pkce_with_authorization_code_grant (line 252) ... ok
[INFO] [stdout] test src/oauth.rs - oauth::Config::use_basic_authentication_with_access_code_grant (line 228) ... ok
[INFO] [stdout] 
[INFO] [stdout] failures:
[INFO] [stdout] 
[INFO] [stdout] ---- src/lib.rs - (line 94) stdout ----
[INFO] [stdout] error[E0432]: unresolved import `utoipa_swagger_ui::SwaggerUi`
[INFO] [stdout]    --> src/lib.rs:97:5
[INFO] [stdout]     |
[INFO] [stdout] 6   | use utoipa_swagger_ui::SwaggerUi;
[INFO] [stdout]     |     ^^^^^^^^^^^^^^^^^^^---------
[INFO] [stdout]     |     |                  |
[INFO] [stdout]     |     |                  help: a similar name exists in the module: `SwaggerFile`
[INFO] [stdout]     |     no `SwaggerUi` in the root
[INFO] [stdout]     |
[INFO] [stdout] note: found an item that was configured out
[INFO] [stdout]    --> /opt/rustwide/workdir/src/lib.rs:164:12
[INFO] [stdout]     |
[INFO] [stdout] 164 | pub struct SwaggerUi {
[INFO] [stdout]     |            ^^^^^^^^^
[INFO] [stdout] 
[INFO] [stdout] error[E0432]: unresolved import `axum`
[INFO] [stdout]  --> src/lib.rs:96:5
[INFO] [stdout]   |
[INFO] [stdout] 5 | use axum::{routing, Router};
[INFO] [stdout]   |     ^^^^ use of undeclared crate or module `axum`
[INFO] [stdout] 
[INFO] [stdout] error: aborting due to 2 previous errors
[INFO] [stdout] 
[INFO] [stdout] For more information about this error, try `rustc --explain E0432`.
[INFO] [stdout] Couldn't compile the test.
[INFO] [stdout] ---- src/lib.rs - (line 72) stdout ----
[INFO] [stdout] error[E0432]: unresolved import `utoipa_swagger_ui::SwaggerUi`
[INFO] [stdout]    --> src/lib.rs:75:5
[INFO] [stdout]     |
[INFO] [stdout] 6   | use utoipa_swagger_ui::SwaggerUi;
[INFO] [stdout]     |     ^^^^^^^^^^^^^^^^^^^---------
[INFO] [stdout]     |     |                  |
[INFO] [stdout]     |     |                  help: a similar name exists in the module: `SwaggerFile`
[INFO] [stdout]     |     no `SwaggerUi` in the root
[INFO] [stdout]     |
[INFO] [stdout] note: found an item that was configured out
[INFO] [stdout]    --> /opt/rustwide/workdir/src/lib.rs:164:12
[INFO] [stdout]     |
[INFO] [stdout] 164 | pub struct SwaggerUi {
[INFO] [stdout]     |            ^^^^^^^^^
[INFO] [stdout] 
[INFO] [stdout] error[E0432]: unresolved import `rocket`
[INFO] [stdout]  --> src/lib.rs:74:5
[INFO] [stdout]   |
[INFO] [stdout] 5 | use rocket::{Build, Rocket};
[INFO] [stdout]   |     ^^^^^^ use of undeclared crate or module `rocket`
[INFO] [stdout] 
[INFO] [stdout] error[E0433]: failed to resolve: use of undeclared crate or module `rocket`
[INFO] [stdout]  --> src/lib.rs:77:3
[INFO] [stdout]   |
[INFO] [stdout] 8 | #[rocket::launch]
[INFO] [stdout]   |   ^^^^^^ use of undeclared crate or module `rocket`
[INFO] [stdout] 
[INFO] [stdout] error[E0433]: failed to resolve: use of undeclared crate or module `rocket`
[INFO] [stdout]   --> src/lib.rs:84:5
[INFO] [stdout]    |
[INFO] [stdout] 15 |     rocket::build()
[INFO] [stdout]    |     ^^^^^^ use of undeclared crate or module `rocket`
[INFO] [stdout] 
[INFO] [stdout] error: aborting due to 4 previous errors
[INFO] [stdout] 
[INFO] [stdout] Some errors have detailed explanations: E0432, E0433.
[INFO] [stdout] For more information about an error, try `rustc --explain E0432`.
[INFO] [stdout] Couldn't compile the test.
[INFO] [stdout] ---- src/lib.rs - (line 51) stdout ----
[INFO] [stdout] error[E0432]: unresolved import `utoipa_swagger_ui::SwaggerUi`
[INFO] [stdout]    --> src/lib.rs:54:5
[INFO] [stdout]     |
[INFO] [stdout] 6   | use utoipa_swagger_ui::SwaggerUi;
[INFO] [stdout]     |     ^^^^^^^^^^^^^^^^^^^---------
[INFO] [stdout]     |     |                  |
[INFO] [stdout]     |     |                  help: a similar name exists in the module: `SwaggerFile`
[INFO] [stdout]     |     no `SwaggerUi` in the root
[INFO] [stdout]     |
[INFO] [stdout] note: found an item that was configured out
[INFO] [stdout]    --> /opt/rustwide/workdir/src/lib.rs:164:12
[INFO] [stdout]     |
[INFO] [stdout] 164 | pub struct SwaggerUi {
[INFO] [stdout]     |            ^^^^^^^^^
[INFO] [stdout] 
[INFO] [stdout] error[E0432]: unresolved import `actix_web`
[INFO] [stdout]  --> src/lib.rs:53:5
[INFO] [stdout]   |
[INFO] [stdout] 5 | use actix_web::{App, HttpServer};
[INFO] [stdout]   |     ^^^^^^^^^ use of undeclared crate or module `actix_web`
[INFO] [stdout] 
[INFO] [stdout] error: aborting due to 2 previous errors
[INFO] [stdout] 
[INFO] [stdout] For more information about this error, try `rustc --explain E0432`.
[INFO] [stdout] Couldn't compile the test.
[INFO] [stdout] ---- src/lib.rs - serve (line 1291) stdout ----
[INFO] [stdout] error[E0432]: unresolved import `actix_web`
[INFO] [stdout]  --> src/lib.rs:1293:5
[INFO] [stdout]   |
[INFO] [stdout] 5 | use actix_web::HttpResponse;
[INFO] [stdout]   |     ^^^^^^^^^ use of undeclared crate or module `actix_web`
[INFO] [stdout] 
[INFO] [stdout] error: aborting due to previous error
[INFO] [stdout] 
[INFO] [stdout] For more information about this error, try `rustc --explain E0432`.
[INFO] [stdout] Couldn't compile the test.
[INFO] [stdout] 
[INFO] [stdout] failures:
[INFO] [stdout]     src/lib.rs - (line 51)
[INFO] [stdout]     src/lib.rs - (line 72)
[INFO] [stdout]     src/lib.rs - (line 94)
[INFO] [stdout]     src/lib.rs - serve (line 1291)
[INFO] [stdout] 
[INFO] [stdout] test result: FAILED. 43 passed; 4 failed; 0 ignored; 0 measured; 0 filtered out; finished in 2.76s
[INFO] [stdout] 
[INFO] [stderr] error: doctest failed, to rerun pass `--doc`
[INFO] running `Command { std: "docker" "inspect" "b539b8016e8a2567c591853a8416c72e11f9962b388ac6f9e8cb44a434df701e", kill_on_drop: false }`
[INFO] running `Command { std: "docker" "rm" "-f" "b539b8016e8a2567c591853a8416c72e11f9962b388ac6f9e8cb44a434df701e", kill_on_drop: false }`
[INFO] [stdout] b539b8016e8a2567c591853a8416c72e11f9962b388ac6f9e8cb44a434df701e
