[INFO] fetching crate utoipa-rapidoc 2.0.0...
[INFO] testing utoipa-rapidoc-2.0.0 against 1.75.0 for beta-1.76-1
[INFO] extracting crate utoipa-rapidoc 2.0.0 into /workspace/builds/worker-6-tc1/source
[INFO] validating manifest of crates.io crate utoipa-rapidoc 2.0.0 on toolchain 1.75.0
[INFO] running `Command { std: CARGO_HOME="/workspace/cargo-home" RUSTUP_HOME="/workspace/rustup-home" "/workspace/cargo-home/bin/cargo" "+1.75.0" "metadata" "--manifest-path" "Cargo.toml" "--no-deps", kill_on_drop: false }`
[INFO] started tweaking crates.io crate utoipa-rapidoc 2.0.0
[INFO] finished tweaking crates.io crate utoipa-rapidoc 2.0.0
[INFO] tweaked toml for crates.io crate utoipa-rapidoc 2.0.0 written to /workspace/builds/worker-6-tc1/source/Cargo.toml
[INFO] running `Command { std: CARGO_HOME="/workspace/cargo-home" RUSTUP_HOME="/workspace/rustup-home" "/workspace/cargo-home/bin/cargo" "+1.75.0" "generate-lockfile" "--manifest-path" "Cargo.toml", kill_on_drop: false }`
[INFO] [stderr]     Updating crates.io index
[INFO] running `Command { std: CARGO_HOME="/workspace/cargo-home" RUSTUP_HOME="/workspace/rustup-home" "/workspace/cargo-home/bin/cargo" "+1.75.0" "fetch" "--manifest-path" "Cargo.toml", kill_on_drop: false }`
[INFO] [stderr]  Downloading crates ...
[INFO] [stderr]   Downloaded utoipa-gen v4.1.0
[INFO] [stderr]   Downloaded axum-core v0.4.2
[INFO] [stderr]   Downloaded utoipa v4.1.0
[INFO] [stderr]   Downloaded hyper-util v0.1.2
[INFO] [stderr]   Downloaded axum v0.7.3
[INFO] [stderr]   Downloaded hyper v1.1.0
[INFO] running `Command { std: "docker" "create" "-v" "/var/lib/crater-agent-workspace/builds/worker-6-tc1/target:/opt/rustwide/target:rw,Z" "-v" "/var/lib/crater-agent-workspace/builds/worker-6-tc1/source:/opt/rustwide/workdir:ro,Z" "-v" "/var/lib/crater-agent-workspace/cargo-home:/opt/rustwide/cargo-home:ro,Z" "-v" "/var/lib/crater-agent-workspace/rustup-home:/opt/rustwide/rustup-home:ro,Z" "-e" "SOURCE_DIR=/opt/rustwide/workdir" "-e" "CARGO_TARGET_DIR=/opt/rustwide/target" "-e" "CARGO_HOME=/opt/rustwide/cargo-home" "-e" "RUSTUP_HOME=/opt/rustwide/rustup-home" "-w" "/opt/rustwide/workdir" "-m" "1610612736" "--user" "0:0" "--network" "none" "ghcr.io/rust-lang/crates-build-env/linux@sha256:2788e3201cd34a07e3172128adcd8b3090168a8e3bcc40d7c032b9dda1df7d1c" "/opt/rustwide/cargo-home/bin/cargo" "+1.75.0" "metadata" "--no-deps" "--format-version=1", kill_on_drop: false }`
[INFO] [stdout] 5b1a08b57ce808e64b32e0d1ad01fea1aa96b6f6465f8d6992379f3dc6b0df30
[INFO] running `Command { std: "docker" "start" "-a" "5b1a08b57ce808e64b32e0d1ad01fea1aa96b6f6465f8d6992379f3dc6b0df30", kill_on_drop: false }`
[INFO] running `Command { std: "docker" "inspect" "5b1a08b57ce808e64b32e0d1ad01fea1aa96b6f6465f8d6992379f3dc6b0df30", kill_on_drop: false }`
[INFO] running `Command { std: "docker" "rm" "-f" "5b1a08b57ce808e64b32e0d1ad01fea1aa96b6f6465f8d6992379f3dc6b0df30", kill_on_drop: false }`
[INFO] [stdout] 5b1a08b57ce808e64b32e0d1ad01fea1aa96b6f6465f8d6992379f3dc6b0df30
[INFO] running `Command { std: "docker" "create" "-v" "/var/lib/crater-agent-workspace/builds/worker-6-tc1/target:/opt/rustwide/target:rw,Z" "-v" "/var/lib/crater-agent-workspace/builds/worker-6-tc1/source:/opt/rustwide/workdir:ro,Z" "-v" "/var/lib/crater-agent-workspace/cargo-home:/opt/rustwide/cargo-home:ro,Z" "-v" "/var/lib/crater-agent-workspace/rustup-home:/opt/rustwide/rustup-home:ro,Z" "-e" "SOURCE_DIR=/opt/rustwide/workdir" "-e" "CARGO_TARGET_DIR=/opt/rustwide/target" "-e" "CARGO_INCREMENTAL=0" "-e" "RUST_BACKTRACE=full" "-e" "RUSTFLAGS=--cap-lints=warn" "-e" "RUSTDOCFLAGS=--cap-lints=warn" "-e" "CARGO_HOME=/opt/rustwide/cargo-home" "-e" "RUSTUP_HOME=/opt/rustwide/rustup-home" "-w" "/opt/rustwide/workdir" "-m" "1610612736" "--user" "0:0" "--network" "none" "ghcr.io/rust-lang/crates-build-env/linux@sha256:2788e3201cd34a07e3172128adcd8b3090168a8e3bcc40d7c032b9dda1df7d1c" "/opt/rustwide/cargo-home/bin/cargo" "+1.75.0" "build" "--frozen" "--message-format=json", kill_on_drop: false }`
[INFO] [stdout] 1468432c6e44ca1fb8eff25d5f361f7ad87ca2b22f3fde15bee0a04886822ded
[INFO] running `Command { std: "docker" "start" "-a" "1468432c6e44ca1fb8eff25d5f361f7ad87ca2b22f3fde15bee0a04886822ded", kill_on_drop: false }`
[INFO] [stderr]    Compiling syn v1.0.109
[INFO] [stderr]    Compiling serde_json v1.0.111
[INFO] [stderr]    Compiling equivalent v1.0.1
[INFO] [stderr]    Compiling proc-macro-error-attr v1.0.4
[INFO] [stderr]    Compiling proc-macro-error v1.0.4
[INFO] [stderr]    Compiling hashbrown v0.14.3
[INFO] [stderr]    Compiling syn v2.0.48
[INFO] [stderr]    Compiling serde_derive v1.0.194
[INFO] [stderr]    Compiling utoipa-gen v4.1.0
[INFO] [stderr]    Compiling serde v1.0.194
[INFO] [stderr]    Compiling indexmap v2.1.0
[INFO] [stderr]    Compiling utoipa v4.1.0
[INFO] [stderr]    Compiling utoipa-rapidoc v2.0.0 (/opt/rustwide/workdir)
[INFO] [stderr]     Finished dev [unoptimized + debuginfo] target(s) in 7.83s
[INFO] running `Command { std: "docker" "inspect" "1468432c6e44ca1fb8eff25d5f361f7ad87ca2b22f3fde15bee0a04886822ded", kill_on_drop: false }`
[INFO] running `Command { std: "docker" "rm" "-f" "1468432c6e44ca1fb8eff25d5f361f7ad87ca2b22f3fde15bee0a04886822ded", kill_on_drop: false }`
[INFO] [stdout] 1468432c6e44ca1fb8eff25d5f361f7ad87ca2b22f3fde15bee0a04886822ded
[INFO] running `Command { std: "docker" "create" "-v" "/var/lib/crater-agent-workspace/builds/worker-6-tc1/target:/opt/rustwide/target:rw,Z" "-v" "/var/lib/crater-agent-workspace/builds/worker-6-tc1/source:/opt/rustwide/workdir:ro,Z" "-v" "/var/lib/crater-agent-workspace/cargo-home:/opt/rustwide/cargo-home:ro,Z" "-v" "/var/lib/crater-agent-workspace/rustup-home:/opt/rustwide/rustup-home:ro,Z" "-e" "SOURCE_DIR=/opt/rustwide/workdir" "-e" "CARGO_TARGET_DIR=/opt/rustwide/target" "-e" "CARGO_INCREMENTAL=0" "-e" "RUST_BACKTRACE=full" "-e" "RUSTFLAGS=--cap-lints=warn" "-e" "RUSTDOCFLAGS=--cap-lints=warn" "-e" "CARGO_HOME=/opt/rustwide/cargo-home" "-e" "RUSTUP_HOME=/opt/rustwide/rustup-home" "-w" "/opt/rustwide/workdir" "-m" "1610612736" "--user" "0:0" "--network" "none" "ghcr.io/rust-lang/crates-build-env/linux@sha256:2788e3201cd34a07e3172128adcd8b3090168a8e3bcc40d7c032b9dda1df7d1c" "/opt/rustwide/cargo-home/bin/cargo" "+1.75.0" "test" "--frozen" "--no-run" "--message-format=json", kill_on_drop: false }`
[INFO] [stdout] 16587b99a7718001c6e6f3f3e9e5ff1c888ed91afb93d4ef4c8eb52afec809a7
[INFO] running `Command { std: "docker" "start" "-a" "16587b99a7718001c6e6f3f3e9e5ff1c888ed91afb93d4ef4c8eb52afec809a7", kill_on_drop: false }`
[INFO] [stderr]    Compiling utoipa-rapidoc v2.0.0 (/opt/rustwide/workdir)
[INFO] [stderr]     Finished test [unoptimized + debuginfo] target(s) in 0.20s
[INFO] running `Command { std: "docker" "inspect" "16587b99a7718001c6e6f3f3e9e5ff1c888ed91afb93d4ef4c8eb52afec809a7", kill_on_drop: false }`
[INFO] running `Command { std: "docker" "rm" "-f" "16587b99a7718001c6e6f3f3e9e5ff1c888ed91afb93d4ef4c8eb52afec809a7", kill_on_drop: false }`
[INFO] [stdout] 16587b99a7718001c6e6f3f3e9e5ff1c888ed91afb93d4ef4c8eb52afec809a7
[INFO] running `Command { std: "docker" "create" "-v" "/var/lib/crater-agent-workspace/builds/worker-6-tc1/target:/opt/rustwide/target:rw,Z" "-v" "/var/lib/crater-agent-workspace/builds/worker-6-tc1/source:/opt/rustwide/workdir:ro,Z" "-v" "/var/lib/crater-agent-workspace/cargo-home:/opt/rustwide/cargo-home:ro,Z" "-v" "/var/lib/crater-agent-workspace/rustup-home:/opt/rustwide/rustup-home:ro,Z" "-e" "SOURCE_DIR=/opt/rustwide/workdir" "-e" "CARGO_TARGET_DIR=/opt/rustwide/target" "-e" "CARGO_INCREMENTAL=0" "-e" "RUST_BACKTRACE=full" "-e" "RUSTFLAGS=--cap-lints=warn" "-e" "RUSTDOCFLAGS=--cap-lints=warn" "-e" "CARGO_HOME=/opt/rustwide/cargo-home" "-e" "RUSTUP_HOME=/opt/rustwide/rustup-home" "-w" "/opt/rustwide/workdir" "-m" "1610612736" "--user" "0:0" "--network" "none" "ghcr.io/rust-lang/crates-build-env/linux@sha256:2788e3201cd34a07e3172128adcd8b3090168a8e3bcc40d7c032b9dda1df7d1c" "/opt/rustwide/cargo-home/bin/cargo" "+1.75.0" "test" "--frozen", kill_on_drop: false }`
[INFO] [stdout] 75dbf55b9dd9433aff4c6ea4b81fd48454df3580bf0a113b648e6166bc0e82b9
[INFO] running `Command { std: "docker" "start" "-a" "75dbf55b9dd9433aff4c6ea4b81fd48454df3580bf0a113b648e6166bc0e82b9", kill_on_drop: false }`
[INFO] [stderr]     Finished test [unoptimized + debuginfo] target(s) in 0.04s
[INFO] [stderr]      Running unittests src/lib.rs (/opt/rustwide/target/debug/deps/utoipa_rapidoc-fc68fe87a52a3dd0)
[INFO] [stdout] 
[INFO] [stdout] running 0 tests
[INFO] [stdout] 
[INFO] [stdout] test result: ok. 0 passed; 0 failed; 0 ignored; 0 measured; 0 filtered out; finished in 0.00s
[INFO] [stdout] 
[INFO] [stderr]    Doc-tests utoipa-rapidoc
[INFO] [stdout] 
[INFO] [stdout] running 6 tests
[INFO] [stdout] test src/lib.rs - (line 114) - compile ... FAILED
[INFO] [stdout] test src/lib.rs - (line 98) - compile ... FAILED
[INFO] [stdout] test src/lib.rs - (line 85) - compile ... FAILED
[INFO] [stdout] test src/lib.rs - RapiDoc<'u,'s,'h>::new (line 164) ... ok
[INFO] [stdout] test src/lib.rs - (line 70) ... ok
[INFO] [stdout] test src/lib.rs - (line 40) ... ok
[INFO] [stdout] 
[INFO] [stdout] failures:
[INFO] [stdout] 
[INFO] [stdout] ---- src/lib.rs - (line 114) stdout ----
[INFO] [stdout] error[E0432]: unresolved import `axum`
[INFO] [stdout]  --> src/lib.rs:116:5
[INFO] [stdout]   |
[INFO] [stdout] 5 | use axum::Router;
[INFO] [stdout]   |     ^^^^ use of undeclared crate or module `axum`
[INFO] [stdout] 
[INFO] [stdout] error[E0599]: no function or associated item named `with_openapi` found for struct `RapiDoc` in the current scope
[INFO] [stdout]    --> src/lib.rs:129:21
[INFO] [stdout]     |
[INFO] [stdout] 18  |     .merge(RapiDoc::with_openapi("/rapidoc", ApiDoc::openapi()));
[INFO] [stdout]     |                     ^^^^^^^^^^^^ function or associated item not found in `RapiDoc<'_, '_, '_>`
[INFO] [stdout]     |
[INFO] [stdout] note: if you're trying to build a new `RapiDoc<'_, '_, '_>`, consider using `RapiDoc::<'u, 's, 'h>::new` which returns `RapiDoc<'u, 's, 'h>`
[INFO] [stdout]    --> /opt/rustwide/workdir/src/lib.rs:168:5
[INFO] [stdout]     |
[INFO] [stdout] 168 |     pub fn new(spec_url: &'s str) -> Self {
[INFO] [stdout]     |     ^^^^^^^^^^^^^^^^^^^^^^^^^^^^^^^^^^^^^
[INFO] [stdout] 
[INFO] [stdout] error: aborting due to 2 previous errors
[INFO] [stdout] 
[INFO] [stdout] Some errors have detailed explanations: E0432, E0599.
[INFO] [stdout] For more information about an error, try `rustc --explain E0432`.
[INFO] [stdout] Couldn't compile the test.
[INFO] [stdout] ---- src/lib.rs - (line 98) stdout ----
[INFO] [stdout] error[E0432]: unresolved import `rocket`
[INFO] [stdout]  --> src/lib.rs:100:5
[INFO] [stdout]   |
[INFO] [stdout] 5 | use rocket;
[INFO] [stdout]   |     ^^^^^^ no external crate `rocket`
[INFO] [stdout] 
[INFO] [stdout] error[E0599]: no function or associated item named `with_openapi` found for struct `RapiDoc` in the current scope
[INFO] [stdout]    --> src/lib.rs:110:18
[INFO] [stdout]     |
[INFO] [stdout] 15  |         RapiDoc::with_openapi("/rapidoc", ApiDoc::openapi()),
[INFO] [stdout]     |                  ^^^^^^^^^^^^ function or associated item not found in `RapiDoc<'_, '_, '_>`
[INFO] [stdout]     |
[INFO] [stdout] note: if you're trying to build a new `RapiDoc<'_, '_, '_>`, consider using `RapiDoc::<'u, 's, 'h>::new` which returns `RapiDoc<'u, 's, 'h>`
[INFO] [stdout]    --> /opt/rustwide/workdir/src/lib.rs:168:5
[INFO] [stdout]     |
[INFO] [stdout] 168 |     pub fn new(spec_url: &'s str) -> Self {
[INFO] [stdout]     |     ^^^^^^^^^^^^^^^^^^^^^^^^^^^^^^^^^^^^^
[INFO] [stdout] 
[INFO] [stdout] error: aborting due to 2 previous errors
[INFO] [stdout] 
[INFO] [stdout] Some errors have detailed explanations: E0432, E0599.
[INFO] [stdout] For more information about an error, try `rustc --explain E0432`.
[INFO] [stdout] Couldn't compile the test.
[INFO] [stdout] ---- src/lib.rs - (line 85) stdout ----
[INFO] [stdout] error[E0432]: unresolved import `actix_web`
[INFO] [stdout]  --> src/lib.rs:87:5
[INFO] [stdout]   |
[INFO] [stdout] 5 | use actix_web::App;
[INFO] [stdout]   |     ^^^^^^^^^ use of undeclared crate or module `actix_web`
[INFO] [stdout] 
[INFO] [stdout] error[E0599]: no function or associated item named `with_openapi` found for struct `RapiDoc` in the current scope
[INFO] [stdout]    --> src/lib.rs:95:29
[INFO] [stdout]     |
[INFO] [stdout] 13  | App::new().service(RapiDoc::with_openapi("/rapidoc", ApiDoc::openapi()));
[INFO] [stdout]     |                             ^^^^^^^^^^^^ function or associated item not found in `RapiDoc<'_, '_, '_>`
[INFO] [stdout]     |
[INFO] [stdout] note: if you're trying to build a new `RapiDoc<'_, '_, '_>`, consider using `RapiDoc::<'u, 's, 'h>::new` which returns `RapiDoc<'u, 's, 'h>`
[INFO] [stdout]    --> /opt/rustwide/workdir/src/lib.rs:168:5
[INFO] [stdout]     |
[INFO] [stdout] 168 |     pub fn new(spec_url: &'s str) -> Self {
[INFO] [stdout]     |     ^^^^^^^^^^^^^^^^^^^^^^^^^^^^^^^^^^^^^
[INFO] [stdout] 
[INFO] [stdout] error: aborting due to 2 previous errors
[INFO] [stdout] 
[INFO] [stdout] Some errors have detailed explanations: E0432, E0599.
[INFO] [stdout] For more information about an error, try `rustc --explain E0432`.
[INFO] [stdout] Couldn't compile the test.
[INFO] [stdout] 
[INFO] [stdout] failures:
[INFO] [stdout]     src/lib.rs - (line 114)
[INFO] [stdout]     src/lib.rs - (line 85)
[INFO] [stdout]     src/lib.rs - (line 98)
[INFO] [stdout] 
[INFO] [stdout] test result: FAILED. 3 passed; 3 failed; 0 ignored; 0 measured; 0 filtered out; finished in 0.16s
[INFO] [stdout] 
[INFO] [stderr] error: doctest failed, to rerun pass `--doc`
[INFO] running `Command { std: "docker" "inspect" "75dbf55b9dd9433aff4c6ea4b81fd48454df3580bf0a113b648e6166bc0e82b9", kill_on_drop: false }`
[INFO] running `Command { std: "docker" "rm" "-f" "75dbf55b9dd9433aff4c6ea4b81fd48454df3580bf0a113b648e6166bc0e82b9", kill_on_drop: false }`
[INFO] [stdout] 75dbf55b9dd9433aff4c6ea4b81fd48454df3580bf0a113b648e6166bc0e82b9
[INFO] testing utoipa-rapidoc-2.0.0 against beta-2023-12-22 for beta-1.76-1
[INFO] extracting crate utoipa-rapidoc 2.0.0 into /workspace/builds/worker-6-tc2/source
[INFO] validating manifest of crates.io crate utoipa-rapidoc 2.0.0 on toolchain beta-2023-12-22
[INFO] running `Command { std: CARGO_HOME="/workspace/cargo-home" RUSTUP_HOME="/workspace/rustup-home" "/workspace/cargo-home/bin/cargo" "+beta-2023-12-22" "metadata" "--manifest-path" "Cargo.toml" "--no-deps", kill_on_drop: false }`
[INFO] started tweaking crates.io crate utoipa-rapidoc 2.0.0
[INFO] finished tweaking crates.io crate utoipa-rapidoc 2.0.0
[INFO] tweaked toml for crates.io crate utoipa-rapidoc 2.0.0 written to /workspace/builds/worker-6-tc2/source/Cargo.toml
[INFO] running `Command { std: CARGO_HOME="/workspace/cargo-home" RUSTUP_HOME="/workspace/rustup-home" "/workspace/cargo-home/bin/cargo" "+beta-2023-12-22" "generate-lockfile" "--manifest-path" "Cargo.toml", kill_on_drop: false }`
[INFO] [stderr]     Updating crates.io index
[INFO] running `Command { std: CARGO_HOME="/workspace/cargo-home" RUSTUP_HOME="/workspace/rustup-home" "/workspace/cargo-home/bin/cargo" "+beta-2023-12-22" "fetch" "--manifest-path" "Cargo.toml", kill_on_drop: false }`
[INFO] [stderr]     Blocking waiting for file lock on package cache
[INFO] [stderr]     Blocking waiting for file lock on package cache
[INFO] running `Command { std: "docker" "create" "-v" "/var/lib/crater-agent-workspace/builds/worker-6-tc2/target:/opt/rustwide/target:rw,Z" "-v" "/var/lib/crater-agent-workspace/builds/worker-6-tc2/source:/opt/rustwide/workdir:ro,Z" "-v" "/var/lib/crater-agent-workspace/cargo-home:/opt/rustwide/cargo-home:ro,Z" "-v" "/var/lib/crater-agent-workspace/rustup-home:/opt/rustwide/rustup-home:ro,Z" "-e" "SOURCE_DIR=/opt/rustwide/workdir" "-e" "CARGO_TARGET_DIR=/opt/rustwide/target" "-e" "CARGO_HOME=/opt/rustwide/cargo-home" "-e" "RUSTUP_HOME=/opt/rustwide/rustup-home" "-w" "/opt/rustwide/workdir" "-m" "1610612736" "--user" "0:0" "--network" "none" "ghcr.io/rust-lang/crates-build-env/linux@sha256:2788e3201cd34a07e3172128adcd8b3090168a8e3bcc40d7c032b9dda1df7d1c" "/opt/rustwide/cargo-home/bin/cargo" "+beta-2023-12-22" "metadata" "--no-deps" "--format-version=1", kill_on_drop: false }`
[INFO] [stdout] 2608530ff4c46b88a91a5471d384de9c3dfc4eda200d551bc3e0b5914f52ce08
[INFO] running `Command { std: "docker" "start" "-a" "2608530ff4c46b88a91a5471d384de9c3dfc4eda200d551bc3e0b5914f52ce08", kill_on_drop: false }`
[INFO] running `Command { std: "docker" "inspect" "2608530ff4c46b88a91a5471d384de9c3dfc4eda200d551bc3e0b5914f52ce08", kill_on_drop: false }`
[INFO] running `Command { std: "docker" "rm" "-f" "2608530ff4c46b88a91a5471d384de9c3dfc4eda200d551bc3e0b5914f52ce08", kill_on_drop: false }`
[INFO] [stdout] 2608530ff4c46b88a91a5471d384de9c3dfc4eda200d551bc3e0b5914f52ce08
[INFO] running `Command { std: "docker" "create" "-v" "/var/lib/crater-agent-workspace/builds/worker-6-tc2/target:/opt/rustwide/target:rw,Z" "-v" "/var/lib/crater-agent-workspace/builds/worker-6-tc2/source:/opt/rustwide/workdir:ro,Z" "-v" "/var/lib/crater-agent-workspace/cargo-home:/opt/rustwide/cargo-home:ro,Z" "-v" "/var/lib/crater-agent-workspace/rustup-home:/opt/rustwide/rustup-home:ro,Z" "-e" "SOURCE_DIR=/opt/rustwide/workdir" "-e" "CARGO_TARGET_DIR=/opt/rustwide/target" "-e" "CARGO_INCREMENTAL=0" "-e" "RUST_BACKTRACE=full" "-e" "RUSTFLAGS=--cap-lints=warn" "-e" "RUSTDOCFLAGS=--cap-lints=warn" "-e" "CARGO_HOME=/opt/rustwide/cargo-home" "-e" "RUSTUP_HOME=/opt/rustwide/rustup-home" "-w" "/opt/rustwide/workdir" "-m" "1610612736" "--user" "0:0" "--network" "none" "ghcr.io/rust-lang/crates-build-env/linux@sha256:2788e3201cd34a07e3172128adcd8b3090168a8e3bcc40d7c032b9dda1df7d1c" "/opt/rustwide/cargo-home/bin/cargo" "+beta-2023-12-22" "build" "--frozen" "--message-format=json", kill_on_drop: false }`
[INFO] [stdout] 98c4c4e4d26f6d16cb9082e8f9440a8c9c73147bb712aeeec4a2348f4d92c6b9
[INFO] running `Command { std: "docker" "start" "-a" "98c4c4e4d26f6d16cb9082e8f9440a8c9c73147bb712aeeec4a2348f4d92c6b9", kill_on_drop: false }`
[INFO] [stderr]    Compiling syn v1.0.109
[INFO] [stderr]    Compiling serde_json v1.0.111
[INFO] [stderr]    Compiling hashbrown v0.14.3
[INFO] [stderr]    Compiling proc-macro-error-attr v1.0.4
[INFO] [stderr]    Compiling proc-macro-error v1.0.4
[INFO] [stderr]    Compiling equivalent v1.0.1
[INFO] [stderr]    Compiling syn v2.0.48
[INFO] [stderr]    Compiling serde_derive v1.0.194
[INFO] [stderr]    Compiling utoipa-gen v4.1.0
[INFO] [stderr]    Compiling serde v1.0.194
[INFO] [stderr]    Compiling indexmap v2.1.0
[INFO] [stderr]    Compiling utoipa v4.1.0
[INFO] [stderr]    Compiling utoipa-rapidoc v2.0.0 (/opt/rustwide/workdir)
[INFO] [stderr]     Finished dev [unoptimized + debuginfo] target(s) in 10.28s
[INFO] running `Command { std: "docker" "inspect" "98c4c4e4d26f6d16cb9082e8f9440a8c9c73147bb712aeeec4a2348f4d92c6b9", kill_on_drop: false }`
[INFO] running `Command { std: "docker" "rm" "-f" "98c4c4e4d26f6d16cb9082e8f9440a8c9c73147bb712aeeec4a2348f4d92c6b9", kill_on_drop: false }`
[INFO] [stdout] 98c4c4e4d26f6d16cb9082e8f9440a8c9c73147bb712aeeec4a2348f4d92c6b9
[INFO] running `Command { std: "docker" "create" "-v" "/var/lib/crater-agent-workspace/builds/worker-6-tc2/target:/opt/rustwide/target:rw,Z" "-v" "/var/lib/crater-agent-workspace/builds/worker-6-tc2/source:/opt/rustwide/workdir:ro,Z" "-v" "/var/lib/crater-agent-workspace/cargo-home:/opt/rustwide/cargo-home:ro,Z" "-v" "/var/lib/crater-agent-workspace/rustup-home:/opt/rustwide/rustup-home:ro,Z" "-e" "SOURCE_DIR=/opt/rustwide/workdir" "-e" "CARGO_TARGET_DIR=/opt/rustwide/target" "-e" "CARGO_INCREMENTAL=0" "-e" "RUST_BACKTRACE=full" "-e" "RUSTFLAGS=--cap-lints=warn" "-e" "RUSTDOCFLAGS=--cap-lints=warn" "-e" "CARGO_HOME=/opt/rustwide/cargo-home" "-e" "RUSTUP_HOME=/opt/rustwide/rustup-home" "-w" "/opt/rustwide/workdir" "-m" "1610612736" "--user" "0:0" "--network" "none" "ghcr.io/rust-lang/crates-build-env/linux@sha256:2788e3201cd34a07e3172128adcd8b3090168a8e3bcc40d7c032b9dda1df7d1c" "/opt/rustwide/cargo-home/bin/cargo" "+beta-2023-12-22" "test" "--frozen" "--no-run" "--message-format=json", kill_on_drop: false }`
[INFO] [stdout] 7669031a9e376c3c4216dc8ce0cb855b0a205ca0db4a7e322a0021a08ed14df2
[INFO] running `Command { std: "docker" "start" "-a" "7669031a9e376c3c4216dc8ce0cb855b0a205ca0db4a7e322a0021a08ed14df2", kill_on_drop: false }`
[INFO] [stderr]    Compiling utoipa-rapidoc v2.0.0 (/opt/rustwide/workdir)
[INFO] [stderr]     Finished test [unoptimized + debuginfo] target(s) in 0.21s
[INFO] running `Command { std: "docker" "inspect" "7669031a9e376c3c4216dc8ce0cb855b0a205ca0db4a7e322a0021a08ed14df2", kill_on_drop: false }`
[INFO] running `Command { std: "docker" "rm" "-f" "7669031a9e376c3c4216dc8ce0cb855b0a205ca0db4a7e322a0021a08ed14df2", kill_on_drop: false }`
[INFO] [stdout] 7669031a9e376c3c4216dc8ce0cb855b0a205ca0db4a7e322a0021a08ed14df2
[INFO] running `Command { std: "docker" "create" "-v" "/var/lib/crater-agent-workspace/builds/worker-6-tc2/target:/opt/rustwide/target:rw,Z" "-v" "/var/lib/crater-agent-workspace/builds/worker-6-tc2/source:/opt/rustwide/workdir:ro,Z" "-v" "/var/lib/crater-agent-workspace/cargo-home:/opt/rustwide/cargo-home:ro,Z" "-v" "/var/lib/crater-agent-workspace/rustup-home:/opt/rustwide/rustup-home:ro,Z" "-e" "SOURCE_DIR=/opt/rustwide/workdir" "-e" "CARGO_TARGET_DIR=/opt/rustwide/target" "-e" "CARGO_INCREMENTAL=0" "-e" "RUST_BACKTRACE=full" "-e" "RUSTFLAGS=--cap-lints=warn" "-e" "RUSTDOCFLAGS=--cap-lints=warn" "-e" "CARGO_HOME=/opt/rustwide/cargo-home" "-e" "RUSTUP_HOME=/opt/rustwide/rustup-home" "-w" "/opt/rustwide/workdir" "-m" "1610612736" "--user" "0:0" "--network" "none" "ghcr.io/rust-lang/crates-build-env/linux@sha256:2788e3201cd34a07e3172128adcd8b3090168a8e3bcc40d7c032b9dda1df7d1c" "/opt/rustwide/cargo-home/bin/cargo" "+beta-2023-12-22" "test" "--frozen", kill_on_drop: false }`
[INFO] [stdout] 5fc2272233975522d7d4cdcb5c67858f7d2b30bf7dc3cd51619c4851005af5f3
[INFO] running `Command { std: "docker" "start" "-a" "5fc2272233975522d7d4cdcb5c67858f7d2b30bf7dc3cd51619c4851005af5f3", kill_on_drop: false }`
[INFO] [stderr]     Finished test [unoptimized + debuginfo] target(s) in 0.06s
[INFO] [stderr]      Running unittests src/lib.rs (/opt/rustwide/target/debug/deps/utoipa_rapidoc-7f7eac9e9e638112)
[INFO] [stdout] 
[INFO] [stdout] running 0 tests
[INFO] [stdout] 
[INFO] [stdout] test result: ok. 0 passed; 0 failed; 0 ignored; 0 measured; 0 filtered out; finished in 0.00s
[INFO] [stdout] 
[INFO] [stderr]    Doc-tests utoipa-rapidoc
[INFO] [stdout] 
[INFO] [stdout] running 6 tests
[INFO] [stdout] test src/lib.rs - (line 98) - compile ... FAILED
[INFO] [stdout] test src/lib.rs - (line 85) - compile ... FAILED
[INFO] [stdout] test src/lib.rs - (line 114) - compile ... FAILED
[INFO] [stdout] test src/lib.rs - (line 70) ... ok
[INFO] [stdout] test src/lib.rs - (line 40) ... ok
[INFO] [stdout] test src/lib.rs - RapiDoc<'u,'s,'h>::new (line 164) ... ok
[INFO] [stdout] 
[INFO] [stdout] failures:
[INFO] [stdout] 
[INFO] [stdout] ---- src/lib.rs - (line 98) stdout ----
[INFO] [stdout] error[E0432]: unresolved import `rocket`
[INFO] [stdout]  --> src/lib.rs:100:5
[INFO] [stdout]   |
[INFO] [stdout] 5 | use rocket;
[INFO] [stdout]   |     ^^^^^^ no external crate `rocket`
[INFO] [stdout] 
[INFO] [stdout] error[E0599]: no function or associated item named `with_openapi` found for struct `RapiDoc` in the current scope
[INFO] [stdout]    --> src/lib.rs:110:18
[INFO] [stdout]     |
[INFO] [stdout] 15  |         RapiDoc::with_openapi("/rapidoc", ApiDoc::openapi()),
[INFO] [stdout]     |                  ^^^^^^^^^^^^ function or associated item not found in `RapiDoc<'_, '_, '_>`
[INFO] [stdout]     |
[INFO] [stdout] note: if you're trying to build a new `RapiDoc<'_, '_, '_>`, consider using `RapiDoc::<'u, 's, 'h>::new` which returns `RapiDoc<'u, 's, 'h>`
[INFO] [stdout]    --> /opt/rustwide/workdir/src/lib.rs:168:5
[INFO] [stdout]     |
[INFO] [stdout] 168 |     pub fn new(spec_url: &'s str) -> Self {
[INFO] [stdout]     |     ^^^^^^^^^^^^^^^^^^^^^^^^^^^^^^^^^^^^^
[INFO] [stdout] 
[INFO] [stdout] error: aborting due to 2 previous errors
[INFO] [stdout] 
[INFO] [stdout] Some errors have detailed explanations: E0432, E0599.
[INFO] [stdout] For more information about an error, try `rustc --explain E0432`.
[INFO] [stdout] Couldn't compile the test.
[INFO] [stdout] ---- src/lib.rs - (line 85) stdout ----
[INFO] [stdout] error[E0432]: unresolved import `actix_web`
[INFO] [stdout]  --> src/lib.rs:87:5
[INFO] [stdout]   |
[INFO] [stdout] 5 | use actix_web::App;
[INFO] [stdout]   |     ^^^^^^^^^ use of undeclared crate or module `actix_web`
[INFO] [stdout] 
[INFO] [stdout] error[E0599]: no function or associated item named `with_openapi` found for struct `RapiDoc` in the current scope
[INFO] [stdout]    --> src/lib.rs:95:29
[INFO] [stdout]     |
[INFO] [stdout] 13  | App::new().service(RapiDoc::with_openapi("/rapidoc", ApiDoc::openapi()));
[INFO] [stdout]     |                             ^^^^^^^^^^^^ function or associated item not found in `RapiDoc<'_, '_, '_>`
[INFO] [stdout]     |
[INFO] [stdout] note: if you're trying to build a new `RapiDoc<'_, '_, '_>`, consider using `RapiDoc::<'u, 's, 'h>::new` which returns `RapiDoc<'u, 's, 'h>`
[INFO] [stdout]    --> /opt/rustwide/workdir/src/lib.rs:168:5
[INFO] [stdout]     |
[INFO] [stdout] 168 |     pub fn new(spec_url: &'s str) -> Self {
[INFO] [stdout]     |     ^^^^^^^^^^^^^^^^^^^^^^^^^^^^^^^^^^^^^
[INFO] [stdout] 
[INFO] [stdout] error: aborting due to 2 previous errors
[INFO] [stdout] 
[INFO] [stdout] Some errors have detailed explanations: E0432, E0599.
[INFO] [stdout] For more information about an error, try `rustc --explain E0432`.
[INFO] [stdout] Couldn't compile the test.
[INFO] [stdout] ---- src/lib.rs - (line 114) stdout ----
[INFO] [stdout] error[E0432]: unresolved import `axum`
[INFO] [stdout]  --> src/lib.rs:116:5
[INFO] [stdout]   |
[INFO] [stdout] 5 | use axum::Router;
[INFO] [stdout]   |     ^^^^ use of undeclared crate or module `axum`
[INFO] [stdout] 
[INFO] [stdout] error[E0599]: no function or associated item named `with_openapi` found for struct `RapiDoc` in the current scope
[INFO] [stdout]    --> src/lib.rs:129:21
[INFO] [stdout]     |
[INFO] [stdout] 18  |     .merge(RapiDoc::with_openapi("/rapidoc", ApiDoc::openapi()));
[INFO] [stdout]     |                     ^^^^^^^^^^^^ function or associated item not found in `RapiDoc<'_, '_, '_>`
[INFO] [stdout]     |
[INFO] [stdout] note: if you're trying to build a new `RapiDoc<'_, '_, '_>`, consider using `RapiDoc::<'u, 's, 'h>::new` which returns `RapiDoc<'u, 's, 'h>`
[INFO] [stdout]    --> /opt/rustwide/workdir/src/lib.rs:168:5
[INFO] [stdout]     |
[INFO] [stdout] 168 |     pub fn new(spec_url: &'s str) -> Self {
[INFO] [stdout]     |     ^^^^^^^^^^^^^^^^^^^^^^^^^^^^^^^^^^^^^
[INFO] [stdout] 
[INFO] [stdout] error: aborting due to 2 previous errors
[INFO] [stdout] 
[INFO] [stdout] Some errors have detailed explanations: E0432, E0599.
[INFO] [stdout] For more information about an error, try `rustc --explain E0432`.
[INFO] [stdout] Couldn't compile the test.
[INFO] [stdout] 
[INFO] [stdout] failures:
[INFO] [stdout]     src/lib.rs - (line 114)
[INFO] [stdout]     src/lib.rs - (line 85)
[INFO] [stdout]     src/lib.rs - (line 98)
[INFO] [stdout] 
[INFO] [stdout] test result: FAILED. 3 passed; 3 failed; 0 ignored; 0 measured; 0 filtered out; finished in 0.21s
[INFO] [stdout] 
[INFO] [stderr] error: doctest failed, to rerun pass `--doc`
[INFO] running `Command { std: "docker" "inspect" "5fc2272233975522d7d4cdcb5c67858f7d2b30bf7dc3cd51619c4851005af5f3", kill_on_drop: false }`
[INFO] running `Command { std: "docker" "rm" "-f" "5fc2272233975522d7d4cdcb5c67858f7d2b30bf7dc3cd51619c4851005af5f3", kill_on_drop: false }`
[INFO] [stdout] 5fc2272233975522d7d4cdcb5c67858f7d2b30bf7dc3cd51619c4851005af5f3
