[INFO] fetching crate utfx 0.1.0...
[INFO] testing utfx-0.1.0 against 1.75.0 for beta-1.76-1
[INFO] extracting crate utfx 0.1.0 into /workspace/builds/worker-5-tc1/source
[INFO] validating manifest of crates.io crate utfx 0.1.0 on toolchain 1.75.0
[INFO] running `Command { std: CARGO_HOME="/workspace/cargo-home" RUSTUP_HOME="/workspace/rustup-home" "/workspace/cargo-home/bin/cargo" "+1.75.0" "metadata" "--manifest-path" "Cargo.toml" "--no-deps", kill_on_drop: false }`
[INFO] started tweaking crates.io crate utfx 0.1.0
[INFO] finished tweaking crates.io crate utfx 0.1.0
[INFO] tweaked toml for crates.io crate utfx 0.1.0 written to /workspace/builds/worker-5-tc1/source/Cargo.toml
[INFO] running `Command { std: CARGO_HOME="/workspace/cargo-home" RUSTUP_HOME="/workspace/rustup-home" "/workspace/cargo-home/bin/cargo" "+1.75.0" "generate-lockfile" "--manifest-path" "Cargo.toml", kill_on_drop: false }`
[INFO] [stderr]     Updating crates.io index
[INFO] running `Command { std: CARGO_HOME="/workspace/cargo-home" RUSTUP_HOME="/workspace/rustup-home" "/workspace/cargo-home/bin/cargo" "+1.75.0" "fetch" "--manifest-path" "Cargo.toml", kill_on_drop: false }`
[INFO] running `Command { std: "docker" "create" "-v" "/var/lib/crater-agent-workspace/builds/worker-5-tc1/target:/opt/rustwide/target:rw,Z" "-v" "/var/lib/crater-agent-workspace/builds/worker-5-tc1/source:/opt/rustwide/workdir:ro,Z" "-v" "/var/lib/crater-agent-workspace/cargo-home:/opt/rustwide/cargo-home:ro,Z" "-v" "/var/lib/crater-agent-workspace/rustup-home:/opt/rustwide/rustup-home:ro,Z" "-e" "SOURCE_DIR=/opt/rustwide/workdir" "-e" "CARGO_TARGET_DIR=/opt/rustwide/target" "-e" "CARGO_HOME=/opt/rustwide/cargo-home" "-e" "RUSTUP_HOME=/opt/rustwide/rustup-home" "-w" "/opt/rustwide/workdir" "-m" "1610612736" "--user" "0:0" "--network" "none" "ghcr.io/rust-lang/crates-build-env/linux@sha256:2788e3201cd34a07e3172128adcd8b3090168a8e3bcc40d7c032b9dda1df7d1c" "/opt/rustwide/cargo-home/bin/cargo" "+1.75.0" "metadata" "--no-deps" "--format-version=1", kill_on_drop: false }`
[INFO] [stdout] f01461f9f7b703984633e0f039b3eed039829249e0f7ec5ee0318891d41191d3
[INFO] running `Command { std: "docker" "start" "-a" "f01461f9f7b703984633e0f039b3eed039829249e0f7ec5ee0318891d41191d3", kill_on_drop: false }`
[INFO] running `Command { std: "docker" "inspect" "f01461f9f7b703984633e0f039b3eed039829249e0f7ec5ee0318891d41191d3", kill_on_drop: false }`
[INFO] running `Command { std: "docker" "rm" "-f" "f01461f9f7b703984633e0f039b3eed039829249e0f7ec5ee0318891d41191d3", kill_on_drop: false }`
[INFO] [stdout] f01461f9f7b703984633e0f039b3eed039829249e0f7ec5ee0318891d41191d3
[INFO] running `Command { std: "docker" "create" "-v" "/var/lib/crater-agent-workspace/builds/worker-5-tc1/target:/opt/rustwide/target:rw,Z" "-v" "/var/lib/crater-agent-workspace/builds/worker-5-tc1/source:/opt/rustwide/workdir:ro,Z" "-v" "/var/lib/crater-agent-workspace/cargo-home:/opt/rustwide/cargo-home:ro,Z" "-v" "/var/lib/crater-agent-workspace/rustup-home:/opt/rustwide/rustup-home:ro,Z" "-e" "SOURCE_DIR=/opt/rustwide/workdir" "-e" "CARGO_TARGET_DIR=/opt/rustwide/target" "-e" "CARGO_INCREMENTAL=0" "-e" "RUST_BACKTRACE=full" "-e" "RUSTFLAGS=--cap-lints=warn" "-e" "RUSTDOCFLAGS=--cap-lints=warn" "-e" "CARGO_HOME=/opt/rustwide/cargo-home" "-e" "RUSTUP_HOME=/opt/rustwide/rustup-home" "-w" "/opt/rustwide/workdir" "-m" "1610612736" "--user" "0:0" "--network" "none" "ghcr.io/rust-lang/crates-build-env/linux@sha256:2788e3201cd34a07e3172128adcd8b3090168a8e3bcc40d7c032b9dda1df7d1c" "/opt/rustwide/cargo-home/bin/cargo" "+1.75.0" "build" "--frozen" "--message-format=json", kill_on_drop: false }`
[INFO] [stdout] 8b8462980044e0d28ad120b0e4e3e3dbe9d2ac0a8b07bf1e8c4dc6f909160600
[INFO] running `Command { std: "docker" "start" "-a" "8b8462980044e0d28ad120b0e4e3e3dbe9d2ac0a8b07bf1e8c4dc6f909160600", kill_on_drop: false }`
[INFO] [stderr]    Compiling utfx v0.1.0 (/opt/rustwide/workdir)
[INFO] [stderr]     Finished dev [unoptimized + debuginfo] target(s) in 0.31s
[INFO] running `Command { std: "docker" "inspect" "8b8462980044e0d28ad120b0e4e3e3dbe9d2ac0a8b07bf1e8c4dc6f909160600", kill_on_drop: false }`
[INFO] running `Command { std: "docker" "rm" "-f" "8b8462980044e0d28ad120b0e4e3e3dbe9d2ac0a8b07bf1e8c4dc6f909160600", kill_on_drop: false }`
[INFO] [stdout] 8b8462980044e0d28ad120b0e4e3e3dbe9d2ac0a8b07bf1e8c4dc6f909160600
[INFO] running `Command { std: "docker" "create" "-v" "/var/lib/crater-agent-workspace/builds/worker-5-tc1/target:/opt/rustwide/target:rw,Z" "-v" "/var/lib/crater-agent-workspace/builds/worker-5-tc1/source:/opt/rustwide/workdir:ro,Z" "-v" "/var/lib/crater-agent-workspace/cargo-home:/opt/rustwide/cargo-home:ro,Z" "-v" "/var/lib/crater-agent-workspace/rustup-home:/opt/rustwide/rustup-home:ro,Z" "-e" "SOURCE_DIR=/opt/rustwide/workdir" "-e" "CARGO_TARGET_DIR=/opt/rustwide/target" "-e" "CARGO_INCREMENTAL=0" "-e" "RUST_BACKTRACE=full" "-e" "RUSTFLAGS=--cap-lints=warn" "-e" "RUSTDOCFLAGS=--cap-lints=warn" "-e" "CARGO_HOME=/opt/rustwide/cargo-home" "-e" "RUSTUP_HOME=/opt/rustwide/rustup-home" "-w" "/opt/rustwide/workdir" "-m" "1610612736" "--user" "0:0" "--network" "none" "ghcr.io/rust-lang/crates-build-env/linux@sha256:2788e3201cd34a07e3172128adcd8b3090168a8e3bcc40d7c032b9dda1df7d1c" "/opt/rustwide/cargo-home/bin/cargo" "+1.75.0" "test" "--frozen" "--no-run" "--message-format=json", kill_on_drop: false }`
[INFO] [stdout] 8b2467546e9cbd5a7fa8c613105fd57d1294bf5ee55018e4474231a85115d12d
[INFO] running `Command { std: "docker" "start" "-a" "8b2467546e9cbd5a7fa8c613105fd57d1294bf5ee55018e4474231a85115d12d", kill_on_drop: false }`
[INFO] [stderr]    Compiling winapi v0.3.9
[INFO] [stderr]    Compiling utfx v0.1.0 (/opt/rustwide/workdir)
[INFO] [stderr]     Finished test [unoptimized + debuginfo] target(s) in 0.57s
[INFO] running `Command { std: "docker" "inspect" "8b2467546e9cbd5a7fa8c613105fd57d1294bf5ee55018e4474231a85115d12d", kill_on_drop: false }`
[INFO] running `Command { std: "docker" "rm" "-f" "8b2467546e9cbd5a7fa8c613105fd57d1294bf5ee55018e4474231a85115d12d", kill_on_drop: false }`
[INFO] [stdout] 8b2467546e9cbd5a7fa8c613105fd57d1294bf5ee55018e4474231a85115d12d
[INFO] running `Command { std: "docker" "create" "-v" "/var/lib/crater-agent-workspace/builds/worker-5-tc1/target:/opt/rustwide/target:rw,Z" "-v" "/var/lib/crater-agent-workspace/builds/worker-5-tc1/source:/opt/rustwide/workdir:ro,Z" "-v" "/var/lib/crater-agent-workspace/cargo-home:/opt/rustwide/cargo-home:ro,Z" "-v" "/var/lib/crater-agent-workspace/rustup-home:/opt/rustwide/rustup-home:ro,Z" "-e" "SOURCE_DIR=/opt/rustwide/workdir" "-e" "CARGO_TARGET_DIR=/opt/rustwide/target" "-e" "CARGO_INCREMENTAL=0" "-e" "RUST_BACKTRACE=full" "-e" "RUSTFLAGS=--cap-lints=warn" "-e" "RUSTDOCFLAGS=--cap-lints=warn" "-e" "CARGO_HOME=/opt/rustwide/cargo-home" "-e" "RUSTUP_HOME=/opt/rustwide/rustup-home" "-w" "/opt/rustwide/workdir" "-m" "1610612736" "--user" "0:0" "--network" "none" "ghcr.io/rust-lang/crates-build-env/linux@sha256:2788e3201cd34a07e3172128adcd8b3090168a8e3bcc40d7c032b9dda1df7d1c" "/opt/rustwide/cargo-home/bin/cargo" "+1.75.0" "test" "--frozen", kill_on_drop: false }`
[INFO] [stdout] b49b1a635b288aeab005e20642e7ed49f8438973a6b66867ac041c05b1dc14de
[INFO] running `Command { std: "docker" "start" "-a" "b49b1a635b288aeab005e20642e7ed49f8438973a6b66867ac041c05b1dc14de", kill_on_drop: false }`
[INFO] [stderr]     Finished test [unoptimized + debuginfo] target(s) in 0.00s
[INFO] [stderr]      Running unittests src/lib.rs (/opt/rustwide/target/debug/deps/utfx-34d80d79e5aa045f)
[INFO] [stdout] 
[INFO] [stdout] running 0 tests
[INFO] [stdout] 
[INFO] [stdout] test result: ok. 0 passed; 0 failed; 0 ignored; 0 measured; 0 filtered out; finished in 0.00s
[INFO] [stdout] 
[INFO] [stderr]    Doc-tests utfx
[INFO] [stdout] 
[INFO] [stdout] running 83 tests
[INFO] [stdout] test src/ucstr.rs - ucstr::UCStr<C>::into_ucstring (line 260) ... FAILED
[INFO] [stdout] test src/ucstr.rs - ucstr::UCStr<C>::into_ucstring (line 269) ... FAILED
[INFO] [stdout] test src/ucstr.rs - ucstr::UCStr<u16>::to_string (line 325) ... FAILED
[INFO] [stdout] test src/ucstr.rs - ucstr::UCStr<u16>::to_os_string (line 301) ... FAILED
[INFO] [stdout] test src/lib.rs - (line 140) ... FAILED
[INFO] [stdout] test src/ucstr.rs - ucstr::UCStr<C>::to_ustring (line 194) ... FAILED
[INFO] [stdout] test src/ucstr.rs - ucstr::UCStr<C>::to_ustring (line 208) ... FAILED
[INFO] [stdout] test src/lib.rs - (line 96) ... FAILED
[INFO] [stdout] test src/ucstr.rs - ucstr::UCStr<u16>::to_string_lossy (line 346) ... FAILED
[INFO] [stdout] test src/ucstr.rs - ucstr::UCStr<u32>::to_string (line 478) ... FAILED
[INFO] [stdout] test src/ucstr.rs - ucstr::UCStr<u32>::to_string_lossy (line 499) ... FAILED
[INFO] [stdout] test src/ucstring.rs - ucstring::UCString (line 40) ... FAILED
[INFO] [stdout] test src/ucstring.rs - ucstring::U32CString (line 1591) ... FAILED
[INFO] [stdout] test src/ucstring.rs - ucstring::UCString (line 52) ... FAILED
[INFO] [stdout] test src/ucstring.rs - ucstring::U16CString (line 1565) ... FAILED
[INFO] [stdout] test src/ucstr.rs - ucstr::UCStr<u32>::to_os_string (line 454) ... FAILED
[INFO] [stdout] test src/ucstring.rs - ucstring::UCString<C>::from_vec_with_nul (line 144) ... FAILED
[INFO] [stdout] test src/ucstring.rs - ucstring::UCString<C>::from_vec_with_nul (line 164) ... FAILED
[INFO] [stdout] test src/ucstring.rs - ucstring::UCString<C>::from_vec_with_nul (line 153) ... FAILED
[INFO] [stdout] test src/ucstring.rs - ucstring::UCString<C>::into_boxed_ucstr (line 375) ... FAILED
[INFO] [stdout] test src/ucstring.rs - ucstring::UCString<C>::from_vec_with_nul (line 172) ... FAILED
[INFO] [stdout] test src/ucstring.rs - ucstring::UCString<C>::new (line 115) ... FAILED
[INFO] [stdout] test src/ucstring.rs - ucstring::UCString<C>::into_boxed_ucstr (line 365) ... FAILED
[INFO] [stdout] test src/ucstring.rs - ucstring::UCString<C>::new (line 106) ... FAILED
[INFO] [stdout] test src/ucstring.rs - ucstring::UCString<C>::new (line 95) ... FAILED
[INFO] [stdout] test src/ucstring.rs - ucstring::UCString<u16>::from_os_str (line 652) ... FAILED
[INFO] [stdout] test src/ucstring.rs - ucstring::UCString<u16>::from_os_str (line 642) ... FAILED
[INFO] [stdout] test src/ucstring.rs - ucstring::UCString<C>::new (line 86) ... FAILED
[INFO] [stdout] test src/ucstring.rs - ucstring::UCString<u16>::from_os_str_with_nul_unchecked (line 738) ... FAILED
[INFO] [stdout] test src/ucstring.rs - ucstring::UCString<u16>::from_os_str_with_nul (line 702) ... FAILED
[INFO] [stdout] test src/ucstring.rs - ucstring::UCString<u16>::from_os_str_unchecked (line 677) ... FAILED
[INFO] [stdout] test src/ucstring.rs - ucstring::UCString<u16>::from_os_str_with_nul (line 712) ... FAILED
[INFO] [stdout] test src/ucstring.rs - ucstring::UCString<u16>::from_str_with_nul (line 477) ... FAILED
[INFO] [stdout] test src/ucstring.rs - ucstring::UCString<u16>::from_str (line 430) ... FAILED
[INFO] [stdout] test src/ucstring.rs - ucstring::UCString<u16>::from_str (line 420) ... FAILED
[INFO] [stdout] test src/ucstring.rs - ucstring::UCString<u16>::from_str_unchecked (line 454) ... FAILED
[INFO] [stdout] test src/ucstring.rs - ucstring::UCString<u16>::from_str_with_nul_unchecked (line 510) ... FAILED
[INFO] [stdout] test src/ucstring.rs - ucstring::UCString<u16>::from_str_with_nul (line 487) ... FAILED
[INFO] [stdout] test src/ucstring.rs - ucstring::UCString<u32>::from_chars (line 773) ... FAILED
[INFO] [stdout] test src/ucstring.rs - ucstring::UCString<u32>::from_chars_with_nul (line 819) ... FAILED
[INFO] [stdout] test src/ucstring.rs - ucstring::UCString<u32>::from_chars_with_nul (line 808) ... FAILED
[INFO] [stdout] test src/ucstring.rs - ucstring::UCString<u32>::from_os_str (line 1181) ... FAILED
[INFO] [stdout] test src/ucstring.rs - ucstring::UCString<u32>::from_chars (line 784) ... FAILED
[INFO] [stdout] test src/ucstring.rs - ucstring::UCString<u32>::from_os_str_unchecked (line 1216) ... FAILED
[INFO] [stdout] test src/ucstring.rs - ucstring::UCString<u32>::from_os_str (line 1191) ... FAILED
[INFO] [stdout] test src/ucstring.rs - ucstring::UCString<u32>::from_os_str_with_nul (line 1241) ... FAILED
[INFO] [stdout] test src/ucstring.rs - ucstring::UCString<u32>::from_os_str_with_nul (line 1251) ... FAILED
[INFO] [stdout] test src/ucstring.rs - ucstring::UCString<u32>::from_str (line 870) ... FAILED
[INFO] [stdout] test src/ucstring.rs - ucstring::UCString<u32>::from_os_str_with_nul_unchecked (line 1277) ... FAILED
[INFO] [stdout] test src/ucstring.rs - ucstring::UCString<u32>::from_str_unchecked (line 904) ... FAILED
[INFO] [stdout] test src/ucstring.rs - ucstring::UCString<u32>::from_str (line 880) ... FAILED
[INFO] [stdout] test src/ucstring.rs - ucstring::UCString<u32>::from_str_with_nul (line 937) ... FAILED
[INFO] [stdout] test src/ustr.rs - ustr::UStr<u16>::to_os_string (line 143) ... FAILED
[INFO] [stdout] test src/ucstring.rs - ucstring::UCString<u32>::from_str_with_nul_unchecked (line 960) ... FAILED
[INFO] [stdout] test src/ucstring.rs - ucstring::UCString<u32>::from_str_with_nul (line 927) ... FAILED
[INFO] [stdout] test src/ustr.rs - ustr::UStr<u16>::to_string_lossy (line 188) ... FAILED
[INFO] [stdout] test src/ustr.rs - ustr::UStr<u32>::to_os_string (line 243) ... FAILED
[INFO] [stdout] test src/ustr.rs - ustr::UStr<u16>::to_string (line 167) ... FAILED
[INFO] [stdout] test src/ustr.rs - ustr::UStr<u32>::to_string (line 267) ... FAILED
[INFO] [stdout] test src/ustr.rs - ustr::UStr<u32>::to_string_lossy (line 300) ... FAILED
[INFO] [stdout] test src/ustring.rs - ustring::U32String (line 805) ... FAILED
[INFO] [stdout] test src/ustring.rs - ustring::UString (line 43) ... FAILED
[INFO] [stdout] test src/ustring.rs - ustring::U16String (line 777) ... FAILED
[INFO] [stdout] test src/ustring.rs - ustring::UString<C>::from_vec (line 83) ... FAILED
[INFO] [stdout] test src/ustring.rs - ustring::UString (line 55) ... FAILED
[INFO] [stdout] test src/ustring.rs - ustring::UString<C>::into_boxed_ustr (line 271) ... FAILED
[INFO] [stdout] test src/ustring.rs - ustring::UString<C>::push (line 179) ... FAILED
[INFO] [stdout] test src/ustring.rs - ustring::UString<C>::from_vec (line 92) ... FAILED
[INFO] [stdout] test src/ustring.rs - ustring::UString<C>::push (line 190) ... FAILED
[INFO] [stdout] test src/ustring.rs - ustring::UString<C>::into_boxed_ustr (line 279) ... FAILED
[INFO] [stdout] test src/ustring.rs - ustring::UString<C>::push_slice (line 211) ... FAILED
[INFO] [stdout] test src/ustring.rs - ustring::UString<C>::push_slice (line 222) ... FAILED
[INFO] [stdout] test src/ustring.rs - ustring::UString<C>::shrink_to_fit (line 240) ... FAILED
[INFO] [stdout] test src/ustring.rs - ustring::UString<C>::shrink_to_fit (line 252) ... FAILED
[INFO] [stdout] test src/ustring.rs - ustring::UString<u16>::from_os_str (line 330) ... FAILED
[INFO] [stdout] test src/ustring.rs - ustring::UString<u16>::from_str (line 308) ... FAILED
[INFO] [stdout] test src/ustring.rs - ustring::UString<u16>::push_str (line 352) ... FAILED
[INFO] [stdout] test src/ustring.rs - ustring::UString<u32>::from_chars (line 402) ... FAILED
[INFO] [stdout] test src/ustring.rs - ustring::UString<u16>::push_os_str (line 372) ... FAILED
[INFO] [stdout] test src/ustring.rs - ustring::UString<u32>::from_os_str (line 444) ... FAILED
[INFO] [stdout] test src/ustring.rs - ustring::UString<u32>::from_str (line 423) ... FAILED
[INFO] [stdout] test src/ustring.rs - ustring::UString<u32>::push_str (line 481) ... FAILED
[INFO] [stdout] test src/ustring.rs - ustring::UString<u32>::push_os_str (line 501) ... FAILED
[INFO] [stdout] 
[INFO] [stdout] failures:
[INFO] [stdout] 
[INFO] [stdout] ---- src/ucstr.rs - ucstr::UCStr<C>::into_ucstring (line 260) stdout ----
[INFO] [stdout] error[E0432]: unresolved import `widestring`
[INFO] [stdout]  --> src/ucstr.rs:261:5
[INFO] [stdout]   |
[INFO] [stdout] 3 | use widestring::U16CString;
[INFO] [stdout]   |     ^^^^^^^^^^ use of undeclared crate or module `widestring`
[INFO] [stdout] 
[INFO] [stdout] error: aborting due to previous error
[INFO] [stdout] 
[INFO] [stdout] For more information about this error, try `rustc --explain E0432`.
[INFO] [stdout] Couldn't compile the test.
[INFO] [stdout] ---- src/ucstr.rs - ucstr::UCStr<C>::into_ucstring (line 269) stdout ----
[INFO] [stdout] error[E0432]: unresolved import `widestring`
[INFO] [stdout]  --> src/ucstr.rs:270:5
[INFO] [stdout]   |
[INFO] [stdout] 3 | use widestring::U32CString;
[INFO] [stdout]   |     ^^^^^^^^^^ use of undeclared crate or module `widestring`
[INFO] [stdout] 
[INFO] [stdout] error: aborting due to previous error
[INFO] [stdout] 
[INFO] [stdout] For more information about this error, try `rustc --explain E0432`.
[INFO] [stdout] Couldn't compile the test.
[INFO] [stdout] ---- src/ucstr.rs - ucstr::UCStr<u16>::to_string (line 325) stdout ----
[INFO] [stdout] error[E0432]: unresolved import `widestring`
[INFO] [stdout]  --> src/ucstr.rs:326:5
[INFO] [stdout]   |
[INFO] [stdout] 3 | use widestring::U16CString;
[INFO] [stdout]   |     ^^^^^^^^^^ use of undeclared crate or module `widestring`
[INFO] [stdout] 
[INFO] [stdout] error: aborting due to previous error
[INFO] [stdout] 
[INFO] [stdout] For more information about this error, try `rustc --explain E0432`.
[INFO] [stdout] Couldn't compile the test.
[INFO] [stdout] ---- src/ucstr.rs - ucstr::UCStr<u16>::to_os_string (line 301) stdout ----
[INFO] [stdout] error[E0432]: unresolved import `widestring`
[INFO] [stdout]  --> src/ucstr.rs:302:5
[INFO] [stdout]   |
[INFO] [stdout] 3 | use widestring::U16CString;
[INFO] [stdout]   |     ^^^^^^^^^^ use of undeclared crate or module `widestring`
[INFO] [stdout] 
[INFO] [stdout] error: aborting due to previous error
[INFO] [stdout] 
[INFO] [stdout] For more information about this error, try `rustc --explain E0432`.
[INFO] [stdout] Couldn't compile the test.
[INFO] [stdout] ---- src/lib.rs - (line 140) stdout ----
[INFO] [stdout] error[E0463]: can't find crate for `widestring`
[INFO] [stdout]  --> src/lib.rs:144:1
[INFO] [stdout]   |
[INFO] [stdout] 5 | extern crate widestring;
[INFO] [stdout]   | ^^^^^^^^^^^^^^^^^^^^^^^^ can't find crate
[INFO] [stdout] 
[INFO] [stdout] error: aborting due to previous error
[INFO] [stdout] 
[INFO] [stdout] For more information about this error, try `rustc --explain E0463`.
[INFO] [stdout] Couldn't compile the test.
[INFO] [stdout] ---- src/ucstr.rs - ucstr::UCStr<C>::to_ustring (line 194) stdout ----
[INFO] [stdout] error[E0432]: unresolved import `widestring`
[INFO] [stdout]  --> src/ucstr.rs:195:5
[INFO] [stdout]   |
[INFO] [stdout] 3 | use widestring::U16CString;
[INFO] [stdout]   |     ^^^^^^^^^^ use of undeclared crate or module `widestring`
[INFO] [stdout] 
[INFO] [stdout] error: aborting due to previous error
[INFO] [stdout] 
[INFO] [stdout] For more information about this error, try `rustc --explain E0432`.
[INFO] [stdout] Couldn't compile the test.
[INFO] [stdout] ---- src/ucstr.rs - ucstr::UCStr<C>::to_ustring (line 208) stdout ----
[INFO] [stdout] error[E0432]: unresolved import `widestring`
[INFO] [stdout]  --> src/ucstr.rs:209:5
[INFO] [stdout]   |
[INFO] [stdout] 3 | use widestring::U32CString;
[INFO] [stdout]   |     ^^^^^^^^^^ use of undeclared crate or module `widestring`
[INFO] [stdout] 
[INFO] [stdout] error: aborting due to previous error
[INFO] [stdout] 
[INFO] [stdout] For more information about this error, try `rustc --explain E0432`.
[INFO] [stdout] Couldn't compile the test.
[INFO] [stdout] ---- src/lib.rs - (line 96) stdout ----
[INFO] [stdout] error[E0463]: can't find crate for `widestring`
[INFO] [stdout]  --> src/lib.rs:100:1
[INFO] [stdout]   |
[INFO] [stdout] 5 | extern crate widestring;
[INFO] [stdout]   | ^^^^^^^^^^^^^^^^^^^^^^^^ can't find crate
[INFO] [stdout] 
[INFO] [stdout] error: aborting due to previous error
[INFO] [stdout] 
[INFO] [stdout] For more information about this error, try `rustc --explain E0463`.
[INFO] [stdout] Couldn't compile the test.
[INFO] [stdout] ---- src/ucstr.rs - ucstr::UCStr<u16>::to_string_lossy (line 346) stdout ----
[INFO] [stdout] error[E0432]: unresolved import `widestring`
[INFO] [stdout]  --> src/ucstr.rs:347:5
[INFO] [stdout]   |
[INFO] [stdout] 3 | use widestring::U16CString;
[INFO] [stdout]   |     ^^^^^^^^^^ use of undeclared crate or module `widestring`
[INFO] [stdout] 
[INFO] [stdout] error: aborting due to previous error
[INFO] [stdout] 
[INFO] [stdout] For more information about this error, try `rustc --explain E0432`.
[INFO] [stdout] Couldn't compile the test.
[INFO] [stdout] ---- src/ucstr.rs - ucstr::UCStr<u32>::to_string (line 478) stdout ----
[INFO] [stdout] error[E0432]: unresolved import `widestring`
[INFO] [stdout]  --> src/ucstr.rs:479:5
[INFO] [stdout]   |
[INFO] [stdout] 3 | use widestring::U32CString;
[INFO] [stdout]   |     ^^^^^^^^^^ use of undeclared crate or module `widestring`
[INFO] [stdout] 
[INFO] [stdout] error: aborting due to previous error
[INFO] [stdout] 
[INFO] [stdout] For more information about this error, try `rustc --explain E0432`.
[INFO] [stdout] Couldn't compile the test.
[INFO] [stdout] ---- src/ucstr.rs - ucstr::UCStr<u32>::to_string_lossy (line 499) stdout ----
[INFO] [stdout] error[E0432]: unresolved import `widestring`
[INFO] [stdout]  --> src/ucstr.rs:500:5
[INFO] [stdout]   |
[INFO] [stdout] 3 | use widestring::U32CString;
[INFO] [stdout]   |     ^^^^^^^^^^ use of undeclared crate or module `widestring`
[INFO] [stdout] 
[INFO] [stdout] error: aborting due to previous error
[INFO] [stdout] 
[INFO] [stdout] For more information about this error, try `rustc --explain E0432`.
[INFO] [stdout] Couldn't compile the test.
[INFO] [stdout] ---- src/ucstring.rs - ucstring::UCString (line 40) stdout ----
[INFO] [stdout] error[E0432]: unresolved import `widestring`
[INFO] [stdout]  --> src/ucstring.rs:41:5
[INFO] [stdout]   |
[INFO] [stdout] 3 | use widestring::U16CString;
[INFO] [stdout]   |     ^^^^^^^^^^ use of undeclared crate or module `widestring`
[INFO] [stdout] 
[INFO] [stdout] error: aborting due to previous error
[INFO] [stdout] 
[INFO] [stdout] For more information about this error, try `rustc --explain E0432`.
[INFO] [stdout] Couldn't compile the test.
[INFO] [stdout] ---- src/ucstring.rs - ucstring::U32CString (line 1591) stdout ----
[INFO] [stdout] error[E0432]: unresolved import `widestring`
[INFO] [stdout]  --> src/ucstring.rs:1592:5
[INFO] [stdout]   |
[INFO] [stdout] 3 | use widestring::U32CString;
[INFO] [stdout]   |     ^^^^^^^^^^ use of undeclared crate or module `widestring`
[INFO] [stdout] 
[INFO] [stdout] error: aborting due to previous error
[INFO] [stdout] 
[INFO] [stdout] For more information about this error, try `rustc --explain E0432`.
[INFO] [stdout] Couldn't compile the test.
[INFO] [stdout] ---- src/ucstring.rs - ucstring::UCString (line 52) stdout ----
[INFO] [stdout] error[E0432]: unresolved import `widestring`
[INFO] [stdout]  --> src/ucstring.rs:53:5
[INFO] [stdout]   |
[INFO] [stdout] 3 | use widestring::U32CString;
[INFO] [stdout]   |     ^^^^^^^^^^ use of undeclared crate or module `widestring`
[INFO] [stdout] 
[INFO] [stdout] error: aborting due to previous error
[INFO] [stdout] 
[INFO] [stdout] For more information about this error, try `rustc --explain E0432`.
[INFO] [stdout] Couldn't compile the test.
[INFO] [stdout] ---- src/ucstring.rs - ucstring::U16CString (line 1565) stdout ----
[INFO] [stdout] error[E0432]: unresolved import `widestring`
[INFO] [stdout]  --> src/ucstring.rs:1566:5
[INFO] [stdout]   |
[INFO] [stdout] 3 | use widestring::U16CString;
[INFO] [stdout]   |     ^^^^^^^^^^ use of undeclared crate or module `widestring`
[INFO] [stdout] 
[INFO] [stdout] error: aborting due to previous error
[INFO] [stdout] 
[INFO] [stdout] For more information about this error, try `rustc --explain E0432`.
[INFO] [stdout] Couldn't compile the test.
[INFO] [stdout] ---- src/ucstr.rs - ucstr::UCStr<u32>::to_os_string (line 454) stdout ----
[INFO] [stdout] error[E0432]: unresolved import `widestring`
[INFO] [stdout]  --> src/ucstr.rs:455:5
[INFO] [stdout]   |
[INFO] [stdout] 3 | use widestring::U32CString;
[INFO] [stdout]   |     ^^^^^^^^^^ use of undeclared crate or module `widestring`
[INFO] [stdout] 
[INFO] [stdout] error: aborting due to previous error
[INFO] [stdout] 
[INFO] [stdout] For more information about this error, try `rustc --explain E0432`.
[INFO] [stdout] Couldn't compile the test.
[INFO] [stdout] ---- src/ucstring.rs - ucstring::UCString<C>::from_vec_with_nul (line 144) stdout ----
[INFO] [stdout] error[E0432]: unresolved import `widestring`
[INFO] [stdout]  --> src/ucstring.rs:145:5
[INFO] [stdout]   |
[INFO] [stdout] 3 | use widestring::U16CString;
[INFO] [stdout]   |     ^^^^^^^^^^ use of undeclared crate or module `widestring`
[INFO] [stdout] 
[INFO] [stdout] error: aborting due to previous error
[INFO] [stdout] 
[INFO] [stdout] For more information about this error, try `rustc --explain E0432`.
[INFO] [stdout] Couldn't compile the test.
[INFO] [stdout] ---- src/ucstring.rs - ucstring::UCString<C>::from_vec_with_nul (line 164) stdout ----
[INFO] [stdout] error[E0432]: unresolved import `widestring`
[INFO] [stdout]  --> src/ucstring.rs:165:5
[INFO] [stdout]   |
[INFO] [stdout] 3 | use widestring::U16CString;
[INFO] [stdout]   |     ^^^^^^^^^^ use of undeclared crate or module `widestring`
[INFO] [stdout] 
[INFO] [stdout] error: aborting due to previous error
[INFO] [stdout] 
[INFO] [stdout] For more information about this error, try `rustc --explain E0432`.
[INFO] [stdout] Couldn't compile the test.
[INFO] [stdout] ---- src/ucstring.rs - ucstring::UCString<C>::from_vec_with_nul (line 153) stdout ----
[INFO] [stdout] error[E0432]: unresolved import `widestring`
[INFO] [stdout]  --> src/ucstring.rs:154:5
[INFO] [stdout]   |
[INFO] [stdout] 3 | use widestring::U32CString;
[INFO] [stdout]   |     ^^^^^^^^^^ use of undeclared crate or module `widestring`
[INFO] [stdout] 
[INFO] [stdout] error: aborting due to previous error
[INFO] [stdout] 
[INFO] [stdout] For more information about this error, try `rustc --explain E0432`.
[INFO] [stdout] Couldn't compile the test.
[INFO] [stdout] ---- src/ucstring.rs - ucstring::UCString<C>::into_boxed_ucstr (line 375) stdout ----
[INFO] [stdout] error[E0432]: unresolved import `widestring`
[INFO] [stdout]  --> src/ucstring.rs:376:5
[INFO] [stdout]   |
[INFO] [stdout] 3 | use widestring::{U32CString, U32CStr};
[INFO] [stdout]   |     ^^^^^^^^^^ use of undeclared crate or module `widestring`
[INFO] [stdout] 
[INFO] [stdout] error: aborting due to previous error
[INFO] [stdout] 
[INFO] [stdout] For more information about this error, try `rustc --explain E0432`.
[INFO] [stdout] Couldn't compile the test.
[INFO] [stdout] ---- src/ucstring.rs - ucstring::UCString<C>::from_vec_with_nul (line 172) stdout ----
[INFO] [stdout] error[E0432]: unresolved import `widestring`
[INFO] [stdout]  --> src/ucstring.rs:173:5
[INFO] [stdout]   |
[INFO] [stdout] 3 | use widestring::U32CString;
[INFO] [stdout]   |     ^^^^^^^^^^ use of undeclared crate or module `widestring`
[INFO] [stdout] 
[INFO] [stdout] error: aborting due to previous error
[INFO] [stdout] 
[INFO] [stdout] For more information about this error, try `rustc --explain E0432`.
[INFO] [stdout] Couldn't compile the test.
[INFO] [stdout] ---- src/ucstring.rs - ucstring::UCString<C>::new (line 115) stdout ----
[INFO] [stdout] error[E0432]: unresolved import `widestring`
[INFO] [stdout]  --> src/ucstring.rs:116:5
[INFO] [stdout]   |
[INFO] [stdout] 3 | use widestring::U32CString;
[INFO] [stdout]   |     ^^^^^^^^^^ use of undeclared crate or module `widestring`
[INFO] [stdout] 
[INFO] [stdout] error: aborting due to previous error
[INFO] [stdout] 
[INFO] [stdout] For more information about this error, try `rustc --explain E0432`.
[INFO] [stdout] Couldn't compile the test.
[INFO] [stdout] ---- src/ucstring.rs - ucstring::UCString<C>::into_boxed_ucstr (line 365) stdout ----
[INFO] [stdout] error[E0432]: unresolved import `widestring`
[INFO] [stdout]  --> src/ucstring.rs:366:5
[INFO] [stdout]   |
[INFO] [stdout] 3 | use widestring::{U16CString, U16CStr};
[INFO] [stdout]   |     ^^^^^^^^^^ use of undeclared crate or module `widestring`
[INFO] [stdout] 
[INFO] [stdout] error: aborting due to previous error
[INFO] [stdout] 
[INFO] [stdout] For more information about this error, try `rustc --explain E0432`.
[INFO] [stdout] Couldn't compile the test.
[INFO] [stdout] ---- src/ucstring.rs - ucstring::UCString<C>::new (line 106) stdout ----
[INFO] [stdout] error[E0432]: unresolved import `widestring`
[INFO] [stdout]  --> src/ucstring.rs:107:5
[INFO] [stdout]   |
[INFO] [stdout] 3 | use widestring::U16CString;
[INFO] [stdout]   |     ^^^^^^^^^^ use of undeclared crate or module `widestring`
[INFO] [stdout] 
[INFO] [stdout] error: aborting due to previous error
[INFO] [stdout] 
[INFO] [stdout] For more information about this error, try `rustc --explain E0432`.
[INFO] [stdout] Couldn't compile the test.
[INFO] [stdout] ---- src/ucstring.rs - ucstring::UCString<C>::new (line 95) stdout ----
[INFO] [stdout] error[E0432]: unresolved import `widestring`
[INFO] [stdout]  --> src/ucstring.rs:96:5
[INFO] [stdout]   |
[INFO] [stdout] 3 | use widestring::U32CString;
[INFO] [stdout]   |     ^^^^^^^^^^ use of undeclared crate or module `widestring`
[INFO] [stdout] 
[INFO] [stdout] error: aborting due to previous error
[INFO] [stdout] 
[INFO] [stdout] For more information about this error, try `rustc --explain E0432`.
[INFO] [stdout] Couldn't compile the test.
[INFO] [stdout] ---- src/ucstring.rs - ucstring::UCString<u16>::from_os_str (line 652) stdout ----
[INFO] [stdout] error[E0432]: unresolved import `widestring`
[INFO] [stdout]  --> src/ucstring.rs:653:5
[INFO] [stdout]   |
[INFO] [stdout] 3 | use widestring::U16CString;
[INFO] [stdout]   |     ^^^^^^^^^^ use of undeclared crate or module `widestring`
[INFO] [stdout] 
[INFO] [stdout] error: aborting due to previous error
[INFO] [stdout] 
[INFO] [stdout] For more information about this error, try `rustc --explain E0432`.
[INFO] [stdout] Couldn't compile the test.
[INFO] [stdout] ---- src/ucstring.rs - ucstring::UCString<u16>::from_os_str (line 642) stdout ----
[INFO] [stdout] error[E0432]: unresolved import `widestring`
[INFO] [stdout]  --> src/ucstring.rs:643:5
[INFO] [stdout]   |
[INFO] [stdout] 3 | use widestring::U16CString;
[INFO] [stdout]   |     ^^^^^^^^^^ use of undeclared crate or module `widestring`
[INFO] [stdout] 
[INFO] [stdout] error: aborting due to previous error
[INFO] [stdout] 
[INFO] [stdout] For more information about this error, try `rustc --explain E0432`.
[INFO] [stdout] Couldn't compile the test.
[INFO] [stdout] ---- src/ucstring.rs - ucstring::UCString<C>::new (line 86) stdout ----
[INFO] [stdout] error[E0432]: unresolved import `widestring`
[INFO] [stdout]  --> src/ucstring.rs:87:5
[INFO] [stdout]   |
[INFO] [stdout] 3 | use widestring::U16CString;
[INFO] [stdout]   |     ^^^^^^^^^^ use of undeclared crate or module `widestring`
[INFO] [stdout] 
[INFO] [stdout] error: aborting due to previous error
[INFO] [stdout] 
[INFO] [stdout] For more information about this error, try `rustc --explain E0432`.
[INFO] [stdout] Couldn't compile the test.
[INFO] [stdout] ---- src/ucstring.rs - ucstring::UCString<u16>::from_os_str_with_nul_unchecked (line 738) stdout ----
[INFO] [stdout] error[E0432]: unresolved import `widestring`
[INFO] [stdout]  --> src/ucstring.rs:739:5
[INFO] [stdout]   |
[INFO] [stdout] 3 | use widestring::U16CString;
[INFO] [stdout]   |     ^^^^^^^^^^ use of undeclared crate or module `widestring`
[INFO] [stdout] 
[INFO] [stdout] error: aborting due to previous error
[INFO] [stdout] 
[INFO] [stdout] For more information about this error, try `rustc --explain E0432`.
[INFO] [stdout] Couldn't compile the test.
[INFO] [stdout] ---- src/ucstring.rs - ucstring::UCString<u16>::from_os_str_with_nul (line 702) stdout ----
[INFO] [stdout] error[E0432]: unresolved import `widestring`
[INFO] [stdout]  --> src/ucstring.rs:703:5
[INFO] [stdout]   |
[INFO] [stdout] 3 | use widestring::U16CString;
[INFO] [stdout]   |     ^^^^^^^^^^ use of undeclared crate or module `widestring`
[INFO] [stdout] 
[INFO] [stdout] error: aborting due to previous error
[INFO] [stdout] 
[INFO] [stdout] For more information about this error, try `rustc --explain E0432`.
[INFO] [stdout] Couldn't compile the test.
[INFO] [stdout] ---- src/ucstring.rs - ucstring::UCString<u16>::from_os_str_unchecked (line 677) stdout ----
[INFO] [stdout] error[E0432]: unresolved import `widestring`
[INFO] [stdout]  --> src/ucstring.rs:678:5
[INFO] [stdout]   |
[INFO] [stdout] 3 | use widestring::U16CString;
[INFO] [stdout]   |     ^^^^^^^^^^ use of undeclared crate or module `widestring`
[INFO] [stdout] 
[INFO] [stdout] error: aborting due to previous error
[INFO] [stdout] 
[INFO] [stdout] For more information about this error, try `rustc --explain E0432`.
[INFO] [stdout] Couldn't compile the test.
[INFO] [stdout] ---- src/ucstring.rs - ucstring::UCString<u16>::from_os_str_with_nul (line 712) stdout ----
[INFO] [stdout] error[E0432]: unresolved import `widestring`
[INFO] [stdout]  --> src/ucstring.rs:713:5
[INFO] [stdout]   |
[INFO] [stdout] 3 | use widestring::U16CString;
[INFO] [stdout]   |     ^^^^^^^^^^ use of undeclared crate or module `widestring`
[INFO] [stdout] 
[INFO] [stdout] error: aborting due to previous error
[INFO] [stdout] 
[INFO] [stdout] For more information about this error, try `rustc --explain E0432`.
[INFO] [stdout] Couldn't compile the test.
[INFO] [stdout] ---- src/ucstring.rs - ucstring::UCString<u16>::from_str_with_nul (line 477) stdout ----
[INFO] [stdout] error[E0432]: unresolved import `widestring`
[INFO] [stdout]  --> src/ucstring.rs:478:5
[INFO] [stdout]   |
[INFO] [stdout] 3 | use widestring::U16CString;
[INFO] [stdout]   |     ^^^^^^^^^^ use of undeclared crate or module `widestring`
[INFO] [stdout] 
[INFO] [stdout] error: aborting due to previous error
[INFO] [stdout] 
[INFO] [stdout] For more information about this error, try `rustc --explain E0432`.
[INFO] [stdout] Couldn't compile the test.
[INFO] [stdout] ---- src/ucstring.rs - ucstring::UCString<u16>::from_str (line 430) stdout ----
[INFO] [stdout] error[E0432]: unresolved import `widestring`
[INFO] [stdout]  --> src/ucstring.rs:431:5
[INFO] [stdout]   |
[INFO] [stdout] 3 | use widestring::U16CString;
[INFO] [stdout]   |     ^^^^^^^^^^ use of undeclared crate or module `widestring`
[INFO] [stdout] 
[INFO] [stdout] error: aborting due to previous error
[INFO] [stdout] 
[INFO] [stdout] For more information about this error, try `rustc --explain E0432`.
[INFO] [stdout] Couldn't compile the test.
[INFO] [stdout] ---- src/ucstring.rs - ucstring::UCString<u16>::from_str (line 420) stdout ----
[INFO] [stdout] error[E0432]: unresolved import `widestring`
[INFO] [stdout]  --> src/ucstring.rs:421:5
[INFO] [stdout]   |
[INFO] [stdout] 3 | use widestring::U16CString;
[INFO] [stdout]   |     ^^^^^^^^^^ use of undeclared crate or module `widestring`
[INFO] [stdout] 
[INFO] [stdout] error: aborting due to previous error
[INFO] [stdout] 
[INFO] [stdout] For more information about this error, try `rustc --explain E0432`.
[INFO] [stdout] Couldn't compile the test.
[INFO] [stdout] ---- src/ucstring.rs - ucstring::UCString<u16>::from_str_unchecked (line 454) stdout ----
[INFO] [stdout] error[E0432]: unresolved import `widestring`
[INFO] [stdout]  --> src/ucstring.rs:455:5
[INFO] [stdout]   |
[INFO] [stdout] 3 | use widestring::U16CString;
[INFO] [stdout]   |     ^^^^^^^^^^ use of undeclared crate or module `widestring`
[INFO] [stdout] 
[INFO] [stdout] error: aborting due to previous error
[INFO] [stdout] 
[INFO] [stdout] For more information about this error, try `rustc --explain E0432`.
[INFO] [stdout] Couldn't compile the test.
[INFO] [stdout] ---- src/ucstring.rs - ucstring::UCString<u16>::from_str_with_nul_unchecked (line 510) stdout ----
[INFO] [stdout] error[E0432]: unresolved import `widestring`
[INFO] [stdout]  --> src/ucstring.rs:511:5
[INFO] [stdout]   |
[INFO] [stdout] 3 | use widestring::U16CString;
[INFO] [stdout]   |     ^^^^^^^^^^ use of undeclared crate or module `widestring`
[INFO] [stdout] 
[INFO] [stdout] error: aborting due to previous error
[INFO] [stdout] 
[INFO] [stdout] For more information about this error, try `rustc --explain E0432`.
[INFO] [stdout] Couldn't compile the test.
[INFO] [stdout] ---- src/ucstring.rs - ucstring::UCString<u16>::from_str_with_nul (line 487) stdout ----
[INFO] [stdout] error[E0432]: unresolved import `widestring`
[INFO] [stdout]  --> src/ucstring.rs:488:5
[INFO] [stdout]   |
[INFO] [stdout] 3 | use widestring::U16CString;
[INFO] [stdout]   |     ^^^^^^^^^^ use of undeclared crate or module `widestring`
[INFO] [stdout] 
[INFO] [stdout] error: aborting due to previous error
[INFO] [stdout] 
[INFO] [stdout] For more information about this error, try `rustc --explain E0432`.
[INFO] [stdout] Couldn't compile the test.
[INFO] [stdout] ---- src/ucstring.rs - ucstring::UCString<u32>::from_chars (line 773) stdout ----
[INFO] [stdout] error[E0432]: unresolved import `widestring`
[INFO] [stdout]  --> src/ucstring.rs:774:5
[INFO] [stdout]   |
[INFO] [stdout] 3 | use widestring::U32CString;
[INFO] [stdout]   |     ^^^^^^^^^^ use of undeclared crate or module `widestring`
[INFO] [stdout] 
[INFO] [stdout] error: aborting due to previous error
[INFO] [stdout] 
[INFO] [stdout] For more information about this error, try `rustc --explain E0432`.
[INFO] [stdout] Couldn't compile the test.
[INFO] [stdout] ---- src/ucstring.rs - ucstring::UCString<u32>::from_chars_with_nul (line 819) stdout ----
[INFO] [stdout] error[E0432]: unresolved import `widestring`
[INFO] [stdout]  --> src/ucstring.rs:820:5
[INFO] [stdout]   |
[INFO] [stdout] 3 | use widestring::U32CString;
[INFO] [stdout]   |     ^^^^^^^^^^ use of undeclared crate or module `widestring`
[INFO] [stdout] 
[INFO] [stdout] error: aborting due to previous error
[INFO] [stdout] 
[INFO] [stdout] For more information about this error, try `rustc --explain E0432`.
[INFO] [stdout] Couldn't compile the test.
[INFO] [stdout] ---- src/ucstring.rs - ucstring::UCString<u32>::from_chars_with_nul (line 808) stdout ----
[INFO] [stdout] error[E0432]: unresolved import `widestring`
[INFO] [stdout]  --> src/ucstring.rs:809:5
[INFO] [stdout]   |
[INFO] [stdout] 3 | use widestring::U32CString;
[INFO] [stdout]   |     ^^^^^^^^^^ use of undeclared crate or module `widestring`
[INFO] [stdout] 
[INFO] [stdout] error: aborting due to previous error
[INFO] [stdout] 
[INFO] [stdout] For more information about this error, try `rustc --explain E0432`.
[INFO] [stdout] Couldn't compile the test.
[INFO] [stdout] ---- src/ucstring.rs - ucstring::UCString<u32>::from_os_str (line 1181) stdout ----
[INFO] [stdout] error[E0432]: unresolved import `widestring`
[INFO] [stdout]  --> src/ucstring.rs:1182:5
[INFO] [stdout]   |
[INFO] [stdout] 3 | use widestring::U32CString;
[INFO] [stdout]   |     ^^^^^^^^^^ use of undeclared crate or module `widestring`
[INFO] [stdout] 
[INFO] [stdout] error: aborting due to previous error
[INFO] [stdout] 
[INFO] [stdout] For more information about this error, try `rustc --explain E0432`.
[INFO] [stdout] Couldn't compile the test.
[INFO] [stdout] ---- src/ucstring.rs - ucstring::UCString<u32>::from_chars (line 784) stdout ----
[INFO] [stdout] error[E0432]: unresolved import `widestring`
[INFO] [stdout]  --> src/ucstring.rs:785:5
[INFO] [stdout]   |
[INFO] [stdout] 3 | use widestring::U32CString;
[INFO] [stdout]   |     ^^^^^^^^^^ use of undeclared crate or module `widestring`
[INFO] [stdout] 
[INFO] [stdout] error: aborting due to previous error
[INFO] [stdout] 
[INFO] [stdout] For more information about this error, try `rustc --explain E0432`.
[INFO] [stdout] Couldn't compile the test.
[INFO] [stdout] ---- src/ucstring.rs - ucstring::UCString<u32>::from_os_str_unchecked (line 1216) stdout ----
[INFO] [stdout] error[E0432]: unresolved import `widestring`
[INFO] [stdout]  --> src/ucstring.rs:1217:5
[INFO] [stdout]   |
[INFO] [stdout] 3 | use widestring::U32CString;
[INFO] [stdout]   |     ^^^^^^^^^^ use of undeclared crate or module `widestring`
[INFO] [stdout] 
[INFO] [stdout] error: aborting due to previous error
[INFO] [stdout] 
[INFO] [stdout] For more information about this error, try `rustc --explain E0432`.
[INFO] [stdout] Couldn't compile the test.
[INFO] [stdout] ---- src/ucstring.rs - ucstring::UCString<u32>::from_os_str (line 1191) stdout ----
[INFO] [stdout] error[E0432]: unresolved import `widestring`
[INFO] [stdout]  --> src/ucstring.rs:1192:5
[INFO] [stdout]   |
[INFO] [stdout] 3 | use widestring::U32CString;
[INFO] [stdout]   |     ^^^^^^^^^^ use of undeclared crate or module `widestring`
[INFO] [stdout] 
[INFO] [stdout] error: aborting due to previous error
[INFO] [stdout] 
[INFO] [stdout] For more information about this error, try `rustc --explain E0432`.
[INFO] [stdout] Couldn't compile the test.
[INFO] [stdout] ---- src/ucstring.rs - ucstring::UCString<u32>::from_os_str_with_nul (line 1241) stdout ----
[INFO] [stdout] error[E0432]: unresolved import `widestring`
[INFO] [stdout]  --> src/ucstring.rs:1242:5
[INFO] [stdout]   |
[INFO] [stdout] 3 | use widestring::U32CString;
[INFO] [stdout]   |     ^^^^^^^^^^ use of undeclared crate or module `widestring`
[INFO] [stdout] 
[INFO] [stdout] error: aborting due to previous error
[INFO] [stdout] 
[INFO] [stdout] For more information about this error, try `rustc --explain E0432`.
[INFO] [stdout] Couldn't compile the test.
[INFO] [stdout] ---- src/ucstring.rs - ucstring::UCString<u32>::from_os_str_with_nul (line 1251) stdout ----
[INFO] [stdout] error[E0432]: unresolved import `widestring`
[INFO] [stdout]  --> src/ucstring.rs:1252:5
[INFO] [stdout]   |
[INFO] [stdout] 3 | use widestring::U32CString;
[INFO] [stdout]   |     ^^^^^^^^^^ use of undeclared crate or module `widestring`
[INFO] [stdout] 
[INFO] [stdout] error: aborting due to previous error
[INFO] [stdout] 
[INFO] [stdout] For more information about this error, try `rustc --explain E0432`.
[INFO] [stdout] Couldn't compile the test.
[INFO] [stdout] ---- src/ucstring.rs - ucstring::UCString<u32>::from_str (line 870) stdout ----
[INFO] [stdout] error[E0432]: unresolved import `widestring`
[INFO] [stdout]  --> src/ucstring.rs:871:5
[INFO] [stdout]   |
[INFO] [stdout] 3 | use widestring::U32CString;
[INFO] [stdout]   |     ^^^^^^^^^^ use of undeclared crate or module `widestring`
[INFO] [stdout] 
[INFO] [stdout] error: aborting due to previous error
[INFO] [stdout] 
[INFO] [stdout] For more information about this error, try `rustc --explain E0432`.
[INFO] [stdout] Couldn't compile the test.
[INFO] [stdout] ---- src/ucstring.rs - ucstring::UCString<u32>::from_os_str_with_nul_unchecked (line 1277) stdout ----
[INFO] [stdout] error[E0432]: unresolved import `widestring`
[INFO] [stdout]  --> src/ucstring.rs:1278:5
[INFO] [stdout]   |
[INFO] [stdout] 3 | use widestring::U32CString;
[INFO] [stdout]   |     ^^^^^^^^^^ use of undeclared crate or module `widestring`
[INFO] [stdout] 
[INFO] [stdout] error: aborting due to previous error
[INFO] [stdout] 
[INFO] [stdout] For more information about this error, try `rustc --explain E0432`.
[INFO] [stdout] Couldn't compile the test.
[INFO] [stdout] ---- src/ucstring.rs - ucstring::UCString<u32>::from_str_unchecked (line 904) stdout ----
[INFO] [stdout] error[E0432]: unresolved import `widestring`
[INFO] [stdout]  --> src/ucstring.rs:905:5
[INFO] [stdout]   |
[INFO] [stdout] 3 | use widestring::U32CString;
[INFO] [stdout]   |     ^^^^^^^^^^ use of undeclared crate or module `widestring`
[INFO] [stdout] 
[INFO] [stdout] error: aborting due to previous error
[INFO] [stdout] 
[INFO] [stdout] For more information about this error, try `rustc --explain E0432`.
[INFO] [stdout] Couldn't compile the test.
[INFO] [stdout] ---- src/ucstring.rs - ucstring::UCString<u32>::from_str (line 880) stdout ----
[INFO] [stdout] error[E0432]: unresolved import `widestring`
[INFO] [stdout]  --> src/ucstring.rs:881:5
[INFO] [stdout]   |
[INFO] [stdout] 3 | use widestring::U32CString;
[INFO] [stdout]   |     ^^^^^^^^^^ use of undeclared crate or module `widestring`
[INFO] [stdout] 
[INFO] [stdout] error: aborting due to previous error
[INFO] [stdout] 
[INFO] [stdout] For more information about this error, try `rustc --explain E0432`.
[INFO] [stdout] Couldn't compile the test.
[INFO] [stdout] ---- src/ucstring.rs - ucstring::UCString<u32>::from_str_with_nul (line 937) stdout ----
[INFO] [stdout] error[E0432]: unresolved import `widestring`
[INFO] [stdout]  --> src/ucstring.rs:938:5
[INFO] [stdout]   |
[INFO] [stdout] 3 | use widestring::U32CString;
[INFO] [stdout]   |     ^^^^^^^^^^ use of undeclared crate or module `widestring`
[INFO] [stdout] 
[INFO] [stdout] error: aborting due to previous error
[INFO] [stdout] 
[INFO] [stdout] For more information about this error, try `rustc --explain E0432`.
[INFO] [stdout] Couldn't compile the test.
[INFO] [stdout] ---- src/ustr.rs - ustr::UStr<u16>::to_os_string (line 143) stdout ----
[INFO] [stdout] error[E0432]: unresolved import `widestring`
[INFO] [stdout]  --> src/ustr.rs:144:5
[INFO] [stdout]   |
[INFO] [stdout] 3 | use widestring::U16String;
[INFO] [stdout]   |     ^^^^^^^^^^ use of undeclared crate or module `widestring`
[INFO] [stdout] 
[INFO] [stdout] error: aborting due to previous error
[INFO] [stdout] 
[INFO] [stdout] For more information about this error, try `rustc --explain E0432`.
[INFO] [stdout] Couldn't compile the test.
[INFO] [stdout] ---- src/ucstring.rs - ucstring::UCString<u32>::from_str_with_nul_unchecked (line 960) stdout ----
[INFO] [stdout] error[E0432]: unresolved import `widestring`
[INFO] [stdout]  --> src/ucstring.rs:961:5
[INFO] [stdout]   |
[INFO] [stdout] 3 | use widestring::U32CString;
[INFO] [stdout]   |     ^^^^^^^^^^ use of undeclared crate or module `widestring`
[INFO] [stdout] 
[INFO] [stdout] error: aborting due to previous error
[INFO] [stdout] 
[INFO] [stdout] For more information about this error, try `rustc --explain E0432`.
[INFO] [stdout] Couldn't compile the test.
[INFO] [stdout] ---- src/ucstring.rs - ucstring::UCString<u32>::from_str_with_nul (line 927) stdout ----
[INFO] [stdout] error[E0432]: unresolved import `widestring`
[INFO] [stdout]  --> src/ucstring.rs:928:5
[INFO] [stdout]   |
[INFO] [stdout] 3 | use widestring::U32CString;
[INFO] [stdout]   |     ^^^^^^^^^^ use of undeclared crate or module `widestring`
[INFO] [stdout] 
[INFO] [stdout] error: aborting due to previous error
[INFO] [stdout] 
[INFO] [stdout] For more information about this error, try `rustc --explain E0432`.
[INFO] [stdout] Couldn't compile the test.
[INFO] [stdout] ---- src/ustr.rs - ustr::UStr<u16>::to_string_lossy (line 188) stdout ----
[INFO] [stdout] error[E0432]: unresolved import `widestring`
[INFO] [stdout]  --> src/ustr.rs:189:5
[INFO] [stdout]   |
[INFO] [stdout] 3 | use widestring::U16String;
[INFO] [stdout]   |     ^^^^^^^^^^ use of undeclared crate or module `widestring`
[INFO] [stdout] 
[INFO] [stdout] error: aborting due to previous error
[INFO] [stdout] 
[INFO] [stdout] For more information about this error, try `rustc --explain E0432`.
[INFO] [stdout] Couldn't compile the test.
[INFO] [stdout] ---- src/ustr.rs - ustr::UStr<u32>::to_os_string (line 243) stdout ----
[INFO] [stdout] error[E0432]: unresolved import `widestring`
[INFO] [stdout]  --> src/ustr.rs:244:5
[INFO] [stdout]   |
[INFO] [stdout] 3 | use widestring::U32String;
[INFO] [stdout]   |     ^^^^^^^^^^ use of undeclared crate or module `widestring`
[INFO] [stdout] 
[INFO] [stdout] error: aborting due to previous error
[INFO] [stdout] 
[INFO] [stdout] For more information about this error, try `rustc --explain E0432`.
[INFO] [stdout] Couldn't compile the test.
[INFO] [stdout] ---- src/ustr.rs - ustr::UStr<u16>::to_string (line 167) stdout ----
[INFO] [stdout] error[E0432]: unresolved import `widestring`
[INFO] [stdout]  --> src/ustr.rs:168:5
[INFO] [stdout]   |
[INFO] [stdout] 3 | use widestring::U16String;
[INFO] [stdout]   |     ^^^^^^^^^^ use of undeclared crate or module `widestring`
[INFO] [stdout] 
[INFO] [stdout] error: aborting due to previous error
[INFO] [stdout] 
[INFO] [stdout] For more information about this error, try `rustc --explain E0432`.
[INFO] [stdout] Couldn't compile the test.
[INFO] [stdout] ---- src/ustr.rs - ustr::UStr<u32>::to_string (line 267) stdout ----
[INFO] [stdout] error[E0432]: unresolved import `widestring`
[INFO] [stdout]  --> src/ustr.rs:268:5
[INFO] [stdout]   |
[INFO] [stdout] 3 | use widestring::U32String;
[INFO] [stdout]   |     ^^^^^^^^^^ use of undeclared crate or module `widestring`
[INFO] [stdout] 
[INFO] [stdout] error: aborting due to previous error
[INFO] [stdout] 
[INFO] [stdout] For more information about this error, try `rustc --explain E0432`.
[INFO] [stdout] Couldn't compile the test.
[INFO] [stdout] ---- src/ustr.rs - ustr::UStr<u32>::to_string_lossy (line 300) stdout ----
[INFO] [stdout] error[E0432]: unresolved import `widestring`
[INFO] [stdout]  --> src/ustr.rs:301:5
[INFO] [stdout]   |
[INFO] [stdout] 3 | use widestring::U32String;
[INFO] [stdout]   |     ^^^^^^^^^^ use of undeclared crate or module `widestring`
[INFO] [stdout] 
[INFO] [stdout] error: aborting due to previous error
[INFO] [stdout] 
[INFO] [stdout] For more information about this error, try `rustc --explain E0432`.
[INFO] [stdout] Couldn't compile the test.
[INFO] [stdout] ---- src/ustring.rs - ustring::U32String (line 805) stdout ----
[INFO] [stdout] error[E0432]: unresolved import `widestring`
[INFO] [stdout]  --> src/ustring.rs:806:5
[INFO] [stdout]   |
[INFO] [stdout] 3 | use widestring::U32String;
[INFO] [stdout]   |     ^^^^^^^^^^ use of undeclared crate or module `widestring`
[INFO] [stdout] 
[INFO] [stdout] error: aborting due to previous error
[INFO] [stdout] 
[INFO] [stdout] For more information about this error, try `rustc --explain E0432`.
[INFO] [stdout] Couldn't compile the test.
[INFO] [stdout] ---- src/ustring.rs - ustring::UString (line 43) stdout ----
[INFO] [stdout] error[E0432]: unresolved import `widestring`
[INFO] [stdout]  --> src/ustring.rs:44:5
[INFO] [stdout]   |
[INFO] [stdout] 3 | use widestring::U16String;
[INFO] [stdout]   |     ^^^^^^^^^^ use of undeclared crate or module `widestring`
[INFO] [stdout] 
[INFO] [stdout] error: aborting due to previous error
[INFO] [stdout] 
[INFO] [stdout] For more information about this error, try `rustc --explain E0432`.
[INFO] [stdout] Couldn't compile the test.
[INFO] [stdout] ---- src/ustring.rs - ustring::U16String (line 777) stdout ----
[INFO] [stdout] error[E0432]: unresolved import `widestring`
[INFO] [stdout]  --> src/ustring.rs:778:5
[INFO] [stdout]   |
[INFO] [stdout] 3 | use widestring::U16String;
[INFO] [stdout]   |     ^^^^^^^^^^ use of undeclared crate or module `widestring`
[INFO] [stdout] 
[INFO] [stdout] error: aborting due to previous error
[INFO] [stdout] 
[INFO] [stdout] For more information about this error, try `rustc --explain E0432`.
[INFO] [stdout] Couldn't compile the test.
[INFO] [stdout] ---- src/ustring.rs - ustring::UString<C>::from_vec (line 83) stdout ----
[INFO] [stdout] error[E0432]: unresolved import `widestring`
[INFO] [stdout]  --> src/ustring.rs:84:5
[INFO] [stdout]   |
[INFO] [stdout] 3 | use widestring::U16String;
[INFO] [stdout]   |     ^^^^^^^^^^ use of undeclared crate or module `widestring`
[INFO] [stdout] 
[INFO] [stdout] error: aborting due to previous error
[INFO] [stdout] 
[INFO] [stdout] For more information about this error, try `rustc --explain E0432`.
[INFO] [stdout] Couldn't compile the test.
[INFO] [stdout] ---- src/ustring.rs - ustring::UString (line 55) stdout ----
[INFO] [stdout] error[E0432]: unresolved import `widestring`
[INFO] [stdout]  --> src/ustring.rs:56:5
[INFO] [stdout]   |
[INFO] [stdout] 3 | use widestring::U32String;
[INFO] [stdout]   |     ^^^^^^^^^^ use of undeclared crate or module `widestring`
[INFO] [stdout] 
[INFO] [stdout] error: aborting due to previous error
[INFO] [stdout] 
[INFO] [stdout] For more information about this error, try `rustc --explain E0432`.
[INFO] [stdout] Couldn't compile the test.
[INFO] [stdout] ---- src/ustring.rs - ustring::UString<C>::into_boxed_ustr (line 271) stdout ----
[INFO] [stdout] error[E0432]: unresolved import `widestring`
[INFO] [stdout]  --> src/ustring.rs:272:5
[INFO] [stdout]   |
[INFO] [stdout] 3 | use widestring::{U16String, U16Str};
[INFO] [stdout]   |     ^^^^^^^^^^ use of undeclared crate or module `widestring`
[INFO] [stdout] 
[INFO] [stdout] error: aborting due to previous error
[INFO] [stdout] 
[INFO] [stdout] For more information about this error, try `rustc --explain E0432`.
[INFO] [stdout] Couldn't compile the test.
[INFO] [stdout] ---- src/ustring.rs - ustring::UString<C>::push (line 179) stdout ----
[INFO] [stdout] error[E0432]: unresolved import `widestring`
[INFO] [stdout]  --> src/ustring.rs:180:5
[INFO] [stdout]   |
[INFO] [stdout] 3 | use widestring::U16String;
[INFO] [stdout]   |     ^^^^^^^^^^ use of undeclared crate or module `widestring`
[INFO] [stdout] 
[INFO] [stdout] error: aborting due to previous error
[INFO] [stdout] 
[INFO] [stdout] For more information about this error, try `rustc --explain E0432`.
[INFO] [stdout] Couldn't compile the test.
[INFO] [stdout] ---- src/ustring.rs - ustring::UString<C>::from_vec (line 92) stdout ----
[INFO] [stdout] error[E0432]: unresolved import `widestring`
[INFO] [stdout]  --> src/ustring.rs:93:5
[INFO] [stdout]   |
[INFO] [stdout] 3 | use widestring::U32String;
[INFO] [stdout]   |     ^^^^^^^^^^ use of undeclared crate or module `widestring`
[INFO] [stdout] 
[INFO] [stdout] error: aborting due to previous error
[INFO] [stdout] 
[INFO] [stdout] For more information about this error, try `rustc --explain E0432`.
[INFO] [stdout] Couldn't compile the test.
[INFO] [stdout] ---- src/ustring.rs - ustring::UString<C>::push (line 190) stdout ----
[INFO] [stdout] error[E0432]: unresolved import `widestring`
[INFO] [stdout]  --> src/ustring.rs:191:5
[INFO] [stdout]   |
[INFO] [stdout] 3 | use widestring::U32String;
[INFO] [stdout]   |     ^^^^^^^^^^ use of undeclared crate or module `widestring`
[INFO] [stdout] 
[INFO] [stdout] error: aborting due to previous error
[INFO] [stdout] 
[INFO] [stdout] For more information about this error, try `rustc --explain E0432`.
[INFO] [stdout] Couldn't compile the test.
[INFO] [stdout] ---- src/ustring.rs - ustring::UString<C>::into_boxed_ustr (line 279) stdout ----
[INFO] [stdout] error[E0432]: unresolved import `widestring`
[INFO] [stdout]  --> src/ustring.rs:280:5
[INFO] [stdout]   |
[INFO] [stdout] 3 | use widestring::{U32String, U32Str};
[INFO] [stdout]   |     ^^^^^^^^^^ use of undeclared crate or module `widestring`
[INFO] [stdout] 
[INFO] [stdout] error: aborting due to previous error
[INFO] [stdout] 
[INFO] [stdout] For more information about this error, try `rustc --explain E0432`.
[INFO] [stdout] Couldn't compile the test.
[INFO] [stdout] ---- src/ustring.rs - ustring::UString<C>::push_slice (line 211) stdout ----
[INFO] [stdout] error[E0432]: unresolved import `widestring`
[INFO] [stdout]  --> src/ustring.rs:212:5
[INFO] [stdout]   |
[INFO] [stdout] 3 | use widestring::U16String;
[INFO] [stdout]   |     ^^^^^^^^^^ use of undeclared crate or module `widestring`
[INFO] [stdout] 
[INFO] [stdout] error: aborting due to previous error
[INFO] [stdout] 
[INFO] [stdout] For more information about this error, try `rustc --explain E0432`.
[INFO] [stdout] Couldn't compile the test.
[INFO] [stdout] ---- src/ustring.rs - ustring::UString<C>::push_slice (line 222) stdout ----
[INFO] [stdout] error[E0432]: unresolved import `widestring`
[INFO] [stdout]  --> src/ustring.rs:223:5
[INFO] [stdout]   |
[INFO] [stdout] 3 | use widestring::U32String;
[INFO] [stdout]   |     ^^^^^^^^^^ use of undeclared crate or module `widestring`
[INFO] [stdout] 
[INFO] [stdout] error: aborting due to previous error
[INFO] [stdout] 
[INFO] [stdout] For more information about this error, try `rustc --explain E0432`.
[INFO] [stdout] Couldn't compile the test.
[INFO] [stdout] ---- src/ustring.rs - ustring::UString<C>::shrink_to_fit (line 240) stdout ----
[INFO] [stdout] error[E0432]: unresolved import `widestring`
[INFO] [stdout]  --> src/ustring.rs:241:5
[INFO] [stdout]   |
[INFO] [stdout] 3 | use widestring::U16String;
[INFO] [stdout]   |     ^^^^^^^^^^ use of undeclared crate or module `widestring`
[INFO] [stdout] 
[INFO] [stdout] error: aborting due to previous error
[INFO] [stdout] 
[INFO] [stdout] For more information about this error, try `rustc --explain E0432`.
[INFO] [stdout] Couldn't compile the test.
[INFO] [stdout] ---- src/ustring.rs - ustring::UString<C>::shrink_to_fit (line 252) stdout ----
[INFO] [stdout] error[E0432]: unresolved import `widestring`
[INFO] [stdout]  --> src/ustring.rs:253:5
[INFO] [stdout]   |
[INFO] [stdout] 3 | use widestring::U32String;
[INFO] [stdout]   |     ^^^^^^^^^^ use of undeclared crate or module `widestring`
[INFO] [stdout] 
[INFO] [stdout] error: aborting due to previous error
[INFO] [stdout] 
[INFO] [stdout] For more information about this error, try `rustc --explain E0432`.
[INFO] [stdout] Couldn't compile the test.
[INFO] [stdout] ---- src/ustring.rs - ustring::UString<u16>::from_os_str (line 330) stdout ----
[INFO] [stdout] error[E0432]: unresolved import `widestring`
[INFO] [stdout]  --> src/ustring.rs:331:5
[INFO] [stdout]   |
[INFO] [stdout] 3 | use widestring::U16String;
[INFO] [stdout]   |     ^^^^^^^^^^ use of undeclared crate or module `widestring`
[INFO] [stdout] 
[INFO] [stdout] error: aborting due to previous error
[INFO] [stdout] 
[INFO] [stdout] For more information about this error, try `rustc --explain E0432`.
[INFO] [stdout] Couldn't compile the test.
[INFO] [stdout] ---- src/ustring.rs - ustring::UString<u16>::from_str (line 308) stdout ----
[INFO] [stdout] error[E0432]: unresolved import `widestring`
[INFO] [stdout]  --> src/ustring.rs:309:5
[INFO] [stdout]   |
[INFO] [stdout] 3 | use widestring::U16String;
[INFO] [stdout]   |     ^^^^^^^^^^ use of undeclared crate or module `widestring`
[INFO] [stdout] 
[INFO] [stdout] error: aborting due to previous error
[INFO] [stdout] 
[INFO] [stdout] For more information about this error, try `rustc --explain E0432`.
[INFO] [stdout] Couldn't compile the test.
[INFO] [stdout] ---- src/ustring.rs - ustring::UString<u16>::push_str (line 352) stdout ----
[INFO] [stdout] error[E0432]: unresolved import `widestring`
[INFO] [stdout]  --> src/ustring.rs:353:5
[INFO] [stdout]   |
[INFO] [stdout] 3 | use widestring::U16String;
[INFO] [stdout]   |     ^^^^^^^^^^ use of undeclared crate or module `widestring`
[INFO] [stdout] 
[INFO] [stdout] error: aborting due to previous error
[INFO] [stdout] 
[INFO] [stdout] For more information about this error, try `rustc --explain E0432`.
[INFO] [stdout] Couldn't compile the test.
[INFO] [stdout] ---- src/ustring.rs - ustring::UString<u32>::from_chars (line 402) stdout ----
[INFO] [stdout] error[E0432]: unresolved import `widestring`
[INFO] [stdout]  --> src/ustring.rs:403:5
[INFO] [stdout]   |
[INFO] [stdout] 3 | use widestring::U32String;
[INFO] [stdout]   |     ^^^^^^^^^^ use of undeclared crate or module `widestring`
[INFO] [stdout] 
[INFO] [stdout] error: aborting due to previous error
[INFO] [stdout] 
[INFO] [stdout] For more information about this error, try `rustc --explain E0432`.
[INFO] [stdout] Couldn't compile the test.
[INFO] [stdout] ---- src/ustring.rs - ustring::UString<u16>::push_os_str (line 372) stdout ----
[INFO] [stdout] error[E0432]: unresolved import `widestring`
[INFO] [stdout]  --> src/ustring.rs:373:5
[INFO] [stdout]   |
[INFO] [stdout] 3 | use widestring::U16String;
[INFO] [stdout]   |     ^^^^^^^^^^ use of undeclared crate or module `widestring`
[INFO] [stdout] 
[INFO] [stdout] error: aborting due to previous error
[INFO] [stdout] 
[INFO] [stdout] For more information about this error, try `rustc --explain E0432`.
[INFO] [stdout] Couldn't compile the test.
[INFO] [stdout] ---- src/ustring.rs - ustring::UString<u32>::from_os_str (line 444) stdout ----
[INFO] [stdout] error[E0432]: unresolved import `widestring`
[INFO] [stdout]  --> src/ustring.rs:445:5
[INFO] [stdout]   |
[INFO] [stdout] 3 | use widestring::U32String;
[INFO] [stdout]   |     ^^^^^^^^^^ use of undeclared crate or module `widestring`
[INFO] [stdout] 
[INFO] [stdout] error: aborting due to previous error
[INFO] [stdout] 
[INFO] [stdout] For more information about this error, try `rustc --explain E0432`.
[INFO] [stdout] Couldn't compile the test.
[INFO] [stdout] ---- src/ustring.rs - ustring::UString<u32>::from_str (line 423) stdout ----
[INFO] [stdout] error[E0432]: unresolved import `widestring`
[INFO] [stdout]  --> src/ustring.rs:424:5
[INFO] [stdout]   |
[INFO] [stdout] 3 | use widestring::U32String;
[INFO] [stdout]   |     ^^^^^^^^^^ use of undeclared crate or module `widestring`
[INFO] [stdout] 
[INFO] [stdout] error: aborting due to previous error
[INFO] [stdout] 
[INFO] [stdout] For more information about this error, try `rustc --explain E0432`.
[INFO] [stdout] Couldn't compile the test.
[INFO] [stdout] ---- src/ustring.rs - ustring::UString<u32>::push_str (line 481) stdout ----
[INFO] [stdout] error[E0432]: unresolved import `widestring`
[INFO] [stdout]  --> src/ustring.rs:482:5
[INFO] [stdout]   |
[INFO] [stdout] 3 | use widestring::U32String;
[INFO] [stdout]   |     ^^^^^^^^^^ use of undeclared crate or module `widestring`
[INFO] [stdout] 
[INFO] [stdout] error: aborting due to previous error
[INFO] [stdout] 
[INFO] [stdout] For more information about this error, try `rustc --explain E0432`.
[INFO] [stdout] Couldn't compile the test.
[INFO] [stdout] ---- src/ustring.rs - ustring::UString<u32>::push_os_str (line 501) stdout ----
[INFO] [stdout] error[E0432]: unresolved import `widestring`
[INFO] [stdout]  --> src/ustring.rs:502:5
[INFO] [stdout]   |
[INFO] [stdout] 3 | use widestring::U32String;
[INFO] [stdout]   |     ^^^^^^^^^^ use of undeclared crate or module `widestring`
[INFO] [stdout] 
[INFO] [stdout] error: aborting due to previous error
[INFO] [stdout] 
[INFO] [stdout] For more information about this error, try `rustc --explain E0432`.
[INFO] [stdout] Couldn't compile the test.
[INFO] [stdout] 
[INFO] [stdout] failures:
[INFO] [stdout]     src/lib.rs - (line 140)
[INFO] [stdout]     src/lib.rs - (line 96)
[INFO] [stdout]     src/ucstr.rs - ucstr::UCStr<C>::into_ucstring (line 260)
[INFO] [stdout]     src/ucstr.rs - ucstr::UCStr<C>::into_ucstring (line 269)
[INFO] [stdout]     src/ucstr.rs - ucstr::UCStr<C>::to_ustring (line 194)
[INFO] [stdout]     src/ucstr.rs - ucstr::UCStr<C>::to_ustring (line 208)
[INFO] [stdout]     src/ucstr.rs - ucstr::UCStr<u16>::to_os_string (line 301)
[INFO] [stdout]     src/ucstr.rs - ucstr::UCStr<u16>::to_string (line 325)
[INFO] [stdout]     src/ucstr.rs - ucstr::UCStr<u16>::to_string_lossy (line 346)
[INFO] [stdout]     src/ucstr.rs - ucstr::UCStr<u32>::to_os_string (line 454)
[INFO] [stdout]     src/ucstr.rs - ucstr::UCStr<u32>::to_string (line 478)
[INFO] [stdout]     src/ucstr.rs - ucstr::UCStr<u32>::to_string_lossy (line 499)
[INFO] [stdout]     src/ucstring.rs - ucstring::U16CString (line 1565)
[INFO] [stdout]     src/ucstring.rs - ucstring::U32CString (line 1591)
[INFO] [stdout]     src/ucstring.rs - ucstring::UCString (line 40)
[INFO] [stdout]     src/ucstring.rs - ucstring::UCString (line 52)
[INFO] [stdout]     src/ucstring.rs - ucstring::UCString<C>::from_vec_with_nul (line 144)
[INFO] [stdout]     src/ucstring.rs - ucstring::UCString<C>::from_vec_with_nul (line 153)
[INFO] [stdout]     src/ucstring.rs - ucstring::UCString<C>::from_vec_with_nul (line 164)
[INFO] [stdout]     src/ucstring.rs - ucstring::UCString<C>::from_vec_with_nul (line 172)
[INFO] [stdout]     src/ucstring.rs - ucstring::UCString<C>::into_boxed_ucstr (line 365)
[INFO] [stdout]     src/ucstring.rs - ucstring::UCString<C>::into_boxed_ucstr (line 375)
[INFO] [stdout]     src/ucstring.rs - ucstring::UCString<C>::new (line 106)
[INFO] [stdout]     src/ucstring.rs - ucstring::UCString<C>::new (line 115)
[INFO] [stdout]     src/ucstring.rs - ucstring::UCString<C>::new (line 86)
[INFO] [stdout]     src/ucstring.rs - ucstring::UCString<C>::new (line 95)
[INFO] [stdout]     src/ucstring.rs - ucstring::UCString<u16>::from_os_str (line 642)
[INFO] [stdout]     src/ucstring.rs - ucstring::UCString<u16>::from_os_str (line 652)
[INFO] [stdout]     src/ucstring.rs - ucstring::UCString<u16>::from_os_str_unchecked (line 677)
[INFO] [stdout]     src/ucstring.rs - ucstring::UCString<u16>::from_os_str_with_nul (line 702)
[INFO] [stdout]     src/ucstring.rs - ucstring::UCString<u16>::from_os_str_with_nul (line 712)
[INFO] [stdout]     src/ucstring.rs - ucstring::UCString<u16>::from_os_str_with_nul_unchecked (line 738)
[INFO] [stdout]     src/ucstring.rs - ucstring::UCString<u16>::from_str (line 420)
[INFO] [stdout]     src/ucstring.rs - ucstring::UCString<u16>::from_str (line 430)
[INFO] [stdout]     src/ucstring.rs - ucstring::UCString<u16>::from_str_unchecked (line 454)
[INFO] [stdout]     src/ucstring.rs - ucstring::UCString<u16>::from_str_with_nul (line 477)
[INFO] [stdout]     src/ucstring.rs - ucstring::UCString<u16>::from_str_with_nul (line 487)
[INFO] [stdout]     src/ucstring.rs - ucstring::UCString<u16>::from_str_with_nul_unchecked (line 510)
[INFO] [stdout]     src/ucstring.rs - ucstring::UCString<u32>::from_chars (line 773)
[INFO] [stdout]     src/ucstring.rs - ucstring::UCString<u32>::from_chars (line 784)
[INFO] [stdout]     src/ucstring.rs - ucstring::UCString<u32>::from_chars_with_nul (line 808)
[INFO] [stdout]     src/ucstring.rs - ucstring::UCString<u32>::from_chars_with_nul (line 819)
[INFO] [stdout]     src/ucstring.rs - ucstring::UCString<u32>::from_os_str (line 1181)
[INFO] [stdout]     src/ucstring.rs - ucstring::UCString<u32>::from_os_str (line 1191)
[INFO] [stdout]     src/ucstring.rs - ucstring::UCString<u32>::from_os_str_unchecked (line 1216)
[INFO] [stdout]     src/ucstring.rs - ucstring::UCString<u32>::from_os_str_with_nul (line 1241)
[INFO] [stdout]     src/ucstring.rs - ucstring::UCString<u32>::from_os_str_with_nul (line 1251)
[INFO] [stdout]     src/ucstring.rs - ucstring::UCString<u32>::from_os_str_with_nul_unchecked (line 1277)
[INFO] [stdout]     src/ucstring.rs - ucstring::UCString<u32>::from_str (line 870)
[INFO] [stdout]     src/ucstring.rs - ucstring::UCString<u32>::from_str (line 880)
[INFO] [stdout]     src/ucstring.rs - ucstring::UCString<u32>::from_str_unchecked (line 904)
[INFO] [stdout]     src/ucstring.rs - ucstring::UCString<u32>::from_str_with_nul (line 927)
[INFO] [stdout]     src/ucstring.rs - ucstring::UCString<u32>::from_str_with_nul (line 937)
[INFO] [stdout]     src/ucstring.rs - ucstring::UCString<u32>::from_str_with_nul_unchecked (line 960)
[INFO] [stdout]     src/ustr.rs - ustr::UStr<u16>::to_os_string (line 143)
[INFO] [stdout]     src/ustr.rs - ustr::UStr<u16>::to_string (line 167)
[INFO] [stdout]     src/ustr.rs - ustr::UStr<u16>::to_string_lossy (line 188)
[INFO] [stdout]     src/ustr.rs - ustr::UStr<u32>::to_os_string (line 243)
[INFO] [stdout]     src/ustr.rs - ustr::UStr<u32>::to_string (line 267)
[INFO] [stdout]     src/ustr.rs - ustr::UStr<u32>::to_string_lossy (line 300)
[INFO] [stdout]     src/ustring.rs - ustring::U16String (line 777)
[INFO] [stdout]     src/ustring.rs - ustring::U32String (line 805)
[INFO] [stdout]     src/ustring.rs - ustring::UString (line 43)
[INFO] [stdout]     src/ustring.rs - ustring::UString (line 55)
[INFO] [stdout]     src/ustring.rs - ustring::UString<C>::from_vec (line 83)
[INFO] [stdout]     src/ustring.rs - ustring::UString<C>::from_vec (line 92)
[INFO] [stdout]     src/ustring.rs - ustring::UString<C>::into_boxed_ustr (line 271)
[INFO] [stdout]     src/ustring.rs - ustring::UString<C>::into_boxed_ustr (line 279)
[INFO] [stdout]     src/ustring.rs - ustring::UString<C>::push (line 179)
[INFO] [stdout]     src/ustring.rs - ustring::UString<C>::push (line 190)
[INFO] [stdout]     src/ustring.rs - ustring::UString<C>::push_slice (line 211)
[INFO] [stdout]     src/ustring.rs - ustring::UString<C>::push_slice (line 222)
[INFO] [stdout]     src/ustring.rs - ustring::UString<C>::shrink_to_fit (line 240)
[INFO] [stdout]     src/ustring.rs - ustring::UString<C>::shrink_to_fit (line 252)
[INFO] [stdout]     src/ustring.rs - ustring::UString<u16>::from_os_str (line 330)
[INFO] [stdout]     src/ustring.rs - ustring::UString<u16>::from_str (line 308)
[INFO] [stdout]     src/ustring.rs - ustring::UString<u16>::push_os_str (line 372)
[INFO] [stdout]     src/ustring.rs - ustring::UString<u16>::push_str (line 352)
[INFO] [stdout]     src/ustring.rs - ustring::UString<u32>::from_chars (line 402)
[INFO] [stdout]     src/ustring.rs - ustring::UString<u32>::from_os_str (line 444)
[INFO] [stdout]     src/ustring.rs - ustring::UString<u32>::from_str (line 423)
[INFO] [stdout]     src/ustring.rs - ustring::UString<u32>::push_os_str (line 501)
[INFO] [stdout]     src/ustring.rs - ustring::UString<u32>::push_str (line 481)
[INFO] [stdout] 
[INFO] [stdout] test result: FAILED. 0 passed; 83 failed; 0 ignored; 0 measured; 0 filtered out; finished in 0.41s
[INFO] [stdout] 
[INFO] [stderr] error: doctest failed, to rerun pass `--doc`
[INFO] running `Command { std: "docker" "inspect" "b49b1a635b288aeab005e20642e7ed49f8438973a6b66867ac041c05b1dc14de", kill_on_drop: false }`
[INFO] running `Command { std: "docker" "rm" "-f" "b49b1a635b288aeab005e20642e7ed49f8438973a6b66867ac041c05b1dc14de", kill_on_drop: false }`
[INFO] [stdout] b49b1a635b288aeab005e20642e7ed49f8438973a6b66867ac041c05b1dc14de
[INFO] testing utfx-0.1.0 against beta-2023-12-22 for beta-1.76-1
[INFO] extracting crate utfx 0.1.0 into /workspace/builds/worker-5-tc2/source
[INFO] validating manifest of crates.io crate utfx 0.1.0 on toolchain beta-2023-12-22
[INFO] running `Command { std: CARGO_HOME="/workspace/cargo-home" RUSTUP_HOME="/workspace/rustup-home" "/workspace/cargo-home/bin/cargo" "+beta-2023-12-22" "metadata" "--manifest-path" "Cargo.toml" "--no-deps", kill_on_drop: false }`
[INFO] started tweaking crates.io crate utfx 0.1.0
[INFO] finished tweaking crates.io crate utfx 0.1.0
[INFO] tweaked toml for crates.io crate utfx 0.1.0 written to /workspace/builds/worker-5-tc2/source/Cargo.toml
[INFO] running `Command { std: CARGO_HOME="/workspace/cargo-home" RUSTUP_HOME="/workspace/rustup-home" "/workspace/cargo-home/bin/cargo" "+beta-2023-12-22" "generate-lockfile" "--manifest-path" "Cargo.toml", kill_on_drop: false }`
[INFO] [stderr]     Updating crates.io index
[INFO] running `Command { std: CARGO_HOME="/workspace/cargo-home" RUSTUP_HOME="/workspace/rustup-home" "/workspace/cargo-home/bin/cargo" "+beta-2023-12-22" "fetch" "--manifest-path" "Cargo.toml", kill_on_drop: false }`
[INFO] running `Command { std: "docker" "create" "-v" "/var/lib/crater-agent-workspace/builds/worker-5-tc2/target:/opt/rustwide/target:rw,Z" "-v" "/var/lib/crater-agent-workspace/builds/worker-5-tc2/source:/opt/rustwide/workdir:ro,Z" "-v" "/var/lib/crater-agent-workspace/cargo-home:/opt/rustwide/cargo-home:ro,Z" "-v" "/var/lib/crater-agent-workspace/rustup-home:/opt/rustwide/rustup-home:ro,Z" "-e" "SOURCE_DIR=/opt/rustwide/workdir" "-e" "CARGO_TARGET_DIR=/opt/rustwide/target" "-e" "CARGO_HOME=/opt/rustwide/cargo-home" "-e" "RUSTUP_HOME=/opt/rustwide/rustup-home" "-w" "/opt/rustwide/workdir" "-m" "1610612736" "--user" "0:0" "--network" "none" "ghcr.io/rust-lang/crates-build-env/linux@sha256:2788e3201cd34a07e3172128adcd8b3090168a8e3bcc40d7c032b9dda1df7d1c" "/opt/rustwide/cargo-home/bin/cargo" "+beta-2023-12-22" "metadata" "--no-deps" "--format-version=1", kill_on_drop: false }`
[INFO] [stdout] d0825977ae49c6e9751df15c10a01d8e6f61faa6f886254b7cf0e5555ce39c46
[INFO] running `Command { std: "docker" "start" "-a" "d0825977ae49c6e9751df15c10a01d8e6f61faa6f886254b7cf0e5555ce39c46", kill_on_drop: false }`
[INFO] running `Command { std: "docker" "inspect" "d0825977ae49c6e9751df15c10a01d8e6f61faa6f886254b7cf0e5555ce39c46", kill_on_drop: false }`
[INFO] running `Command { std: "docker" "rm" "-f" "d0825977ae49c6e9751df15c10a01d8e6f61faa6f886254b7cf0e5555ce39c46", kill_on_drop: false }`
[INFO] [stdout] d0825977ae49c6e9751df15c10a01d8e6f61faa6f886254b7cf0e5555ce39c46
[INFO] running `Command { std: "docker" "create" "-v" "/var/lib/crater-agent-workspace/builds/worker-5-tc2/target:/opt/rustwide/target:rw,Z" "-v" "/var/lib/crater-agent-workspace/builds/worker-5-tc2/source:/opt/rustwide/workdir:ro,Z" "-v" "/var/lib/crater-agent-workspace/cargo-home:/opt/rustwide/cargo-home:ro,Z" "-v" "/var/lib/crater-agent-workspace/rustup-home:/opt/rustwide/rustup-home:ro,Z" "-e" "SOURCE_DIR=/opt/rustwide/workdir" "-e" "CARGO_TARGET_DIR=/opt/rustwide/target" "-e" "CARGO_INCREMENTAL=0" "-e" "RUST_BACKTRACE=full" "-e" "RUSTFLAGS=--cap-lints=warn" "-e" "RUSTDOCFLAGS=--cap-lints=warn" "-e" "CARGO_HOME=/opt/rustwide/cargo-home" "-e" "RUSTUP_HOME=/opt/rustwide/rustup-home" "-w" "/opt/rustwide/workdir" "-m" "1610612736" "--user" "0:0" "--network" "none" "ghcr.io/rust-lang/crates-build-env/linux@sha256:2788e3201cd34a07e3172128adcd8b3090168a8e3bcc40d7c032b9dda1df7d1c" "/opt/rustwide/cargo-home/bin/cargo" "+beta-2023-12-22" "build" "--frozen" "--message-format=json", kill_on_drop: false }`
[INFO] [stdout] 3c305887c73c581149c0f989b9cb0a912944c53b876b0ff6941b5edf928e71cd
[INFO] running `Command { std: "docker" "start" "-a" "3c305887c73c581149c0f989b9cb0a912944c53b876b0ff6941b5edf928e71cd", kill_on_drop: false }`
[INFO] [stderr]    Compiling utfx v0.1.0 (/opt/rustwide/workdir)
[INFO] [stderr]     Finished dev [unoptimized + debuginfo] target(s) in 0.24s
[INFO] running `Command { std: "docker" "inspect" "3c305887c73c581149c0f989b9cb0a912944c53b876b0ff6941b5edf928e71cd", kill_on_drop: false }`
[INFO] running `Command { std: "docker" "rm" "-f" "3c305887c73c581149c0f989b9cb0a912944c53b876b0ff6941b5edf928e71cd", kill_on_drop: false }`
[INFO] [stdout] 3c305887c73c581149c0f989b9cb0a912944c53b876b0ff6941b5edf928e71cd
[INFO] running `Command { std: "docker" "create" "-v" "/var/lib/crater-agent-workspace/builds/worker-5-tc2/target:/opt/rustwide/target:rw,Z" "-v" "/var/lib/crater-agent-workspace/builds/worker-5-tc2/source:/opt/rustwide/workdir:ro,Z" "-v" "/var/lib/crater-agent-workspace/cargo-home:/opt/rustwide/cargo-home:ro,Z" "-v" "/var/lib/crater-agent-workspace/rustup-home:/opt/rustwide/rustup-home:ro,Z" "-e" "SOURCE_DIR=/opt/rustwide/workdir" "-e" "CARGO_TARGET_DIR=/opt/rustwide/target" "-e" "CARGO_INCREMENTAL=0" "-e" "RUST_BACKTRACE=full" "-e" "RUSTFLAGS=--cap-lints=warn" "-e" "RUSTDOCFLAGS=--cap-lints=warn" "-e" "CARGO_HOME=/opt/rustwide/cargo-home" "-e" "RUSTUP_HOME=/opt/rustwide/rustup-home" "-w" "/opt/rustwide/workdir" "-m" "1610612736" "--user" "0:0" "--network" "none" "ghcr.io/rust-lang/crates-build-env/linux@sha256:2788e3201cd34a07e3172128adcd8b3090168a8e3bcc40d7c032b9dda1df7d1c" "/opt/rustwide/cargo-home/bin/cargo" "+beta-2023-12-22" "test" "--frozen" "--no-run" "--message-format=json", kill_on_drop: false }`
[INFO] [stdout] 62deecee0d3b284247762b00db57c708c3c2f2eb7cb111c3012305ac6ac19d06
[INFO] running `Command { std: "docker" "start" "-a" "62deecee0d3b284247762b00db57c708c3c2f2eb7cb111c3012305ac6ac19d06", kill_on_drop: false }`
[INFO] [stderr]    Compiling winapi v0.3.9
[INFO] [stderr]    Compiling utfx v0.1.0 (/opt/rustwide/workdir)
[INFO] [stderr]     Finished test [unoptimized + debuginfo] target(s) in 0.55s
[INFO] running `Command { std: "docker" "inspect" "62deecee0d3b284247762b00db57c708c3c2f2eb7cb111c3012305ac6ac19d06", kill_on_drop: false }`
[INFO] running `Command { std: "docker" "rm" "-f" "62deecee0d3b284247762b00db57c708c3c2f2eb7cb111c3012305ac6ac19d06", kill_on_drop: false }`
[INFO] [stdout] 62deecee0d3b284247762b00db57c708c3c2f2eb7cb111c3012305ac6ac19d06
[INFO] running `Command { std: "docker" "create" "-v" "/var/lib/crater-agent-workspace/builds/worker-5-tc2/target:/opt/rustwide/target:rw,Z" "-v" "/var/lib/crater-agent-workspace/builds/worker-5-tc2/source:/opt/rustwide/workdir:ro,Z" "-v" "/var/lib/crater-agent-workspace/cargo-home:/opt/rustwide/cargo-home:ro,Z" "-v" "/var/lib/crater-agent-workspace/rustup-home:/opt/rustwide/rustup-home:ro,Z" "-e" "SOURCE_DIR=/opt/rustwide/workdir" "-e" "CARGO_TARGET_DIR=/opt/rustwide/target" "-e" "CARGO_INCREMENTAL=0" "-e" "RUST_BACKTRACE=full" "-e" "RUSTFLAGS=--cap-lints=warn" "-e" "RUSTDOCFLAGS=--cap-lints=warn" "-e" "CARGO_HOME=/opt/rustwide/cargo-home" "-e" "RUSTUP_HOME=/opt/rustwide/rustup-home" "-w" "/opt/rustwide/workdir" "-m" "1610612736" "--user" "0:0" "--network" "none" "ghcr.io/rust-lang/crates-build-env/linux@sha256:2788e3201cd34a07e3172128adcd8b3090168a8e3bcc40d7c032b9dda1df7d1c" "/opt/rustwide/cargo-home/bin/cargo" "+beta-2023-12-22" "test" "--frozen", kill_on_drop: false }`
[INFO] [stdout] 33718b2d917b676416894a154c3dea69bf384c1deb391aeb2638ab7fad88fbed
[INFO] running `Command { std: "docker" "start" "-a" "33718b2d917b676416894a154c3dea69bf384c1deb391aeb2638ab7fad88fbed", kill_on_drop: false }`
[INFO] [stderr]     Finished test [unoptimized + debuginfo] target(s) in 0.00s
[INFO] [stderr]      Running unittests src/lib.rs (/opt/rustwide/target/debug/deps/utfx-afe432b5b215d98d)
[INFO] [stdout] 
[INFO] [stdout] running 0 tests
[INFO] [stdout] 
[INFO] [stdout] test result: ok. 0 passed; 0 failed; 0 ignored; 0 measured; 0 filtered out; finished in 0.00s
[INFO] [stdout] 
[INFO] [stderr]    Doc-tests utfx
[INFO] [stdout] 
[INFO] [stdout] running 83 tests
[INFO] [stdout] test src/ucstr.rs - ucstr::UCStr<u16>::to_string (line 325) ... FAILED
[INFO] [stdout] test src/ucstr.rs - ucstr::UCStr<C>::to_ustring (line 208) ... FAILED
[INFO] [stdout] test src/ucstr.rs - ucstr::UCStr<u16>::to_os_string (line 301) ... FAILED
[INFO] [stdout] test src/ucstr.rs - ucstr::UCStr<C>::into_ucstring (line 269) ... FAILED
[INFO] [stdout] test src/ucstr.rs - ucstr::UCStr<C>::to_ustring (line 194) ... FAILED
[INFO] [stdout] test src/ucstr.rs - ucstr::UCStr<C>::into_ucstring (line 260) ... FAILED
[INFO] [stdout] test src/lib.rs - (line 96) ... FAILED
[INFO] [stdout] test src/lib.rs - (line 140) ... FAILED
[INFO] [stdout] test src/ucstr.rs - ucstr::UCStr<u32>::to_string (line 478) ... FAILED
[INFO] [stdout] test src/ucstr.rs - ucstr::UCStr<u32>::to_string_lossy (line 499) ... FAILED
[INFO] [stdout] test src/ucstr.rs - ucstr::UCStr<u32>::to_os_string (line 454) ... FAILED
[INFO] [stdout] test src/ucstring.rs - ucstring::U32CString (line 1591) ... FAILED
[INFO] [stdout] test src/ucstr.rs - ucstr::UCStr<u16>::to_string_lossy (line 346) ... FAILED
[INFO] [stdout] test src/ucstring.rs - ucstring::UCString (line 52) ... FAILED
[INFO] [stdout] test src/ucstring.rs - ucstring::UCString (line 40) ... FAILED
[INFO] [stdout] test src/ucstring.rs - ucstring::U16CString (line 1565) ... FAILED
[INFO] [stdout] test src/ucstring.rs - ucstring::UCString<C>::from_vec_with_nul (line 164) ... FAILED
[INFO] [stdout] test src/ucstring.rs - ucstring::UCString<C>::from_vec_with_nul (line 144) ... FAILED
[INFO] [stdout] test src/ucstring.rs - ucstring::UCString<C>::from_vec_with_nul (line 153) ... FAILED
[INFO] [stdout] test src/ucstring.rs - ucstring::UCString<C>::into_boxed_ucstr (line 365) ... FAILED
[INFO] [stdout] test src/ucstring.rs - ucstring::UCString<C>::new (line 106) ... FAILED
[INFO] [stdout] test src/ucstring.rs - ucstring::UCString<C>::into_boxed_ucstr (line 375) ... FAILED
[INFO] [stdout] test src/ucstring.rs - ucstring::UCString<C>::from_vec_with_nul (line 172) ... FAILED
[INFO] [stdout] test src/ucstring.rs - ucstring::UCString<C>::new (line 115) ... FAILED
[INFO] [stdout] test src/ucstring.rs - ucstring::UCString<u16>::from_os_str (line 642) ... FAILED
[INFO] [stdout] test src/ucstring.rs - ucstring::UCString<C>::new (line 86) ... FAILED
[INFO] [stdout] test src/ucstring.rs - ucstring::UCString<C>::new (line 95) ... FAILED
[INFO] [stdout] test src/ucstring.rs - ucstring::UCString<u16>::from_os_str_unchecked (line 677) ... FAILED
[INFO] [stdout] test src/ucstring.rs - ucstring::UCString<u16>::from_os_str_with_nul (line 702) ... FAILED
[INFO] [stdout] test src/ucstring.rs - ucstring::UCString<u16>::from_os_str_with_nul_unchecked (line 738) ... FAILED
[INFO] [stdout] test src/ucstring.rs - ucstring::UCString<u16>::from_os_str_with_nul (line 712) ... FAILED
[INFO] [stdout] test src/ucstring.rs - ucstring::UCString<u16>::from_os_str (line 652) ... FAILED
[INFO] [stdout] test src/ucstring.rs - ucstring::UCString<u16>::from_str (line 430) ... FAILED
[INFO] [stdout] test src/ucstring.rs - ucstring::UCString<u16>::from_str (line 420) ... FAILED
[INFO] [stdout] test src/ucstring.rs - ucstring::UCString<u16>::from_str_with_nul (line 477) ... FAILED
[INFO] [stdout] test src/ucstring.rs - ucstring::UCString<u16>::from_str_unchecked (line 454) ... FAILED
[INFO] [stdout] test src/ucstring.rs - ucstring::UCString<u16>::from_str_with_nul (line 487) ... FAILED
[INFO] [stdout] test src/ucstring.rs - ucstring::UCString<u32>::from_chars (line 773) ... FAILED
[INFO] [stdout] test src/ucstring.rs - ucstring::UCString<u32>::from_chars (line 784) ... FAILED
[INFO] [stdout] test src/ucstring.rs - ucstring::UCString<u32>::from_chars_with_nul (line 819) ... FAILED
[INFO] [stdout] test src/ucstring.rs - ucstring::UCString<u32>::from_chars_with_nul (line 808) ... FAILED
[INFO] [stdout] test src/ucstring.rs - ucstring::UCString<u16>::from_str_with_nul_unchecked (line 510) ... FAILED
[INFO] [stdout] test src/ucstring.rs - ucstring::UCString<u32>::from_os_str (line 1181) ... FAILED
[INFO] [stdout] test src/ucstring.rs - ucstring::UCString<u32>::from_os_str (line 1191) ... FAILED
[INFO] [stdout] test src/ucstring.rs - ucstring::UCString<u32>::from_os_str_unchecked (line 1216) ... FAILED
[INFO] [stdout] test src/ucstring.rs - ucstring::UCString<u32>::from_os_str_with_nul (line 1241) ... FAILED
[INFO] [stdout] test src/ucstring.rs - ucstring::UCString<u32>::from_os_str_with_nul (line 1251) ... FAILED
[INFO] [stdout] test src/ucstring.rs - ucstring::UCString<u32>::from_str_unchecked (line 904) ... FAILED
[INFO] [stdout] test src/ucstring.rs - ucstring::UCString<u32>::from_str (line 880) ... FAILED
[INFO] [stdout] test src/ucstring.rs - ucstring::UCString<u32>::from_os_str_with_nul_unchecked (line 1277) ... FAILED
[INFO] [stdout] test src/ucstring.rs - ucstring::UCString<u32>::from_str (line 870) ... FAILED
[INFO] [stdout] test src/ucstring.rs - ucstring::UCString<u32>::from_str_with_nul (line 927) ... FAILED
[INFO] [stdout] test src/ucstring.rs - ucstring::UCString<u32>::from_str_with_nul_unchecked (line 960) ... FAILED
[INFO] [stdout] test src/ucstring.rs - ucstring::UCString<u32>::from_str_with_nul (line 937) ... FAILED
[INFO] [stdout] test src/ustr.rs - ustr::UStr<u16>::to_os_string (line 143) ... FAILED
[INFO] [stdout] test src/ustr.rs - ustr::UStr<u32>::to_os_string (line 243) ... FAILED
[INFO] [stdout] test src/ustr.rs - ustr::UStr<u16>::to_string_lossy (line 188) ... FAILED
[INFO] [stdout] test src/ustr.rs - ustr::UStr<u16>::to_string (line 167) ... FAILED
[INFO] [stdout] test src/ustr.rs - ustr::UStr<u32>::to_string_lossy (line 300) ... FAILED
[INFO] [stdout] test src/ustr.rs - ustr::UStr<u32>::to_string (line 267) ... FAILED
[INFO] [stdout] test src/ustring.rs - ustring::U32String (line 805) ... FAILED
[INFO] [stdout] test src/ustring.rs - ustring::U16String (line 777) ... FAILED
[INFO] [stdout] test src/ustring.rs - ustring::UString (line 43) ... FAILED
[INFO] [stdout] test src/ustring.rs - ustring::UString (line 55) ... FAILED
[INFO] [stdout] test src/ustring.rs - ustring::UString<C>::from_vec (line 83) ... FAILED
[INFO] [stdout] test src/ustring.rs - ustring::UString<C>::into_boxed_ustr (line 271) ... FAILED
[INFO] [stdout] test src/ustring.rs - ustring::UString<C>::from_vec (line 92) ... FAILED
[INFO] [stdout] test src/ustring.rs - ustring::UString<C>::push (line 190) ... FAILED
[INFO] [stdout] test src/ustring.rs - ustring::UString<C>::into_boxed_ustr (line 279) ... FAILED
[INFO] [stdout] test src/ustring.rs - ustring::UString<C>::push (line 179) ... FAILED
[INFO] [stdout] test src/ustring.rs - ustring::UString<u16>::from_os_str (line 330) ... FAILED
[INFO] [stdout] test src/ustring.rs - ustring::UString<C>::push_slice (line 211) ... FAILED
[INFO] [stdout] test src/ustring.rs - ustring::UString<C>::shrink_to_fit (line 252) ... FAILED
[INFO] [stdout] test src/ustring.rs - ustring::UString<C>::shrink_to_fit (line 240) ... FAILED
[INFO] [stdout] test src/ustring.rs - ustring::UString<C>::push_slice (line 222) ... FAILED
[INFO] [stdout] test src/ustring.rs - ustring::UString<u16>::from_str (line 308) ... FAILED
[INFO] [stdout] test src/ustring.rs - ustring::UString<u16>::push_os_str (line 372) ... FAILED
[INFO] [stdout] test src/ustring.rs - ustring::UString<u16>::push_str (line 352) ... FAILED
[INFO] [stdout] test src/ustring.rs - ustring::UString<u32>::from_os_str (line 444) ... FAILED
[INFO] [stdout] test src/ustring.rs - ustring::UString<u32>::from_str (line 423) ... FAILED
[INFO] [stdout] test src/ustring.rs - ustring::UString<u32>::push_str (line 481) ... FAILED
[INFO] [stdout] test src/ustring.rs - ustring::UString<u32>::push_os_str (line 501) ... FAILED
[INFO] [stdout] test src/ustring.rs - ustring::UString<u32>::from_chars (line 402) ... FAILED
[INFO] [stdout] 
[INFO] [stdout] failures:
[INFO] [stdout] 
[INFO] [stdout] ---- src/ucstr.rs - ucstr::UCStr<u16>::to_string (line 325) stdout ----
[INFO] [stdout] error[E0432]: unresolved import `widestring`
[INFO] [stdout]  --> src/ucstr.rs:326:5
[INFO] [stdout]   |
[INFO] [stdout] 3 | use widestring::U16CString;
[INFO] [stdout]   |     ^^^^^^^^^^ use of undeclared crate or module `widestring`
[INFO] [stdout] 
[INFO] [stdout] error: aborting due to 1 previous error
[INFO] [stdout] 
[INFO] [stdout] For more information about this error, try `rustc --explain E0432`.
[INFO] [stdout] Couldn't compile the test.
[INFO] [stdout] ---- src/ucstr.rs - ucstr::UCStr<C>::to_ustring (line 208) stdout ----
[INFO] [stdout] error[E0432]: unresolved import `widestring`
[INFO] [stdout]  --> src/ucstr.rs:209:5
[INFO] [stdout]   |
[INFO] [stdout] 3 | use widestring::U32CString;
[INFO] [stdout]   |     ^^^^^^^^^^ use of undeclared crate or module `widestring`
[INFO] [stdout] 
[INFO] [stdout] error: aborting due to 1 previous error
[INFO] [stdout] 
[INFO] [stdout] For more information about this error, try `rustc --explain E0432`.
[INFO] [stdout] Couldn't compile the test.
[INFO] [stdout] ---- src/ucstr.rs - ucstr::UCStr<u16>::to_os_string (line 301) stdout ----
[INFO] [stdout] error[E0432]: unresolved import `widestring`
[INFO] [stdout]  --> src/ucstr.rs:302:5
[INFO] [stdout]   |
[INFO] [stdout] 3 | use widestring::U16CString;
[INFO] [stdout]   |     ^^^^^^^^^^ use of undeclared crate or module `widestring`
[INFO] [stdout] 
[INFO] [stdout] error: aborting due to 1 previous error
[INFO] [stdout] 
[INFO] [stdout] For more information about this error, try `rustc --explain E0432`.
[INFO] [stdout] Couldn't compile the test.
[INFO] [stdout] ---- src/ucstr.rs - ucstr::UCStr<C>::into_ucstring (line 269) stdout ----
[INFO] [stdout] error[E0432]: unresolved import `widestring`
[INFO] [stdout]  --> src/ucstr.rs:270:5
[INFO] [stdout]   |
[INFO] [stdout] 3 | use widestring::U32CString;
[INFO] [stdout]   |     ^^^^^^^^^^ use of undeclared crate or module `widestring`
[INFO] [stdout] 
[INFO] [stdout] error: aborting due to 1 previous error
[INFO] [stdout] 
[INFO] [stdout] For more information about this error, try `rustc --explain E0432`.
[INFO] [stdout] Couldn't compile the test.
[INFO] [stdout] ---- src/ucstr.rs - ucstr::UCStr<C>::to_ustring (line 194) stdout ----
[INFO] [stdout] error[E0432]: unresolved import `widestring`
[INFO] [stdout]  --> src/ucstr.rs:195:5
[INFO] [stdout]   |
[INFO] [stdout] 3 | use widestring::U16CString;
[INFO] [stdout]   |     ^^^^^^^^^^ use of undeclared crate or module `widestring`
[INFO] [stdout] 
[INFO] [stdout] error: aborting due to 1 previous error
[INFO] [stdout] 
[INFO] [stdout] For more information about this error, try `rustc --explain E0432`.
[INFO] [stdout] Couldn't compile the test.
[INFO] [stdout] ---- src/ucstr.rs - ucstr::UCStr<C>::into_ucstring (line 260) stdout ----
[INFO] [stdout] error[E0432]: unresolved import `widestring`
[INFO] [stdout]  --> src/ucstr.rs:261:5
[INFO] [stdout]   |
[INFO] [stdout] 3 | use widestring::U16CString;
[INFO] [stdout]   |     ^^^^^^^^^^ use of undeclared crate or module `widestring`
[INFO] [stdout] 
[INFO] [stdout] error: aborting due to 1 previous error
[INFO] [stdout] 
[INFO] [stdout] For more information about this error, try `rustc --explain E0432`.
[INFO] [stdout] Couldn't compile the test.
[INFO] [stdout] ---- src/lib.rs - (line 96) stdout ----
[INFO] [stdout] error[E0463]: can't find crate for `widestring`
[INFO] [stdout]  --> src/lib.rs:100:1
[INFO] [stdout]   |
[INFO] [stdout] 5 | extern crate widestring;
[INFO] [stdout]   | ^^^^^^^^^^^^^^^^^^^^^^^^ can't find crate
[INFO] [stdout] 
[INFO] [stdout] error: aborting due to 1 previous error
[INFO] [stdout] 
[INFO] [stdout] For more information about this error, try `rustc --explain E0463`.
[INFO] [stdout] Couldn't compile the test.
[INFO] [stdout] ---- src/lib.rs - (line 140) stdout ----
[INFO] [stdout] error[E0463]: can't find crate for `widestring`
[INFO] [stdout]  --> src/lib.rs:144:1
[INFO] [stdout]   |
[INFO] [stdout] 5 | extern crate widestring;
[INFO] [stdout]   | ^^^^^^^^^^^^^^^^^^^^^^^^ can't find crate
[INFO] [stdout] 
[INFO] [stdout] error: aborting due to 1 previous error
[INFO] [stdout] 
[INFO] [stdout] For more information about this error, try `rustc --explain E0463`.
[INFO] [stdout] Couldn't compile the test.
[INFO] [stdout] ---- src/ucstr.rs - ucstr::UCStr<u32>::to_string (line 478) stdout ----
[INFO] [stdout] error[E0432]: unresolved import `widestring`
[INFO] [stdout]  --> src/ucstr.rs:479:5
[INFO] [stdout]   |
[INFO] [stdout] 3 | use widestring::U32CString;
[INFO] [stdout]   |     ^^^^^^^^^^ use of undeclared crate or module `widestring`
[INFO] [stdout] 
[INFO] [stdout] error: aborting due to 1 previous error
[INFO] [stdout] 
[INFO] [stdout] For more information about this error, try `rustc --explain E0432`.
[INFO] [stdout] Couldn't compile the test.
[INFO] [stdout] ---- src/ucstr.rs - ucstr::UCStr<u32>::to_string_lossy (line 499) stdout ----
[INFO] [stdout] error[E0432]: unresolved import `widestring`
[INFO] [stdout]  --> src/ucstr.rs:500:5
[INFO] [stdout]   |
[INFO] [stdout] 3 | use widestring::U32CString;
[INFO] [stdout]   |     ^^^^^^^^^^ use of undeclared crate or module `widestring`
[INFO] [stdout] 
[INFO] [stdout] error: aborting due to 1 previous error
[INFO] [stdout] 
[INFO] [stdout] For more information about this error, try `rustc --explain E0432`.
[INFO] [stdout] Couldn't compile the test.
[INFO] [stdout] ---- src/ucstr.rs - ucstr::UCStr<u32>::to_os_string (line 454) stdout ----
[INFO] [stdout] error[E0432]: unresolved import `widestring`
[INFO] [stdout]  --> src/ucstr.rs:455:5
[INFO] [stdout]   |
[INFO] [stdout] 3 | use widestring::U32CString;
[INFO] [stdout]   |     ^^^^^^^^^^ use of undeclared crate or module `widestring`
[INFO] [stdout] 
[INFO] [stdout] error: aborting due to 1 previous error
[INFO] [stdout] 
[INFO] [stdout] For more information about this error, try `rustc --explain E0432`.
[INFO] [stdout] Couldn't compile the test.
[INFO] [stdout] ---- src/ucstring.rs - ucstring::U32CString (line 1591) stdout ----
[INFO] [stdout] error[E0432]: unresolved import `widestring`
[INFO] [stdout]  --> src/ucstring.rs:1592:5
[INFO] [stdout]   |
[INFO] [stdout] 3 | use widestring::U32CString;
[INFO] [stdout]   |     ^^^^^^^^^^ use of undeclared crate or module `widestring`
[INFO] [stdout] 
[INFO] [stdout] error: aborting due to 1 previous error
[INFO] [stdout] 
[INFO] [stdout] For more information about this error, try `rustc --explain E0432`.
[INFO] [stdout] Couldn't compile the test.
[INFO] [stdout] ---- src/ucstr.rs - ucstr::UCStr<u16>::to_string_lossy (line 346) stdout ----
[INFO] [stdout] error[E0432]: unresolved import `widestring`
[INFO] [stdout]  --> src/ucstr.rs:347:5
[INFO] [stdout]   |
[INFO] [stdout] 3 | use widestring::U16CString;
[INFO] [stdout]   |     ^^^^^^^^^^ use of undeclared crate or module `widestring`
[INFO] [stdout] 
[INFO] [stdout] error: aborting due to 1 previous error
[INFO] [stdout] 
[INFO] [stdout] For more information about this error, try `rustc --explain E0432`.
[INFO] [stdout] Couldn't compile the test.
[INFO] [stdout] ---- src/ucstring.rs - ucstring::UCString (line 52) stdout ----
[INFO] [stdout] error[E0432]: unresolved import `widestring`
[INFO] [stdout]  --> src/ucstring.rs:53:5
[INFO] [stdout]   |
[INFO] [stdout] 3 | use widestring::U32CString;
[INFO] [stdout]   |     ^^^^^^^^^^ use of undeclared crate or module `widestring`
[INFO] [stdout] 
[INFO] [stdout] error: aborting due to 1 previous error
[INFO] [stdout] 
[INFO] [stdout] For more information about this error, try `rustc --explain E0432`.
[INFO] [stdout] Couldn't compile the test.
[INFO] [stdout] ---- src/ucstring.rs - ucstring::UCString (line 40) stdout ----
[INFO] [stdout] error[E0432]: unresolved import `widestring`
[INFO] [stdout]  --> src/ucstring.rs:41:5
[INFO] [stdout]   |
[INFO] [stdout] 3 | use widestring::U16CString;
[INFO] [stdout]   |     ^^^^^^^^^^ use of undeclared crate or module `widestring`
[INFO] [stdout] 
[INFO] [stdout] error: aborting due to 1 previous error
[INFO] [stdout] 
[INFO] [stdout] For more information about this error, try `rustc --explain E0432`.
[INFO] [stdout] Couldn't compile the test.
[INFO] [stdout] ---- src/ucstring.rs - ucstring::U16CString (line 1565) stdout ----
[INFO] [stdout] error[E0432]: unresolved import `widestring`
[INFO] [stdout]  --> src/ucstring.rs:1566:5
[INFO] [stdout]   |
[INFO] [stdout] 3 | use widestring::U16CString;
[INFO] [stdout]   |     ^^^^^^^^^^ use of undeclared crate or module `widestring`
[INFO] [stdout] 
[INFO] [stdout] error: aborting due to 1 previous error
[INFO] [stdout] 
[INFO] [stdout] For more information about this error, try `rustc --explain E0432`.
[INFO] [stdout] Couldn't compile the test.
[INFO] [stdout] ---- src/ucstring.rs - ucstring::UCString<C>::from_vec_with_nul (line 164) stdout ----
[INFO] [stdout] error[E0432]: unresolved import `widestring`
[INFO] [stdout]  --> src/ucstring.rs:165:5
[INFO] [stdout]   |
[INFO] [stdout] 3 | use widestring::U16CString;
[INFO] [stdout]   |     ^^^^^^^^^^ use of undeclared crate or module `widestring`
[INFO] [stdout] 
[INFO] [stdout] error: aborting due to 1 previous error
[INFO] [stdout] 
[INFO] [stdout] For more information about this error, try `rustc --explain E0432`.
[INFO] [stdout] Couldn't compile the test.
[INFO] [stdout] ---- src/ucstring.rs - ucstring::UCString<C>::from_vec_with_nul (line 144) stdout ----
[INFO] [stdout] error[E0432]: unresolved import `widestring`
[INFO] [stdout]  --> src/ucstring.rs:145:5
[INFO] [stdout]   |
[INFO] [stdout] 3 | use widestring::U16CString;
[INFO] [stdout]   |     ^^^^^^^^^^ use of undeclared crate or module `widestring`
[INFO] [stdout] 
[INFO] [stdout] error: aborting due to 1 previous error
[INFO] [stdout] 
[INFO] [stdout] For more information about this error, try `rustc --explain E0432`.
[INFO] [stdout] Couldn't compile the test.
[INFO] [stdout] ---- src/ucstring.rs - ucstring::UCString<C>::from_vec_with_nul (line 153) stdout ----
[INFO] [stdout] error[E0432]: unresolved import `widestring`
[INFO] [stdout]  --> src/ucstring.rs:154:5
[INFO] [stdout]   |
[INFO] [stdout] 3 | use widestring::U32CString;
[INFO] [stdout]   |     ^^^^^^^^^^ use of undeclared crate or module `widestring`
[INFO] [stdout] 
[INFO] [stdout] error: aborting due to 1 previous error
[INFO] [stdout] 
[INFO] [stdout] For more information about this error, try `rustc --explain E0432`.
[INFO] [stdout] Couldn't compile the test.
[INFO] [stdout] ---- src/ucstring.rs - ucstring::UCString<C>::into_boxed_ucstr (line 365) stdout ----
[INFO] [stdout] error[E0432]: unresolved import `widestring`
[INFO] [stdout]  --> src/ucstring.rs:366:5
[INFO] [stdout]   |
[INFO] [stdout] 3 | use widestring::{U16CString, U16CStr};
[INFO] [stdout]   |     ^^^^^^^^^^ use of undeclared crate or module `widestring`
[INFO] [stdout] 
[INFO] [stdout] error: aborting due to 1 previous error
[INFO] [stdout] 
[INFO] [stdout] For more information about this error, try `rustc --explain E0432`.
[INFO] [stdout] Couldn't compile the test.
[INFO] [stdout] ---- src/ucstring.rs - ucstring::UCString<C>::new (line 106) stdout ----
[INFO] [stdout] error[E0432]: unresolved import `widestring`
[INFO] [stdout]  --> src/ucstring.rs:107:5
[INFO] [stdout]   |
[INFO] [stdout] 3 | use widestring::U16CString;
[INFO] [stdout]   |     ^^^^^^^^^^ use of undeclared crate or module `widestring`
[INFO] [stdout] 
[INFO] [stdout] error: aborting due to 1 previous error
[INFO] [stdout] 
[INFO] [stdout] For more information about this error, try `rustc --explain E0432`.
[INFO] [stdout] Couldn't compile the test.
[INFO] [stdout] ---- src/ucstring.rs - ucstring::UCString<C>::into_boxed_ucstr (line 375) stdout ----
[INFO] [stdout] error[E0432]: unresolved import `widestring`
[INFO] [stdout]  --> src/ucstring.rs:376:5
[INFO] [stdout]   |
[INFO] [stdout] 3 | use widestring::{U32CString, U32CStr};
[INFO] [stdout]   |     ^^^^^^^^^^ use of undeclared crate or module `widestring`
[INFO] [stdout] 
[INFO] [stdout] error: aborting due to 1 previous error
[INFO] [stdout] 
[INFO] [stdout] For more information about this error, try `rustc --explain E0432`.
[INFO] [stdout] Couldn't compile the test.
[INFO] [stdout] ---- src/ucstring.rs - ucstring::UCString<C>::from_vec_with_nul (line 172) stdout ----
[INFO] [stdout] error[E0432]: unresolved import `widestring`
[INFO] [stdout]  --> src/ucstring.rs:173:5
[INFO] [stdout]   |
[INFO] [stdout] 3 | use widestring::U32CString;
[INFO] [stdout]   |     ^^^^^^^^^^ use of undeclared crate or module `widestring`
[INFO] [stdout] 
[INFO] [stdout] error: aborting due to 1 previous error
[INFO] [stdout] 
[INFO] [stdout] For more information about this error, try `rustc --explain E0432`.
[INFO] [stdout] Couldn't compile the test.
[INFO] [stdout] ---- src/ucstring.rs - ucstring::UCString<C>::new (line 115) stdout ----
[INFO] [stdout] error[E0432]: unresolved import `widestring`
[INFO] [stdout]  --> src/ucstring.rs:116:5
[INFO] [stdout]   |
[INFO] [stdout] 3 | use widestring::U32CString;
[INFO] [stdout]   |     ^^^^^^^^^^ use of undeclared crate or module `widestring`
[INFO] [stdout] 
[INFO] [stdout] error: aborting due to 1 previous error
[INFO] [stdout] 
[INFO] [stdout] For more information about this error, try `rustc --explain E0432`.
[INFO] [stdout] Couldn't compile the test.
[INFO] [stdout] ---- src/ucstring.rs - ucstring::UCString<u16>::from_os_str (line 642) stdout ----
[INFO] [stdout] error[E0432]: unresolved import `widestring`
[INFO] [stdout]  --> src/ucstring.rs:643:5
[INFO] [stdout]   |
[INFO] [stdout] 3 | use widestring::U16CString;
[INFO] [stdout]   |     ^^^^^^^^^^ use of undeclared crate or module `widestring`
[INFO] [stdout] 
[INFO] [stdout] error: aborting due to 1 previous error
[INFO] [stdout] 
[INFO] [stdout] For more information about this error, try `rustc --explain E0432`.
[INFO] [stdout] Couldn't compile the test.
[INFO] [stdout] ---- src/ucstring.rs - ucstring::UCString<C>::new (line 86) stdout ----
[INFO] [stdout] error[E0432]: unresolved import `widestring`
[INFO] [stdout]  --> src/ucstring.rs:87:5
[INFO] [stdout]   |
[INFO] [stdout] 3 | use widestring::U16CString;
[INFO] [stdout]   |     ^^^^^^^^^^ use of undeclared crate or module `widestring`
[INFO] [stdout] 
[INFO] [stdout] error: aborting due to 1 previous error
[INFO] [stdout] 
[INFO] [stdout] For more information about this error, try `rustc --explain E0432`.
[INFO] [stdout] Couldn't compile the test.
[INFO] [stdout] ---- src/ucstring.rs - ucstring::UCString<C>::new (line 95) stdout ----
[INFO] [stdout] error[E0432]: unresolved import `widestring`
[INFO] [stdout]  --> src/ucstring.rs:96:5
[INFO] [stdout]   |
[INFO] [stdout] 3 | use widestring::U32CString;
[INFO] [stdout]   |     ^^^^^^^^^^ use of undeclared crate or module `widestring`
[INFO] [stdout] 
[INFO] [stdout] error: aborting due to 1 previous error
[INFO] [stdout] 
[INFO] [stdout] For more information about this error, try `rustc --explain E0432`.
[INFO] [stdout] Couldn't compile the test.
[INFO] [stdout] ---- src/ucstring.rs - ucstring::UCString<u16>::from_os_str_unchecked (line 677) stdout ----
[INFO] [stdout] error[E0432]: unresolved import `widestring`
[INFO] [stdout]  --> src/ucstring.rs:678:5
[INFO] [stdout]   |
[INFO] [stdout] 3 | use widestring::U16CString;
[INFO] [stdout]   |     ^^^^^^^^^^ use of undeclared crate or module `widestring`
[INFO] [stdout] 
[INFO] [stdout] error: aborting due to 1 previous error
[INFO] [stdout] 
[INFO] [stdout] For more information about this error, try `rustc --explain E0432`.
[INFO] [stdout] Couldn't compile the test.
[INFO] [stdout] ---- src/ucstring.rs - ucstring::UCString<u16>::from_os_str_with_nul (line 702) stdout ----
[INFO] [stdout] error[E0432]: unresolved import `widestring`
[INFO] [stdout]  --> src/ucstring.rs:703:5
[INFO] [stdout]   |
[INFO] [stdout] 3 | use widestring::U16CString;
[INFO] [stdout]   |     ^^^^^^^^^^ use of undeclared crate or module `widestring`
[INFO] [stdout] 
[INFO] [stdout] error: aborting due to 1 previous error
[INFO] [stdout] 
[INFO] [stdout] For more information about this error, try `rustc --explain E0432`.
[INFO] [stdout] Couldn't compile the test.
[INFO] [stdout] ---- src/ucstring.rs - ucstring::UCString<u16>::from_os_str_with_nul_unchecked (line 738) stdout ----
[INFO] [stdout] error[E0432]: unresolved import `widestring`
[INFO] [stdout]  --> src/ucstring.rs:739:5
[INFO] [stdout]   |
[INFO] [stdout] 3 | use widestring::U16CString;
[INFO] [stdout]   |     ^^^^^^^^^^ use of undeclared crate or module `widestring`
[INFO] [stdout] 
[INFO] [stdout] error: aborting due to 1 previous error
[INFO] [stdout] 
[INFO] [stdout] For more information about this error, try `rustc --explain E0432`.
[INFO] [stdout] Couldn't compile the test.
[INFO] [stdout] ---- src/ucstring.rs - ucstring::UCString<u16>::from_os_str_with_nul (line 712) stdout ----
[INFO] [stdout] error[E0432]: unresolved import `widestring`
[INFO] [stdout]  --> src/ucstring.rs:713:5
[INFO] [stdout]   |
[INFO] [stdout] 3 | use widestring::U16CString;
[INFO] [stdout]   |     ^^^^^^^^^^ use of undeclared crate or module `widestring`
[INFO] [stdout] 
[INFO] [stdout] error: aborting due to 1 previous error
[INFO] [stdout] 
[INFO] [stdout] For more information about this error, try `rustc --explain E0432`.
[INFO] [stdout] Couldn't compile the test.
[INFO] [stdout] ---- src/ucstring.rs - ucstring::UCString<u16>::from_os_str (line 652) stdout ----
[INFO] [stdout] error[E0432]: unresolved import `widestring`
[INFO] [stdout]  --> src/ucstring.rs:653:5
[INFO] [stdout]   |
[INFO] [stdout] 3 | use widestring::U16CString;
[INFO] [stdout]   |     ^^^^^^^^^^ use of undeclared crate or module `widestring`
[INFO] [stdout] 
[INFO] [stdout] error: aborting due to 1 previous error
[INFO] [stdout] 
[INFO] [stdout] For more information about this error, try `rustc --explain E0432`.
[INFO] [stdout] Couldn't compile the test.
[INFO] [stdout] ---- src/ucstring.rs - ucstring::UCString<u16>::from_str (line 430) stdout ----
[INFO] [stdout] error[E0432]: unresolved import `widestring`
[INFO] [stdout]  --> src/ucstring.rs:431:5
[INFO] [stdout]   |
[INFO] [stdout] 3 | use widestring::U16CString;
[INFO] [stdout]   |     ^^^^^^^^^^ use of undeclared crate or module `widestring`
[INFO] [stdout] 
[INFO] [stdout] error: aborting due to 1 previous error
[INFO] [stdout] 
[INFO] [stdout] For more information about this error, try `rustc --explain E0432`.
[INFO] [stdout] Couldn't compile the test.
[INFO] [stdout] ---- src/ucstring.rs - ucstring::UCString<u16>::from_str (line 420) stdout ----
[INFO] [stdout] error[E0432]: unresolved import `widestring`
[INFO] [stdout]  --> src/ucstring.rs:421:5
[INFO] [stdout]   |
[INFO] [stdout] 3 | use widestring::U16CString;
[INFO] [stdout]   |     ^^^^^^^^^^ use of undeclared crate or module `widestring`
[INFO] [stdout] 
[INFO] [stdout] error: aborting due to 1 previous error
[INFO] [stdout] 
[INFO] [stdout] For more information about this error, try `rustc --explain E0432`.
[INFO] [stdout] Couldn't compile the test.
[INFO] [stdout] ---- src/ucstring.rs - ucstring::UCString<u16>::from_str_with_nul (line 477) stdout ----
[INFO] [stdout] error[E0432]: unresolved import `widestring`
[INFO] [stdout]  --> src/ucstring.rs:478:5
[INFO] [stdout]   |
[INFO] [stdout] 3 | use widestring::U16CString;
[INFO] [stdout]   |     ^^^^^^^^^^ use of undeclared crate or module `widestring`
[INFO] [stdout] 
[INFO] [stdout] error: aborting due to 1 previous error
[INFO] [stdout] 
[INFO] [stdout] For more information about this error, try `rustc --explain E0432`.
[INFO] [stdout] Couldn't compile the test.
[INFO] [stdout] ---- src/ucstring.rs - ucstring::UCString<u16>::from_str_unchecked (line 454) stdout ----
[INFO] [stdout] error[E0432]: unresolved import `widestring`
[INFO] [stdout]  --> src/ucstring.rs:455:5
[INFO] [stdout]   |
[INFO] [stdout] 3 | use widestring::U16CString;
[INFO] [stdout]   |     ^^^^^^^^^^ use of undeclared crate or module `widestring`
[INFO] [stdout] 
[INFO] [stdout] error: aborting due to 1 previous error
[INFO] [stdout] 
[INFO] [stdout] For more information about this error, try `rustc --explain E0432`.
[INFO] [stdout] Couldn't compile the test.
[INFO] [stdout] ---- src/ucstring.rs - ucstring::UCString<u16>::from_str_with_nul (line 487) stdout ----
[INFO] [stdout] error[E0432]: unresolved import `widestring`
[INFO] [stdout]  --> src/ucstring.rs:488:5
[INFO] [stdout]   |
[INFO] [stdout] 3 | use widestring::U16CString;
[INFO] [stdout]   |     ^^^^^^^^^^ use of undeclared crate or module `widestring`
[INFO] [stdout] 
[INFO] [stdout] error: aborting due to 1 previous error
[INFO] [stdout] 
[INFO] [stdout] For more information about this error, try `rustc --explain E0432`.
[INFO] [stdout] Couldn't compile the test.
[INFO] [stdout] ---- src/ucstring.rs - ucstring::UCString<u32>::from_chars (line 773) stdout ----
[INFO] [stdout] error[E0432]: unresolved import `widestring`
[INFO] [stdout]  --> src/ucstring.rs:774:5
[INFO] [stdout]   |
[INFO] [stdout] 3 | use widestring::U32CString;
[INFO] [stdout]   |     ^^^^^^^^^^ use of undeclared crate or module `widestring`
[INFO] [stdout] 
[INFO] [stdout] error: aborting due to 1 previous error
[INFO] [stdout] 
[INFO] [stdout] For more information about this error, try `rustc --explain E0432`.
[INFO] [stdout] Couldn't compile the test.
[INFO] [stdout] ---- src/ucstring.rs - ucstring::UCString<u32>::from_chars (line 784) stdout ----
[INFO] [stdout] error[E0432]: unresolved import `widestring`
[INFO] [stdout]  --> src/ucstring.rs:785:5
[INFO] [stdout]   |
[INFO] [stdout] 3 | use widestring::U32CString;
[INFO] [stdout]   |     ^^^^^^^^^^ use of undeclared crate or module `widestring`
[INFO] [stdout] 
[INFO] [stdout] error: aborting due to 1 previous error
[INFO] [stdout] 
[INFO] [stdout] For more information about this error, try `rustc --explain E0432`.
[INFO] [stdout] Couldn't compile the test.
[INFO] [stdout] ---- src/ucstring.rs - ucstring::UCString<u32>::from_chars_with_nul (line 819) stdout ----
[INFO] [stdout] error[E0432]: unresolved import `widestring`
[INFO] [stdout]  --> src/ucstring.rs:820:5
[INFO] [stdout]   |
[INFO] [stdout] 3 | use widestring::U32CString;
[INFO] [stdout]   |     ^^^^^^^^^^ use of undeclared crate or module `widestring`
[INFO] [stdout] 
[INFO] [stdout] error: aborting due to 1 previous error
[INFO] [stdout] 
[INFO] [stdout] For more information about this error, try `rustc --explain E0432`.
[INFO] [stdout] Couldn't compile the test.
[INFO] [stdout] ---- src/ucstring.rs - ucstring::UCString<u32>::from_chars_with_nul (line 808) stdout ----
[INFO] [stdout] error[E0432]: unresolved import `widestring`
[INFO] [stdout]  --> src/ucstring.rs:809:5
[INFO] [stdout]   |
[INFO] [stdout] 3 | use widestring::U32CString;
[INFO] [stdout]   |     ^^^^^^^^^^ use of undeclared crate or module `widestring`
[INFO] [stdout] 
[INFO] [stdout] error: aborting due to 1 previous error
[INFO] [stdout] 
[INFO] [stdout] For more information about this error, try `rustc --explain E0432`.
[INFO] [stdout] Couldn't compile the test.
[INFO] [stdout] ---- src/ucstring.rs - ucstring::UCString<u16>::from_str_with_nul_unchecked (line 510) stdout ----
[INFO] [stdout] error[E0432]: unresolved import `widestring`
[INFO] [stdout]  --> src/ucstring.rs:511:5
[INFO] [stdout]   |
[INFO] [stdout] 3 | use widestring::U16CString;
[INFO] [stdout]   |     ^^^^^^^^^^ use of undeclared crate or module `widestring`
[INFO] [stdout] 
[INFO] [stdout] error: aborting due to 1 previous error
[INFO] [stdout] 
[INFO] [stdout] For more information about this error, try `rustc --explain E0432`.
[INFO] [stdout] Couldn't compile the test.
[INFO] [stdout] ---- src/ucstring.rs - ucstring::UCString<u32>::from_os_str (line 1181) stdout ----
[INFO] [stdout] error[E0432]: unresolved import `widestring`
[INFO] [stdout]  --> src/ucstring.rs:1182:5
[INFO] [stdout]   |
[INFO] [stdout] 3 | use widestring::U32CString;
[INFO] [stdout]   |     ^^^^^^^^^^ use of undeclared crate or module `widestring`
[INFO] [stdout] 
[INFO] [stdout] error: aborting due to 1 previous error
[INFO] [stdout] 
[INFO] [stdout] For more information about this error, try `rustc --explain E0432`.
[INFO] [stdout] Couldn't compile the test.
[INFO] [stdout] ---- src/ucstring.rs - ucstring::UCString<u32>::from_os_str (line 1191) stdout ----
[INFO] [stdout] error[E0432]: unresolved import `widestring`
[INFO] [stdout]  --> src/ucstring.rs:1192:5
[INFO] [stdout]   |
[INFO] [stdout] 3 | use widestring::U32CString;
[INFO] [stdout]   |     ^^^^^^^^^^ use of undeclared crate or module `widestring`
[INFO] [stdout] 
[INFO] [stdout] error: aborting due to 1 previous error
[INFO] [stdout] 
[INFO] [stdout] For more information about this error, try `rustc --explain E0432`.
[INFO] [stdout] Couldn't compile the test.
[INFO] [stdout] ---- src/ucstring.rs - ucstring::UCString<u32>::from_os_str_unchecked (line 1216) stdout ----
[INFO] [stdout] error[E0432]: unresolved import `widestring`
[INFO] [stdout]  --> src/ucstring.rs:1217:5
[INFO] [stdout]   |
[INFO] [stdout] 3 | use widestring::U32CString;
[INFO] [stdout]   |     ^^^^^^^^^^ use of undeclared crate or module `widestring`
[INFO] [stdout] 
[INFO] [stdout] error: aborting due to 1 previous error
[INFO] [stdout] 
[INFO] [stdout] For more information about this error, try `rustc --explain E0432`.
[INFO] [stdout] Couldn't compile the test.
[INFO] [stdout] ---- src/ucstring.rs - ucstring::UCString<u32>::from_os_str_with_nul (line 1241) stdout ----
[INFO] [stdout] error[E0432]: unresolved import `widestring`
[INFO] [stdout]  --> src/ucstring.rs:1242:5
[INFO] [stdout]   |
[INFO] [stdout] 3 | use widestring::U32CString;
[INFO] [stdout]   |     ^^^^^^^^^^ use of undeclared crate or module `widestring`
[INFO] [stdout] 
[INFO] [stdout] error: aborting due to 1 previous error
[INFO] [stdout] 
[INFO] [stdout] For more information about this error, try `rustc --explain E0432`.
[INFO] [stdout] Couldn't compile the test.
[INFO] [stdout] ---- src/ucstring.rs - ucstring::UCString<u32>::from_os_str_with_nul (line 1251) stdout ----
[INFO] [stdout] error[E0432]: unresolved import `widestring`
[INFO] [stdout]  --> src/ucstring.rs:1252:5
[INFO] [stdout]   |
[INFO] [stdout] 3 | use widestring::U32CString;
[INFO] [stdout]   |     ^^^^^^^^^^ use of undeclared crate or module `widestring`
[INFO] [stdout] 
[INFO] [stdout] error: aborting due to 1 previous error
[INFO] [stdout] 
[INFO] [stdout] For more information about this error, try `rustc --explain E0432`.
[INFO] [stdout] Couldn't compile the test.
[INFO] [stdout] ---- src/ucstring.rs - ucstring::UCString<u32>::from_str_unchecked (line 904) stdout ----
[INFO] [stdout] error[E0432]: unresolved import `widestring`
[INFO] [stdout]  --> src/ucstring.rs:905:5
[INFO] [stdout]   |
[INFO] [stdout] 3 | use widestring::U32CString;
[INFO] [stdout]   |     ^^^^^^^^^^ use of undeclared crate or module `widestring`
[INFO] [stdout] 
[INFO] [stdout] error: aborting due to 1 previous error
[INFO] [stdout] 
[INFO] [stdout] For more information about this error, try `rustc --explain E0432`.
[INFO] [stdout] Couldn't compile the test.
[INFO] [stdout] ---- src/ucstring.rs - ucstring::UCString<u32>::from_str (line 880) stdout ----
[INFO] [stdout] error[E0432]: unresolved import `widestring`
[INFO] [stdout]  --> src/ucstring.rs:881:5
[INFO] [stdout]   |
[INFO] [stdout] 3 | use widestring::U32CString;
[INFO] [stdout]   |     ^^^^^^^^^^ use of undeclared crate or module `widestring`
[INFO] [stdout] 
[INFO] [stdout] error: aborting due to 1 previous error
[INFO] [stdout] 
[INFO] [stdout] For more information about this error, try `rustc --explain E0432`.
[INFO] [stdout] Couldn't compile the test.
[INFO] [stdout] ---- src/ucstring.rs - ucstring::UCString<u32>::from_os_str_with_nul_unchecked (line 1277) stdout ----
[INFO] [stdout] error[E0432]: unresolved import `widestring`
[INFO] [stdout]  --> src/ucstring.rs:1278:5
[INFO] [stdout]   |
[INFO] [stdout] 3 | use widestring::U32CString;
[INFO] [stdout]   |     ^^^^^^^^^^ use of undeclared crate or module `widestring`
[INFO] [stdout] 
[INFO] [stdout] error: aborting due to 1 previous error
[INFO] [stdout] 
[INFO] [stdout] For more information about this error, try `rustc --explain E0432`.
[INFO] [stdout] Couldn't compile the test.
[INFO] [stdout] ---- src/ucstring.rs - ucstring::UCString<u32>::from_str (line 870) stdout ----
[INFO] [stdout] error[E0432]: unresolved import `widestring`
[INFO] [stdout]  --> src/ucstring.rs:871:5
[INFO] [stdout]   |
[INFO] [stdout] 3 | use widestring::U32CString;
[INFO] [stdout]   |     ^^^^^^^^^^ use of undeclared crate or module `widestring`
[INFO] [stdout] 
[INFO] [stdout] error: aborting due to 1 previous error
[INFO] [stdout] 
[INFO] [stdout] For more information about this error, try `rustc --explain E0432`.
[INFO] [stdout] Couldn't compile the test.
[INFO] [stdout] ---- src/ucstring.rs - ucstring::UCString<u32>::from_str_with_nul (line 927) stdout ----
[INFO] [stdout] error[E0432]: unresolved import `widestring`
[INFO] [stdout]  --> src/ucstring.rs:928:5
[INFO] [stdout]   |
[INFO] [stdout] 3 | use widestring::U32CString;
[INFO] [stdout]   |     ^^^^^^^^^^ use of undeclared crate or module `widestring`
[INFO] [stdout] 
[INFO] [stdout] error: aborting due to 1 previous error
[INFO] [stdout] 
[INFO] [stdout] For more information about this error, try `rustc --explain E0432`.
[INFO] [stdout] Couldn't compile the test.
[INFO] [stdout] ---- src/ucstring.rs - ucstring::UCString<u32>::from_str_with_nul_unchecked (line 960) stdout ----
[INFO] [stdout] error[E0432]: unresolved import `widestring`
[INFO] [stdout]  --> src/ucstring.rs:961:5
[INFO] [stdout]   |
[INFO] [stdout] 3 | use widestring::U32CString;
[INFO] [stdout]   |     ^^^^^^^^^^ use of undeclared crate or module `widestring`
[INFO] [stdout] 
[INFO] [stdout] error: aborting due to 1 previous error
[INFO] [stdout] 
[INFO] [stdout] For more information about this error, try `rustc --explain E0432`.
[INFO] [stdout] Couldn't compile the test.
[INFO] [stdout] ---- src/ucstring.rs - ucstring::UCString<u32>::from_str_with_nul (line 937) stdout ----
[INFO] [stdout] error[E0432]: unresolved import `widestring`
[INFO] [stdout]  --> src/ucstring.rs:938:5
[INFO] [stdout]   |
[INFO] [stdout] 3 | use widestring::U32CString;
[INFO] [stdout]   |     ^^^^^^^^^^ use of undeclared crate or module `widestring`
[INFO] [stdout] 
[INFO] [stdout] error: aborting due to 1 previous error
[INFO] [stdout] 
[INFO] [stdout] For more information about this error, try `rustc --explain E0432`.
[INFO] [stdout] Couldn't compile the test.
[INFO] [stdout] ---- src/ustr.rs - ustr::UStr<u16>::to_os_string (line 143) stdout ----
[INFO] [stdout] error[E0432]: unresolved import `widestring`
[INFO] [stdout]  --> src/ustr.rs:144:5
[INFO] [stdout]   |
[INFO] [stdout] 3 | use widestring::U16String;
[INFO] [stdout]   |     ^^^^^^^^^^ use of undeclared crate or module `widestring`
[INFO] [stdout] 
[INFO] [stdout] error: aborting due to 1 previous error
[INFO] [stdout] 
[INFO] [stdout] For more information about this error, try `rustc --explain E0432`.
[INFO] [stdout] Couldn't compile the test.
[INFO] [stdout] ---- src/ustr.rs - ustr::UStr<u32>::to_os_string (line 243) stdout ----
[INFO] [stdout] error[E0432]: unresolved import `widestring`
[INFO] [stdout]  --> src/ustr.rs:244:5
[INFO] [stdout]   |
[INFO] [stdout] 3 | use widestring::U32String;
[INFO] [stdout]   |     ^^^^^^^^^^ use of undeclared crate or module `widestring`
[INFO] [stdout] 
[INFO] [stdout] error: aborting due to 1 previous error
[INFO] [stdout] 
[INFO] [stdout] For more information about this error, try `rustc --explain E0432`.
[INFO] [stdout] Couldn't compile the test.
[INFO] [stdout] ---- src/ustr.rs - ustr::UStr<u16>::to_string_lossy (line 188) stdout ----
[INFO] [stdout] error[E0432]: unresolved import `widestring`
[INFO] [stdout]  --> src/ustr.rs:189:5
[INFO] [stdout]   |
[INFO] [stdout] 3 | use widestring::U16String;
[INFO] [stdout]   |     ^^^^^^^^^^ use of undeclared crate or module `widestring`
[INFO] [stdout] 
[INFO] [stdout] error: aborting due to 1 previous error
[INFO] [stdout] 
[INFO] [stdout] For more information about this error, try `rustc --explain E0432`.
[INFO] [stdout] Couldn't compile the test.
[INFO] [stdout] ---- src/ustr.rs - ustr::UStr<u16>::to_string (line 167) stdout ----
[INFO] [stdout] error[E0432]: unresolved import `widestring`
[INFO] [stdout]  --> src/ustr.rs:168:5
[INFO] [stdout]   |
[INFO] [stdout] 3 | use widestring::U16String;
[INFO] [stdout]   |     ^^^^^^^^^^ use of undeclared crate or module `widestring`
[INFO] [stdout] 
[INFO] [stdout] error: aborting due to 1 previous error
[INFO] [stdout] 
[INFO] [stdout] For more information about this error, try `rustc --explain E0432`.
[INFO] [stdout] Couldn't compile the test.
[INFO] [stdout] ---- src/ustr.rs - ustr::UStr<u32>::to_string_lossy (line 300) stdout ----
[INFO] [stdout] error[E0432]: unresolved import `widestring`
[INFO] [stdout]  --> src/ustr.rs:301:5
[INFO] [stdout]   |
[INFO] [stdout] 3 | use widestring::U32String;
[INFO] [stdout]   |     ^^^^^^^^^^ use of undeclared crate or module `widestring`
[INFO] [stdout] 
[INFO] [stdout] error: aborting due to 1 previous error
[INFO] [stdout] 
[INFO] [stdout] For more information about this error, try `rustc --explain E0432`.
[INFO] [stdout] Couldn't compile the test.
[INFO] [stdout] ---- src/ustr.rs - ustr::UStr<u32>::to_string (line 267) stdout ----
[INFO] [stdout] error[E0432]: unresolved import `widestring`
[INFO] [stdout]  --> src/ustr.rs:268:5
[INFO] [stdout]   |
[INFO] [stdout] 3 | use widestring::U32String;
[INFO] [stdout]   |     ^^^^^^^^^^ use of undeclared crate or module `widestring`
[INFO] [stdout] 
[INFO] [stdout] error: aborting due to 1 previous error
[INFO] [stdout] 
[INFO] [stdout] For more information about this error, try `rustc --explain E0432`.
[INFO] [stdout] Couldn't compile the test.
[INFO] [stdout] ---- src/ustring.rs - ustring::U32String (line 805) stdout ----
[INFO] [stdout] error[E0432]: unresolved import `widestring`
[INFO] [stdout]  --> src/ustring.rs:806:5
[INFO] [stdout]   |
[INFO] [stdout] 3 | use widestring::U32String;
[INFO] [stdout]   |     ^^^^^^^^^^ use of undeclared crate or module `widestring`
[INFO] [stdout] 
[INFO] [stdout] error: aborting due to 1 previous error
[INFO] [stdout] 
[INFO] [stdout] For more information about this error, try `rustc --explain E0432`.
[INFO] [stdout] Couldn't compile the test.
[INFO] [stdout] ---- src/ustring.rs - ustring::U16String (line 777) stdout ----
[INFO] [stdout] error[E0432]: unresolved import `widestring`
[INFO] [stdout]  --> src/ustring.rs:778:5
[INFO] [stdout]   |
[INFO] [stdout] 3 | use widestring::U16String;
[INFO] [stdout]   |     ^^^^^^^^^^ use of undeclared crate or module `widestring`
[INFO] [stdout] 
[INFO] [stdout] error: aborting due to 1 previous error
[INFO] [stdout] 
[INFO] [stdout] For more information about this error, try `rustc --explain E0432`.
[INFO] [stdout] Couldn't compile the test.
[INFO] [stdout] ---- src/ustring.rs - ustring::UString (line 43) stdout ----
[INFO] [stdout] error[E0432]: unresolved import `widestring`
[INFO] [stdout]  --> src/ustring.rs:44:5
[INFO] [stdout]   |
[INFO] [stdout] 3 | use widestring::U16String;
[INFO] [stdout]   |     ^^^^^^^^^^ use of undeclared crate or module `widestring`
[INFO] [stdout] 
[INFO] [stdout] error: aborting due to 1 previous error
[INFO] [stdout] 
[INFO] [stdout] For more information about this error, try `rustc --explain E0432`.
[INFO] [stdout] Couldn't compile the test.
[INFO] [stdout] ---- src/ustring.rs - ustring::UString (line 55) stdout ----
[INFO] [stdout] error[E0432]: unresolved import `widestring`
[INFO] [stdout]  --> src/ustring.rs:56:5
[INFO] [stdout]   |
[INFO] [stdout] 3 | use widestring::U32String;
[INFO] [stdout]   |     ^^^^^^^^^^ use of undeclared crate or module `widestring`
[INFO] [stdout] 
[INFO] [stdout] error: aborting due to 1 previous error
[INFO] [stdout] 
[INFO] [stdout] For more information about this error, try `rustc --explain E0432`.
[INFO] [stdout] Couldn't compile the test.
[INFO] [stdout] ---- src/ustring.rs - ustring::UString<C>::from_vec (line 83) stdout ----
[INFO] [stdout] error[E0432]: unresolved import `widestring`
[INFO] [stdout]  --> src/ustring.rs:84:5
[INFO] [stdout]   |
[INFO] [stdout] 3 | use widestring::U16String;
[INFO] [stdout]   |     ^^^^^^^^^^ use of undeclared crate or module `widestring`
[INFO] [stdout] 
[INFO] [stdout] error: aborting due to 1 previous error
[INFO] [stdout] 
[INFO] [stdout] For more information about this error, try `rustc --explain E0432`.
[INFO] [stdout] Couldn't compile the test.
[INFO] [stdout] ---- src/ustring.rs - ustring::UString<C>::into_boxed_ustr (line 271) stdout ----
[INFO] [stdout] error[E0432]: unresolved import `widestring`
[INFO] [stdout]  --> src/ustring.rs:272:5
[INFO] [stdout]   |
[INFO] [stdout] 3 | use widestring::{U16String, U16Str};
[INFO] [stdout]   |     ^^^^^^^^^^ use of undeclared crate or module `widestring`
[INFO] [stdout] 
[INFO] [stdout] error: aborting due to 1 previous error
[INFO] [stdout] 
[INFO] [stdout] For more information about this error, try `rustc --explain E0432`.
[INFO] [stdout] Couldn't compile the test.
[INFO] [stdout] ---- src/ustring.rs - ustring::UString<C>::from_vec (line 92) stdout ----
[INFO] [stdout] error[E0432]: unresolved import `widestring`
[INFO] [stdout]  --> src/ustring.rs:93:5
[INFO] [stdout]   |
[INFO] [stdout] 3 | use widestring::U32String;
[INFO] [stdout]   |     ^^^^^^^^^^ use of undeclared crate or module `widestring`
[INFO] [stdout] 
[INFO] [stdout] error: aborting due to 1 previous error
[INFO] [stdout] 
[INFO] [stdout] For more information about this error, try `rustc --explain E0432`.
[INFO] [stdout] Couldn't compile the test.
[INFO] [stdout] ---- src/ustring.rs - ustring::UString<C>::push (line 190) stdout ----
[INFO] [stdout] error[E0432]: unresolved import `widestring`
[INFO] [stdout]  --> src/ustring.rs:191:5
[INFO] [stdout]   |
[INFO] [stdout] 3 | use widestring::U32String;
[INFO] [stdout]   |     ^^^^^^^^^^ use of undeclared crate or module `widestring`
[INFO] [stdout] 
[INFO] [stdout] error: aborting due to 1 previous error
[INFO] [stdout] 
[INFO] [stdout] For more information about this error, try `rustc --explain E0432`.
[INFO] [stdout] Couldn't compile the test.
[INFO] [stdout] ---- src/ustring.rs - ustring::UString<C>::into_boxed_ustr (line 279) stdout ----
[INFO] [stdout] error[E0432]: unresolved import `widestring`
[INFO] [stdout]  --> src/ustring.rs:280:5
[INFO] [stdout]   |
[INFO] [stdout] 3 | use widestring::{U32String, U32Str};
[INFO] [stdout]   |     ^^^^^^^^^^ use of undeclared crate or module `widestring`
[INFO] [stdout] 
[INFO] [stdout] error: aborting due to 1 previous error
[INFO] [stdout] 
[INFO] [stdout] For more information about this error, try `rustc --explain E0432`.
[INFO] [stdout] Couldn't compile the test.
[INFO] [stdout] ---- src/ustring.rs - ustring::UString<C>::push (line 179) stdout ----
[INFO] [stdout] error[E0432]: unresolved import `widestring`
[INFO] [stdout]  --> src/ustring.rs:180:5
[INFO] [stdout]   |
[INFO] [stdout] 3 | use widestring::U16String;
[INFO] [stdout]   |     ^^^^^^^^^^ use of undeclared crate or module `widestring`
[INFO] [stdout] 
[INFO] [stdout] error: aborting due to 1 previous error
[INFO] [stdout] 
[INFO] [stdout] For more information about this error, try `rustc --explain E0432`.
[INFO] [stdout] Couldn't compile the test.
[INFO] [stdout] ---- src/ustring.rs - ustring::UString<u16>::from_os_str (line 330) stdout ----
[INFO] [stdout] error[E0432]: unresolved import `widestring`
[INFO] [stdout]  --> src/ustring.rs:331:5
[INFO] [stdout]   |
[INFO] [stdout] 3 | use widestring::U16String;
[INFO] [stdout]   |     ^^^^^^^^^^ use of undeclared crate or module `widestring`
[INFO] [stdout] 
[INFO] [stdout] error: aborting due to 1 previous error
[INFO] [stdout] 
[INFO] [stdout] For more information about this error, try `rustc --explain E0432`.
[INFO] [stdout] Couldn't compile the test.
[INFO] [stdout] ---- src/ustring.rs - ustring::UString<C>::push_slice (line 211) stdout ----
[INFO] [stdout] error[E0432]: unresolved import `widestring`
[INFO] [stdout]  --> src/ustring.rs:212:5
[INFO] [stdout]   |
[INFO] [stdout] 3 | use widestring::U16String;
[INFO] [stdout]   |     ^^^^^^^^^^ use of undeclared crate or module `widestring`
[INFO] [stdout] 
[INFO] [stdout] error: aborting due to 1 previous error
[INFO] [stdout] 
[INFO] [stdout] For more information about this error, try `rustc --explain E0432`.
[INFO] [stdout] Couldn't compile the test.
[INFO] [stdout] ---- src/ustring.rs - ustring::UString<C>::shrink_to_fit (line 252) stdout ----
[INFO] [stdout] error[E0432]: unresolved import `widestring`
[INFO] [stdout]  --> src/ustring.rs:253:5
[INFO] [stdout]   |
[INFO] [stdout] 3 | use widestring::U32String;
[INFO] [stdout]   |     ^^^^^^^^^^ use of undeclared crate or module `widestring`
[INFO] [stdout] 
[INFO] [stdout] error: aborting due to 1 previous error
[INFO] [stdout] 
[INFO] [stdout] For more information about this error, try `rustc --explain E0432`.
[INFO] [stdout] Couldn't compile the test.
[INFO] [stdout] ---- src/ustring.rs - ustring::UString<C>::shrink_to_fit (line 240) stdout ----
[INFO] [stdout] error[E0432]: unresolved import `widestring`
[INFO] [stdout]  --> src/ustring.rs:241:5
[INFO] [stdout]   |
[INFO] [stdout] 3 | use widestring::U16String;
[INFO] [stdout]   |     ^^^^^^^^^^ use of undeclared crate or module `widestring`
[INFO] [stdout] 
[INFO] [stdout] error: aborting due to 1 previous error
[INFO] [stdout] 
[INFO] [stdout] For more information about this error, try `rustc --explain E0432`.
[INFO] [stdout] Couldn't compile the test.
[INFO] [stdout] ---- src/ustring.rs - ustring::UString<C>::push_slice (line 222) stdout ----
[INFO] [stdout] error[E0432]: unresolved import `widestring`
[INFO] [stdout]  --> src/ustring.rs:223:5
[INFO] [stdout]   |
[INFO] [stdout] 3 | use widestring::U32String;
[INFO] [stdout]   |     ^^^^^^^^^^ use of undeclared crate or module `widestring`
[INFO] [stdout] 
[INFO] [stdout] error: aborting due to 1 previous error
[INFO] [stdout] 
[INFO] [stdout] For more information about this error, try `rustc --explain E0432`.
[INFO] [stdout] Couldn't compile the test.
[INFO] [stdout] ---- src/ustring.rs - ustring::UString<u16>::from_str (line 308) stdout ----
[INFO] [stdout] error[E0432]: unresolved import `widestring`
[INFO] [stdout]  --> src/ustring.rs:309:5
[INFO] [stdout]   |
[INFO] [stdout] 3 | use widestring::U16String;
[INFO] [stdout]   |     ^^^^^^^^^^ use of undeclared crate or module `widestring`
[INFO] [stdout] 
[INFO] [stdout] error: aborting due to 1 previous error
[INFO] [stdout] 
[INFO] [stdout] For more information about this error, try `rustc --explain E0432`.
[INFO] [stdout] Couldn't compile the test.
[INFO] [stdout] ---- src/ustring.rs - ustring::UString<u16>::push_os_str (line 372) stdout ----
[INFO] [stdout] error[E0432]: unresolved import `widestring`
[INFO] [stdout]  --> src/ustring.rs:373:5
[INFO] [stdout]   |
[INFO] [stdout] 3 | use widestring::U16String;
[INFO] [stdout]   |     ^^^^^^^^^^ use of undeclared crate or module `widestring`
[INFO] [stdout] 
[INFO] [stdout] error: aborting due to 1 previous error
[INFO] [stdout] 
[INFO] [stdout] For more information about this error, try `rustc --explain E0432`.
[INFO] [stdout] Couldn't compile the test.
[INFO] [stdout] ---- src/ustring.rs - ustring::UString<u16>::push_str (line 352) stdout ----
[INFO] [stdout] error[E0432]: unresolved import `widestring`
[INFO] [stdout]  --> src/ustring.rs:353:5
[INFO] [stdout]   |
[INFO] [stdout] 3 | use widestring::U16String;
[INFO] [stdout]   |     ^^^^^^^^^^ use of undeclared crate or module `widestring`
[INFO] [stdout] 
[INFO] [stdout] error: aborting due to 1 previous error
[INFO] [stdout] 
[INFO] [stdout] For more information about this error, try `rustc --explain E0432`.
[INFO] [stdout] Couldn't compile the test.
[INFO] [stdout] ---- src/ustring.rs - ustring::UString<u32>::from_os_str (line 444) stdout ----
[INFO] [stdout] error[E0432]: unresolved import `widestring`
[INFO] [stdout]  --> src/ustring.rs:445:5
[INFO] [stdout]   |
[INFO] [stdout] 3 | use widestring::U32String;
[INFO] [stdout]   |     ^^^^^^^^^^ use of undeclared crate or module `widestring`
[INFO] [stdout] 
[INFO] [stdout] error: aborting due to 1 previous error
[INFO] [stdout] 
[INFO] [stdout] For more information about this error, try `rustc --explain E0432`.
[INFO] [stdout] Couldn't compile the test.
[INFO] [stdout] ---- src/ustring.rs - ustring::UString<u32>::from_str (line 423) stdout ----
[INFO] [stdout] error[E0432]: unresolved import `widestring`
[INFO] [stdout]  --> src/ustring.rs:424:5
[INFO] [stdout]   |
[INFO] [stdout] 3 | use widestring::U32String;
[INFO] [stdout]   |     ^^^^^^^^^^ use of undeclared crate or module `widestring`
[INFO] [stdout] 
[INFO] [stdout] error: aborting due to 1 previous error
[INFO] [stdout] 
[INFO] [stdout] For more information about this error, try `rustc --explain E0432`.
[INFO] [stdout] Couldn't compile the test.
[INFO] [stdout] ---- src/ustring.rs - ustring::UString<u32>::push_str (line 481) stdout ----
[INFO] [stdout] error[E0432]: unresolved import `widestring`
[INFO] [stdout]  --> src/ustring.rs:482:5
[INFO] [stdout]   |
[INFO] [stdout] 3 | use widestring::U32String;
[INFO] [stdout]   |     ^^^^^^^^^^ use of undeclared crate or module `widestring`
[INFO] [stdout] 
[INFO] [stdout] error: aborting due to 1 previous error
[INFO] [stdout] 
[INFO] [stdout] For more information about this error, try `rustc --explain E0432`.
[INFO] [stdout] Couldn't compile the test.
[INFO] [stdout] ---- src/ustring.rs - ustring::UString<u32>::push_os_str (line 501) stdout ----
[INFO] [stdout] error[E0432]: unresolved import `widestring`
[INFO] [stdout]  --> src/ustring.rs:502:5
[INFO] [stdout]   |
[INFO] [stdout] 3 | use widestring::U32String;
[INFO] [stdout]   |     ^^^^^^^^^^ use of undeclared crate or module `widestring`
[INFO] [stdout] 
[INFO] [stdout] error: aborting due to 1 previous error
[INFO] [stdout] 
[INFO] [stdout] For more information about this error, try `rustc --explain E0432`.
[INFO] [stdout] Couldn't compile the test.
[INFO] [stdout] ---- src/ustring.rs - ustring::UString<u32>::from_chars (line 402) stdout ----
[INFO] [stdout] error[E0432]: unresolved import `widestring`
[INFO] [stdout]  --> src/ustring.rs:403:5
[INFO] [stdout]   |
[INFO] [stdout] 3 | use widestring::U32String;
[INFO] [stdout]   |     ^^^^^^^^^^ use of undeclared crate or module `widestring`
[INFO] [stdout] 
[INFO] [stdout] error: aborting due to 1 previous error
[INFO] [stdout] 
[INFO] [stdout] For more information about this error, try `rustc --explain E0432`.
[INFO] [stdout] Couldn't compile the test.
[INFO] [stdout] 
[INFO] [stdout] failures:
[INFO] [stdout]     src/lib.rs - (line 140)
[INFO] [stdout]     src/lib.rs - (line 96)
[INFO] [stdout]     src/ucstr.rs - ucstr::UCStr<C>::into_ucstring (line 260)
[INFO] [stdout]     src/ucstr.rs - ucstr::UCStr<C>::into_ucstring (line 269)
[INFO] [stdout]     src/ucstr.rs - ucstr::UCStr<C>::to_ustring (line 194)
[INFO] [stdout]     src/ucstr.rs - ucstr::UCStr<C>::to_ustring (line 208)
[INFO] [stdout]     src/ucstr.rs - ucstr::UCStr<u16>::to_os_string (line 301)
[INFO] [stdout]     src/ucstr.rs - ucstr::UCStr<u16>::to_string (line 325)
[INFO] [stdout]     src/ucstr.rs - ucstr::UCStr<u16>::to_string_lossy (line 346)
[INFO] [stdout]     src/ucstr.rs - ucstr::UCStr<u32>::to_os_string (line 454)
[INFO] [stdout]     src/ucstr.rs - ucstr::UCStr<u32>::to_string (line 478)
[INFO] [stdout]     src/ucstr.rs - ucstr::UCStr<u32>::to_string_lossy (line 499)
[INFO] [stdout]     src/ucstring.rs - ucstring::U16CString (line 1565)
[INFO] [stdout]     src/ucstring.rs - ucstring::U32CString (line 1591)
[INFO] [stdout]     src/ucstring.rs - ucstring::UCString (line 40)
[INFO] [stdout]     src/ucstring.rs - ucstring::UCString (line 52)
[INFO] [stdout]     src/ucstring.rs - ucstring::UCString<C>::from_vec_with_nul (line 144)
[INFO] [stdout]     src/ucstring.rs - ucstring::UCString<C>::from_vec_with_nul (line 153)
[INFO] [stdout]     src/ucstring.rs - ucstring::UCString<C>::from_vec_with_nul (line 164)
[INFO] [stdout]     src/ucstring.rs - ucstring::UCString<C>::from_vec_with_nul (line 172)
[INFO] [stdout]     src/ucstring.rs - ucstring::UCString<C>::into_boxed_ucstr (line 365)
[INFO] [stdout]     src/ucstring.rs - ucstring::UCString<C>::into_boxed_ucstr (line 375)
[INFO] [stdout]     src/ucstring.rs - ucstring::UCString<C>::new (line 106)
[INFO] [stdout]     src/ucstring.rs - ucstring::UCString<C>::new (line 115)
[INFO] [stdout]     src/ucstring.rs - ucstring::UCString<C>::new (line 86)
[INFO] [stdout]     src/ucstring.rs - ucstring::UCString<C>::new (line 95)
[INFO] [stdout]     src/ucstring.rs - ucstring::UCString<u16>::from_os_str (line 642)
[INFO] [stdout]     src/ucstring.rs - ucstring::UCString<u16>::from_os_str (line 652)
[INFO] [stdout]     src/ucstring.rs - ucstring::UCString<u16>::from_os_str_unchecked (line 677)
[INFO] [stdout]     src/ucstring.rs - ucstring::UCString<u16>::from_os_str_with_nul (line 702)
[INFO] [stdout]     src/ucstring.rs - ucstring::UCString<u16>::from_os_str_with_nul (line 712)
[INFO] [stdout]     src/ucstring.rs - ucstring::UCString<u16>::from_os_str_with_nul_unchecked (line 738)
[INFO] [stdout]     src/ucstring.rs - ucstring::UCString<u16>::from_str (line 420)
[INFO] [stdout]     src/ucstring.rs - ucstring::UCString<u16>::from_str (line 430)
[INFO] [stdout]     src/ucstring.rs - ucstring::UCString<u16>::from_str_unchecked (line 454)
[INFO] [stdout]     src/ucstring.rs - ucstring::UCString<u16>::from_str_with_nul (line 477)
[INFO] [stdout]     src/ucstring.rs - ucstring::UCString<u16>::from_str_with_nul (line 487)
[INFO] [stdout]     src/ucstring.rs - ucstring::UCString<u16>::from_str_with_nul_unchecked (line 510)
[INFO] [stdout]     src/ucstring.rs - ucstring::UCString<u32>::from_chars (line 773)
[INFO] [stdout]     src/ucstring.rs - ucstring::UCString<u32>::from_chars (line 784)
[INFO] [stdout]     src/ucstring.rs - ucstring::UCString<u32>::from_chars_with_nul (line 808)
[INFO] [stdout]     src/ucstring.rs - ucstring::UCString<u32>::from_chars_with_nul (line 819)
[INFO] [stdout]     src/ucstring.rs - ucstring::UCString<u32>::from_os_str (line 1181)
[INFO] [stdout]     src/ucstring.rs - ucstring::UCString<u32>::from_os_str (line 1191)
[INFO] [stdout]     src/ucstring.rs - ucstring::UCString<u32>::from_os_str_unchecked (line 1216)
[INFO] [stdout]     src/ucstring.rs - ucstring::UCString<u32>::from_os_str_with_nul (line 1241)
[INFO] [stdout]     src/ucstring.rs - ucstring::UCString<u32>::from_os_str_with_nul (line 1251)
[INFO] [stdout]     src/ucstring.rs - ucstring::UCString<u32>::from_os_str_with_nul_unchecked (line 1277)
[INFO] [stdout]     src/ucstring.rs - ucstring::UCString<u32>::from_str (line 870)
[INFO] [stdout]     src/ucstring.rs - ucstring::UCString<u32>::from_str (line 880)
[INFO] [stdout]     src/ucstring.rs - ucstring::UCString<u32>::from_str_unchecked (line 904)
[INFO] [stdout]     src/ucstring.rs - ucstring::UCString<u32>::from_str_with_nul (line 927)
[INFO] [stdout]     src/ucstring.rs - ucstring::UCString<u32>::from_str_with_nul (line 937)
[INFO] [stdout]     src/ucstring.rs - ucstring::UCString<u32>::from_str_with_nul_unchecked (line 960)
[INFO] [stdout]     src/ustr.rs - ustr::UStr<u16>::to_os_string (line 143)
[INFO] [stdout]     src/ustr.rs - ustr::UStr<u16>::to_string (line 167)
[INFO] [stdout]     src/ustr.rs - ustr::UStr<u16>::to_string_lossy (line 188)
[INFO] [stdout]     src/ustr.rs - ustr::UStr<u32>::to_os_string (line 243)
[INFO] [stdout]     src/ustr.rs - ustr::UStr<u32>::to_string (line 267)
[INFO] [stdout]     src/ustr.rs - ustr::UStr<u32>::to_string_lossy (line 300)
[INFO] [stdout]     src/ustring.rs - ustring::U16String (line 777)
[INFO] [stdout]     src/ustring.rs - ustring::U32String (line 805)
[INFO] [stdout]     src/ustring.rs - ustring::UString (line 43)
[INFO] [stdout]     src/ustring.rs - ustring::UString (line 55)
[INFO] [stdout]     src/ustring.rs - ustring::UString<C>::from_vec (line 83)
[INFO] [stdout]     src/ustring.rs - ustring::UString<C>::from_vec (line 92)
[INFO] [stdout]     src/ustring.rs - ustring::UString<C>::into_boxed_ustr (line 271)
[INFO] [stdout]     src/ustring.rs - ustring::UString<C>::into_boxed_ustr (line 279)
[INFO] [stdout]     src/ustring.rs - ustring::UString<C>::push (line 179)
[INFO] [stdout]     src/ustring.rs - ustring::UString<C>::push (line 190)
[INFO] [stdout]     src/ustring.rs - ustring::UString<C>::push_slice (line 211)
[INFO] [stdout]     src/ustring.rs - ustring::UString<C>::push_slice (line 222)
[INFO] [stdout]     src/ustring.rs - ustring::UString<C>::shrink_to_fit (line 240)
[INFO] [stdout]     src/ustring.rs - ustring::UString<C>::shrink_to_fit (line 252)
[INFO] [stdout]     src/ustring.rs - ustring::UString<u16>::from_os_str (line 330)
[INFO] [stdout]     src/ustring.rs - ustring::UString<u16>::from_str (line 308)
[INFO] [stdout]     src/ustring.rs - ustring::UString<u16>::push_os_str (line 372)
[INFO] [stdout]     src/ustring.rs - ustring::UString<u16>::push_str (line 352)
[INFO] [stdout]     src/ustring.rs - ustring::UString<u32>::from_chars (line 402)
[INFO] [stdout]     src/ustring.rs - ustring::UString<u32>::from_os_str (line 444)
[INFO] [stdout]     src/ustring.rs - ustring::UString<u32>::from_str (line 423)
[INFO] [stdout]     src/ustring.rs - ustring::UString<u32>::push_os_str (line 501)
[INFO] [stdout]     src/ustring.rs - ustring::UString<u32>::push_str (line 481)
[INFO] [stdout] 
[INFO] [stdout] test result: FAILED. 0 passed; 83 failed; 0 ignored; 0 measured; 0 filtered out; finished in 0.42s
[INFO] [stdout] 
[INFO] [stderr] error: doctest failed, to rerun pass `--doc`
[INFO] running `Command { std: "docker" "inspect" "33718b2d917b676416894a154c3dea69bf384c1deb391aeb2638ab7fad88fbed", kill_on_drop: false }`
[INFO] running `Command { std: "docker" "rm" "-f" "33718b2d917b676416894a154c3dea69bf384c1deb391aeb2638ab7fad88fbed", kill_on_drop: false }`
[INFO] [stdout] 33718b2d917b676416894a154c3dea69bf384c1deb391aeb2638ab7fad88fbed
