[INFO] fetching crate ur20 0.5.1...
[INFO] testing ur20-0.5.1 against 1.75.0 for beta-1.76-1
[INFO] extracting crate ur20 0.5.1 into /workspace/builds/worker-3-tc1/source
[INFO] validating manifest of crates.io crate ur20 0.5.1 on toolchain 1.75.0
[INFO] running `Command { std: CARGO_HOME="/workspace/cargo-home" RUSTUP_HOME="/workspace/rustup-home" "/workspace/cargo-home/bin/cargo" "+1.75.0" "metadata" "--manifest-path" "Cargo.toml" "--no-deps", kill_on_drop: false }`
[INFO] started tweaking crates.io crate ur20 0.5.1
[INFO] finished tweaking crates.io crate ur20 0.5.1
[INFO] tweaked toml for crates.io crate ur20 0.5.1 written to /workspace/builds/worker-3-tc1/source/Cargo.toml
[INFO] running `Command { std: CARGO_HOME="/workspace/cargo-home" RUSTUP_HOME="/workspace/rustup-home" "/workspace/cargo-home/bin/cargo" "+1.75.0" "generate-lockfile" "--manifest-path" "Cargo.toml", kill_on_drop: false }`
[INFO] [stderr]     Updating crates.io index
[INFO] running `Command { std: CARGO_HOME="/workspace/cargo-home" RUSTUP_HOME="/workspace/rustup-home" "/workspace/cargo-home/bin/cargo" "+1.75.0" "fetch" "--manifest-path" "Cargo.toml", kill_on_drop: false }`
[INFO] running `Command { std: "docker" "create" "-v" "/var/lib/crater-agent-workspace/builds/worker-3-tc1/target:/opt/rustwide/target:rw,Z" "-v" "/var/lib/crater-agent-workspace/builds/worker-3-tc1/source:/opt/rustwide/workdir:ro,Z" "-v" "/var/lib/crater-agent-workspace/cargo-home:/opt/rustwide/cargo-home:ro,Z" "-v" "/var/lib/crater-agent-workspace/rustup-home:/opt/rustwide/rustup-home:ro,Z" "-e" "SOURCE_DIR=/opt/rustwide/workdir" "-e" "CARGO_TARGET_DIR=/opt/rustwide/target" "-e" "CARGO_HOME=/opt/rustwide/cargo-home" "-e" "RUSTUP_HOME=/opt/rustwide/rustup-home" "-w" "/opt/rustwide/workdir" "-m" "1610612736" "--user" "0:0" "--network" "none" "ghcr.io/rust-lang/crates-build-env/linux@sha256:2788e3201cd34a07e3172128adcd8b3090168a8e3bcc40d7c032b9dda1df7d1c" "/opt/rustwide/cargo-home/bin/cargo" "+1.75.0" "metadata" "--no-deps" "--format-version=1", kill_on_drop: false }`
[INFO] [stdout] ba748d108fbd1226ebf3afa0661a1e2c6c2bf80b7cfbfe532d4188db0ee3c129
[INFO] running `Command { std: "docker" "start" "-a" "ba748d108fbd1226ebf3afa0661a1e2c6c2bf80b7cfbfe532d4188db0ee3c129", kill_on_drop: false }`
[INFO] running `Command { std: "docker" "inspect" "ba748d108fbd1226ebf3afa0661a1e2c6c2bf80b7cfbfe532d4188db0ee3c129", kill_on_drop: false }`
[INFO] running `Command { std: "docker" "rm" "-f" "ba748d108fbd1226ebf3afa0661a1e2c6c2bf80b7cfbfe532d4188db0ee3c129", kill_on_drop: false }`
[INFO] [stdout] ba748d108fbd1226ebf3afa0661a1e2c6c2bf80b7cfbfe532d4188db0ee3c129
[INFO] running `Command { std: "docker" "create" "-v" "/var/lib/crater-agent-workspace/builds/worker-3-tc1/target:/opt/rustwide/target:rw,Z" "-v" "/var/lib/crater-agent-workspace/builds/worker-3-tc1/source:/opt/rustwide/workdir:ro,Z" "-v" "/var/lib/crater-agent-workspace/cargo-home:/opt/rustwide/cargo-home:ro,Z" "-v" "/var/lib/crater-agent-workspace/rustup-home:/opt/rustwide/rustup-home:ro,Z" "-e" "SOURCE_DIR=/opt/rustwide/workdir" "-e" "CARGO_TARGET_DIR=/opt/rustwide/target" "-e" "CARGO_INCREMENTAL=0" "-e" "RUST_BACKTRACE=full" "-e" "RUSTFLAGS=--cap-lints=warn" "-e" "RUSTDOCFLAGS=--cap-lints=warn" "-e" "CARGO_HOME=/opt/rustwide/cargo-home" "-e" "RUSTUP_HOME=/opt/rustwide/rustup-home" "-w" "/opt/rustwide/workdir" "-m" "1610612736" "--user" "0:0" "--network" "none" "ghcr.io/rust-lang/crates-build-env/linux@sha256:2788e3201cd34a07e3172128adcd8b3090168a8e3bcc40d7c032b9dda1df7d1c" "/opt/rustwide/cargo-home/bin/cargo" "+1.75.0" "build" "--frozen" "--message-format=json", kill_on_drop: false }`
[INFO] [stdout] 4103f34fd9bbe3915b638cf63fdb748d7a23a65ebbd54ffe0cb82bd0e79340ab
[INFO] running `Command { std: "docker" "start" "-a" "4103f34fd9bbe3915b638cf63fdb748d7a23a65ebbd54ffe0cb82bd0e79340ab", kill_on_drop: false }`
[INFO] [stderr]    Compiling proc-macro2 v0.4.30
[INFO] [stderr]    Compiling unicode-xid v0.1.0
[INFO] [stderr]    Compiling syn v0.15.44
[INFO] [stderr]    Compiling num-derive v0.2.5
[INFO] [stderr]    Compiling byteorder v1.5.0
[INFO] [stderr]    Compiling quote v0.6.13
[INFO] [stderr]    Compiling ur20 v0.5.1 (/opt/rustwide/workdir)
[INFO] [stdout] warning: unnecessary parentheses around block return value
[INFO] [stdout]   --> src/util.rs:23:5
[INFO] [stdout]    |
[INFO] [stdout] 23 |     (1 << bit)
[INFO] [stdout]    |     ^        ^
[INFO] [stdout]    |
[INFO] [stdout]    = note: `#[warn(unused_parens)]` on by default
[INFO] [stdout] help: remove these parentheses
[INFO] [stdout]    |
[INFO] [stdout] 23 -     (1 << bit)
[INFO] [stdout] 23 +     1 << bit
[INFO] [stdout]    |
[INFO] [stdout] 
[INFO] [stdout] 
[INFO] [stdout] warning: unnecessary parentheses around match arm expression
[INFO] [stdout]   --> src/util.rs:61:26
[INFO] [stdout]    |
[INFO] [stdout] 61 |         mA0To20       => (factor * v / 20.0),
[INFO] [stdout]    |                          ^                 ^
[INFO] [stdout]    |
[INFO] [stdout] help: remove these parentheses
[INFO] [stdout]    |
[INFO] [stdout] 61 -         mA0To20       => (factor * v / 20.0),
[INFO] [stdout] 61 +         mA0To20       => factor * v / 20.0,
[INFO] [stdout]    |
[INFO] [stdout] 
[INFO] [stdout] 
[INFO] [stdout] warning: unnecessary parentheses around match arm expression
[INFO] [stdout]   --> src/util.rs:62:26
[INFO] [stdout]    |
[INFO] [stdout] 62 |         mA4To20       => (factor * (v - 4.0) / 16.0),
[INFO] [stdout]    |                          ^                         ^
[INFO] [stdout]    |
[INFO] [stdout] help: remove these parentheses
[INFO] [stdout]    |
[INFO] [stdout] 62 -         mA4To20       => (factor * (v - 4.0) / 16.0),
[INFO] [stdout] 62 +         mA4To20       => factor * (v - 4.0) / 16.0,
[INFO] [stdout]    |
[INFO] [stdout] 
[INFO] [stdout] 
[INFO] [stdout] warning: unnecessary parentheses around match arm expression
[INFO] [stdout]   --> src/util.rs:64:26
[INFO] [stdout]    |
[INFO] [stdout] 64 |         VMinus10To10  => (factor * v / 10.0),
[INFO] [stdout]    |                          ^                 ^
[INFO] [stdout]    |
[INFO] [stdout] help: remove these parentheses
[INFO] [stdout]    |
[INFO] [stdout] 64 -         VMinus10To10  => (factor * v / 10.0),
[INFO] [stdout] 64 +         VMinus10To10  => factor * v / 10.0,
[INFO] [stdout]    |
[INFO] [stdout] 
[INFO] [stdout] 
[INFO] [stdout] warning: unnecessary parentheses around match arm expression
[INFO] [stdout]   --> src/util.rs:66:26
[INFO] [stdout]    |
[INFO] [stdout] 66 |         VMinus5To5    => (factor * v / 5.0),
[INFO] [stdout]    |                          ^                ^
[INFO] [stdout]    |
[INFO] [stdout] help: remove these parentheses
[INFO] [stdout]    |
[INFO] [stdout] 66 -         VMinus5To5    => (factor * v / 5.0),
[INFO] [stdout] 66 +         VMinus5To5    => factor * v / 5.0,
[INFO] [stdout]    |
[INFO] [stdout] 
[INFO] [stdout] 
[INFO] [stdout] warning: unnecessary parentheses around match arm expression
[INFO] [stdout]   --> src/util.rs:67:26
[INFO] [stdout]    |
[INFO] [stdout] 67 |         V1To5         => (factor * (v - 1.0) / 4.0),
[INFO] [stdout]    |                          ^                        ^
[INFO] [stdout]    |
[INFO] [stdout] help: remove these parentheses
[INFO] [stdout]    |
[INFO] [stdout] 67 -         V1To5         => (factor * (v - 1.0) / 4.0),
[INFO] [stdout] 67 +         V1To5         => factor * (v - 1.0) / 4.0,
[INFO] [stdout]    |
[INFO] [stdout] 
[INFO] [stdout] 
[INFO] [stdout] warning: unnecessary parentheses around match arm expression
[INFO] [stdout]   --> src/util.rs:68:26
[INFO] [stdout]    |
[INFO] [stdout] 68 |         V2To10        => (factor * (v - 2.0) / 8.0),
[INFO] [stdout]    |                          ^                        ^
[INFO] [stdout]    |
[INFO] [stdout] help: remove these parentheses
[INFO] [stdout]    |
[INFO] [stdout] 68 -         V2To10        => (factor * (v - 2.0) / 8.0),
[INFO] [stdout] 68 +         V2To10        => factor * (v - 2.0) / 8.0,
[INFO] [stdout]    |
[INFO] [stdout] 
[INFO] [stdout] 
[INFO] [stdout] warning: 7 warnings emitted
[INFO] [stdout] 
[INFO] [stdout] 
[INFO] [stderr]     Finished dev [unoptimized + debuginfo] target(s) in 4.89s
[INFO] running `Command { std: "docker" "inspect" "4103f34fd9bbe3915b638cf63fdb748d7a23a65ebbd54ffe0cb82bd0e79340ab", kill_on_drop: false }`
[INFO] running `Command { std: "docker" "rm" "-f" "4103f34fd9bbe3915b638cf63fdb748d7a23a65ebbd54ffe0cb82bd0e79340ab", kill_on_drop: false }`
[INFO] [stdout] 4103f34fd9bbe3915b638cf63fdb748d7a23a65ebbd54ffe0cb82bd0e79340ab
[INFO] running `Command { std: "docker" "create" "-v" "/var/lib/crater-agent-workspace/builds/worker-3-tc1/target:/opt/rustwide/target:rw,Z" "-v" "/var/lib/crater-agent-workspace/builds/worker-3-tc1/source:/opt/rustwide/workdir:ro,Z" "-v" "/var/lib/crater-agent-workspace/cargo-home:/opt/rustwide/cargo-home:ro,Z" "-v" "/var/lib/crater-agent-workspace/rustup-home:/opt/rustwide/rustup-home:ro,Z" "-e" "SOURCE_DIR=/opt/rustwide/workdir" "-e" "CARGO_TARGET_DIR=/opt/rustwide/target" "-e" "CARGO_INCREMENTAL=0" "-e" "RUST_BACKTRACE=full" "-e" "RUSTFLAGS=--cap-lints=warn" "-e" "RUSTDOCFLAGS=--cap-lints=warn" "-e" "CARGO_HOME=/opt/rustwide/cargo-home" "-e" "RUSTUP_HOME=/opt/rustwide/rustup-home" "-w" "/opt/rustwide/workdir" "-m" "1610612736" "--user" "0:0" "--network" "none" "ghcr.io/rust-lang/crates-build-env/linux@sha256:2788e3201cd34a07e3172128adcd8b3090168a8e3bcc40d7c032b9dda1df7d1c" "/opt/rustwide/cargo-home/bin/cargo" "+1.75.0" "test" "--frozen" "--no-run" "--message-format=json", kill_on_drop: false }`
[INFO] [stdout] 2ec0dd842f22d62f59692a3e0ec02b0d8d4f2b3021f3a4a821913ea1f7f4a05e
[INFO] running `Command { std: "docker" "start" "-a" "2ec0dd842f22d62f59692a3e0ec02b0d8d4f2b3021f3a4a821913ea1f7f4a05e", kill_on_drop: false }`
[INFO] [stderr]    Compiling ur20 v0.5.1 (/opt/rustwide/workdir)
[INFO] [stdout] warning: unnecessary parentheses around block return value
[INFO] [stdout]   --> src/util.rs:23:5
[INFO] [stdout]    |
[INFO] [stdout] 23 |     (1 << bit)
[INFO] [stdout]    |     ^        ^
[INFO] [stdout]    |
[INFO] [stdout]    = note: `#[warn(unused_parens)]` on by default
[INFO] [stdout] help: remove these parentheses
[INFO] [stdout]    |
[INFO] [stdout] 23 -     (1 << bit)
[INFO] [stdout] 23 +     1 << bit
[INFO] [stdout]    |
[INFO] [stdout] 
[INFO] [stdout] 
[INFO] [stdout] warning: unnecessary parentheses around match arm expression
[INFO] [stdout]   --> src/util.rs:61:26
[INFO] [stdout]    |
[INFO] [stdout] 61 |         mA0To20       => (factor * v / 20.0),
[INFO] [stdout]    |                          ^                 ^
[INFO] [stdout]    |
[INFO] [stdout] help: remove these parentheses
[INFO] [stdout]    |
[INFO] [stdout] 61 -         mA0To20       => (factor * v / 20.0),
[INFO] [stdout] 61 +         mA0To20       => factor * v / 20.0,
[INFO] [stdout]    |
[INFO] [stdout] 
[INFO] [stdout] 
[INFO] [stdout] warning: unnecessary parentheses around match arm expression
[INFO] [stdout]   --> src/util.rs:62:26
[INFO] [stdout]    |
[INFO] [stdout] 62 |         mA4To20       => (factor * (v - 4.0) / 16.0),
[INFO] [stdout]    |                          ^                         ^
[INFO] [stdout]    |
[INFO] [stdout] help: remove these parentheses
[INFO] [stdout]    |
[INFO] [stdout] 62 -         mA4To20       => (factor * (v - 4.0) / 16.0),
[INFO] [stdout] 62 +         mA4To20       => factor * (v - 4.0) / 16.0,
[INFO] [stdout]    |
[INFO] [stdout] 
[INFO] [stdout] 
[INFO] [stdout] warning: unnecessary parentheses around match arm expression
[INFO] [stdout]   --> src/util.rs:64:26
[INFO] [stdout]    |
[INFO] [stdout] 64 |         VMinus10To10  => (factor * v / 10.0),
[INFO] [stdout]    |                          ^                 ^
[INFO] [stdout]    |
[INFO] [stdout] help: remove these parentheses
[INFO] [stdout]    |
[INFO] [stdout] 64 -         VMinus10To10  => (factor * v / 10.0),
[INFO] [stdout] 64 +         VMinus10To10  => factor * v / 10.0,
[INFO] [stdout]    |
[INFO] [stdout] 
[INFO] [stdout] 
[INFO] [stdout] warning: unnecessary parentheses around match arm expression
[INFO] [stdout]   --> src/util.rs:66:26
[INFO] [stdout]    |
[INFO] [stdout] 66 |         VMinus5To5    => (factor * v / 5.0),
[INFO] [stdout]    |                          ^                ^
[INFO] [stdout]    |
[INFO] [stdout] help: remove these parentheses
[INFO] [stdout]    |
[INFO] [stdout] 66 -         VMinus5To5    => (factor * v / 5.0),
[INFO] [stdout] 66 +         VMinus5To5    => factor * v / 5.0,
[INFO] [stdout]    |
[INFO] [stdout] 
[INFO] [stdout] 
[INFO] [stdout] warning: unnecessary parentheses around match arm expression
[INFO] [stdout]   --> src/util.rs:67:26
[INFO] [stdout]    |
[INFO] [stdout] 67 |         V1To5         => (factor * (v - 1.0) / 4.0),
[INFO] [stdout]    |                          ^                        ^
[INFO] [stdout]    |
[INFO] [stdout] help: remove these parentheses
[INFO] [stdout]    |
[INFO] [stdout] 67 -         V1To5         => (factor * (v - 1.0) / 4.0),
[INFO] [stdout] 67 +         V1To5         => factor * (v - 1.0) / 4.0,
[INFO] [stdout]    |
[INFO] [stdout] 
[INFO] [stdout] 
[INFO] [stdout] warning: unnecessary parentheses around match arm expression
[INFO] [stdout]   --> src/util.rs:68:26
[INFO] [stdout]    |
[INFO] [stdout] 68 |         V2To10        => (factor * (v - 2.0) / 8.0),
[INFO] [stdout]    |                          ^                        ^
[INFO] [stdout]    |
[INFO] [stdout] help: remove these parentheses
[INFO] [stdout]    |
[INFO] [stdout] 68 -         V2To10        => (factor * (v - 2.0) / 8.0),
[INFO] [stdout] 68 +         V2To10        => factor * (v - 2.0) / 8.0,
[INFO] [stdout]    |
[INFO] [stdout] 
[INFO] [stdout] 
[INFO] [stdout] warning: 7 warnings emitted
[INFO] [stdout] 
[INFO] [stdout] 
[INFO] [stdout] warning: unnecessary parentheses around block return value
[INFO] [stdout]   --> src/util.rs:23:5
[INFO] [stdout]    |
[INFO] [stdout] 23 |     (1 << bit)
[INFO] [stdout]    |     ^        ^
[INFO] [stdout]    |
[INFO] [stdout]    = note: `#[warn(unused_parens)]` on by default
[INFO] [stdout] help: remove these parentheses
[INFO] [stdout]    |
[INFO] [stdout] 23 -     (1 << bit)
[INFO] [stdout] 23 +     1 << bit
[INFO] [stdout]    |
[INFO] [stdout] 
[INFO] [stdout] 
[INFO] [stdout] warning: unnecessary parentheses around match arm expression
[INFO] [stdout]   --> src/util.rs:61:26
[INFO] [stdout]    |
[INFO] [stdout] 61 |         mA0To20       => (factor * v / 20.0),
[INFO] [stdout]    |                          ^                 ^
[INFO] [stdout]    |
[INFO] [stdout] help: remove these parentheses
[INFO] [stdout]    |
[INFO] [stdout] 61 -         mA0To20       => (factor * v / 20.0),
[INFO] [stdout] 61 +         mA0To20       => factor * v / 20.0,
[INFO] [stdout]    |
[INFO] [stdout] 
[INFO] [stdout] 
[INFO] [stdout] warning: unnecessary parentheses around match arm expression
[INFO] [stdout]   --> src/util.rs:62:26
[INFO] [stdout]    |
[INFO] [stdout] 62 |         mA4To20       => (factor * (v - 4.0) / 16.0),
[INFO] [stdout]    |                          ^                         ^
[INFO] [stdout]    |
[INFO] [stdout] help: remove these parentheses
[INFO] [stdout]    |
[INFO] [stdout] 62 -         mA4To20       => (factor * (v - 4.0) / 16.0),
[INFO] [stdout] 62 +         mA4To20       => factor * (v - 4.0) / 16.0,
[INFO] [stdout]    |
[INFO] [stdout] 
[INFO] [stdout] 
[INFO] [stdout] warning: unnecessary parentheses around match arm expression
[INFO] [stdout]   --> src/util.rs:64:26
[INFO] [stdout]    |
[INFO] [stdout] 64 |         VMinus10To10  => (factor * v / 10.0),
[INFO] [stdout]    |                          ^                 ^
[INFO] [stdout]    |
[INFO] [stdout] help: remove these parentheses
[INFO] [stdout]    |
[INFO] [stdout] 64 -         VMinus10To10  => (factor * v / 10.0),
[INFO] [stdout] 64 +         VMinus10To10  => factor * v / 10.0,
[INFO] [stdout]    |
[INFO] [stdout] 
[INFO] [stdout] 
[INFO] [stdout] warning: unnecessary parentheses around match arm expression
[INFO] [stdout]   --> src/util.rs:66:26
[INFO] [stdout]    |
[INFO] [stdout] 66 |         VMinus5To5    => (factor * v / 5.0),
[INFO] [stdout]    |                          ^                ^
[INFO] [stdout]    |
[INFO] [stdout] help: remove these parentheses
[INFO] [stdout]    |
[INFO] [stdout] 66 -         VMinus5To5    => (factor * v / 5.0),
[INFO] [stdout] 66 +         VMinus5To5    => factor * v / 5.0,
[INFO] [stdout]    |
[INFO] [stdout] 
[INFO] [stdout] 
[INFO] [stdout] warning: unnecessary parentheses around match arm expression
[INFO] [stdout]   --> src/util.rs:67:26
[INFO] [stdout]    |
[INFO] [stdout] 67 |         V1To5         => (factor * (v - 1.0) / 4.0),
[INFO] [stdout]    |                          ^                        ^
[INFO] [stdout]    |
[INFO] [stdout] help: remove these parentheses
[INFO] [stdout]    |
[INFO] [stdout] 67 -         V1To5         => (factor * (v - 1.0) / 4.0),
[INFO] [stdout] 67 +         V1To5         => factor * (v - 1.0) / 4.0,
[INFO] [stdout]    |
[INFO] [stdout] 
[INFO] [stdout] 
[INFO] [stdout] warning: unnecessary parentheses around match arm expression
[INFO] [stdout]   --> src/util.rs:68:26
[INFO] [stdout]    |
[INFO] [stdout] 68 |         V2To10        => (factor * (v - 2.0) / 8.0),
[INFO] [stdout]    |                          ^                        ^
[INFO] [stdout]    |
[INFO] [stdout] help: remove these parentheses
[INFO] [stdout]    |
[INFO] [stdout] 68 -         V2To10        => (factor * (v - 2.0) / 8.0),
[INFO] [stdout] 68 +         V2To10        => factor * (v - 2.0) / 8.0,
[INFO] [stdout]    |
[INFO] [stdout] 
[INFO] [stdout] 
[INFO] [stdout] warning: 7 warnings emitted
[INFO] [stdout] 
[INFO] [stdout] 
[INFO] [stderr]     Finished test [unoptimized + debuginfo] target(s) in 2.31s
[INFO] running `Command { std: "docker" "inspect" "2ec0dd842f22d62f59692a3e0ec02b0d8d4f2b3021f3a4a821913ea1f7f4a05e", kill_on_drop: false }`
[INFO] running `Command { std: "docker" "rm" "-f" "2ec0dd842f22d62f59692a3e0ec02b0d8d4f2b3021f3a4a821913ea1f7f4a05e", kill_on_drop: false }`
[INFO] [stdout] 2ec0dd842f22d62f59692a3e0ec02b0d8d4f2b3021f3a4a821913ea1f7f4a05e
[INFO] running `Command { std: "docker" "create" "-v" "/var/lib/crater-agent-workspace/builds/worker-3-tc1/target:/opt/rustwide/target:rw,Z" "-v" "/var/lib/crater-agent-workspace/builds/worker-3-tc1/source:/opt/rustwide/workdir:ro,Z" "-v" "/var/lib/crater-agent-workspace/cargo-home:/opt/rustwide/cargo-home:ro,Z" "-v" "/var/lib/crater-agent-workspace/rustup-home:/opt/rustwide/rustup-home:ro,Z" "-e" "SOURCE_DIR=/opt/rustwide/workdir" "-e" "CARGO_TARGET_DIR=/opt/rustwide/target" "-e" "CARGO_INCREMENTAL=0" "-e" "RUST_BACKTRACE=full" "-e" "RUSTFLAGS=--cap-lints=warn" "-e" "RUSTDOCFLAGS=--cap-lints=warn" "-e" "CARGO_HOME=/opt/rustwide/cargo-home" "-e" "RUSTUP_HOME=/opt/rustwide/rustup-home" "-w" "/opt/rustwide/workdir" "-m" "1610612736" "--user" "0:0" "--network" "none" "ghcr.io/rust-lang/crates-build-env/linux@sha256:2788e3201cd34a07e3172128adcd8b3090168a8e3bcc40d7c032b9dda1df7d1c" "/opt/rustwide/cargo-home/bin/cargo" "+1.75.0" "test" "--frozen", kill_on_drop: false }`
[INFO] [stdout] c7026b340ba127e09e2e627000650f4448f4f9f09ba98e18bd7c7cc2ccc20c1f
[INFO] running `Command { std: "docker" "start" "-a" "c7026b340ba127e09e2e627000650f4448f4f9f09ba98e18bd7c7cc2ccc20c1f", kill_on_drop: false }`
[INFO] [stderr] warning: unnecessary parentheses around block return value
[INFO] [stderr]   --> src/util.rs:23:5
[INFO] [stderr]    |
[INFO] [stderr] 23 |     (1 << bit)
[INFO] [stderr]    |     ^        ^
[INFO] [stderr]    |
[INFO] [stderr]    = note: `#[warn(unused_parens)]` on by default
[INFO] [stderr] help: remove these parentheses
[INFO] [stderr]    |
[INFO] [stderr] 23 -     (1 << bit)
[INFO] [stderr] 23 +     1 << bit
[INFO] [stderr]    |
[INFO] [stderr] 
[INFO] [stderr] warning: unnecessary parentheses around match arm expression
[INFO] [stderr]   --> src/util.rs:61:26
[INFO] [stderr]    |
[INFO] [stderr] 61 |         mA0To20       => (factor * v / 20.0),
[INFO] [stderr]    |                          ^                 ^
[INFO] [stderr]    |
[INFO] [stderr] help: remove these parentheses
[INFO] [stderr]    |
[INFO] [stderr] 61 -         mA0To20       => (factor * v / 20.0),
[INFO] [stderr] 61 +         mA0To20       => factor * v / 20.0,
[INFO] [stderr]    |
[INFO] [stderr] 
[INFO] [stderr] warning: unnecessary parentheses around match arm expression
[INFO] [stderr]   --> src/util.rs:62:26
[INFO] [stderr]    |
[INFO] [stderr] 62 |         mA4To20       => (factor * (v - 4.0) / 16.0),
[INFO] [stderr]    |                          ^                         ^
[INFO] [stderr]    |
[INFO] [stderr] help: remove these parentheses
[INFO] [stderr]    |
[INFO] [stderr] 62 -         mA4To20       => (factor * (v - 4.0) / 16.0),
[INFO] [stderr] 62 +         mA4To20       => factor * (v - 4.0) / 16.0,
[INFO] [stderr]    |
[INFO] [stderr] 
[INFO] [stderr] warning: unnecessary parentheses around match arm expression
[INFO] [stderr]   --> src/util.rs:64:26
[INFO] [stderr]    |
[INFO] [stderr] 64 |         VMinus10To10  => (factor * v / 10.0),
[INFO] [stderr]    |                          ^                 ^
[INFO] [stderr]    |
[INFO] [stderr] help: remove these parentheses
[INFO] [stderr]    |
[INFO] [stderr] 64 -         VMinus10To10  => (factor * v / 10.0),
[INFO] [stderr] 64 +         VMinus10To10  => factor * v / 10.0,
[INFO] [stderr]    |
[INFO] [stderr] 
[INFO] [stderr] warning: unnecessary parentheses around match arm expression
[INFO] [stderr]   --> src/util.rs:66:26
[INFO] [stderr]    |
[INFO] [stderr] 66 |         VMinus5To5    => (factor * v / 5.0),
[INFO] [stderr]    |                          ^                ^
[INFO] [stderr]    |
[INFO] [stderr] help: remove these parentheses
[INFO] [stderr]    |
[INFO] [stderr] 66 -         VMinus5To5    => (factor * v / 5.0),
[INFO] [stderr] 66 +         VMinus5To5    => factor * v / 5.0,
[INFO] [stderr]    |
[INFO] [stderr] 
[INFO] [stderr] warning: unnecessary parentheses around match arm expression
[INFO] [stderr]   --> src/util.rs:67:26
[INFO] [stderr]    |
[INFO] [stderr] 67 |         V1To5         => (factor * (v - 1.0) / 4.0),
[INFO] [stderr]    |                          ^                        ^
[INFO] [stderr]    |
[INFO] [stderr] help: remove these parentheses
[INFO] [stderr]    |
[INFO] [stderr] 67 -         V1To5         => (factor * (v - 1.0) / 4.0),
[INFO] [stderr] 67 +         V1To5         => factor * (v - 1.0) / 4.0,
[INFO] [stderr]    |
[INFO] [stderr] 
[INFO] [stderr] warning: unnecessary parentheses around match arm expression
[INFO] [stderr]   --> src/util.rs:68:26
[INFO] [stderr]    |
[INFO] [stderr] 68 |         V2To10        => (factor * (v - 2.0) / 8.0),
[INFO] [stderr]    |                          ^                        ^
[INFO] [stderr]    |
[INFO] [stderr] help: remove these parentheses
[INFO] [stderr]    |
[INFO] [stderr] 68 -         V2To10        => (factor * (v - 2.0) / 8.0),
[INFO] [stderr] 68 +         V2To10        => factor * (v - 2.0) / 8.0,
[INFO] [stderr]    |
[INFO] [stderr] 
[INFO] [stderr] warning: `ur20` (lib) generated 7 warnings (run `cargo fix --lib -p ur20` to apply 7 suggestions)
[INFO] [stderr] warning: `ur20` (lib test) generated 7 warnings (7 duplicates)
[INFO] [stderr]     Finished test [unoptimized + debuginfo] target(s) in 0.02s
[INFO] [stderr]      Running unittests src/lib.rs (/opt/rustwide/target/debug/deps/ur20-02648c337081dfc7)
[INFO] [stdout] 
[INFO] [stdout] running 173 tests
[INFO] [stdout] test ur20_16do_p::tests::module_type ... ok
[INFO] [stdout] test tests::category_by_str_id ... ok
[INFO] [stdout] test ur20_16do_p::tests::test_process_output_values ... ok
[INFO] [stdout] test ur20_16do_p::tests::create_module_from_modbus_parameter_data ... ok
[INFO] [stdout] test ur20_1com_232_485_422::tests::create_module_from_modbus_parameter_data ... ok
[INFO] [stdout] test ur20_1com_232_485_422::tests::test_eight_byte_message_processor_receive_process ... ok
[INFO] [stdout] test tests::module_by_u32_id ... ok
[INFO] [stdout] test ur20_16do_p::tests::test_process_output_data ... ok
[INFO] [stdout] test ur20_16do_p::tests::test_process_output_data_with_invalid_buffer_size ... ok
[INFO] [stdout] test ur20_1com_232_485_422::tests::test_input_rx_cnt_on_receiving_messages ... ok
[INFO] [stdout] test ur20_1com_232_485_422::tests::test_message_processor_send_process_with_outdated_tx_cnt ... ok
[INFO] [stdout] test ur20_1com_232_485_422::tests::test_inc_cnt ... ok
[INFO] [stdout] test ur20_1com_232_485_422::tests::test_initial_message_processor_send_process ... ok
[INFO] [stdout] test ur20_1com_232_485_422::tests::test_parameters_from_invalid_raw_data ... ok
[INFO] [stdout] test ur20_1com_232_485_422::tests::test_process_input_data_with_valid_input_data ... ok
[INFO] [stdout] test ur20_1com_232_485_422::tests::test_process_output_data_with_empty_buffer ... ok
[INFO] [stdout] test ur20_1com_232_485_422::tests::test_process_output_values ... ok
[INFO] [stdout] test ur20_1com_232_485_422::tests::test_eight_byte_message_processor_send_process ... ok
[INFO] [stdout] test tests::module_by_str_id ... ok
[INFO] [stdout] test ur20_1com_232_485_422::tests::test_parameters_from_invalid_data_buffer_size ... ok
[INFO] [stdout] test ur20_1com_232_485_422::tests::test_module_parameters_from_raw_data ... ok
[INFO] [stdout] test ur20_16do_p::tests::test_process_output_values_with_invalid_channel_len ... ok
[INFO] [stdout] test ur20_16do_p::tests::test_process_output_values_with_invalid_channel_values ... ok
[INFO] [stdout] test ur20_1com_232_485_422::tests::test_process_output_values_with_invalid_channel_data ... ok
[INFO] [stdout] test ur20_1com_232_485_422::tests::test_process_input_data_with_empty_buffer ... ok
[INFO] [stdout] test ur20_1com_232_485_422::tests::test_sixteen_byte_message_processor_send_process ... ok
[INFO] [stdout] test ur20_1com_232_485_422::tests::try_process_input_data_data_from_empty_byte_message ... ok
[INFO] [stdout] test ur20_1com_232_485_422::tests::test_process_output_values_with_invalid_byte_len ... ok
[INFO] [stdout] test ur20_1com_232_485_422::tests::test_process_output_values_with_invalid_input_len ... ok
[INFO] [stdout] test ur20_1com_232_485_422::tests::try_invalid_process_output_data_into_byte_message ... ok
[INFO] [stdout] test ur20_1com_232_485_422::tests::try_process_output_data_from_valid_data ... ok
[INFO] [stdout] test ur20_1com_232_485_422::tests::try_process_input_data_data_from_invalid_byte_message ... ok
[INFO] [stdout] test ur20_1com_232_485_422::tests::try_process_input_data_data_from_valid_byte_message ... ok
[INFO] [stdout] test ur20_1com_232_485_422::tests::try_valid_process_output_data_into_byte_message ... ok
[INFO] [stdout] test ur20_1com_232_485_422::tests::try_process_output_from_valid_byte_message ... ok
[INFO] [stdout] test ur20_2fcnt_100::tests::test_channel_parameters_from_raw_data ... ok
[INFO] [stdout] test ur20_2fcnt_100::tests::test_parameters_from_invalid_data_buffer_size ... ok
[INFO] [stdout] test ur20_2fcnt_100::tests::test_process_input_data_with_invalid_buffer_size ... ok
[INFO] [stdout] test ur20_2fcnt_100::tests::test_process_input_hertz ... ok
[INFO] [stdout] test ur20_2fcnt_100::tests::test_process_output_data ... ok
[INFO] [stdout] test ur20_2fcnt_100::tests::test_process_output_data_with_invalid_buffer_size ... ok
[INFO] [stdout] test ur20_2fcnt_100::tests::test_process_output_values ... ok
[INFO] [stdout] test ur20_2fcnt_100::tests::process_input_byte_count ... ok
[INFO] [stdout] test ur20_2fcnt_100::tests::test_process_input_data_with_missing_channel_parameters ... ok
[INFO] [stdout] test ur20_2fcnt_100::tests::test_process_output_values_with_invalid_channel_len ... ok
[INFO] [stdout] test ur20_2fcnt_100::tests::test_process_output_values_with_invalid_duration ... ok
[INFO] [stdout] test ur20_2fcnt_100::tests::test_process_output_values_with_invalid_channel_values ... ok
[INFO] [stdout] test ur20_2fcnt_100::tests::test_process_output_values_with_missing_channel_parameters ... ok
[INFO] [stdout] test ur20_4ai_rtd_diag::tests::test_channel_parameters_from_raw_data ... ok
[INFO] [stdout] test ur20_4ai_rtd_diag::tests::test_parameters_from_invalid_data_buffer_size ... ok
[INFO] [stdout] test ur20_2fcnt_100::tests::test_process_input_data ... ok
[INFO] [stdout] test ur20_4ai_rtd_diag::tests::test_process_input_data ... ok
[INFO] [stdout] test ur20_4ai_rtd_diag::tests::create_module_from_modbus_parameter_data ... ok
[INFO] [stdout] test ur20_4ai_rtd_diag::tests::test_process_input_data_with_disabled_channels ... ok
[INFO] [stdout] test ur20_2fcnt_100::tests::process_output_byte_count ... ok
[INFO] [stdout] test ur20_2fcnt_100::tests::test_process_input_data_max_duration ... ok
[INFO] [stdout] test ur20_2fcnt_100::tests::test_process_input_data_min_duration ... ok
[INFO] [stdout] test ur20_4ai_rtd_diag::tests::test_parameters_from_invalid_raw_data ... ok
[INFO] [stdout] test ur20_4ai_rtd_diag::tests::test_process_input_data_with_empty_buffer ... ok
[INFO] [stdout] test ur20_4ai_rtd_diag::tests::test_process_input_data_with_missing_channel_parameters ... ok
[INFO] [stdout] test ur20_4ai_rtd_diag::tests::test_process_input_data_with_negative_temperatures ... ok
[INFO] [stdout] test ur20_4ai_rtd_diag::tests::test_process_input_data_with_underloading ... ok
[INFO] [stdout] test ur20_4ai_ui_12::tests::test_channel_parameters_from_raw_data ... ok
[INFO] [stdout] test ur20_4ai_ui_12::tests::create_module_from_modbus_parameter_data ... ok
[INFO] [stdout] test ur20_4ai_ui_12::tests::test_module_parameters_from_raw_data ... ok
[INFO] [stdout] test ur20_4ai_ui_12::tests::test_parameters_from_invalid_data_buffer_size ... ok
[INFO] [stdout] test ur20_4ai_ui_12::tests::test_parameters_from_invalid_raw_data ... ok
[INFO] [stdout] test ur20_4ai_rtd_diag::tests::test_process_output_data ... ok
[INFO] [stdout] test ur20_4ai_rtd_diag::tests::test_process_output_values ... ok
[INFO] [stdout] test ur20_4ai_ui_12::tests::test_process_output_values ... ok
[INFO] [stdout] test ur20_4ai_ui_12::tests::test_process_input_data_with_missing_channel_parameters ... ok
[INFO] [stdout] test ur20_4ai_ui_12::tests::test_process_input_data ... ok
[INFO] [stdout] test ur20_4ai_ui_12::tests::test_process_input_data_with_empty_buffer ... ok
[INFO] [stdout] test ur20_4ai_ui_12::tests::test_process_output_data ... ok
[INFO] [stdout] test ur20_4ai_ui_12::tests::test_process_input_data_with_underloading ... ok
[INFO] [stdout] test ur20_4ai_rtd_diag::tests::test_module_parameters_from_raw_data ... ok
[INFO] [stdout] test ur20_4ai_ui_16_diag::tests::test_module_parameters_from_raw_data ... ok
[INFO] [stdout] test ur20_4ai_ui_16_diag::tests::test_process_input_data ... ok
[INFO] [stdout] test ur20_4ai_ui_16_diag::tests::test_process_input_data_with_empty_buffer ... ok
[INFO] [stdout] test ur20_4ai_ui_16_diag::tests::test_parameters_from_invalid_raw_data ... ok
[INFO] [stdout] test ur20_4ai_ui_16_diag::tests::create_module_from_modbus_parameter_data ... ok
[INFO] [stdout] test ur20_4ai_ui_16_diag::tests::test_process_input_data_with_missing_channel_parameters ... ok
[INFO] [stdout] test ur20_4ai_ui_16_diag::tests::test_channel_parameters_from_raw_data ... ok
[INFO] [stdout] test ur20_4ai_ui_16_diag::tests::test_process_output_data ... ok
[INFO] [stdout] test ur20_4ai_ui_16_diag::tests::test_process_output_values ... ok
[INFO] [stdout] test ur20_4ai_ui_16_diag::tests::test_parameters_from_invalid_data_buffer_size ... ok
[INFO] [stdout] test ur20_4ai_ui_16_diag::tests::test_process_input_data_with_underloading ... ok
[INFO] [stdout] test ur20_4ao_ui_16::tests::test_parameters_from_invalid_data_buffer_size ... ok
[INFO] [stdout] test ur20_4ao_ui_16::tests::test_channel_parameters_from_raw_data ... ok
[INFO] [stdout] test ur20_4ao_ui_16::tests::test_parameters_from_invalid_raw_data ... ok
[INFO] [stdout] test ur20_4ao_ui_16::tests::create_module_from_modbus_parameter_data ... ok
[INFO] [stdout] test ur20_4ao_ui_16::tests::test_process_output_values_with_invalid_channel_len ... ok
[INFO] [stdout] test ur20_4ao_ui_16::tests::test_process_output_values_with_invalid_channel_values ... ok
[INFO] [stdout] test ur20_4ao_ui_16::tests::test_process_output_values_with_missing_channel_parameters ... ok
[INFO] [stdout] test ur20_4ao_ui_16_diag::tests::create_module_from_modbus_parameter_data ... ok
[INFO] [stdout] test ur20_4ao_ui_16_diag::tests::test_channel_parameters_from_raw_data ... ok
[INFO] [stdout] test ur20_4ao_ui_16_diag::tests::test_parameters_from_invalid_raw_data ... ok
[INFO] [stdout] test ur20_4ao_ui_16_diag::tests::test_process_input_data ... ok
[INFO] [stdout] test ur20_4ao_ui_16_diag::tests::test_parameters_from_invalid_data_buffer_size ... ok
[INFO] [stdout] test ur20_4ao_ui_16_diag::tests::test_process_output_values_with_invalid_channel_len ... ok
[INFO] [stdout] test ur20_4ao_ui_16_diag::tests::test_process_output_data ... ok
[INFO] [stdout] test ur20_4ao_ui_16_diag::tests::test_process_output_data_with_invalid_buffer_size ... ok
[INFO] [stdout] test ur20_4ao_ui_16_diag::tests::test_process_output_values_with_invalid_channel_values ... ok
[INFO] [stdout] test ur20_4ao_ui_16_diag::tests::test_process_output_values_with_missing_channel_parameters ... ok
[INFO] [stdout] test ur20_4di_p::tests::create_module_from_modbus_parameter_data ... ok
[INFO] [stdout] test ur20_4di_p::tests::test_channel_parameters_from_raw_data ... ok
[INFO] [stdout] test ur20_4di_p::tests::test_parameters_from_invalid_data_buffer_size ... ok
[INFO] [stdout] test ur20_4ao_ui_16::tests::test_process_input_data ... ok
[INFO] [stdout] test ur20_4ao_ui_16::tests::test_process_output_data_with_invalid_buffer_size ... ok
[INFO] [stdout] test ur20_4ao_ui_16::tests::test_process_output_data ... ok
[INFO] [stdout] test ur20_4di_p::tests::test_parameters_from_invalid_raw_data ... ok
[INFO] [stdout] test ur20_4do_p::tests::create_module_from_modbus_parameter_data ... ok
[INFO] [stdout] test ur20_4di_p::tests::test_process_output_data ... ok
[INFO] [stdout] test ur20_4do_p::tests::test_parameters_from_invalid_data_buffer_size ... ok
[INFO] [stdout] test ur20_4do_p::tests::test_parameters_from_invalid_raw_data ... ok
[INFO] [stdout] test ur20_4do_p::tests::module_type ... ok
[INFO] [stdout] test ur20_4do_p::tests::test_channel_parameters_from_raw_data ... ok
[INFO] [stdout] test ur20_4di_p::tests::test_process_input_data ... ok
[INFO] [stdout] test ur20_4di_p::tests::test_process_output_values ... ok
[INFO] [stdout] test ur20_4do_p::tests::test_process_output_data_with_invalid_buffer_size ... ok
[INFO] [stdout] test ur20_4ao_ui_16_diag::tests::test_process_output_values ... FAILED
[INFO] [stdout] test ur20_4do_p::tests::test_process_output_values_with_invalid_channel_values ... ok
[INFO] [stdout] test ur20_4do_p::tests::test_process_output_values_with_invalid_channel_len ... ok
[INFO] [stdout] test ur20_4ro_co_255::tests::test_channel_parameters_from_raw_data ... ok
[INFO] [stdout] test ur20_4ro_co_255::tests::test_parameters_from_invalid_data_buffer_size ... ok
[INFO] [stdout] test ur20_4ro_co_255::tests::module_type ... ok
[INFO] [stdout] test ur20_4ro_co_255::tests::test_parameters_from_invalid_raw_data ... ok
[INFO] [stdout] test ur20_4ro_co_255::tests::test_process_output_data ... ok
[INFO] [stdout] test ur20_4ro_co_255::tests::test_process_output_data_with_invalid_buffer_size ... ok
[INFO] [stdout] test ur20_4ro_co_255::tests::test_process_output_values_with_invalid_channel_len ... ok
[INFO] [stdout] test ur20_4ro_co_255::tests::test_process_output_values_with_invalid_channel_values ... ok
[INFO] [stdout] test ur20_4ro_co_255::tests::create_module_from_modbus_parameter_data ... ok
[INFO] [stdout] test ur20_8ai_i_16_diag_hd::tests::test_channel_parameters_from_raw_data ... ok
[INFO] [stdout] test ur20_8ai_i_16_diag_hd::tests::test_parameters_from_invalid_data_buffer_size ... ok
[INFO] [stdout] test ur20_4ao_ui_16::tests::test_process_output_values ... FAILED
[INFO] [stdout] test ur20_8ai_i_16_diag_hd::tests::test_process_input_data ... ok
[INFO] [stdout] test ur20_4do_p::tests::test_process_output_values ... ok
[INFO] [stdout] test ur20_8ai_i_16_diag_hd::tests::create_module_from_modbus_parameter_data ... ok
[INFO] [stdout] test ur20_8ai_i_16_diag_hd::tests::test_module_parameters_from_raw_data ... ok
[INFO] [stdout] test ur20_4ro_co_255::tests::test_process_output_values ... ok
[INFO] [stdout] test ur20_8ai_i_16_diag_hd::tests::test_parameters_from_invalid_raw_data ... ok
[INFO] [stdout] test ur20_8ai_i_16_diag_hd::tests::test_process_input_data_with_empty_buffer ... ok
[INFO] [stdout] test ur20_4do_p::tests::test_process_output_data ... ok
[INFO] [stdout] test ur20_8ai_i_16_diag_hd::tests::test_process_input_data_with_missing_channel_parameters ... ok
[INFO] [stdout] test ur20_8ai_i_16_diag_hd::tests::test_process_input_data_with_underloading ... ok
[INFO] [stdout] test ur20_8ai_i_16_diag_hd::tests::test_process_output_values ... ok
[INFO] [stdout] test ur20_8ai_i_16_diag_hd::tests::test_process_output_data ... ok
[INFO] [stdout] test ur20_fbc_mod_tcp::tests::test_module_list_from_registers ... ok
[INFO] [stdout] test ur20_fbc_mod_tcp::tests::process_in_out_data_with_coupler ... ok
[INFO] [stdout] test ur20_fbc_mod_tcp::tests::test_process_input_data ... ok
[INFO] [stdout] test ur20_fbc_mod_tcp::tests::test_process_input_data_with_invalid_offset ... ok
[INFO] [stdout] test ur20_fbc_mod_tcp::tests::test_process_output_data ... ok
[INFO] [stdout] test ur20_fbc_mod_tcp::tests::test_offsets_of_process_data ... ok
[INFO] [stdout] test ur20_fbc_mod_tcp::tests::test_process_input_data_with_invalid_data ... ok
[INFO] [stdout] test ur20_fbc_mod_tcp::tests::test_process_output_data_with_invalid_offset ... ok
[INFO] [stdout] test ur20_fbc_mod_tcp::tests::test_process_output_values_with_invalid_len ... ok
[INFO] [stdout] test ur20_fbc_mod_tcp::tests::test_process_output_values_with_invalid_offset_a ... ok
[INFO] [stdout] test ur20_fbc_mod_tcp::tests::test_process_output_values_with_invalid_offset_b ... ok
[INFO] [stdout] test ur20_fbc_mod_tcp::tests::test_process_output_values ... ok
[INFO] [stdout] test ur20_fbc_mod_tcp::tests::test_param_addresses_and_register_counts ... ok
[INFO] [stdout] test ur20_fbc_mod_tcp::tests::create_new_coupler_instance ... ok
[INFO] [stdout] test ur20_fbc_mod_tcp::tests::validate_coupler_config_data ... ok
[INFO] [stdout] test ur20_fbc_mod_tcp::tests::test_process_output_values_with_invalid_offset_c ... ok
[INFO] [stdout] test ur20_fbc_mod_tcp::tests::test_process_output_data_with_invalid_data ... ok
[INFO] [stdout] test util::tests::shift_data ... ok
[INFO] [stdout] test util::tests::set_bit ... ok
[INFO] [stdout] test ur20_fbc_mod_tcp::tests::test_to_regsiter_address ... ok
[INFO] [stdout] test util::tests::test_bit ... ok
[INFO] [stdout] test ur20_fbc_mod_tcp::tests::test_to_bit_address ... ok
[INFO] [stdout] test util::tests::u16_to_u8 ... ok
[INFO] [stdout] test util::tests::test_u16_to_analog_ui_value ... ok
[INFO] [stdout] test util::tests::test_analog_ui_value_to_u16 ... ok
[INFO] [stdout] test util::tests::u8_to_u16 ... ok
[INFO] [stdout] 
[INFO] [stdout] failures:
[INFO] [stdout] 
[INFO] [stdout] ---- ur20_4ao_ui_16_diag::tests::test_process_output_values stdout ----
[INFO] [stdout] thread 'ur20_4ao_ui_16_diag::tests::test_process_output_values' panicked at src/ur20_4ao_ui_16_diag.rs:263:9:
[INFO] [stdout] assertion `left == right` failed
[INFO] [stdout]   left: [13824, 13824, 27648, 0]
[INFO] [stdout]  right: [13824, 13824, 27648, 37888]
[INFO] [stdout] stack backtrace:
[INFO] [stdout]    0:     0x55b1f04643dc - std::backtrace_rs::backtrace::libunwind::trace::ha637c64ce894333a
[INFO] [stdout]                                at /rustc/82e1608dfa6e0b5569232559e3d385fea5a93112/library/std/src/../../backtrace/src/backtrace/libunwind.rs:104:5
[INFO] [stdout]    1:     0x55b1f04643dc - std::backtrace_rs::backtrace::trace_unsynchronized::h47f62dea28e0c88d
[INFO] [stdout]                                at /rustc/82e1608dfa6e0b5569232559e3d385fea5a93112/library/std/src/../../backtrace/src/backtrace/mod.rs:66:5
[INFO] [stdout]    2:     0x55b1f04643dc - std::sys_common::backtrace::_print_fmt::h9eef0abe20ede486
[INFO] [stdout]                                at /rustc/82e1608dfa6e0b5569232559e3d385fea5a93112/library/std/src/sys_common/backtrace.rs:67:5
[INFO] [stdout]    3:     0x55b1f04643dc - <std::sys_common::backtrace::_print::DisplayBacktrace as core::fmt::Display>::fmt::hed7f999df88cc644
[INFO] [stdout]                                at /rustc/82e1608dfa6e0b5569232559e3d385fea5a93112/library/std/src/sys_common/backtrace.rs:44:22
[INFO] [stdout]    4:     0x55b1f048ee10 - core::fmt::rt::Argument::fmt::h1539a9308b8d058d
[INFO] [stdout]                                at /rustc/82e1608dfa6e0b5569232559e3d385fea5a93112/library/core/src/fmt/rt.rs:142:9
[INFO] [stdout]    5:     0x55b1f048ee10 - core::fmt::write::h3a39390d8560d9c9
[INFO] [stdout]                                at /rustc/82e1608dfa6e0b5569232559e3d385fea5a93112/library/core/src/fmt/mod.rs:1120:17
[INFO] [stdout]    6:     0x55b1f0461d8f - std::io::Write::write_fmt::h040b369f3a0f9cbc
[INFO] [stdout]                                at /rustc/82e1608dfa6e0b5569232559e3d385fea5a93112/library/std/src/io/mod.rs:1762:15
[INFO] [stdout]    7:     0x55b1f04641c4 - std::sys_common::backtrace::_print::h894006fb5c6f3d45
[INFO] [stdout]                                at /rustc/82e1608dfa6e0b5569232559e3d385fea5a93112/library/std/src/sys_common/backtrace.rs:47:5
[INFO] [stdout]    8:     0x55b1f04641c4 - std::sys_common::backtrace::print::h23a2d212c6fff936
[INFO] [stdout]                                at /rustc/82e1608dfa6e0b5569232559e3d385fea5a93112/library/std/src/sys_common/backtrace.rs:34:9
[INFO] [stdout]    9:     0x55b1f0465e87 - std::panicking::default_hook::{{closure}}::h8a1d2ee00185001a
[INFO] [stdout]   10:     0x55b1f0465b73 - std::panicking::default_hook::h6038f2eba384e475
[INFO] [stdout]                                at /rustc/82e1608dfa6e0b5569232559e3d385fea5a93112/library/std/src/panicking.rs:289:9
[INFO] [stdout]   11:     0x55b1f0435f57 - <alloc::boxed::Box<F,A> as core::ops::function::Fn<Args>>::call::h0ad024c9bdc6d768
[INFO] [stdout]                                at /rustc/82e1608dfa6e0b5569232559e3d385fea5a93112/library/alloc/src/boxed.rs:2021:9
[INFO] [stdout]   12:     0x55b1f0435f57 - test::test_main::{{closure}}::h7500b54257359db6
[INFO] [stdout]                                at /rustc/82e1608dfa6e0b5569232559e3d385fea5a93112/library/test/src/lib.rs:138:21
[INFO] [stdout]   13:     0x55b1f0466498 - <alloc::boxed::Box<F,A> as core::ops::function::Fn<Args>>::call::h1f8f335eaa9cfaee
[INFO] [stdout]                                at /rustc/82e1608dfa6e0b5569232559e3d385fea5a93112/library/alloc/src/boxed.rs:2021:9
[INFO] [stdout]   14:     0x55b1f0466498 - std::panicking::rust_panic_with_hook::h2b5517d590cab22e
[INFO] [stdout]                                at /rustc/82e1608dfa6e0b5569232559e3d385fea5a93112/library/std/src/panicking.rs:783:13
[INFO] [stdout]   15:     0x55b1f04661ee - std::panicking::begin_panic_handler::{{closure}}::h233112c06e0ef43e
[INFO] [stdout]                                at /rustc/82e1608dfa6e0b5569232559e3d385fea5a93112/library/std/src/panicking.rs:657:13
[INFO] [stdout]   16:     0x55b1f04648a6 - std::sys_common::backtrace::__rust_end_short_backtrace::h6e893f24d7ebbff8
[INFO] [stdout]                                at /rustc/82e1608dfa6e0b5569232559e3d385fea5a93112/library/std/src/sys_common/backtrace.rs:170:18
[INFO] [stdout]   17:     0x55b1f0465f52 - rust_begin_unwind
[INFO] [stdout]                                at /rustc/82e1608dfa6e0b5569232559e3d385fea5a93112/library/std/src/panicking.rs:645:5
[INFO] [stdout]   18:     0x55b1f034ccf5 - core::panicking::panic_fmt::hbf0e066aabfa482c
[INFO] [stdout]                                at /rustc/82e1608dfa6e0b5569232559e3d385fea5a93112/library/core/src/panicking.rs:72:14
[INFO] [stdout]   19:     0x55b1f034d14b - core::panicking::assert_failed_inner::h0bba8b7c26ee4492
[INFO] [stdout]   20:     0x55b1f038615e - core::panicking::assert_failed::h2191dff91c2977d9
[INFO] [stdout]                                at /rustc/82e1608dfa6e0b5569232559e3d385fea5a93112/library/core/src/panicking.rs:279:5
[INFO] [stdout]   21:     0x55b1f03e5b76 - ur20::ur20_4ao_ui_16_diag::tests::test_process_output_values::hda6fb74c57478baa
[INFO] [stdout]                                at /opt/rustwide/workdir/src/ur20_4ao_ui_16_diag.rs:263:9
[INFO] [stdout]   22:     0x55b1f03e53e7 - ur20::ur20_4ao_ui_16_diag::tests::test_process_output_values::{{closure}}::h0e5e290a1e7be0ee
[INFO] [stdout]                                at /opt/rustwide/workdir/src/ur20_4ao_ui_16_diag.rs:237:36
[INFO] [stdout]   23:     0x55b1f03ddeb6 - core::ops::function::FnOnce::call_once::h18f6867065f86a8b
[INFO] [stdout]                                at /rustc/82e1608dfa6e0b5569232559e3d385fea5a93112/library/core/src/ops/function.rs:250:5
[INFO] [stdout]   24:     0x55b1f043b5af - core::ops::function::FnOnce::call_once::h2b5d431d5046312d
[INFO] [stdout]                                at /rustc/82e1608dfa6e0b5569232559e3d385fea5a93112/library/core/src/ops/function.rs:250:5
[INFO] [stdout]   25:     0x55b1f043b5af - test::__rust_begin_short_backtrace::h7714669af176e207
[INFO] [stdout]                                at /rustc/82e1608dfa6e0b5569232559e3d385fea5a93112/library/test/src/lib.rs:628:18
[INFO] [stdout]   26:     0x55b1f043a5c5 - test::run_test_in_process::{{closure}}::h85218797dcbcec12
[INFO] [stdout]                                at /rustc/82e1608dfa6e0b5569232559e3d385fea5a93112/library/test/src/lib.rs:651:60
[INFO] [stdout]   27:     0x55b1f043a5c5 - <core::panic::unwind_safe::AssertUnwindSafe<F> as core::ops::function::FnOnce<()>>::call_once::h76c106ea31c14d7b
[INFO] [stdout]                                at /rustc/82e1608dfa6e0b5569232559e3d385fea5a93112/library/core/src/panic/unwind_safe.rs:272:9
[INFO] [stdout]   28:     0x55b1f043a5c5 - std::panicking::try::do_call::h3bd5d0f6620ee946
[INFO] [stdout]                                at /rustc/82e1608dfa6e0b5569232559e3d385fea5a93112/library/std/src/panicking.rs:552:40
[INFO] [stdout]   29:     0x55b1f043a5c5 - std::panicking::try::h232e535e4744fe31
[INFO] [stdout]                                at /rustc/82e1608dfa6e0b5569232559e3d385fea5a93112/library/std/src/panicking.rs:516:19
[INFO] [stdout]   30:     0x55b1f043a5c5 - std::panic::catch_unwind::h3ce3bd6ca8dbac68
[INFO] [stdout]                                at /rustc/82e1608dfa6e0b5569232559e3d385fea5a93112/library/std/src/panic.rs:142:14
[INFO] [stdout]   31:     0x55b1f043a5c5 - test::run_test_in_process::hc97b257c9621286a
[INFO] [stdout]                                at /rustc/82e1608dfa6e0b5569232559e3d385fea5a93112/library/test/src/lib.rs:651:27
[INFO] [stdout]   32:     0x55b1f043a5c5 - test::run_test::{{closure}}::h2aa798823a438d38
[INFO] [stdout]                                at /rustc/82e1608dfa6e0b5569232559e3d385fea5a93112/library/test/src/lib.rs:574:43
[INFO] [stdout]   33:     0x55b1f0402886 - test::run_test::{{closure}}::h87d231c78fb59832
[INFO] [stdout]                                at /rustc/82e1608dfa6e0b5569232559e3d385fea5a93112/library/test/src/lib.rs:602:41
[INFO] [stdout]   34:     0x55b1f0402886 - std::sys_common::backtrace::__rust_begin_short_backtrace::he6df152596625789
[INFO] [stdout]                                at /rustc/82e1608dfa6e0b5569232559e3d385fea5a93112/library/std/src/sys_common/backtrace.rs:154:18
[INFO] [stdout]   35:     0x55b1f0407937 - std::thread::Builder::spawn_unchecked_::{{closure}}::{{closure}}::ha94be15d1e0acf36
[INFO] [stdout]                                at /rustc/82e1608dfa6e0b5569232559e3d385fea5a93112/library/std/src/thread/mod.rs:529:17
[INFO] [stdout]   36:     0x55b1f0407937 - <core::panic::unwind_safe::AssertUnwindSafe<F> as core::ops::function::FnOnce<()>>::call_once::h9dc6bd6372f16606
[INFO] [stdout]                                at /rustc/82e1608dfa6e0b5569232559e3d385fea5a93112/library/core/src/panic/unwind_safe.rs:272:9
[INFO] [stdout]   37:     0x55b1f0407937 - std::panicking::try::do_call::h9057517f80303cd4
[INFO] [stdout]                                at /rustc/82e1608dfa6e0b5569232559e3d385fea5a93112/library/std/src/panicking.rs:552:40
[INFO] [stdout]   38:     0x55b1f0407937 - std::panicking::try::he3a30b11ee45340c
[INFO] [stdout]                                at /rustc/82e1608dfa6e0b5569232559e3d385fea5a93112/library/std/src/panicking.rs:516:19
[INFO] [stdout]   39:     0x55b1f0407937 - std::panic::catch_unwind::h410458cfd3528b8b
[INFO] [stdout]                                at /rustc/82e1608dfa6e0b5569232559e3d385fea5a93112/library/std/src/panic.rs:142:14
[INFO] [stdout]   40:     0x55b1f0407937 - std::thread::Builder::spawn_unchecked_::{{closure}}::h72ac3bdb567b737b
[INFO] [stdout]                                at /rustc/82e1608dfa6e0b5569232559e3d385fea5a93112/library/std/src/thread/mod.rs:528:30
[INFO] [stdout]   41:     0x55b1f0407937 - core::ops::function::FnOnce::call_once{{vtable.shim}}::h38f34da3654a8344
[INFO] [stdout]                                at /rustc/82e1608dfa6e0b5569232559e3d385fea5a93112/library/core/src/ops/function.rs:250:5
[INFO] [stdout]   42:     0x55b1f046af25 - <alloc::boxed::Box<F,A> as core::ops::function::FnOnce<Args>>::call_once::hc7eafaff61e32df9
[INFO] [stdout]                                at /rustc/82e1608dfa6e0b5569232559e3d385fea5a93112/library/alloc/src/boxed.rs:2007:9
[INFO] [stdout]   43:     0x55b1f046af25 - <alloc::boxed::Box<F,A> as core::ops::function::FnOnce<Args>>::call_once::h6ba4a5de48dd2304
[INFO] [stdout]                                at /rustc/82e1608dfa6e0b5569232559e3d385fea5a93112/library/alloc/src/boxed.rs:2007:9
[INFO] [stdout]   44:     0x55b1f046af25 - std::sys::unix::thread::Thread::new::thread_start::he469335aef763e45
[INFO] [stdout]                                at /rustc/82e1608dfa6e0b5569232559e3d385fea5a93112/library/std/src/sys/unix/thread.rs:108:17
[INFO] [stdout]   45:     0x7f1d57333ac3 - <unknown>
[INFO] [stdout]   46:     0x7f1d573c4bf4 - __clone
[INFO] [stdout]   47:                0x0 - <unknown>
[INFO] [stdout] 
[INFO] [stdout] ---- ur20_4ao_ui_16::tests::test_process_output_values stdout ----
[INFO] [stdout] thread 'ur20_4ao_ui_16::tests::test_process_output_values' panicked at src/ur20_4ao_ui_16.rs:263:9:
[INFO] [stdout] assertion `left == right` failed
[INFO] [stdout]   left: [13824, 13824, 27648, 0]
[INFO] [stdout]  right: [13824, 13824, 27648, 37888]
[INFO] [stdout] stack backtrace:
[INFO] [stdout]    0:     0x55b1f04643dc - std::backtrace_rs::backtrace::libunwind::trace::ha637c64ce894333a
[INFO] [stdout]                                at /rustc/82e1608dfa6e0b5569232559e3d385fea5a93112/library/std/src/../../backtrace/src/backtrace/libunwind.rs:104:5
[INFO] [stdout]    1:     0x55b1f04643dc - std::backtrace_rs::backtrace::trace_unsynchronized::h47f62dea28e0c88d
[INFO] [stdout]                                at /rustc/82e1608dfa6e0b5569232559e3d385fea5a93112/library/std/src/../../backtrace/src/backtrace/mod.rs:66:5
[INFO] [stdout]    2:     0x55b1f04643dc - std::sys_common::backtrace::_print_fmt::h9eef0abe20ede486
[INFO] [stdout]                                at /rustc/82e1608dfa6e0b5569232559e3d385fea5a93112/library/std/src/sys_common/backtrace.rs:67:5
[INFO] [stdout]    3:     0x55b1f04643dc - <std::sys_common::backtrace::_print::DisplayBacktrace as core::fmt::Display>::fmt::hed7f999df88cc644
[INFO] [stdout]                                at /rustc/82e1608dfa6e0b5569232559e3d385fea5a93112/library/std/src/sys_common/backtrace.rs:44:22
[INFO] [stdout]    4:     0x55b1f048ee10 - core::fmt::rt::Argument::fmt::h1539a9308b8d058d
[INFO] [stdout]                                at /rustc/82e1608dfa6e0b5569232559e3d385fea5a93112/library/core/src/fmt/rt.rs:142:9
[INFO] [stdout]    5:     0x55b1f048ee10 - core::fmt::write::h3a39390d8560d9c9
[INFO] [stdout]                                at /rustc/82e1608dfa6e0b5569232559e3d385fea5a93112/library/core/src/fmt/mod.rs:1120:17
[INFO] [stdout]    6:     0x55b1f0461d8f - std::io::Write::write_fmt::h040b369f3a0f9cbc
[INFO] [stdout]                                at /rustc/82e1608dfa6e0b5569232559e3d385fea5a93112/library/std/src/io/mod.rs:1762:15
[INFO] [stdout]    7:     0x55b1f04641c4 - std::sys_common::backtrace::_print::h894006fb5c6f3d45
[INFO] [stdout]                                at /rustc/82e1608dfa6e0b5569232559e3d385fea5a93112/library/std/src/sys_common/backtrace.rs:47:5
[INFO] [stdout]    8:     0x55b1f04641c4 - std::sys_common::backtrace::print::h23a2d212c6fff936
[INFO] [stdout]                                at /rustc/82e1608dfa6e0b5569232559e3d385fea5a93112/library/std/src/sys_common/backtrace.rs:34:9
[INFO] [stdout]    9:     0x55b1f0465e87 - std::panicking::default_hook::{{closure}}::h8a1d2ee00185001a
[INFO] [stdout]   10:     0x55b1f0465b73 - std::panicking::default_hook::h6038f2eba384e475
[INFO] [stdout]                                at /rustc/82e1608dfa6e0b5569232559e3d385fea5a93112/library/std/src/panicking.rs:289:9
[INFO] [stdout]   11:     0x55b1f0435f57 - <alloc::boxed::Box<F,A> as core::ops::function::Fn<Args>>::call::h0ad024c9bdc6d768
[INFO] [stdout]                                at /rustc/82e1608dfa6e0b5569232559e3d385fea5a93112/library/alloc/src/boxed.rs:2021:9
[INFO] [stdout]   12:     0x55b1f0435f57 - test::test_main::{{closure}}::h7500b54257359db6
[INFO] [stdout]                                at /rustc/82e1608dfa6e0b5569232559e3d385fea5a93112/library/test/src/lib.rs:138:21
[INFO] [stdout]   13:     0x55b1f0466498 - <alloc::boxed::Box<F,A> as core::ops::function::Fn<Args>>::call::h1f8f335eaa9cfaee
[INFO] [stdout]                                at /rustc/82e1608dfa6e0b5569232559e3d385fea5a93112/library/alloc/src/boxed.rs:2021:9
[INFO] [stdout]   14:     0x55b1f0466498 - std::panicking::rust_panic_with_hook::h2b5517d590cab22e
[INFO] [stdout]                                at /rustc/82e1608dfa6e0b5569232559e3d385fea5a93112/library/std/src/panicking.rs:783:13
[INFO] [stdout]   15:     0x55b1f04661ee - std::panicking::begin_panic_handler::{{closure}}::h233112c06e0ef43e
[INFO] [stdout]                                at /rustc/82e1608dfa6e0b5569232559e3d385fea5a93112/library/std/src/panicking.rs:657:13
[INFO] [stdout]   16:     0x55b1f04648a6 - std::sys_common::backtrace::__rust_end_short_backtrace::h6e893f24d7ebbff8
[INFO] [stdout]                                at /rustc/82e1608dfa6e0b5569232559e3d385fea5a93112/library/std/src/sys_common/backtrace.rs:170:18
[INFO] [stdout]   17:     0x55b1f0465f52 - rust_begin_unwind
[INFO] [stdout]                                at /rustc/82e1608dfa6e0b5569232559e3d385fea5a93112/library/std/src/panicking.rs:645:5
[INFO] [stdout]   18:     0x55b1f034ccf5 - core::panicking::panic_fmt::hbf0e066aabfa482c
[INFO] [stdout]                                at /rustc/82e1608dfa6e0b5569232559e3d385fea5a93112/library/core/src/panicking.rs:72:14
[INFO] [stdout]   19:     0x55b1f034d14b - core::panicking::assert_failed_inner::h0bba8b7c26ee4492
[INFO] [stdout]   20:     0x55b1f038615e - core::panicking::assert_failed::h2191dff91c2977d9
[INFO] [stdout]                                at /rustc/82e1608dfa6e0b5569232559e3d385fea5a93112/library/core/src/panicking.rs:279:5
[INFO] [stdout]   21:     0x55b1f03b2826 - ur20::ur20_4ao_ui_16::tests::test_process_output_values::h9d14c53cfae81754
[INFO] [stdout]                                at /opt/rustwide/workdir/src/ur20_4ao_ui_16.rs:263:9
[INFO] [stdout]   22:     0x55b1f03b2097 - ur20::ur20_4ao_ui_16::tests::test_process_output_values::{{closure}}::h9ef7fcbb93c57133
[INFO] [stdout]                                at /opt/rustwide/workdir/src/ur20_4ao_ui_16.rs:237:36
[INFO] [stdout]   23:     0x55b1f03dda76 - core::ops::function::FnOnce::call_once::h06e885d629104c43
[INFO] [stdout]                                at /rustc/82e1608dfa6e0b5569232559e3d385fea5a93112/library/core/src/ops/function.rs:250:5
[INFO] [stdout]   24:     0x55b1f043b5af - core::ops::function::FnOnce::call_once::h2b5d431d5046312d
[INFO] [stdout]                                at /rustc/82e1608dfa6e0b5569232559e3d385fea5a93112/library/core/src/ops/function.rs:250:5
[INFO] [stdout]   25:     0x55b1f043b5af - test::__rust_begin_short_backtrace::h7714669af176e207
[INFO] [stdout]                                at /rustc/82e1608dfa6e0b5569232559e3d385fea5a93112/library/test/src/lib.rs:628:18
[INFO] [stdout]   26:     0x55b1f043a5c5 - test::run_test_in_process::{{closure}}::h85218797dcbcec12
[INFO] [stdout]                                at /rustc/82e1608dfa6e0b5569232559e3d385fea5a93112/library/test/src/lib.rs:651:60
[INFO] [stdout]   27:     0x55b1f043a5c5 - <core::panic::unwind_safe::AssertUnwindSafe<F> as core::ops::function::FnOnce<()>>::call_once::h76c106ea31c14d7b
[INFO] [stdout]                                at /rustc/82e1608dfa6e0b5569232559e3d385fea5a93112/library/core/src/panic/unwind_safe.rs:272:9
[INFO] [stdout]   28:     0x55b1f043a5c5 - std::panicking::try::do_call::h3bd5d0f6620ee946
[INFO] [stdout]                                at /rustc/82e1608dfa6e0b5569232559e3d385fea5a93112/library/std/src/panicking.rs:552:40
[INFO] [stdout]   29:     0x55b1f043a5c5 - std::panicking::try::h232e535e4744fe31
[INFO] [stdout]                                at /rustc/82e1608dfa6e0b5569232559e3d385fea5a93112/library/std/src/panicking.rs:516:19
[INFO] [stdout]   30:     0x55b1f043a5c5 - std::panic::catch_unwind::h3ce3bd6ca8dbac68
[INFO] [stdout]                                at /rustc/82e1608dfa6e0b5569232559e3d385fea5a93112/library/std/src/panic.rs:142:14
[INFO] [stdout]   31:     0x55b1f043a5c5 - test::run_test_in_process::hc97b257c9621286a
[INFO] [stdout]                                at /rustc/82e1608dfa6e0b5569232559e3d385fea5a93112/library/test/src/lib.rs:651:27
[INFO] [stdout]   32:     0x55b1f043a5c5 - test::run_test::{{closure}}::h2aa798823a438d38
[INFO] [stdout]                                at /rustc/82e1608dfa6e0b5569232559e3d385fea5a93112/library/test/src/lib.rs:574:43
[INFO] [stdout]   33:     0x55b1f0402886 - test::run_test::{{closure}}::h87d231c78fb59832
[INFO] [stdout]                                at /rustc/82e1608dfa6e0b5569232559e3d385fea5a93112/library/test/src/lib.rs:602:41
[INFO] [stdout]   34:     0x55b1f0402886 - std::sys_common::backtrace::__rust_begin_short_backtrace::he6df152596625789
[INFO] [stdout]                                at /rustc/82e1608dfa6e0b5569232559e3d385fea5a93112/library/std/src/sys_common/backtrace.rs:154:18
[INFO] [stdout]   35:     0x55b1f0407937 - std::thread::Builder::spawn_unchecked_::{{closure}}::{{closure}}::ha94be15d1e0acf36
[INFO] [stdout]                                at /rustc/82e1608dfa6e0b5569232559e3d385fea5a93112/library/std/src/thread/mod.rs:529:17
[INFO] [stdout]   36:     0x55b1f0407937 - <core::panic::unwind_safe::AssertUnwindSafe<F> as core::ops::function::FnOnce<()>>::call_once::h9dc6bd6372f16606
[INFO] [stdout]                                at /rustc/82e1608dfa6e0b5569232559e3d385fea5a93112/library/core/src/panic/unwind_safe.rs:272:9
[INFO] [stdout]   37:     0x55b1f0407937 - std::panicking::try::do_call::h9057517f80303cd4
[INFO] [stdout]                                at /rustc/82e1608dfa6e0b5569232559e3d385fea5a93112/library/std/src/panicking.rs:552:40
[INFO] [stdout]   38:     0x55b1f0407937 - std::panicking::try::he3a30b11ee45340c
[INFO] [stdout]                                at /rustc/82e1608dfa6e0b5569232559e3d385fea5a93112/library/std/src/panicking.rs:516:19
[INFO] [stdout]   39:     0x55b1f0407937 - std::panic::catch_unwind::h410458cfd3528b8b
[INFO] [stdout]                                at /rustc/82e1608dfa6e0b5569232559e3d385fea5a93112/library/std/src/panic.rs:142:14
[INFO] [stdout]   40:     0x55b1f0407937 - std::thread::Builder::spawn_unchecked_::{{closure}}::h72ac3bdb567b737b
[INFO] [stdout]                                at /rustc/82e1608dfa6e0b5569232559e3d385fea5a93112/library/std/src/thread/mod.rs:528:30
[INFO] [stdout]   41:     0x55b1f0407937 - core::ops::function::FnOnce::call_once{{vtable.shim}}::h38f34da3654a8344
[INFO] [stdout]                                at /rustc/82e1608dfa6e0b5569232559e3d385fea5a93112/library/core/src/ops/function.rs:250:5
[INFO] [stdout]   42:     0x55b1f046af25 - <alloc::boxed::Box<F,A> as core::ops::function::FnOnce<Args>>::call_once::hc7eafaff61e32df9
[INFO] [stdout]                                at /rustc/82e1608dfa6e0b5569232559e3d385fea5a93112/library/alloc/src/boxed.rs:2007:9
[INFO] [stdout]   43:     0x55b1f046af25 - <alloc::boxed::Box<F,A> as core::ops::function::FnOnce<Args>>::call_once::h6ba4a5de48dd2304
[INFO] [stdout]                                at /rustc/82e1608dfa6e0b5569232559e3d385fea5a93112/library/alloc/src/boxed.rs:2007:9
[INFO] [stdout]   44:     0x55b1f046af25 - std::sys::unix::thread::Thread::new::thread_start::he469335aef763e45
[INFO] [stdout]                                at /rustc/82e1608dfa6e0b5569232559e3d385fea5a93112/library/std/src/sys/unix/thread.rs:108:17
[INFO] [stdout]   45:     0x7f1d57333ac3 - <unknown>
[INFO] [stdout]   46:     0x7f1d573c4bf4 - __clone
[INFO] [stdout]   47:                0x0 - <unknown>
[INFO] [stdout] 
[INFO] [stdout] 
[INFO] [stdout] failures:
[INFO] [stdout]     ur20_4ao_ui_16::tests::test_process_output_values
[INFO] [stdout]     ur20_4ao_ui_16_diag::tests::test_process_output_values
[INFO] [stdout] 
[INFO] [stdout] test result: FAILED. 171 passed; 2 failed; 0 ignored; 0 measured; 0 filtered out; finished in 0.14s
[INFO] [stdout] 
[INFO] [stderr] error: test failed, to rerun pass `--lib`
[INFO] running `Command { std: "docker" "inspect" "c7026b340ba127e09e2e627000650f4448f4f9f09ba98e18bd7c7cc2ccc20c1f", kill_on_drop: false }`
[INFO] running `Command { std: "docker" "rm" "-f" "c7026b340ba127e09e2e627000650f4448f4f9f09ba98e18bd7c7cc2ccc20c1f", kill_on_drop: false }`
[INFO] [stdout] c7026b340ba127e09e2e627000650f4448f4f9f09ba98e18bd7c7cc2ccc20c1f
