[INFO] fetching crate updns 0.1.7...
[INFO] testing updns-0.1.7 against 1.75.0 for beta-1.76-1
[INFO] extracting crate updns 0.1.7 into /workspace/builds/worker-2-tc1/source
[INFO] validating manifest of crates.io crate updns 0.1.7 on toolchain 1.75.0
[INFO] running `Command { std: CARGO_HOME="/workspace/cargo-home" RUSTUP_HOME="/workspace/rustup-home" "/workspace/cargo-home/bin/cargo" "+1.75.0" "metadata" "--manifest-path" "Cargo.toml" "--no-deps", kill_on_drop: false }`
[INFO] started tweaking crates.io crate updns 0.1.7
[INFO] finished tweaking crates.io crate updns 0.1.7
[INFO] tweaked toml for crates.io crate updns 0.1.7 written to /workspace/builds/worker-2-tc1/source/Cargo.toml
[INFO] crate crates.io crate updns 0.1.7 already has a lockfile, it will not be regenerated
[INFO] running `Command { std: CARGO_HOME="/workspace/cargo-home" RUSTUP_HOME="/workspace/rustup-home" "/workspace/cargo-home/bin/cargo" "+1.75.0" "fetch" "--manifest-path" "Cargo.toml", kill_on_drop: false }`
[INFO] [stderr]     Updating crates.io index
[INFO] [stderr]  Downloading crates ...
[INFO] [stderr]   Downloaded logs v0.7.1
[INFO] [stderr]   Downloaded tokio v1.18.5
[INFO] [stderr]   Downloaded socket2 v0.4.5
[INFO] running `Command { std: "docker" "create" "-v" "/var/lib/crater-agent-workspace/builds/worker-2-tc1/target:/opt/rustwide/target:rw,Z" "-v" "/var/lib/crater-agent-workspace/builds/worker-2-tc1/source:/opt/rustwide/workdir:ro,Z" "-v" "/var/lib/crater-agent-workspace/cargo-home:/opt/rustwide/cargo-home:ro,Z" "-v" "/var/lib/crater-agent-workspace/rustup-home:/opt/rustwide/rustup-home:ro,Z" "-e" "SOURCE_DIR=/opt/rustwide/workdir" "-e" "CARGO_TARGET_DIR=/opt/rustwide/target" "-e" "CARGO_HOME=/opt/rustwide/cargo-home" "-e" "RUSTUP_HOME=/opt/rustwide/rustup-home" "-w" "/opt/rustwide/workdir" "-m" "1610612736" "--user" "0:0" "--network" "none" "ghcr.io/rust-lang/crates-build-env/linux@sha256:2788e3201cd34a07e3172128adcd8b3090168a8e3bcc40d7c032b9dda1df7d1c" "/opt/rustwide/cargo-home/bin/cargo" "+1.75.0" "metadata" "--no-deps" "--format-version=1", kill_on_drop: false }`
[INFO] [stdout] 70b54926e7430c1eee012c63d5ce0d65c17dfb43be16c4794189e12d246977e2
[INFO] running `Command { std: "docker" "start" "-a" "70b54926e7430c1eee012c63d5ce0d65c17dfb43be16c4794189e12d246977e2", kill_on_drop: false }`
[INFO] running `Command { std: "docker" "inspect" "70b54926e7430c1eee012c63d5ce0d65c17dfb43be16c4794189e12d246977e2", kill_on_drop: false }`
[INFO] running `Command { std: "docker" "rm" "-f" "70b54926e7430c1eee012c63d5ce0d65c17dfb43be16c4794189e12d246977e2", kill_on_drop: false }`
[INFO] [stdout] 70b54926e7430c1eee012c63d5ce0d65c17dfb43be16c4794189e12d246977e2
[INFO] running `Command { std: "docker" "create" "-v" "/var/lib/crater-agent-workspace/builds/worker-2-tc1/target:/opt/rustwide/target:rw,Z" "-v" "/var/lib/crater-agent-workspace/builds/worker-2-tc1/source:/opt/rustwide/workdir:ro,Z" "-v" "/var/lib/crater-agent-workspace/cargo-home:/opt/rustwide/cargo-home:ro,Z" "-v" "/var/lib/crater-agent-workspace/rustup-home:/opt/rustwide/rustup-home:ro,Z" "-e" "SOURCE_DIR=/opt/rustwide/workdir" "-e" "CARGO_TARGET_DIR=/opt/rustwide/target" "-e" "CARGO_INCREMENTAL=0" "-e" "RUST_BACKTRACE=full" "-e" "RUSTFLAGS=--cap-lints=warn" "-e" "RUSTDOCFLAGS=--cap-lints=warn" "-e" "CARGO_HOME=/opt/rustwide/cargo-home" "-e" "RUSTUP_HOME=/opt/rustwide/rustup-home" "-w" "/opt/rustwide/workdir" "-m" "1610612736" "--user" "0:0" "--network" "none" "ghcr.io/rust-lang/crates-build-env/linux@sha256:2788e3201cd34a07e3172128adcd8b3090168a8e3bcc40d7c032b9dda1df7d1c" "/opt/rustwide/cargo-home/bin/cargo" "+1.75.0" "build" "--frozen" "--message-format=json", kill_on_drop: false }`
[INFO] [stdout] 3750a1b872010acdbea3406756e4c803e6019c0a58be6833dfa507637dba5f50
[INFO] running `Command { std: "docker" "start" "-a" "3750a1b872010acdbea3406756e4c803e6019c0a58be6833dfa507637dba5f50", kill_on_drop: false }`
[INFO] [stderr]    Compiling libc v0.2.125
[INFO] [stderr]    Compiling proc-macro2 v1.0.38
[INFO] [stderr]    Compiling unicode-xid v0.2.3
[INFO] [stderr]    Compiling syn v1.0.92
[INFO] [stderr]    Compiling log v0.4.17
[INFO] [stderr]    Compiling time-core v0.1.0
[INFO] [stderr]    Compiling futures-core v0.3.21
[INFO] [stderr]    Compiling futures-task v0.3.21
[INFO] [stderr]    Compiling pin-project-lite v0.2.6
[INFO] [stderr]    Compiling os_str_bytes v6.3.0
[INFO] [stderr]    Compiling hashbrown v0.12.3
[INFO] [stderr]    Compiling itoa v1.0.3
[INFO] [stderr]    Compiling futures-util v0.3.21
[INFO] [stderr]    Compiling indexmap v1.9.1
[INFO] [stderr]    Compiling textwrap v0.15.1
[INFO] [stderr]    Compiling aho-corasick v0.7.18
[INFO] [stderr]    Compiling time-macros v0.2.8
[INFO] [stderr]    Compiling once_cell v1.15.0
[INFO] [stderr]    Compiling bytes v1.0.1
[INFO] [stderr]    Compiling regex-syntax v0.6.25
[INFO] [stderr]    Compiling clap_lex v0.2.4
[INFO] [stderr]    Compiling quote v1.0.2
[INFO] [stderr]    Compiling num_cpus v1.13.0
[INFO] [stderr]    Compiling mio v0.8.3
[INFO] [stderr]    Compiling atty v0.2.14
[INFO] [stderr]    Compiling socket2 v0.4.5
[INFO] [stderr]    Compiling dirs-sys v0.3.7
[INFO] [stderr]    Compiling clap v3.2.22
[INFO] [stderr]    Compiling dirs v4.0.0
[INFO] [stderr]    Compiling time v0.3.20
[INFO] [stderr]    Compiling regex v1.5.5
[INFO] [stderr]    Compiling logs v0.7.1
[INFO] [stderr]    Compiling futures-macro v0.3.21
[INFO] [stderr]    Compiling tokio-macros v1.7.0
[INFO] [stderr]    Compiling tokio v1.18.5
[INFO] [stderr]    Compiling updns v0.1.7 (/opt/rustwide/workdir)
[INFO] [stderr]     Finished dev [unoptimized + debuginfo] target(s) in 12.61s
[INFO] running `Command { std: "docker" "inspect" "3750a1b872010acdbea3406756e4c803e6019c0a58be6833dfa507637dba5f50", kill_on_drop: false }`
[INFO] running `Command { std: "docker" "rm" "-f" "3750a1b872010acdbea3406756e4c803e6019c0a58be6833dfa507637dba5f50", kill_on_drop: false }`
[INFO] [stdout] 3750a1b872010acdbea3406756e4c803e6019c0a58be6833dfa507637dba5f50
[INFO] running `Command { std: "docker" "create" "-v" "/var/lib/crater-agent-workspace/builds/worker-2-tc1/target:/opt/rustwide/target:rw,Z" "-v" "/var/lib/crater-agent-workspace/builds/worker-2-tc1/source:/opt/rustwide/workdir:ro,Z" "-v" "/var/lib/crater-agent-workspace/cargo-home:/opt/rustwide/cargo-home:ro,Z" "-v" "/var/lib/crater-agent-workspace/rustup-home:/opt/rustwide/rustup-home:ro,Z" "-e" "SOURCE_DIR=/opt/rustwide/workdir" "-e" "CARGO_TARGET_DIR=/opt/rustwide/target" "-e" "CARGO_INCREMENTAL=0" "-e" "RUST_BACKTRACE=full" "-e" "RUSTFLAGS=--cap-lints=warn" "-e" "RUSTDOCFLAGS=--cap-lints=warn" "-e" "CARGO_HOME=/opt/rustwide/cargo-home" "-e" "RUSTUP_HOME=/opt/rustwide/rustup-home" "-w" "/opt/rustwide/workdir" "-m" "1610612736" "--user" "0:0" "--network" "none" "ghcr.io/rust-lang/crates-build-env/linux@sha256:2788e3201cd34a07e3172128adcd8b3090168a8e3bcc40d7c032b9dda1df7d1c" "/opt/rustwide/cargo-home/bin/cargo" "+1.75.0" "test" "--frozen" "--no-run" "--message-format=json", kill_on_drop: false }`
[INFO] [stdout] 1b6c7461b66c5664b4fa2dbf02a1fbabcf0af56fb8c0fcfa4428c4f8a3d2d04c
[INFO] running `Command { std: "docker" "start" "-a" "1b6c7461b66c5664b4fa2dbf02a1fbabcf0af56fb8c0fcfa4428c4f8a3d2d04c", kill_on_drop: false }`
[INFO] [stderr]    Compiling updns v0.1.7 (/opt/rustwide/workdir)
[INFO] [stderr]     Finished test [unoptimized + debuginfo] target(s) in 2.10s
[INFO] running `Command { std: "docker" "inspect" "1b6c7461b66c5664b4fa2dbf02a1fbabcf0af56fb8c0fcfa4428c4f8a3d2d04c", kill_on_drop: false }`
[INFO] running `Command { std: "docker" "rm" "-f" "1b6c7461b66c5664b4fa2dbf02a1fbabcf0af56fb8c0fcfa4428c4f8a3d2d04c", kill_on_drop: false }`
[INFO] [stdout] 1b6c7461b66c5664b4fa2dbf02a1fbabcf0af56fb8c0fcfa4428c4f8a3d2d04c
[INFO] running `Command { std: "docker" "create" "-v" "/var/lib/crater-agent-workspace/builds/worker-2-tc1/target:/opt/rustwide/target:rw,Z" "-v" "/var/lib/crater-agent-workspace/builds/worker-2-tc1/source:/opt/rustwide/workdir:ro,Z" "-v" "/var/lib/crater-agent-workspace/cargo-home:/opt/rustwide/cargo-home:ro,Z" "-v" "/var/lib/crater-agent-workspace/rustup-home:/opt/rustwide/rustup-home:ro,Z" "-e" "SOURCE_DIR=/opt/rustwide/workdir" "-e" "CARGO_TARGET_DIR=/opt/rustwide/target" "-e" "CARGO_INCREMENTAL=0" "-e" "RUST_BACKTRACE=full" "-e" "RUSTFLAGS=--cap-lints=warn" "-e" "RUSTDOCFLAGS=--cap-lints=warn" "-e" "CARGO_HOME=/opt/rustwide/cargo-home" "-e" "RUSTUP_HOME=/opt/rustwide/rustup-home" "-w" "/opt/rustwide/workdir" "-m" "1610612736" "--user" "0:0" "--network" "none" "ghcr.io/rust-lang/crates-build-env/linux@sha256:2788e3201cd34a07e3172128adcd8b3090168a8e3bcc40d7c032b9dda1df7d1c" "/opt/rustwide/cargo-home/bin/cargo" "+1.75.0" "test" "--frozen", kill_on_drop: false }`
[INFO] [stdout] ff5e116a0488d35935ceba9afe9a7671db7c84f0dff6491172bd7d06aaec4637
[INFO] running `Command { std: "docker" "start" "-a" "ff5e116a0488d35935ceba9afe9a7671db7c84f0dff6491172bd7d06aaec4637", kill_on_drop: false }`
[INFO] [stderr]     Finished test [unoptimized + debuginfo] target(s) in 0.05s
[INFO] [stdout] 
[INFO] [stderr]      Running unittests src/lib.rs (/opt/rustwide/target/debug/deps/updns-de170448b9e8c4b4)
[INFO] [stdout] running 0 tests
[INFO] [stdout] 
[INFO] [stdout] test result: ok. 0 passed; 0 failed; 0 ignored; 0 measured; 0 filtered out; finished in 0.00s
[INFO] [stdout] 
[INFO] [stderr]      Running unittests src/main.rs (/opt/rustwide/target/debug/deps/updns-f390c623eb560c19)
[INFO] [stdout] 
[INFO] [stdout] running 6 tests
[INFO] [stdout] test matcher::test_matcher::test_create ... ok
[INFO] [stdout] test matcher::test_matcher::test_text ... ok
[INFO] [stdout] test matcher::test_matcher::test_to_string ... ok
[INFO] [stdout] test matcher::test_matcher::test_wildcard ... ok
[INFO] [stdout] test config::tests::parse_config ... FAILED
[INFO] [stdout] test matcher::test_matcher::test_regex ... ok
[INFO] [stdout] 
[INFO] [stdout] failures:
[INFO] [stdout] 
[INFO] [stdout] ---- config::tests::parse_config stdout ----
[INFO] [stdout] Error: Os { code: 30, kind: ReadOnlyFilesystem, message: "Read-only file system" }
[INFO] [stdout] 
[INFO] [stdout] 
[INFO] [stdout] failures:
[INFO] [stdout]     config::tests::parse_config
[INFO] [stdout] 
[INFO] [stdout] test result: FAILED. 5 passed; 1 failed; 0 ignored; 0 measured; 0 filtered out; finished in 0.00s
[INFO] [stdout] 
[INFO] [stderr] error: test failed, to rerun pass `--bin updns`
[INFO] running `Command { std: "docker" "inspect" "ff5e116a0488d35935ceba9afe9a7671db7c84f0dff6491172bd7d06aaec4637", kill_on_drop: false }`
[INFO] running `Command { std: "docker" "rm" "-f" "ff5e116a0488d35935ceba9afe9a7671db7c84f0dff6491172bd7d06aaec4637", kill_on_drop: false }`
[INFO] [stdout] ff5e116a0488d35935ceba9afe9a7671db7c84f0dff6491172bd7d06aaec4637
[INFO] testing updns-0.1.7 against beta-2023-12-22 for beta-1.76-1
[INFO] extracting crate updns 0.1.7 into /workspace/builds/worker-2-tc2/source
[INFO] validating manifest of crates.io crate updns 0.1.7 on toolchain beta-2023-12-22
[INFO] running `Command { std: CARGO_HOME="/workspace/cargo-home" RUSTUP_HOME="/workspace/rustup-home" "/workspace/cargo-home/bin/cargo" "+beta-2023-12-22" "metadata" "--manifest-path" "Cargo.toml" "--no-deps", kill_on_drop: false }`
[INFO] started tweaking crates.io crate updns 0.1.7
[INFO] finished tweaking crates.io crate updns 0.1.7
[INFO] tweaked toml for crates.io crate updns 0.1.7 written to /workspace/builds/worker-2-tc2/source/Cargo.toml
[INFO] crate crates.io crate updns 0.1.7 already has a lockfile, it will not be regenerated
[INFO] running `Command { std: CARGO_HOME="/workspace/cargo-home" RUSTUP_HOME="/workspace/rustup-home" "/workspace/cargo-home/bin/cargo" "+beta-2023-12-22" "fetch" "--manifest-path" "Cargo.toml", kill_on_drop: false }`
[INFO] running `Command { std: "docker" "create" "-v" "/var/lib/crater-agent-workspace/builds/worker-2-tc2/target:/opt/rustwide/target:rw,Z" "-v" "/var/lib/crater-agent-workspace/builds/worker-2-tc2/source:/opt/rustwide/workdir:ro,Z" "-v" "/var/lib/crater-agent-workspace/cargo-home:/opt/rustwide/cargo-home:ro,Z" "-v" "/var/lib/crater-agent-workspace/rustup-home:/opt/rustwide/rustup-home:ro,Z" "-e" "SOURCE_DIR=/opt/rustwide/workdir" "-e" "CARGO_TARGET_DIR=/opt/rustwide/target" "-e" "CARGO_HOME=/opt/rustwide/cargo-home" "-e" "RUSTUP_HOME=/opt/rustwide/rustup-home" "-w" "/opt/rustwide/workdir" "-m" "1610612736" "--user" "0:0" "--network" "none" "ghcr.io/rust-lang/crates-build-env/linux@sha256:2788e3201cd34a07e3172128adcd8b3090168a8e3bcc40d7c032b9dda1df7d1c" "/opt/rustwide/cargo-home/bin/cargo" "+beta-2023-12-22" "metadata" "--no-deps" "--format-version=1", kill_on_drop: false }`
[INFO] [stdout] 2867fff925dfcbc0acd2c7fca6dd807fdbe74fdf621f98384381f3baafcfbc79
[INFO] running `Command { std: "docker" "start" "-a" "2867fff925dfcbc0acd2c7fca6dd807fdbe74fdf621f98384381f3baafcfbc79", kill_on_drop: false }`
[INFO] running `Command { std: "docker" "inspect" "2867fff925dfcbc0acd2c7fca6dd807fdbe74fdf621f98384381f3baafcfbc79", kill_on_drop: false }`
[INFO] running `Command { std: "docker" "rm" "-f" "2867fff925dfcbc0acd2c7fca6dd807fdbe74fdf621f98384381f3baafcfbc79", kill_on_drop: false }`
[INFO] [stdout] 2867fff925dfcbc0acd2c7fca6dd807fdbe74fdf621f98384381f3baafcfbc79
[INFO] running `Command { std: "docker" "create" "-v" "/var/lib/crater-agent-workspace/builds/worker-2-tc2/target:/opt/rustwide/target:rw,Z" "-v" "/var/lib/crater-agent-workspace/builds/worker-2-tc2/source:/opt/rustwide/workdir:ro,Z" "-v" "/var/lib/crater-agent-workspace/cargo-home:/opt/rustwide/cargo-home:ro,Z" "-v" "/var/lib/crater-agent-workspace/rustup-home:/opt/rustwide/rustup-home:ro,Z" "-e" "SOURCE_DIR=/opt/rustwide/workdir" "-e" "CARGO_TARGET_DIR=/opt/rustwide/target" "-e" "CARGO_INCREMENTAL=0" "-e" "RUST_BACKTRACE=full" "-e" "RUSTFLAGS=--cap-lints=warn" "-e" "RUSTDOCFLAGS=--cap-lints=warn" "-e" "CARGO_HOME=/opt/rustwide/cargo-home" "-e" "RUSTUP_HOME=/opt/rustwide/rustup-home" "-w" "/opt/rustwide/workdir" "-m" "1610612736" "--user" "0:0" "--network" "none" "ghcr.io/rust-lang/crates-build-env/linux@sha256:2788e3201cd34a07e3172128adcd8b3090168a8e3bcc40d7c032b9dda1df7d1c" "/opt/rustwide/cargo-home/bin/cargo" "+beta-2023-12-22" "build" "--frozen" "--message-format=json", kill_on_drop: false }`
[INFO] [stdout] 2b8213d337dc18a2c68cd3b16d0a88dfaf71396e8642266504c71e322ad3adaa
[INFO] running `Command { std: "docker" "start" "-a" "2b8213d337dc18a2c68cd3b16d0a88dfaf71396e8642266504c71e322ad3adaa", kill_on_drop: false }`
[INFO] [stderr]    Compiling libc v0.2.125
[INFO] [stderr]    Compiling proc-macro2 v1.0.38
[INFO] [stderr]    Compiling unicode-xid v0.2.3
[INFO] [stderr]    Compiling syn v1.0.92
[INFO] [stderr]    Compiling log v0.4.17
[INFO] [stderr]    Compiling futures-task v0.3.21
[INFO] [stderr]    Compiling time-core v0.1.0
[INFO] [stderr]    Compiling futures-core v0.3.21
[INFO] [stderr]    Compiling futures-util v0.3.21
[INFO] [stderr]    Compiling itoa v1.0.3
[INFO] [stderr]    Compiling hashbrown v0.12.3
[INFO] [stderr]    Compiling pin-project-lite v0.2.6
[INFO] [stderr]    Compiling os_str_bytes v6.3.0
[INFO] [stderr]    Compiling indexmap v1.9.1
[INFO] [stderr]    Compiling textwrap v0.15.1
[INFO] [stderr]    Compiling aho-corasick v0.7.18
[INFO] [stderr]    Compiling time-macros v0.2.8
[INFO] [stderr]    Compiling bytes v1.0.1
[INFO] [stderr]    Compiling regex-syntax v0.6.25
[INFO] [stderr]    Compiling once_cell v1.15.0
[INFO] [stderr]    Compiling clap_lex v0.2.4
[INFO] [stderr]    Compiling quote v1.0.2
[INFO] [stderr]    Compiling num_cpus v1.13.0
[INFO] [stderr]    Compiling socket2 v0.4.5
[INFO] [stderr]    Compiling mio v0.8.3
[INFO] [stderr]    Compiling dirs-sys v0.3.7
[INFO] [stderr]    Compiling atty v0.2.14
[INFO] [stderr]    Compiling clap v3.2.22
[INFO] [stderr]    Compiling dirs v4.0.0
[INFO] [stderr]    Compiling time v0.3.20
[INFO] [stderr]    Compiling regex v1.5.5
[INFO] [stderr]    Compiling logs v0.7.1
[INFO] [stderr]    Compiling tokio-macros v1.7.0
[INFO] [stderr]    Compiling futures-macro v0.3.21
[INFO] [stderr]    Compiling tokio v1.18.5
[INFO] [stderr]    Compiling updns v0.1.7 (/opt/rustwide/workdir)
[INFO] [stderr]     Finished dev [unoptimized + debuginfo] target(s) in 12.13s
[INFO] running `Command { std: "docker" "inspect" "2b8213d337dc18a2c68cd3b16d0a88dfaf71396e8642266504c71e322ad3adaa", kill_on_drop: false }`
[INFO] running `Command { std: "docker" "rm" "-f" "2b8213d337dc18a2c68cd3b16d0a88dfaf71396e8642266504c71e322ad3adaa", kill_on_drop: false }`
[INFO] [stdout] 2b8213d337dc18a2c68cd3b16d0a88dfaf71396e8642266504c71e322ad3adaa
[INFO] running `Command { std: "docker" "create" "-v" "/var/lib/crater-agent-workspace/builds/worker-2-tc2/target:/opt/rustwide/target:rw,Z" "-v" "/var/lib/crater-agent-workspace/builds/worker-2-tc2/source:/opt/rustwide/workdir:ro,Z" "-v" "/var/lib/crater-agent-workspace/cargo-home:/opt/rustwide/cargo-home:ro,Z" "-v" "/var/lib/crater-agent-workspace/rustup-home:/opt/rustwide/rustup-home:ro,Z" "-e" "SOURCE_DIR=/opt/rustwide/workdir" "-e" "CARGO_TARGET_DIR=/opt/rustwide/target" "-e" "CARGO_INCREMENTAL=0" "-e" "RUST_BACKTRACE=full" "-e" "RUSTFLAGS=--cap-lints=warn" "-e" "RUSTDOCFLAGS=--cap-lints=warn" "-e" "CARGO_HOME=/opt/rustwide/cargo-home" "-e" "RUSTUP_HOME=/opt/rustwide/rustup-home" "-w" "/opt/rustwide/workdir" "-m" "1610612736" "--user" "0:0" "--network" "none" "ghcr.io/rust-lang/crates-build-env/linux@sha256:2788e3201cd34a07e3172128adcd8b3090168a8e3bcc40d7c032b9dda1df7d1c" "/opt/rustwide/cargo-home/bin/cargo" "+beta-2023-12-22" "test" "--frozen" "--no-run" "--message-format=json", kill_on_drop: false }`
[INFO] [stdout] d5aaa00a0fa0357bb2f2faf5971383ef183f823bcab23d79c04bf177b21a33f9
[INFO] running `Command { std: "docker" "start" "-a" "d5aaa00a0fa0357bb2f2faf5971383ef183f823bcab23d79c04bf177b21a33f9", kill_on_drop: false }`
[INFO] [stderr]    Compiling updns v0.1.7 (/opt/rustwide/workdir)
[INFO] [stderr]     Finished test [unoptimized + debuginfo] target(s) in 2.04s
[INFO] running `Command { std: "docker" "inspect" "d5aaa00a0fa0357bb2f2faf5971383ef183f823bcab23d79c04bf177b21a33f9", kill_on_drop: false }`
[INFO] running `Command { std: "docker" "rm" "-f" "d5aaa00a0fa0357bb2f2faf5971383ef183f823bcab23d79c04bf177b21a33f9", kill_on_drop: false }`
[INFO] [stdout] d5aaa00a0fa0357bb2f2faf5971383ef183f823bcab23d79c04bf177b21a33f9
[INFO] running `Command { std: "docker" "create" "-v" "/var/lib/crater-agent-workspace/builds/worker-2-tc2/target:/opt/rustwide/target:rw,Z" "-v" "/var/lib/crater-agent-workspace/builds/worker-2-tc2/source:/opt/rustwide/workdir:ro,Z" "-v" "/var/lib/crater-agent-workspace/cargo-home:/opt/rustwide/cargo-home:ro,Z" "-v" "/var/lib/crater-agent-workspace/rustup-home:/opt/rustwide/rustup-home:ro,Z" "-e" "SOURCE_DIR=/opt/rustwide/workdir" "-e" "CARGO_TARGET_DIR=/opt/rustwide/target" "-e" "CARGO_INCREMENTAL=0" "-e" "RUST_BACKTRACE=full" "-e" "RUSTFLAGS=--cap-lints=warn" "-e" "RUSTDOCFLAGS=--cap-lints=warn" "-e" "CARGO_HOME=/opt/rustwide/cargo-home" "-e" "RUSTUP_HOME=/opt/rustwide/rustup-home" "-w" "/opt/rustwide/workdir" "-m" "1610612736" "--user" "0:0" "--network" "none" "ghcr.io/rust-lang/crates-build-env/linux@sha256:2788e3201cd34a07e3172128adcd8b3090168a8e3bcc40d7c032b9dda1df7d1c" "/opt/rustwide/cargo-home/bin/cargo" "+beta-2023-12-22" "test" "--frozen", kill_on_drop: false }`
[INFO] [stdout] b72707ebed26b1c6cc5d1ee5300cdb2de0c182ab1fc55586c080f0818e007d3e
[INFO] running `Command { std: "docker" "start" "-a" "b72707ebed26b1c6cc5d1ee5300cdb2de0c182ab1fc55586c080f0818e007d3e", kill_on_drop: false }`
[INFO] [stderr]     Finished test [unoptimized + debuginfo] target(s) in 0.03s
[INFO] [stderr]      Running unittests src/lib.rs (/opt/rustwide/target/debug/deps/updns-3ac4527f69e6c86d)
[INFO] [stdout] 
[INFO] [stdout] running 0 tests
[INFO] [stdout] 
[INFO] [stdout] test result: ok. 0 passed; 0 failed; 0 ignored; 0 measured; 0 filtered out; finished in 0.00s
[INFO] [stdout] 
[INFO] [stderr]      Running unittests src/main.rs (/opt/rustwide/target/debug/deps/updns-534187d401d6e6b5)
[INFO] [stdout] 
[INFO] [stdout] running 6 tests
[INFO] [stdout] test matcher::test_matcher::test_create ... ok
[INFO] [stdout] test matcher::test_matcher::test_text ... ok
[INFO] [stdout] test matcher::test_matcher::test_wildcard ... ok
[INFO] [stdout] test matcher::test_matcher::test_to_string ... ok
[INFO] [stdout] test config::tests::parse_config ... FAILED
[INFO] [stdout] test matcher::test_matcher::test_regex ... ok
[INFO] [stdout] 
[INFO] [stdout] failures:
[INFO] [stdout] 
[INFO] [stdout] ---- config::tests::parse_config stdout ----
[INFO] [stdout] Error: Os { code: 30, kind: ReadOnlyFilesystem, message: "Read-only file system" }
[INFO] [stdout] 
[INFO] [stdout] 
[INFO] [stdout] failures:
[INFO] [stdout]     config::tests::parse_config
[INFO] [stdout] 
[INFO] [stdout] test result: FAILED. 5 passed; 1 failed; 0 ignored; 0 measured; 0 filtered out; finished in 0.00s
[INFO] [stdout] 
[INFO] [stderr] error: test failed, to rerun pass `--bin updns`
[INFO] running `Command { std: "docker" "inspect" "b72707ebed26b1c6cc5d1ee5300cdb2de0c182ab1fc55586c080f0818e007d3e", kill_on_drop: false }`
[INFO] running `Command { std: "docker" "rm" "-f" "b72707ebed26b1c6cc5d1ee5300cdb2de0c182ab1fc55586c080f0818e007d3e", kill_on_drop: false }`
[INFO] [stdout] b72707ebed26b1c6cc5d1ee5300cdb2de0c182ab1fc55586c080f0818e007d3e
