[INFO] fetching crate unsvg 1.1.2...
[INFO] testing unsvg-1.1.2 against 1.75.0 for beta-1.76-1
[INFO] extracting crate unsvg 1.1.2 into /workspace/builds/worker-3-tc1/source
[INFO] validating manifest of crates.io crate unsvg 1.1.2 on toolchain 1.75.0
[INFO] running `Command { std: CARGO_HOME="/workspace/cargo-home" RUSTUP_HOME="/workspace/rustup-home" "/workspace/cargo-home/bin/cargo" "+1.75.0" "metadata" "--manifest-path" "Cargo.toml" "--no-deps", kill_on_drop: false }`
[INFO] started tweaking crates.io crate unsvg 1.1.2
[INFO] finished tweaking crates.io crate unsvg 1.1.2
[INFO] tweaked toml for crates.io crate unsvg 1.1.2 written to /workspace/builds/worker-3-tc1/source/Cargo.toml
[INFO] running `Command { std: CARGO_HOME="/workspace/cargo-home" RUSTUP_HOME="/workspace/rustup-home" "/workspace/cargo-home/bin/cargo" "+1.75.0" "generate-lockfile" "--manifest-path" "Cargo.toml", kill_on_drop: false }`
[INFO] [stderr]     Updating crates.io index
[INFO] running `Command { std: CARGO_HOME="/workspace/cargo-home" RUSTUP_HOME="/workspace/rustup-home" "/workspace/cargo-home/bin/cargo" "+1.75.0" "fetch" "--manifest-path" "Cargo.toml", kill_on_drop: false }`
[INFO] [stderr]  Downloading crates ...
[INFO] [stderr]   Downloaded memmap2 v0.6.2
[INFO] [stderr]   Downloaded unicode-vo v0.1.0
[INFO] [stderr]   Downloaded usvg-text-layout v0.35.0
[INFO] [stderr]   Downloaded unicode-general-category v0.6.0
[INFO] [stderr]   Downloaded unicode-script v0.5.5
[INFO] [stderr]   Downloaded fontconfig-parser v0.5.3
[INFO] [stderr]   Downloaded rustybuzz v0.7.0
[INFO] [stderr]   Downloaded fontdb v0.14.1
[INFO] [stderr]   Downloaded ttf-parser v0.18.1
[INFO] [stderr]   Downloaded ttf-parser v0.19.2
[INFO] running `Command { std: "docker" "create" "-v" "/var/lib/crater-agent-workspace/builds/worker-3-tc1/target:/opt/rustwide/target:rw,Z" "-v" "/var/lib/crater-agent-workspace/builds/worker-3-tc1/source:/opt/rustwide/workdir:ro,Z" "-v" "/var/lib/crater-agent-workspace/cargo-home:/opt/rustwide/cargo-home:ro,Z" "-v" "/var/lib/crater-agent-workspace/rustup-home:/opt/rustwide/rustup-home:ro,Z" "-e" "SOURCE_DIR=/opt/rustwide/workdir" "-e" "CARGO_TARGET_DIR=/opt/rustwide/target" "-e" "CARGO_HOME=/opt/rustwide/cargo-home" "-e" "RUSTUP_HOME=/opt/rustwide/rustup-home" "-w" "/opt/rustwide/workdir" "-m" "1610612736" "--user" "0:0" "--network" "none" "ghcr.io/rust-lang/crates-build-env/linux@sha256:2788e3201cd34a07e3172128adcd8b3090168a8e3bcc40d7c032b9dda1df7d1c" "/opt/rustwide/cargo-home/bin/cargo" "+1.75.0" "metadata" "--no-deps" "--format-version=1", kill_on_drop: false }`
[INFO] [stdout] f290818e2c8f54948835f17fa02be525ee36ed6a0924abf22708aeaa58af3f43
[INFO] running `Command { std: "docker" "start" "-a" "f290818e2c8f54948835f17fa02be525ee36ed6a0924abf22708aeaa58af3f43", kill_on_drop: false }`
[INFO] running `Command { std: "docker" "inspect" "f290818e2c8f54948835f17fa02be525ee36ed6a0924abf22708aeaa58af3f43", kill_on_drop: false }`
[INFO] running `Command { std: "docker" "rm" "-f" "f290818e2c8f54948835f17fa02be525ee36ed6a0924abf22708aeaa58af3f43", kill_on_drop: false }`
[INFO] [stdout] f290818e2c8f54948835f17fa02be525ee36ed6a0924abf22708aeaa58af3f43
[INFO] running `Command { std: "docker" "create" "-v" "/var/lib/crater-agent-workspace/builds/worker-3-tc1/target:/opt/rustwide/target:rw,Z" "-v" "/var/lib/crater-agent-workspace/builds/worker-3-tc1/source:/opt/rustwide/workdir:ro,Z" "-v" "/var/lib/crater-agent-workspace/cargo-home:/opt/rustwide/cargo-home:ro,Z" "-v" "/var/lib/crater-agent-workspace/rustup-home:/opt/rustwide/rustup-home:ro,Z" "-e" "SOURCE_DIR=/opt/rustwide/workdir" "-e" "CARGO_TARGET_DIR=/opt/rustwide/target" "-e" "CARGO_INCREMENTAL=0" "-e" "RUST_BACKTRACE=full" "-e" "RUSTFLAGS=--cap-lints=warn" "-e" "RUSTDOCFLAGS=--cap-lints=warn" "-e" "CARGO_HOME=/opt/rustwide/cargo-home" "-e" "RUSTUP_HOME=/opt/rustwide/rustup-home" "-w" "/opt/rustwide/workdir" "-m" "1610612736" "--user" "0:0" "--network" "none" "ghcr.io/rust-lang/crates-build-env/linux@sha256:2788e3201cd34a07e3172128adcd8b3090168a8e3bcc40d7c032b9dda1df7d1c" "/opt/rustwide/cargo-home/bin/cargo" "+1.75.0" "build" "--frozen" "--message-format=json", kill_on_drop: false }`
[INFO] [stdout] c6e0433519cb6e46b7e830db4485697d840063cad9fb35a080ef8a27d20534fc
[INFO] running `Command { std: "docker" "start" "-a" "c6e0433519cb6e46b7e830db4485697d840063cad9fb35a080ef8a27d20534fc", kill_on_drop: false }`
[INFO] [stderr]    Compiling bytemuck v1.14.0
[INFO] [stderr]    Compiling arrayvec v0.7.4
[INFO] [stderr]    Compiling float-cmp v0.9.0
[INFO] [stderr]    Compiling xmlparser v0.13.6
[INFO] [stderr]    Compiling arrayref v0.3.7
[INFO] [stderr]    Compiling version_check v0.9.4
[INFO] [stderr]    Compiling log v0.4.20
[INFO] [stderr]    Compiling unicode-general-category v0.6.0
[INFO] [stderr]    Compiling siphasher v0.3.11
[INFO] [stderr]    Compiling tinyvec_macros v0.1.1
[INFO] [stderr]    Compiling rctree v0.5.0
[INFO] [stderr]    Compiling ttf-parser v0.18.1
[INFO] [stderr]    Compiling ttf-parser v0.19.2
[INFO] [stderr]    Compiling unicode-script v0.5.5
[INFO] [stderr]    Compiling memmap2 v0.6.2
[INFO] [stderr]    Compiling unicode-bidi-mirroring v0.1.0
[INFO] [stderr]    Compiling tinyvec v1.6.0
[INFO] [stderr]    Compiling unicode-ccc v0.1.2
[INFO] [stderr]    Compiling strict-num v0.1.1
[INFO] [stderr]    Compiling imagesize v0.12.0
[INFO] [stderr]    Compiling unicode-vo v0.1.0
[INFO] [stderr]    Compiling data-url v0.2.0
[INFO] [stderr]    Compiling simplecss v0.2.1
[INFO] [stderr]    Compiling kurbo v0.9.5
[INFO] [stderr]    Compiling unicode-bidi v0.3.14
[INFO] [stderr]    Compiling tiny-skia-path v0.10.0
[INFO] [stderr]    Compiling pico-args v0.5.0
[INFO] [stderr]    Compiling roxmltree v0.18.1
[INFO] [stderr]    Compiling slotmap v1.0.7
[INFO] [stderr]    Compiling base64 v0.21.5
[INFO] [stderr]    Compiling xmlwriter v0.1.0
[INFO] [stderr]    Compiling rgb v0.8.37
[INFO] [stderr]    Compiling jpeg-decoder v0.3.0
[INFO] [stderr]    Compiling fontconfig-parser v0.5.3
[INFO] [stderr]    Compiling tiny-skia v0.10.0
[INFO] [stderr]    Compiling svgtypes v0.11.0
[INFO] [stderr]    Compiling usvg-tree v0.35.0
[INFO] [stderr]    Compiling rustybuzz v0.7.0
[INFO] [stderr]    Compiling fontdb v0.14.1
[INFO] [stderr]    Compiling usvg-parser v0.35.0
[INFO] [stderr]    Compiling usvg-text-layout v0.35.0
[INFO] [stderr]    Compiling usvg v0.35.0
[INFO] [stderr]    Compiling resvg v0.35.0
[INFO] [stderr]    Compiling unsvg v1.1.2 (/opt/rustwide/workdir)
[INFO] [stderr]     Finished dev [unoptimized + debuginfo] target(s) in 5.65s
[INFO] running `Command { std: "docker" "inspect" "c6e0433519cb6e46b7e830db4485697d840063cad9fb35a080ef8a27d20534fc", kill_on_drop: false }`
[INFO] running `Command { std: "docker" "rm" "-f" "c6e0433519cb6e46b7e830db4485697d840063cad9fb35a080ef8a27d20534fc", kill_on_drop: false }`
[INFO] [stdout] c6e0433519cb6e46b7e830db4485697d840063cad9fb35a080ef8a27d20534fc
[INFO] running `Command { std: "docker" "create" "-v" "/var/lib/crater-agent-workspace/builds/worker-3-tc1/target:/opt/rustwide/target:rw,Z" "-v" "/var/lib/crater-agent-workspace/builds/worker-3-tc1/source:/opt/rustwide/workdir:ro,Z" "-v" "/var/lib/crater-agent-workspace/cargo-home:/opt/rustwide/cargo-home:ro,Z" "-v" "/var/lib/crater-agent-workspace/rustup-home:/opt/rustwide/rustup-home:ro,Z" "-e" "SOURCE_DIR=/opt/rustwide/workdir" "-e" "CARGO_TARGET_DIR=/opt/rustwide/target" "-e" "CARGO_INCREMENTAL=0" "-e" "RUST_BACKTRACE=full" "-e" "RUSTFLAGS=--cap-lints=warn" "-e" "RUSTDOCFLAGS=--cap-lints=warn" "-e" "CARGO_HOME=/opt/rustwide/cargo-home" "-e" "RUSTUP_HOME=/opt/rustwide/rustup-home" "-w" "/opt/rustwide/workdir" "-m" "1610612736" "--user" "0:0" "--network" "none" "ghcr.io/rust-lang/crates-build-env/linux@sha256:2788e3201cd34a07e3172128adcd8b3090168a8e3bcc40d7c032b9dda1df7d1c" "/opt/rustwide/cargo-home/bin/cargo" "+1.75.0" "test" "--frozen" "--no-run" "--message-format=json", kill_on_drop: false }`
[INFO] [stdout] ce001c6122a3b350d65308d8a3f0198eb11bea026ea64985f35d329afd677981
[INFO] running `Command { std: "docker" "start" "-a" "ce001c6122a3b350d65308d8a3f0198eb11bea026ea64985f35d329afd677981", kill_on_drop: false }`
[INFO] [stderr]    Compiling unsvg v1.1.2 (/opt/rustwide/workdir)
[INFO] [stderr]     Finished test [unoptimized + debuginfo] target(s) in 0.35s
[INFO] running `Command { std: "docker" "inspect" "ce001c6122a3b350d65308d8a3f0198eb11bea026ea64985f35d329afd677981", kill_on_drop: false }`
[INFO] running `Command { std: "docker" "rm" "-f" "ce001c6122a3b350d65308d8a3f0198eb11bea026ea64985f35d329afd677981", kill_on_drop: false }`
[INFO] [stdout] ce001c6122a3b350d65308d8a3f0198eb11bea026ea64985f35d329afd677981
[INFO] running `Command { std: "docker" "create" "-v" "/var/lib/crater-agent-workspace/builds/worker-3-tc1/target:/opt/rustwide/target:rw,Z" "-v" "/var/lib/crater-agent-workspace/builds/worker-3-tc1/source:/opt/rustwide/workdir:ro,Z" "-v" "/var/lib/crater-agent-workspace/cargo-home:/opt/rustwide/cargo-home:ro,Z" "-v" "/var/lib/crater-agent-workspace/rustup-home:/opt/rustwide/rustup-home:ro,Z" "-e" "SOURCE_DIR=/opt/rustwide/workdir" "-e" "CARGO_TARGET_DIR=/opt/rustwide/target" "-e" "CARGO_INCREMENTAL=0" "-e" "RUST_BACKTRACE=full" "-e" "RUSTFLAGS=--cap-lints=warn" "-e" "RUSTDOCFLAGS=--cap-lints=warn" "-e" "CARGO_HOME=/opt/rustwide/cargo-home" "-e" "RUSTUP_HOME=/opt/rustwide/rustup-home" "-w" "/opt/rustwide/workdir" "-m" "1610612736" "--user" "0:0" "--network" "none" "ghcr.io/rust-lang/crates-build-env/linux@sha256:2788e3201cd34a07e3172128adcd8b3090168a8e3bcc40d7c032b9dda1df7d1c" "/opt/rustwide/cargo-home/bin/cargo" "+1.75.0" "test" "--frozen", kill_on_drop: false }`
[INFO] [stdout] 2b2aaf9c06720221e7b9f7356e43afdb6b3bc1aeb008d49bc22a5ca55f0c6678
[INFO] running `Command { std: "docker" "start" "-a" "2b2aaf9c06720221e7b9f7356e43afdb6b3bc1aeb008d49bc22a5ca55f0c6678", kill_on_drop: false }`
[INFO] [stderr]     Finished test [unoptimized + debuginfo] target(s) in 0.03s
[INFO] [stderr]      Running unittests src/lib.rs (/opt/rustwide/target/debug/deps/unsvg-1d027bd0aaad4137)
[INFO] [stdout] 
[INFO] [stdout] running 0 tests
[INFO] [stdout] 
[INFO] [stdout] test result: ok. 0 passed; 0 failed; 0 ignored; 0 measured; 0 filtered out; finished in 0.00s
[INFO] [stdout] 
[INFO] [stderr]    Doc-tests unsvg
[INFO] [stdout] 
[INFO] [stdout] running 3 tests
[INFO] [stdout] test src/lib.rs - tiny_skia (line 6) ... FAILED
[INFO] [stdout] test src/lib.rs - (line 6) ... FAILED
[INFO] [stdout] test src/lib.rs - usvg (line 6) ... FAILED
[INFO] [stdout] 
[INFO] [stdout] failures:
[INFO] [stdout] 
[INFO] [stdout] ---- src/lib.rs - tiny_skia (line 6) stdout ----
[INFO] [stdout] Test executable failed (exit status: 1).
[INFO] [stdout] 
[INFO] [stdout] stderr:
[INFO] [stdout] Error: Error("Read-only file system (os error 30)")
[INFO] [stdout] 
[INFO] [stdout] 
[INFO] [stdout] ---- src/lib.rs - (line 6) stdout ----
[INFO] [stdout] Test executable failed (exit status: 1).
[INFO] [stdout] 
[INFO] [stdout] stderr:
[INFO] [stdout] Error: Error("Read-only file system (os error 30)")
[INFO] [stdout] 
[INFO] [stdout] 
[INFO] [stdout] ---- src/lib.rs - usvg (line 6) stdout ----
[INFO] [stdout] Test executable failed (exit status: 1).
[INFO] [stdout] 
[INFO] [stdout] stderr:
[INFO] [stdout] Error: Error("Read-only file system (os error 30)")
[INFO] [stdout] 
[INFO] [stdout] 
[INFO] [stdout] 
[INFO] [stdout] failures:
[INFO] [stdout]     src/lib.rs - (line 6)
[INFO] [stdout]     src/lib.rs - tiny_skia (line 6)
[INFO] [stdout]     src/lib.rs - usvg (line 6)
[INFO] [stdout] 
[INFO] [stdout] test result: FAILED. 0 passed; 3 failed; 0 ignored; 0 measured; 0 filtered out; finished in 1.23s
[INFO] [stdout] 
[INFO] [stderr] error: doctest failed, to rerun pass `--doc`
[INFO] running `Command { std: "docker" "inspect" "2b2aaf9c06720221e7b9f7356e43afdb6b3bc1aeb008d49bc22a5ca55f0c6678", kill_on_drop: false }`
[INFO] running `Command { std: "docker" "rm" "-f" "2b2aaf9c06720221e7b9f7356e43afdb6b3bc1aeb008d49bc22a5ca55f0c6678", kill_on_drop: false }`
[INFO] [stdout] 2b2aaf9c06720221e7b9f7356e43afdb6b3bc1aeb008d49bc22a5ca55f0c6678
