[INFO] fetching crate unrest_tmp_synom 0.1.0...
[INFO] testing unrest_tmp_synom-0.1.0 against 1.75.0 for beta-1.76-1
[INFO] extracting crate unrest_tmp_synom 0.1.0 into /workspace/builds/worker-2-tc1/source
[INFO] validating manifest of crates.io crate unrest_tmp_synom 0.1.0 on toolchain 1.75.0
[INFO] running `Command { std: CARGO_HOME="/workspace/cargo-home" RUSTUP_HOME="/workspace/rustup-home" "/workspace/cargo-home/bin/cargo" "+1.75.0" "metadata" "--manifest-path" "Cargo.toml" "--no-deps", kill_on_drop: false }`
[INFO] started tweaking crates.io crate unrest_tmp_synom 0.1.0
[INFO] finished tweaking crates.io crate unrest_tmp_synom 0.1.0
[INFO] tweaked toml for crates.io crate unrest_tmp_synom 0.1.0 written to /workspace/builds/worker-2-tc1/source/Cargo.toml
[INFO] running `Command { std: CARGO_HOME="/workspace/cargo-home" RUSTUP_HOME="/workspace/rustup-home" "/workspace/cargo-home/bin/cargo" "+1.75.0" "generate-lockfile" "--manifest-path" "Cargo.toml", kill_on_drop: false }`
[INFO] [stderr]     Updating crates.io index
[INFO] running `Command { std: CARGO_HOME="/workspace/cargo-home" RUSTUP_HOME="/workspace/rustup-home" "/workspace/cargo-home/bin/cargo" "+1.75.0" "fetch" "--manifest-path" "Cargo.toml", kill_on_drop: false }`
[INFO] [stderr]  Downloading crates ...
[INFO] [stderr]   Downloaded unrest_tmp_quote v0.1.0
[INFO] [stderr]   Downloaded proc-macro2 v0.1.10
[INFO] running `Command { std: "docker" "create" "-v" "/var/lib/crater-agent-workspace/builds/worker-2-tc1/target:/opt/rustwide/target:rw,Z" "-v" "/var/lib/crater-agent-workspace/builds/worker-2-tc1/source:/opt/rustwide/workdir:ro,Z" "-v" "/var/lib/crater-agent-workspace/cargo-home:/opt/rustwide/cargo-home:ro,Z" "-v" "/var/lib/crater-agent-workspace/rustup-home:/opt/rustwide/rustup-home:ro,Z" "-e" "SOURCE_DIR=/opt/rustwide/workdir" "-e" "CARGO_TARGET_DIR=/opt/rustwide/target" "-e" "CARGO_HOME=/opt/rustwide/cargo-home" "-e" "RUSTUP_HOME=/opt/rustwide/rustup-home" "-w" "/opt/rustwide/workdir" "-m" "1610612736" "--user" "0:0" "--network" "none" "ghcr.io/rust-lang/crates-build-env/linux@sha256:2788e3201cd34a07e3172128adcd8b3090168a8e3bcc40d7c032b9dda1df7d1c" "/opt/rustwide/cargo-home/bin/cargo" "+1.75.0" "metadata" "--no-deps" "--format-version=1", kill_on_drop: false }`
[INFO] [stdout] b661c3a28218925a009f687f9c98a92c2b9763d9d0e509a25acb06f9448fb947
[INFO] running `Command { std: "docker" "start" "-a" "b661c3a28218925a009f687f9c98a92c2b9763d9d0e509a25acb06f9448fb947", kill_on_drop: false }`
[INFO] running `Command { std: "docker" "inspect" "b661c3a28218925a009f687f9c98a92c2b9763d9d0e509a25acb06f9448fb947", kill_on_drop: false }`
[INFO] running `Command { std: "docker" "rm" "-f" "b661c3a28218925a009f687f9c98a92c2b9763d9d0e509a25acb06f9448fb947", kill_on_drop: false }`
[INFO] [stdout] b661c3a28218925a009f687f9c98a92c2b9763d9d0e509a25acb06f9448fb947
[INFO] running `Command { std: "docker" "create" "-v" "/var/lib/crater-agent-workspace/builds/worker-2-tc1/target:/opt/rustwide/target:rw,Z" "-v" "/var/lib/crater-agent-workspace/builds/worker-2-tc1/source:/opt/rustwide/workdir:ro,Z" "-v" "/var/lib/crater-agent-workspace/cargo-home:/opt/rustwide/cargo-home:ro,Z" "-v" "/var/lib/crater-agent-workspace/rustup-home:/opt/rustwide/rustup-home:ro,Z" "-e" "SOURCE_DIR=/opt/rustwide/workdir" "-e" "CARGO_TARGET_DIR=/opt/rustwide/target" "-e" "CARGO_INCREMENTAL=0" "-e" "RUST_BACKTRACE=full" "-e" "RUSTFLAGS=--cap-lints=warn" "-e" "RUSTDOCFLAGS=--cap-lints=warn" "-e" "CARGO_HOME=/opt/rustwide/cargo-home" "-e" "RUSTUP_HOME=/opt/rustwide/rustup-home" "-w" "/opt/rustwide/workdir" "-m" "1610612736" "--user" "0:0" "--network" "none" "ghcr.io/rust-lang/crates-build-env/linux@sha256:2788e3201cd34a07e3172128adcd8b3090168a8e3bcc40d7c032b9dda1df7d1c" "/opt/rustwide/cargo-home/bin/cargo" "+1.75.0" "build" "--frozen" "--message-format=json", kill_on_drop: false }`
[INFO] [stdout] 62738ae8c97232acbabdc56c56b792784bf91f836b3c9cc40aa175c6a442c595
[INFO] running `Command { std: "docker" "start" "-a" "62738ae8c97232acbabdc56c56b792784bf91f836b3c9cc40aa175c6a442c595", kill_on_drop: false }`
[INFO] [stderr]    Compiling unicode-xid v0.1.0
[INFO] [stderr]    Compiling proc-macro2 v0.1.10
[INFO] [stderr]    Compiling unrest_tmp_synom v0.1.0 (/opt/rustwide/workdir)
[INFO] [stdout] warning: use of deprecated method `std::error::Error::description`: use the Display impl or to_string()
[INFO] [stdout]   --> src/lib.rs:81:41
[INFO] [stdout]    |
[INFO] [stdout] 81 |         <str as fmt::Display>::fmt(self.description(), f)
[INFO] [stdout]    |                                         ^^^^^^^^^^^
[INFO] [stdout]    |
[INFO] [stdout]    = note: `#[warn(deprecated)]` on by default
[INFO] [stdout] 
[INFO] [stdout] 
[INFO] [stdout] warning: 1 warning emitted
[INFO] [stdout] 
[INFO] [stdout] 
[INFO] [stderr]     Finished dev [unoptimized + debuginfo] target(s) in 0.34s
[INFO] running `Command { std: "docker" "inspect" "62738ae8c97232acbabdc56c56b792784bf91f836b3c9cc40aa175c6a442c595", kill_on_drop: false }`
[INFO] running `Command { std: "docker" "rm" "-f" "62738ae8c97232acbabdc56c56b792784bf91f836b3c9cc40aa175c6a442c595", kill_on_drop: false }`
[INFO] [stdout] 62738ae8c97232acbabdc56c56b792784bf91f836b3c9cc40aa175c6a442c595
[INFO] running `Command { std: "docker" "create" "-v" "/var/lib/crater-agent-workspace/builds/worker-2-tc1/target:/opt/rustwide/target:rw,Z" "-v" "/var/lib/crater-agent-workspace/builds/worker-2-tc1/source:/opt/rustwide/workdir:ro,Z" "-v" "/var/lib/crater-agent-workspace/cargo-home:/opt/rustwide/cargo-home:ro,Z" "-v" "/var/lib/crater-agent-workspace/rustup-home:/opt/rustwide/rustup-home:ro,Z" "-e" "SOURCE_DIR=/opt/rustwide/workdir" "-e" "CARGO_TARGET_DIR=/opt/rustwide/target" "-e" "CARGO_INCREMENTAL=0" "-e" "RUST_BACKTRACE=full" "-e" "RUSTFLAGS=--cap-lints=warn" "-e" "RUSTDOCFLAGS=--cap-lints=warn" "-e" "CARGO_HOME=/opt/rustwide/cargo-home" "-e" "RUSTUP_HOME=/opt/rustwide/rustup-home" "-w" "/opt/rustwide/workdir" "-m" "1610612736" "--user" "0:0" "--network" "none" "ghcr.io/rust-lang/crates-build-env/linux@sha256:2788e3201cd34a07e3172128adcd8b3090168a8e3bcc40d7c032b9dda1df7d1c" "/opt/rustwide/cargo-home/bin/cargo" "+1.75.0" "test" "--frozen" "--no-run" "--message-format=json", kill_on_drop: false }`
[INFO] [stdout] 6cf24ee370b89a01bfe8c1781543c1f1e09d826cdf6894999514ff517ac6dff2
[INFO] running `Command { std: "docker" "start" "-a" "6cf24ee370b89a01bfe8c1781543c1f1e09d826cdf6894999514ff517ac6dff2", kill_on_drop: false }`
[INFO] [stderr]    Compiling unrest_tmp_synom v0.1.0 (/opt/rustwide/workdir)
[INFO] [stdout] warning: use of deprecated method `std::error::Error::description`: use the Display impl or to_string()
[INFO] [stdout]   --> src/lib.rs:81:41
[INFO] [stdout]    |
[INFO] [stdout] 81 |         <str as fmt::Display>::fmt(self.description(), f)
[INFO] [stdout]    |                                         ^^^^^^^^^^^
[INFO] [stdout]    |
[INFO] [stdout]    = note: `#[warn(deprecated)]` on by default
[INFO] [stdout] 
[INFO] [stdout] 
[INFO] [stdout] warning: 1 warning emitted
[INFO] [stdout] 
[INFO] [stdout] 
[INFO] [stdout] warning: use of deprecated method `std::error::Error::description`: use the Display impl or to_string()
[INFO] [stdout]   --> src/lib.rs:81:41
[INFO] [stdout]    |
[INFO] [stdout] 81 |         <str as fmt::Display>::fmt(self.description(), f)
[INFO] [stdout]    |                                         ^^^^^^^^^^^
[INFO] [stdout]    |
[INFO] [stdout]    = note: `#[warn(deprecated)]` on by default
[INFO] [stdout] 
[INFO] [stdout] 
[INFO] [stdout] warning: 1 warning emitted
[INFO] [stdout] 
[INFO] [stdout] 
[INFO] [stderr]     Finished test [unoptimized + debuginfo] target(s) in 0.26s
[INFO] running `Command { std: "docker" "inspect" "6cf24ee370b89a01bfe8c1781543c1f1e09d826cdf6894999514ff517ac6dff2", kill_on_drop: false }`
[INFO] running `Command { std: "docker" "rm" "-f" "6cf24ee370b89a01bfe8c1781543c1f1e09d826cdf6894999514ff517ac6dff2", kill_on_drop: false }`
[INFO] [stdout] 6cf24ee370b89a01bfe8c1781543c1f1e09d826cdf6894999514ff517ac6dff2
[INFO] running `Command { std: "docker" "create" "-v" "/var/lib/crater-agent-workspace/builds/worker-2-tc1/target:/opt/rustwide/target:rw,Z" "-v" "/var/lib/crater-agent-workspace/builds/worker-2-tc1/source:/opt/rustwide/workdir:ro,Z" "-v" "/var/lib/crater-agent-workspace/cargo-home:/opt/rustwide/cargo-home:ro,Z" "-v" "/var/lib/crater-agent-workspace/rustup-home:/opt/rustwide/rustup-home:ro,Z" "-e" "SOURCE_DIR=/opt/rustwide/workdir" "-e" "CARGO_TARGET_DIR=/opt/rustwide/target" "-e" "CARGO_INCREMENTAL=0" "-e" "RUST_BACKTRACE=full" "-e" "RUSTFLAGS=--cap-lints=warn" "-e" "RUSTDOCFLAGS=--cap-lints=warn" "-e" "CARGO_HOME=/opt/rustwide/cargo-home" "-e" "RUSTUP_HOME=/opt/rustwide/rustup-home" "-w" "/opt/rustwide/workdir" "-m" "1610612736" "--user" "0:0" "--network" "none" "ghcr.io/rust-lang/crates-build-env/linux@sha256:2788e3201cd34a07e3172128adcd8b3090168a8e3bcc40d7c032b9dda1df7d1c" "/opt/rustwide/cargo-home/bin/cargo" "+1.75.0" "test" "--frozen", kill_on_drop: false }`
[INFO] [stdout] 8f0f2754363b3030e76d247955229e921202820a84314f3d71614f6f19521eae
[INFO] running `Command { std: "docker" "start" "-a" "8f0f2754363b3030e76d247955229e921202820a84314f3d71614f6f19521eae", kill_on_drop: false }`
[INFO] [stderr] warning: use of deprecated method `std::error::Error::description`: use the Display impl or to_string()
[INFO] [stderr]   --> src/lib.rs:81:41
[INFO] [stderr]    |
[INFO] [stderr] 81 |         <str as fmt::Display>::fmt(self.description(), f)
[INFO] [stderr]    |                                         ^^^^^^^^^^^
[INFO] [stderr]    |
[INFO] [stderr]    = note: `#[warn(deprecated)]` on by default
[INFO] [stderr] 
[INFO] [stderr] warning: `unrest_tmp_synom` (lib) generated 1 warning
[INFO] [stderr] warning: `unrest_tmp_synom` (lib test) generated 1 warning (1 duplicate)
[INFO] [stderr]     Finished test [unoptimized + debuginfo] target(s) in 0.00s
[INFO] [stderr]      Running unittests src/lib.rs (/opt/rustwide/target/debug/deps/unrest_tmp_synom-0b210888b4c44032)
[INFO] [stdout] 
[INFO] [stdout] running 0 tests
[INFO] [stdout] 
[INFO] [stdout] test result: ok. 0 passed; 0 failed; 0 ignored; 0 measured; 0 filtered out; finished in 0.00s
[INFO] [stdout] 
[INFO] [stderr]    Doc-tests unrest_tmp_synom
[INFO] [stdout] 
[INFO] [stdout] running 10 tests
[INFO] [stdout] test src/lib.rs - peek (line 419) ... FAILED
[INFO] [stdout] test src/lib.rs - terminated (line 287) ... FAILED
[INFO] [stdout] test src/lib.rs - many0 (line 336) ... FAILED
[INFO] [stdout] test src/lib.rs - map (line 174) ... FAILED
[INFO] [stdout] test src/lib.rs - do_parse (line 725) ... FAILED
[INFO] [stdout] test src/lib.rs - tuple (line 579) ... FAILED
[INFO] [stdout] test src/lib.rs - alt (line 652) ... FAILED
[INFO] [stdout] test src/lib.rs - value (line 520) ... FAILED
[INFO] [stdout] test src/lib.rs - named (line 115) ... FAILED
[INFO] [stdout] test src/lib.rs - switch (line 451) ... FAILED
[INFO] [stdout] 
[INFO] [stdout] failures:
[INFO] [stdout] 
[INFO] [stdout] ---- src/lib.rs - peek (line 419) stdout ----
[INFO] [stdout] error[E0463]: can't find crate for `syn`
[INFO] [stdout]  --> src/lib.rs:420:1
[INFO] [stdout]   |
[INFO] [stdout] 2 | extern crate syn;
[INFO] [stdout]   | ^^^^^^^^^^^^^^^^^ can't find crate
[INFO] [stdout] 
[INFO] [stdout] error[E0463]: can't find crate for `synom`
[INFO] [stdout]  --> src/lib.rs:421:14
[INFO] [stdout]   |
[INFO] [stdout] 3 | #[macro_use] extern crate synom;
[INFO] [stdout]   |              ^^^^^^^^^^^^^^^^^^^ can't find crate
[INFO] [stdout] 
[INFO] [stdout] error: cannot find macro `named` in this scope
[INFO] [stdout]  --> src/lib.rs:426:1
[INFO] [stdout]   |
[INFO] [stdout] 8 | named!(ident_expr -> (Ident, Expr),
[INFO] [stdout]   | ^^^^^
[INFO] [stdout] 
[INFO] [stdout] error: aborting due to 3 previous errors
[INFO] [stdout] 
[INFO] [stdout] For more information about this error, try `rustc --explain E0463`.
[INFO] [stdout] Couldn't compile the test.
[INFO] [stdout] ---- src/lib.rs - terminated (line 287) stdout ----
[INFO] [stdout] error[E0463]: can't find crate for `syn`
[INFO] [stdout]  --> src/lib.rs:288:1
[INFO] [stdout]   |
[INFO] [stdout] 2 | extern crate syn;
[INFO] [stdout]   | ^^^^^^^^^^^^^^^^^ can't find crate
[INFO] [stdout] 
[INFO] [stdout] error[E0463]: can't find crate for `synom`
[INFO] [stdout]  --> src/lib.rs:289:14
[INFO] [stdout]   |
[INFO] [stdout] 3 | #[macro_use] extern crate synom;
[INFO] [stdout]   |              ^^^^^^^^^^^^^^^^^^^ can't find crate
[INFO] [stdout] 
[INFO] [stdout] error: cannot find macro `named` in this scope
[INFO] [stdout]  --> src/lib.rs:295:1
[INFO] [stdout]   |
[INFO] [stdout] 9 | named!(expr_pound_pound -> Expr,
[INFO] [stdout]   | ^^^^^
[INFO] [stdout] 
[INFO] [stdout] error: aborting due to 3 previous errors
[INFO] [stdout] 
[INFO] [stdout] For more information about this error, try `rustc --explain E0463`.
[INFO] [stdout] Couldn't compile the test.
[INFO] [stdout] ---- src/lib.rs - many0 (line 336) stdout ----
[INFO] [stdout] error[E0463]: can't find crate for `syn`
[INFO] [stdout]  --> src/lib.rs:337:1
[INFO] [stdout]   |
[INFO] [stdout] 2 | extern crate syn;
[INFO] [stdout]   | ^^^^^^^^^^^^^^^^^ can't find crate
[INFO] [stdout] 
[INFO] [stdout] error[E0463]: can't find crate for `synom`
[INFO] [stdout]  --> src/lib.rs:338:14
[INFO] [stdout]   |
[INFO] [stdout] 3 | #[macro_use] extern crate synom;
[INFO] [stdout]   |              ^^^^^^^^^^^^^^^^^^^ can't find crate
[INFO] [stdout] 
[INFO] [stdout] error: cannot find macro `named` in this scope
[INFO] [stdout]  --> src/lib.rs:342:1
[INFO] [stdout]   |
[INFO] [stdout] 7 | named!(items -> Vec<Item>, many0!(syn!(Item)));
[INFO] [stdout]   | ^^^^^
[INFO] [stdout] 
[INFO] [stdout] error: aborting due to 3 previous errors
[INFO] [stdout] 
[INFO] [stdout] For more information about this error, try `rustc --explain E0463`.
[INFO] [stdout] Couldn't compile the test.
[INFO] [stdout] ---- src/lib.rs - map (line 174) stdout ----
[INFO] [stdout] error[E0463]: can't find crate for `syn`
[INFO] [stdout]  --> src/lib.rs:175:1
[INFO] [stdout]   |
[INFO] [stdout] 2 | extern crate syn;
[INFO] [stdout]   | ^^^^^^^^^^^^^^^^^ can't find crate
[INFO] [stdout] 
[INFO] [stdout] error[E0463]: can't find crate for `synom`
[INFO] [stdout]  --> src/lib.rs:176:14
[INFO] [stdout]   |
[INFO] [stdout] 3 | #[macro_use] extern crate synom;
[INFO] [stdout]   |              ^^^^^^^^^^^^^^^^^^^ can't find crate
[INFO] [stdout] 
[INFO] [stdout] error: cannot find macro `named` in this scope
[INFO] [stdout]   --> src/lib.rs:190:1
[INFO] [stdout]    |
[INFO] [stdout] 17 | named!(if_condition2 -> Expr,
[INFO] [stdout]    | ^^^^^
[INFO] [stdout] 
[INFO] [stdout] error: cannot find macro `named` in this scope
[INFO] [stdout]   --> src/lib.rs:185:1
[INFO] [stdout]    |
[INFO] [stdout] 12 | named!(if_condition -> Expr,
[INFO] [stdout]    | ^^^^^
[INFO] [stdout] 
[INFO] [stdout] error: aborting due to 4 previous errors
[INFO] [stdout] 
[INFO] [stdout] For more information about this error, try `rustc --explain E0463`.
[INFO] [stdout] Couldn't compile the test.
[INFO] [stdout] ---- src/lib.rs - do_parse (line 725) stdout ----
[INFO] [stdout] error[E0463]: can't find crate for `syn`
[INFO] [stdout]  --> src/lib.rs:726:1
[INFO] [stdout]   |
[INFO] [stdout] 2 | extern crate syn;
[INFO] [stdout]   | ^^^^^^^^^^^^^^^^^ can't find crate
[INFO] [stdout] 
[INFO] [stdout] error[E0463]: can't find crate for `synom`
[INFO] [stdout]  --> src/lib.rs:727:14
[INFO] [stdout]   |
[INFO] [stdout] 3 | #[macro_use] extern crate synom;
[INFO] [stdout]   |              ^^^^^^^^^^^^^^^^^^^ can't find crate
[INFO] [stdout] 
[INFO] [stdout] error: cannot find macro `named` in this scope
[INFO] [stdout]   --> src/lib.rs:735:1
[INFO] [stdout]    |
[INFO] [stdout] 11 | named!(simple_mac -> (Ident, (TokenStream, Paren)), do_parse!(
[INFO] [stdout]    | ^^^^^
[INFO] [stdout] 
[INFO] [stdout] error: aborting due to 3 previous errors
[INFO] [stdout] 
[INFO] [stdout] For more information about this error, try `rustc --explain E0463`.
[INFO] [stdout] Couldn't compile the test.
[INFO] [stdout] ---- src/lib.rs - tuple (line 579) stdout ----
[INFO] [stdout] error[E0463]: can't find crate for `syn`
[INFO] [stdout]  --> src/lib.rs:580:1
[INFO] [stdout]   |
[INFO] [stdout] 2 | extern crate syn;
[INFO] [stdout]   | ^^^^^^^^^^^^^^^^^ can't find crate
[INFO] [stdout] 
[INFO] [stdout] error[E0463]: can't find crate for `synom`
[INFO] [stdout]  --> src/lib.rs:581:14
[INFO] [stdout]   |
[INFO] [stdout] 3 | #[macro_use] extern crate synom;
[INFO] [stdout]   |              ^^^^^^^^^^^^^^^^^^^ can't find crate
[INFO] [stdout] 
[INFO] [stdout] error: cannot find macro `named` in this scope
[INFO] [stdout]  --> src/lib.rs:585:1
[INFO] [stdout]   |
[INFO] [stdout] 7 | named!(two_types -> (Ty, Ty), tuple!(syn!(Ty), syn!(Ty)));
[INFO] [stdout]   | ^^^^^
[INFO] [stdout] 
[INFO] [stdout] error: aborting due to 3 previous errors
[INFO] [stdout] 
[INFO] [stdout] For more information about this error, try `rustc --explain E0463`.
[INFO] [stdout] Couldn't compile the test.
[INFO] [stdout] ---- src/lib.rs - alt (line 652) stdout ----
[INFO] [stdout] error[E0463]: can't find crate for `syn`
[INFO] [stdout]  --> src/lib.rs:653:1
[INFO] [stdout]   |
[INFO] [stdout] 2 | extern crate syn;
[INFO] [stdout]   | ^^^^^^^^^^^^^^^^^ can't find crate
[INFO] [stdout] 
[INFO] [stdout] error[E0463]: can't find crate for `synom`
[INFO] [stdout]  --> src/lib.rs:654:14
[INFO] [stdout]   |
[INFO] [stdout] 3 | #[macro_use] extern crate synom;
[INFO] [stdout]   |              ^^^^^^^^^^^^^^^^^^^ can't find crate
[INFO] [stdout] 
[INFO] [stdout] error: cannot find macro `named` in this scope
[INFO] [stdout]  --> src/lib.rs:659:1
[INFO] [stdout]   |
[INFO] [stdout] 8 | named!(ident_or_bang -> Ident,
[INFO] [stdout]   | ^^^^^
[INFO] [stdout] 
[INFO] [stdout] error: aborting due to 3 previous errors
[INFO] [stdout] 
[INFO] [stdout] For more information about this error, try `rustc --explain E0463`.
[INFO] [stdout] Couldn't compile the test.
[INFO] [stdout] ---- src/lib.rs - value (line 520) stdout ----
[INFO] [stdout] error[E0463]: can't find crate for `syn`
[INFO] [stdout]  --> src/lib.rs:521:1
[INFO] [stdout]   |
[INFO] [stdout] 2 | extern crate syn;
[INFO] [stdout]   | ^^^^^^^^^^^^^^^^^ can't find crate
[INFO] [stdout] 
[INFO] [stdout] error[E0463]: can't find crate for `synom`
[INFO] [stdout]  --> src/lib.rs:522:14
[INFO] [stdout]   |
[INFO] [stdout] 3 | #[macro_use] extern crate synom;
[INFO] [stdout]   |              ^^^^^^^^^^^^^^^^^^^ can't find crate
[INFO] [stdout] 
[INFO] [stdout] error: cannot find macro `named` in this scope
[INFO] [stdout]   --> src/lib.rs:539:1
[INFO] [stdout]    |
[INFO] [stdout] 20 | named!(unit_type -> UnitType, do_parse!(
[INFO] [stdout]    | ^^^^^
[INFO] [stdout] 
[INFO] [stdout] error: aborting due to 3 previous errors
[INFO] [stdout] 
[INFO] [stdout] For more information about this error, try `rustc --explain E0463`.
[INFO] [stdout] Couldn't compile the test.
[INFO] [stdout] ---- src/lib.rs - named (line 115) stdout ----
[INFO] [stdout] error[E0463]: can't find crate for `syn`
[INFO] [stdout]  --> src/lib.rs:116:1
[INFO] [stdout]   |
[INFO] [stdout] 2 | extern crate syn;
[INFO] [stdout]   | ^^^^^^^^^^^^^^^^^ can't find crate
[INFO] [stdout] 
[INFO] [stdout] error[E0463]: can't find crate for `synom`
[INFO] [stdout]  --> src/lib.rs:117:14
[INFO] [stdout]   |
[INFO] [stdout] 3 | #[macro_use] extern crate synom;
[INFO] [stdout]   |              ^^^^^^^^^^^^^^^^^^^ can't find crate
[INFO] [stdout] 
[INFO] [stdout] error: cannot find macro `named` in this scope
[INFO] [stdout]  --> src/lib.rs:122:1
[INFO] [stdout]   |
[INFO] [stdout] 8 | named!(pub comma_separated_types -> Delimited<Ty, Comma>,
[INFO] [stdout]   | ^^^^^
[INFO] [stdout] 
[INFO] [stdout] error: aborting due to 3 previous errors
[INFO] [stdout] 
[INFO] [stdout] For more information about this error, try `rustc --explain E0463`.
[INFO] [stdout] Couldn't compile the test.
[INFO] [stdout] ---- src/lib.rs - switch (line 451) stdout ----
[INFO] [stdout] error[E0463]: can't find crate for `syn`
[INFO] [stdout]  --> src/lib.rs:452:1
[INFO] [stdout]   |
[INFO] [stdout] 2 | extern crate syn;
[INFO] [stdout]   | ^^^^^^^^^^^^^^^^^ can't find crate
[INFO] [stdout] 
[INFO] [stdout] error[E0463]: can't find crate for `synom`
[INFO] [stdout]  --> src/lib.rs:453:14
[INFO] [stdout]   |
[INFO] [stdout] 3 | #[macro_use] extern crate synom;
[INFO] [stdout]   |              ^^^^^^^^^^^^^^^^^^^ can't find crate
[INFO] [stdout] 
[INFO] [stdout] error: cannot find macro `named` in this scope
[INFO] [stdout]   --> src/lib.rs:470:1
[INFO] [stdout]    |
[INFO] [stdout] 20 | named!(unit_type -> UnitType, do_parse!(
[INFO] [stdout]    | ^^^^^
[INFO] [stdout] 
[INFO] [stdout] error: aborting due to 3 previous errors
[INFO] [stdout] 
[INFO] [stdout] For more information about this error, try `rustc --explain E0463`.
[INFO] [stdout] Couldn't compile the test.
[INFO] [stdout] 
[INFO] [stdout] failures:
[INFO] [stdout]     src/lib.rs - alt (line 652)
[INFO] [stdout]     src/lib.rs - do_parse (line 725)
[INFO] [stdout]     src/lib.rs - many0 (line 336)
[INFO] [stdout]     src/lib.rs - map (line 174)
[INFO] [stdout]     src/lib.rs - named (line 115)
[INFO] [stdout]     src/lib.rs - peek (line 419)
[INFO] [stdout]     src/lib.rs - switch (line 451)
[INFO] [stdout]     src/lib.rs - terminated (line 287)
[INFO] [stdout]     src/lib.rs - tuple (line 579)
[INFO] [stdout]     src/lib.rs - value (line 520)
[INFO] [stdout] 
[INFO] [stdout] test result: FAILED. 0 passed; 10 failed; 0 ignored; 0 measured; 0 filtered out; finished in 0.05s
[INFO] [stdout] 
[INFO] [stderr] error: doctest failed, to rerun pass `--doc`
[INFO] running `Command { std: "docker" "inspect" "8f0f2754363b3030e76d247955229e921202820a84314f3d71614f6f19521eae", kill_on_drop: false }`
[INFO] running `Command { std: "docker" "rm" "-f" "8f0f2754363b3030e76d247955229e921202820a84314f3d71614f6f19521eae", kill_on_drop: false }`
[INFO] [stdout] 8f0f2754363b3030e76d247955229e921202820a84314f3d71614f6f19521eae
[INFO] testing unrest_tmp_synom-0.1.0 against beta-2023-12-22 for beta-1.76-1
[INFO] extracting crate unrest_tmp_synom 0.1.0 into /workspace/builds/worker-2-tc2/source
[INFO] validating manifest of crates.io crate unrest_tmp_synom 0.1.0 on toolchain beta-2023-12-22
[INFO] running `Command { std: CARGO_HOME="/workspace/cargo-home" RUSTUP_HOME="/workspace/rustup-home" "/workspace/cargo-home/bin/cargo" "+beta-2023-12-22" "metadata" "--manifest-path" "Cargo.toml" "--no-deps", kill_on_drop: false }`
[INFO] started tweaking crates.io crate unrest_tmp_synom 0.1.0
[INFO] finished tweaking crates.io crate unrest_tmp_synom 0.1.0
[INFO] tweaked toml for crates.io crate unrest_tmp_synom 0.1.0 written to /workspace/builds/worker-2-tc2/source/Cargo.toml
[INFO] running `Command { std: CARGO_HOME="/workspace/cargo-home" RUSTUP_HOME="/workspace/rustup-home" "/workspace/cargo-home/bin/cargo" "+beta-2023-12-22" "generate-lockfile" "--manifest-path" "Cargo.toml", kill_on_drop: false }`
[INFO] [stderr]     Updating crates.io index
[INFO] running `Command { std: CARGO_HOME="/workspace/cargo-home" RUSTUP_HOME="/workspace/rustup-home" "/workspace/cargo-home/bin/cargo" "+beta-2023-12-22" "fetch" "--manifest-path" "Cargo.toml", kill_on_drop: false }`
[INFO] running `Command { std: "docker" "create" "-v" "/var/lib/crater-agent-workspace/builds/worker-2-tc2/target:/opt/rustwide/target:rw,Z" "-v" "/var/lib/crater-agent-workspace/builds/worker-2-tc2/source:/opt/rustwide/workdir:ro,Z" "-v" "/var/lib/crater-agent-workspace/cargo-home:/opt/rustwide/cargo-home:ro,Z" "-v" "/var/lib/crater-agent-workspace/rustup-home:/opt/rustwide/rustup-home:ro,Z" "-e" "SOURCE_DIR=/opt/rustwide/workdir" "-e" "CARGO_TARGET_DIR=/opt/rustwide/target" "-e" "CARGO_HOME=/opt/rustwide/cargo-home" "-e" "RUSTUP_HOME=/opt/rustwide/rustup-home" "-w" "/opt/rustwide/workdir" "-m" "1610612736" "--user" "0:0" "--network" "none" "ghcr.io/rust-lang/crates-build-env/linux@sha256:2788e3201cd34a07e3172128adcd8b3090168a8e3bcc40d7c032b9dda1df7d1c" "/opt/rustwide/cargo-home/bin/cargo" "+beta-2023-12-22" "metadata" "--no-deps" "--format-version=1", kill_on_drop: false }`
[INFO] [stdout] 5a0f43bb87e57570308c522cc2f5be9ba0cc98039975407940ed013999e2c560
[INFO] running `Command { std: "docker" "start" "-a" "5a0f43bb87e57570308c522cc2f5be9ba0cc98039975407940ed013999e2c560", kill_on_drop: false }`
[INFO] running `Command { std: "docker" "inspect" "5a0f43bb87e57570308c522cc2f5be9ba0cc98039975407940ed013999e2c560", kill_on_drop: false }`
[INFO] running `Command { std: "docker" "rm" "-f" "5a0f43bb87e57570308c522cc2f5be9ba0cc98039975407940ed013999e2c560", kill_on_drop: false }`
[INFO] [stdout] 5a0f43bb87e57570308c522cc2f5be9ba0cc98039975407940ed013999e2c560
[INFO] running `Command { std: "docker" "create" "-v" "/var/lib/crater-agent-workspace/builds/worker-2-tc2/target:/opt/rustwide/target:rw,Z" "-v" "/var/lib/crater-agent-workspace/builds/worker-2-tc2/source:/opt/rustwide/workdir:ro,Z" "-v" "/var/lib/crater-agent-workspace/cargo-home:/opt/rustwide/cargo-home:ro,Z" "-v" "/var/lib/crater-agent-workspace/rustup-home:/opt/rustwide/rustup-home:ro,Z" "-e" "SOURCE_DIR=/opt/rustwide/workdir" "-e" "CARGO_TARGET_DIR=/opt/rustwide/target" "-e" "CARGO_INCREMENTAL=0" "-e" "RUST_BACKTRACE=full" "-e" "RUSTFLAGS=--cap-lints=warn" "-e" "RUSTDOCFLAGS=--cap-lints=warn" "-e" "CARGO_HOME=/opt/rustwide/cargo-home" "-e" "RUSTUP_HOME=/opt/rustwide/rustup-home" "-w" "/opt/rustwide/workdir" "-m" "1610612736" "--user" "0:0" "--network" "none" "ghcr.io/rust-lang/crates-build-env/linux@sha256:2788e3201cd34a07e3172128adcd8b3090168a8e3bcc40d7c032b9dda1df7d1c" "/opt/rustwide/cargo-home/bin/cargo" "+beta-2023-12-22" "build" "--frozen" "--message-format=json", kill_on_drop: false }`
[INFO] [stdout] 5d2e4794f8e41061fb4b07f7a1e0ede5a1084c3a761254891990f48ff71c64d2
[INFO] running `Command { std: "docker" "start" "-a" "5d2e4794f8e41061fb4b07f7a1e0ede5a1084c3a761254891990f48ff71c64d2", kill_on_drop: false }`
[INFO] [stderr]    Compiling unicode-xid v0.1.0
[INFO] [stderr]    Compiling proc-macro2 v0.1.10
[INFO] [stderr]    Compiling unrest_tmp_synom v0.1.0 (/opt/rustwide/workdir)
[INFO] [stdout] warning: use of deprecated method `std::error::Error::description`: use the Display impl or to_string()
[INFO] [stdout]   --> src/lib.rs:81:41
[INFO] [stdout]    |
[INFO] [stdout] 81 |         <str as fmt::Display>::fmt(self.description(), f)
[INFO] [stdout]    |                                         ^^^^^^^^^^^
[INFO] [stdout]    |
[INFO] [stdout]    = note: `#[warn(deprecated)]` on by default
[INFO] [stdout] 
[INFO] [stdout] 
[INFO] [stdout] warning: 1 warning emitted
[INFO] [stdout] 
[INFO] [stdout] 
[INFO] [stderr]     Finished dev [unoptimized + debuginfo] target(s) in 0.35s
[INFO] running `Command { std: "docker" "inspect" "5d2e4794f8e41061fb4b07f7a1e0ede5a1084c3a761254891990f48ff71c64d2", kill_on_drop: false }`
[INFO] running `Command { std: "docker" "rm" "-f" "5d2e4794f8e41061fb4b07f7a1e0ede5a1084c3a761254891990f48ff71c64d2", kill_on_drop: false }`
[INFO] [stdout] 5d2e4794f8e41061fb4b07f7a1e0ede5a1084c3a761254891990f48ff71c64d2
[INFO] running `Command { std: "docker" "create" "-v" "/var/lib/crater-agent-workspace/builds/worker-2-tc2/target:/opt/rustwide/target:rw,Z" "-v" "/var/lib/crater-agent-workspace/builds/worker-2-tc2/source:/opt/rustwide/workdir:ro,Z" "-v" "/var/lib/crater-agent-workspace/cargo-home:/opt/rustwide/cargo-home:ro,Z" "-v" "/var/lib/crater-agent-workspace/rustup-home:/opt/rustwide/rustup-home:ro,Z" "-e" "SOURCE_DIR=/opt/rustwide/workdir" "-e" "CARGO_TARGET_DIR=/opt/rustwide/target" "-e" "CARGO_INCREMENTAL=0" "-e" "RUST_BACKTRACE=full" "-e" "RUSTFLAGS=--cap-lints=warn" "-e" "RUSTDOCFLAGS=--cap-lints=warn" "-e" "CARGO_HOME=/opt/rustwide/cargo-home" "-e" "RUSTUP_HOME=/opt/rustwide/rustup-home" "-w" "/opt/rustwide/workdir" "-m" "1610612736" "--user" "0:0" "--network" "none" "ghcr.io/rust-lang/crates-build-env/linux@sha256:2788e3201cd34a07e3172128adcd8b3090168a8e3bcc40d7c032b9dda1df7d1c" "/opt/rustwide/cargo-home/bin/cargo" "+beta-2023-12-22" "test" "--frozen" "--no-run" "--message-format=json", kill_on_drop: false }`
[INFO] [stdout] efed5bbc85adadcfbf893bd775db9b184c1152e92d6929d9de8c45d312360e54
[INFO] running `Command { std: "docker" "start" "-a" "efed5bbc85adadcfbf893bd775db9b184c1152e92d6929d9de8c45d312360e54", kill_on_drop: false }`
[INFO] [stderr]    Compiling unrest_tmp_synom v0.1.0 (/opt/rustwide/workdir)
[INFO] [stdout] warning: use of deprecated method `std::error::Error::description`: use the Display impl or to_string()
[INFO] [stdout]   --> src/lib.rs:81:41
[INFO] [stdout]    |
[INFO] [stdout] 81 |         <str as fmt::Display>::fmt(self.description(), f)
[INFO] [stdout]    |                                         ^^^^^^^^^^^
[INFO] [stdout]    |
[INFO] [stdout]    = note: `#[warn(deprecated)]` on by default
[INFO] [stdout] 
[INFO] [stdout] 
[INFO] [stdout] warning: 1 warning emitted
[INFO] [stdout] 
[INFO] [stdout] 
[INFO] [stdout] warning: use of deprecated method `std::error::Error::description`: use the Display impl or to_string()
[INFO] [stdout]   --> src/lib.rs:81:41
[INFO] [stdout]    |
[INFO] [stdout] 81 |         <str as fmt::Display>::fmt(self.description(), f)
[INFO] [stdout]    |                                         ^^^^^^^^^^^
[INFO] [stdout]    |
[INFO] [stdout]    = note: `#[warn(deprecated)]` on by default
[INFO] [stdout] 
[INFO] [stdout] 
[INFO] [stdout] warning: 1 warning emitted
[INFO] [stdout] 
[INFO] [stdout] 
[INFO] [stderr]     Finished test [unoptimized + debuginfo] target(s) in 0.25s
[INFO] running `Command { std: "docker" "inspect" "efed5bbc85adadcfbf893bd775db9b184c1152e92d6929d9de8c45d312360e54", kill_on_drop: false }`
[INFO] running `Command { std: "docker" "rm" "-f" "efed5bbc85adadcfbf893bd775db9b184c1152e92d6929d9de8c45d312360e54", kill_on_drop: false }`
[INFO] [stdout] efed5bbc85adadcfbf893bd775db9b184c1152e92d6929d9de8c45d312360e54
[INFO] running `Command { std: "docker" "create" "-v" "/var/lib/crater-agent-workspace/builds/worker-2-tc2/target:/opt/rustwide/target:rw,Z" "-v" "/var/lib/crater-agent-workspace/builds/worker-2-tc2/source:/opt/rustwide/workdir:ro,Z" "-v" "/var/lib/crater-agent-workspace/cargo-home:/opt/rustwide/cargo-home:ro,Z" "-v" "/var/lib/crater-agent-workspace/rustup-home:/opt/rustwide/rustup-home:ro,Z" "-e" "SOURCE_DIR=/opt/rustwide/workdir" "-e" "CARGO_TARGET_DIR=/opt/rustwide/target" "-e" "CARGO_INCREMENTAL=0" "-e" "RUST_BACKTRACE=full" "-e" "RUSTFLAGS=--cap-lints=warn" "-e" "RUSTDOCFLAGS=--cap-lints=warn" "-e" "CARGO_HOME=/opt/rustwide/cargo-home" "-e" "RUSTUP_HOME=/opt/rustwide/rustup-home" "-w" "/opt/rustwide/workdir" "-m" "1610612736" "--user" "0:0" "--network" "none" "ghcr.io/rust-lang/crates-build-env/linux@sha256:2788e3201cd34a07e3172128adcd8b3090168a8e3bcc40d7c032b9dda1df7d1c" "/opt/rustwide/cargo-home/bin/cargo" "+beta-2023-12-22" "test" "--frozen", kill_on_drop: false }`
[INFO] [stdout] 9fc92b8b0ce3c06dde328b57a8bc020e639563b326437594eaccdf0205c252dc
[INFO] running `Command { std: "docker" "start" "-a" "9fc92b8b0ce3c06dde328b57a8bc020e639563b326437594eaccdf0205c252dc", kill_on_drop: false }`
[INFO] [stderr] warning: use of deprecated method `std::error::Error::description`: use the Display impl or to_string()
[INFO] [stderr]   --> src/lib.rs:81:41
[INFO] [stderr]    |
[INFO] [stderr] 81 |         <str as fmt::Display>::fmt(self.description(), f)
[INFO] [stderr]    |                                         ^^^^^^^^^^^
[INFO] [stderr]    |
[INFO] [stderr]    = note: `#[warn(deprecated)]` on by default
[INFO] [stderr] 
[INFO] [stderr] warning: `unrest_tmp_synom` (lib) generated 1 warning
[INFO] [stderr] warning: `unrest_tmp_synom` (lib test) generated 1 warning (1 duplicate)
[INFO] [stderr]     Finished test [unoptimized + debuginfo] target(s) in 0.00s
[INFO] [stderr]      Running unittests src/lib.rs (/opt/rustwide/target/debug/deps/unrest_tmp_synom-0a0198937a5162c4)
[INFO] [stdout] 
[INFO] [stdout] running 0 tests
[INFO] [stdout] 
[INFO] [stdout] test result: ok. 0 passed; 0 failed; 0 ignored; 0 measured; 0 filtered out; finished in 0.00s
[INFO] [stdout] 
[INFO] [stderr]    Doc-tests unrest_tmp_synom
[INFO] [stdout] 
[INFO] [stdout] running 10 tests
[INFO] [stdout] test src/lib.rs - terminated (line 287) ... FAILED
[INFO] [stdout] test src/lib.rs - tuple (line 579) ... FAILED
[INFO] [stdout] test src/lib.rs - do_parse (line 725) ... FAILED
[INFO] [stdout] test src/lib.rs - map (line 174) ... FAILED
[INFO] [stdout] test src/lib.rs - named (line 115) ... FAILED
[INFO] [stdout] test src/lib.rs - alt (line 652) ... FAILED
[INFO] [stdout] test src/lib.rs - many0 (line 336) ... FAILED
[INFO] [stdout] test src/lib.rs - peek (line 419) ... FAILED
[INFO] [stdout] test src/lib.rs - switch (line 451) ... FAILED
[INFO] [stdout] test src/lib.rs - value (line 520) ... FAILED
[INFO] [stdout] 
[INFO] [stdout] failures:
[INFO] [stdout] 
[INFO] [stdout] ---- src/lib.rs - terminated (line 287) stdout ----
[INFO] [stdout] error[E0463]: can't find crate for `syn`
[INFO] [stdout]  --> src/lib.rs:288:1
[INFO] [stdout]   |
[INFO] [stdout] 2 | extern crate syn;
[INFO] [stdout]   | ^^^^^^^^^^^^^^^^^ can't find crate
[INFO] [stdout] 
[INFO] [stdout] error[E0463]: can't find crate for `synom`
[INFO] [stdout]  --> src/lib.rs:289:14
[INFO] [stdout]   |
[INFO] [stdout] 3 | #[macro_use] extern crate synom;
[INFO] [stdout]   |              ^^^^^^^^^^^^^^^^^^^ can't find crate
[INFO] [stdout] 
[INFO] [stdout] error: cannot find macro `named` in this scope
[INFO] [stdout]  --> src/lib.rs:295:1
[INFO] [stdout]   |
[INFO] [stdout] 9 | named!(expr_pound_pound -> Expr,
[INFO] [stdout]   | ^^^^^
[INFO] [stdout] 
[INFO] [stdout] error: aborting due to 3 previous errors
[INFO] [stdout] 
[INFO] [stdout] For more information about this error, try `rustc --explain E0463`.
[INFO] [stdout] Couldn't compile the test.
[INFO] [stdout] ---- src/lib.rs - tuple (line 579) stdout ----
[INFO] [stdout] error[E0463]: can't find crate for `syn`
[INFO] [stdout]  --> src/lib.rs:580:1
[INFO] [stdout]   |
[INFO] [stdout] 2 | extern crate syn;
[INFO] [stdout]   | ^^^^^^^^^^^^^^^^^ can't find crate
[INFO] [stdout] 
[INFO] [stdout] error[E0463]: can't find crate for `synom`
[INFO] [stdout]  --> src/lib.rs:581:14
[INFO] [stdout]   |
[INFO] [stdout] 3 | #[macro_use] extern crate synom;
[INFO] [stdout]   |              ^^^^^^^^^^^^^^^^^^^ can't find crate
[INFO] [stdout] 
[INFO] [stdout] error: cannot find macro `named` in this scope
[INFO] [stdout]  --> src/lib.rs:585:1
[INFO] [stdout]   |
[INFO] [stdout] 7 | named!(two_types -> (Ty, Ty), tuple!(syn!(Ty), syn!(Ty)));
[INFO] [stdout]   | ^^^^^
[INFO] [stdout] 
[INFO] [stdout] error: aborting due to 3 previous errors
[INFO] [stdout] 
[INFO] [stdout] For more information about this error, try `rustc --explain E0463`.
[INFO] [stdout] Couldn't compile the test.
[INFO] [stdout] ---- src/lib.rs - do_parse (line 725) stdout ----
[INFO] [stdout] error[E0463]: can't find crate for `syn`
[INFO] [stdout]  --> src/lib.rs:726:1
[INFO] [stdout]   |
[INFO] [stdout] 2 | extern crate syn;
[INFO] [stdout]   | ^^^^^^^^^^^^^^^^^ can't find crate
[INFO] [stdout] 
[INFO] [stdout] error[E0463]: can't find crate for `synom`
[INFO] [stdout]  --> src/lib.rs:727:14
[INFO] [stdout]   |
[INFO] [stdout] 3 | #[macro_use] extern crate synom;
[INFO] [stdout]   |              ^^^^^^^^^^^^^^^^^^^ can't find crate
[INFO] [stdout] 
[INFO] [stdout] error: cannot find macro `named` in this scope
[INFO] [stdout]   --> src/lib.rs:735:1
[INFO] [stdout]    |
[INFO] [stdout] 11 | named!(simple_mac -> (Ident, (TokenStream, Paren)), do_parse!(
[INFO] [stdout]    | ^^^^^
[INFO] [stdout] 
[INFO] [stdout] error: aborting due to 3 previous errors
[INFO] [stdout] 
[INFO] [stdout] For more information about this error, try `rustc --explain E0463`.
[INFO] [stdout] Couldn't compile the test.
[INFO] [stdout] ---- src/lib.rs - map (line 174) stdout ----
[INFO] [stdout] error[E0463]: can't find crate for `syn`
[INFO] [stdout]  --> src/lib.rs:175:1
[INFO] [stdout]   |
[INFO] [stdout] 2 | extern crate syn;
[INFO] [stdout]   | ^^^^^^^^^^^^^^^^^ can't find crate
[INFO] [stdout] 
[INFO] [stdout] error[E0463]: can't find crate for `synom`
[INFO] [stdout]  --> src/lib.rs:176:14
[INFO] [stdout]   |
[INFO] [stdout] 3 | #[macro_use] extern crate synom;
[INFO] [stdout]   |              ^^^^^^^^^^^^^^^^^^^ can't find crate
[INFO] [stdout] 
[INFO] [stdout] error: cannot find macro `named` in this scope
[INFO] [stdout]   --> src/lib.rs:190:1
[INFO] [stdout]    |
[INFO] [stdout] 17 | named!(if_condition2 -> Expr,
[INFO] [stdout]    | ^^^^^
[INFO] [stdout] 
[INFO] [stdout] error: cannot find macro `named` in this scope
[INFO] [stdout]   --> src/lib.rs:185:1
[INFO] [stdout]    |
[INFO] [stdout] 12 | named!(if_condition -> Expr,
[INFO] [stdout]    | ^^^^^
[INFO] [stdout] 
[INFO] [stdout] error: aborting due to 4 previous errors
[INFO] [stdout] 
[INFO] [stdout] For more information about this error, try `rustc --explain E0463`.
[INFO] [stdout] Couldn't compile the test.
[INFO] [stdout] ---- src/lib.rs - named (line 115) stdout ----
[INFO] [stdout] error[E0463]: can't find crate for `syn`
[INFO] [stdout]  --> src/lib.rs:116:1
[INFO] [stdout]   |
[INFO] [stdout] 2 | extern crate syn;
[INFO] [stdout]   | ^^^^^^^^^^^^^^^^^ can't find crate
[INFO] [stdout] 
[INFO] [stdout] error[E0463]: can't find crate for `synom`
[INFO] [stdout]  --> src/lib.rs:117:14
[INFO] [stdout]   |
[INFO] [stdout] 3 | #[macro_use] extern crate synom;
[INFO] [stdout]   |              ^^^^^^^^^^^^^^^^^^^ can't find crate
[INFO] [stdout] 
[INFO] [stdout] error: cannot find macro `named` in this scope
[INFO] [stdout]  --> src/lib.rs:122:1
[INFO] [stdout]   |
[INFO] [stdout] 8 | named!(pub comma_separated_types -> Delimited<Ty, Comma>,
[INFO] [stdout]   | ^^^^^
[INFO] [stdout] 
[INFO] [stdout] error: aborting due to 3 previous errors
[INFO] [stdout] 
[INFO] [stdout] For more information about this error, try `rustc --explain E0463`.
[INFO] [stdout] Couldn't compile the test.
[INFO] [stdout] ---- src/lib.rs - alt (line 652) stdout ----
[INFO] [stdout] error[E0463]: can't find crate for `syn`
[INFO] [stdout]  --> src/lib.rs:653:1
[INFO] [stdout]   |
[INFO] [stdout] 2 | extern crate syn;
[INFO] [stdout]   | ^^^^^^^^^^^^^^^^^ can't find crate
[INFO] [stdout] 
[INFO] [stdout] error[E0463]: can't find crate for `synom`
[INFO] [stdout]  --> src/lib.rs:654:14
[INFO] [stdout]   |
[INFO] [stdout] 3 | #[macro_use] extern crate synom;
[INFO] [stdout]   |              ^^^^^^^^^^^^^^^^^^^ can't find crate
[INFO] [stdout] 
[INFO] [stdout] error: cannot find macro `named` in this scope
[INFO] [stdout]  --> src/lib.rs:659:1
[INFO] [stdout]   |
[INFO] [stdout] 8 | named!(ident_or_bang -> Ident,
[INFO] [stdout]   | ^^^^^
[INFO] [stdout] 
[INFO] [stdout] error: aborting due to 3 previous errors
[INFO] [stdout] 
[INFO] [stdout] For more information about this error, try `rustc --explain E0463`.
[INFO] [stdout] Couldn't compile the test.
[INFO] [stdout] ---- src/lib.rs - many0 (line 336) stdout ----
[INFO] [stdout] error[E0463]: can't find crate for `syn`
[INFO] [stdout]  --> src/lib.rs:337:1
[INFO] [stdout]   |
[INFO] [stdout] 2 | extern crate syn;
[INFO] [stdout]   | ^^^^^^^^^^^^^^^^^ can't find crate
[INFO] [stdout] 
[INFO] [stdout] error[E0463]: can't find crate for `synom`
[INFO] [stdout]  --> src/lib.rs:338:14
[INFO] [stdout]   |
[INFO] [stdout] 3 | #[macro_use] extern crate synom;
[INFO] [stdout]   |              ^^^^^^^^^^^^^^^^^^^ can't find crate
[INFO] [stdout] 
[INFO] [stdout] error: cannot find macro `named` in this scope
[INFO] [stdout]  --> src/lib.rs:342:1
[INFO] [stdout]   |
[INFO] [stdout] 7 | named!(items -> Vec<Item>, many0!(syn!(Item)));
[INFO] [stdout]   | ^^^^^
[INFO] [stdout] 
[INFO] [stdout] error: aborting due to 3 previous errors
[INFO] [stdout] 
[INFO] [stdout] For more information about this error, try `rustc --explain E0463`.
[INFO] [stdout] Couldn't compile the test.
[INFO] [stdout] ---- src/lib.rs - peek (line 419) stdout ----
[INFO] [stdout] error[E0463]: can't find crate for `syn`
[INFO] [stdout]  --> src/lib.rs:420:1
[INFO] [stdout]   |
[INFO] [stdout] 2 | extern crate syn;
[INFO] [stdout]   | ^^^^^^^^^^^^^^^^^ can't find crate
[INFO] [stdout] 
[INFO] [stdout] error[E0463]: can't find crate for `synom`
[INFO] [stdout]  --> src/lib.rs:421:14
[INFO] [stdout]   |
[INFO] [stdout] 3 | #[macro_use] extern crate synom;
[INFO] [stdout]   |              ^^^^^^^^^^^^^^^^^^^ can't find crate
[INFO] [stdout] 
[INFO] [stdout] error: cannot find macro `named` in this scope
[INFO] [stdout]  --> src/lib.rs:426:1
[INFO] [stdout]   |
[INFO] [stdout] 8 | named!(ident_expr -> (Ident, Expr),
[INFO] [stdout]   | ^^^^^
[INFO] [stdout] 
[INFO] [stdout] error: aborting due to 3 previous errors
[INFO] [stdout] 
[INFO] [stdout] For more information about this error, try `rustc --explain E0463`.
[INFO] [stdout] Couldn't compile the test.
[INFO] [stdout] ---- src/lib.rs - switch (line 451) stdout ----
[INFO] [stdout] error[E0463]: can't find crate for `syn`
[INFO] [stdout]  --> src/lib.rs:452:1
[INFO] [stdout]   |
[INFO] [stdout] 2 | extern crate syn;
[INFO] [stdout]   | ^^^^^^^^^^^^^^^^^ can't find crate
[INFO] [stdout] 
[INFO] [stdout] error[E0463]: can't find crate for `synom`
[INFO] [stdout]  --> src/lib.rs:453:14
[INFO] [stdout]   |
[INFO] [stdout] 3 | #[macro_use] extern crate synom;
[INFO] [stdout]   |              ^^^^^^^^^^^^^^^^^^^ can't find crate
[INFO] [stdout] 
[INFO] [stdout] error: cannot find macro `named` in this scope
[INFO] [stdout]   --> src/lib.rs:470:1
[INFO] [stdout]    |
[INFO] [stdout] 20 | named!(unit_type -> UnitType, do_parse!(
[INFO] [stdout]    | ^^^^^
[INFO] [stdout] 
[INFO] [stdout] error: aborting due to 3 previous errors
[INFO] [stdout] 
[INFO] [stdout] For more information about this error, try `rustc --explain E0463`.
[INFO] [stdout] Couldn't compile the test.
[INFO] [stdout] ---- src/lib.rs - value (line 520) stdout ----
[INFO] [stdout] error[E0463]: can't find crate for `syn`
[INFO] [stdout]  --> src/lib.rs:521:1
[INFO] [stdout]   |
[INFO] [stdout] 2 | extern crate syn;
[INFO] [stdout]   | ^^^^^^^^^^^^^^^^^ can't find crate
[INFO] [stdout] 
[INFO] [stdout] error[E0463]: can't find crate for `synom`
[INFO] [stdout]  --> src/lib.rs:522:14
[INFO] [stdout]   |
[INFO] [stdout] 3 | #[macro_use] extern crate synom;
[INFO] [stdout]   |              ^^^^^^^^^^^^^^^^^^^ can't find crate
[INFO] [stdout] 
[INFO] [stdout] error: cannot find macro `named` in this scope
[INFO] [stdout]   --> src/lib.rs:539:1
[INFO] [stdout]    |
[INFO] [stdout] 20 | named!(unit_type -> UnitType, do_parse!(
[INFO] [stdout]    | ^^^^^
[INFO] [stdout] 
[INFO] [stdout] error: aborting due to 3 previous errors
[INFO] [stdout] 
[INFO] [stdout] For more information about this error, try `rustc --explain E0463`.
[INFO] [stdout] Couldn't compile the test.
[INFO] [stdout] 
[INFO] [stdout] failures:
[INFO] [stdout]     src/lib.rs - alt (line 652)
[INFO] [stdout]     src/lib.rs - do_parse (line 725)
[INFO] [stdout]     src/lib.rs - many0 (line 336)
[INFO] [stdout]     src/lib.rs - map (line 174)
[INFO] [stdout]     src/lib.rs - named (line 115)
[INFO] [stdout]     src/lib.rs - peek (line 419)
[INFO] [stdout]     src/lib.rs - switch (line 451)
[INFO] [stdout]     src/lib.rs - terminated (line 287)
[INFO] [stdout]     src/lib.rs - tuple (line 579)
[INFO] [stdout]     src/lib.rs - value (line 520)
[INFO] [stdout] 
[INFO] [stdout] test result: FAILED. 0 passed; 10 failed; 0 ignored; 0 measured; 0 filtered out; finished in 0.04s
[INFO] [stdout] 
[INFO] [stderr] error: doctest failed, to rerun pass `--doc`
[INFO] running `Command { std: "docker" "inspect" "9fc92b8b0ce3c06dde328b57a8bc020e639563b326437594eaccdf0205c252dc", kill_on_drop: false }`
[INFO] running `Command { std: "docker" "rm" "-f" "9fc92b8b0ce3c06dde328b57a8bc020e639563b326437594eaccdf0205c252dc", kill_on_drop: false }`
[INFO] [stdout] 9fc92b8b0ce3c06dde328b57a8bc020e639563b326437594eaccdf0205c252dc
