[INFO] fetching crate unique-type-id 1.3.0...
[INFO] testing unique-type-id-1.3.0 against 1.75.0 for beta-1.76-1
[INFO] extracting crate unique-type-id 1.3.0 into /workspace/builds/worker-3-tc1/source
[INFO] validating manifest of crates.io crate unique-type-id 1.3.0 on toolchain 1.75.0
[INFO] running `Command { std: CARGO_HOME="/workspace/cargo-home" RUSTUP_HOME="/workspace/rustup-home" "/workspace/cargo-home/bin/cargo" "+1.75.0" "metadata" "--manifest-path" "Cargo.toml" "--no-deps", kill_on_drop: false }`
[INFO] started tweaking crates.io crate unique-type-id 1.3.0
[INFO] finished tweaking crates.io crate unique-type-id 1.3.0
[INFO] tweaked toml for crates.io crate unique-type-id 1.3.0 written to /workspace/builds/worker-3-tc1/source/Cargo.toml
[INFO] running `Command { std: CARGO_HOME="/workspace/cargo-home" RUSTUP_HOME="/workspace/rustup-home" "/workspace/cargo-home/bin/cargo" "+1.75.0" "generate-lockfile" "--manifest-path" "Cargo.toml", kill_on_drop: false }`
[INFO] [stderr]     Updating crates.io index
[INFO] running `Command { std: CARGO_HOME="/workspace/cargo-home" RUSTUP_HOME="/workspace/rustup-home" "/workspace/cargo-home/bin/cargo" "+1.75.0" "fetch" "--manifest-path" "Cargo.toml", kill_on_drop: false }`
[INFO] [stderr]  Downloading crates ...
[INFO] [stderr]   Downloaded unique-type-id-derive v1.3.0
[INFO] running `Command { std: "docker" "create" "-v" "/var/lib/crater-agent-workspace/builds/worker-3-tc1/target:/opt/rustwide/target:rw,Z" "-v" "/var/lib/crater-agent-workspace/builds/worker-3-tc1/source:/opt/rustwide/workdir:ro,Z" "-v" "/var/lib/crater-agent-workspace/cargo-home:/opt/rustwide/cargo-home:ro,Z" "-v" "/var/lib/crater-agent-workspace/rustup-home:/opt/rustwide/rustup-home:ro,Z" "-e" "SOURCE_DIR=/opt/rustwide/workdir" "-e" "CARGO_TARGET_DIR=/opt/rustwide/target" "-e" "CARGO_HOME=/opt/rustwide/cargo-home" "-e" "RUSTUP_HOME=/opt/rustwide/rustup-home" "-w" "/opt/rustwide/workdir" "-m" "1610612736" "--user" "0:0" "--network" "none" "ghcr.io/rust-lang/crates-build-env/linux@sha256:2788e3201cd34a07e3172128adcd8b3090168a8e3bcc40d7c032b9dda1df7d1c" "/opt/rustwide/cargo-home/bin/cargo" "+1.75.0" "metadata" "--no-deps" "--format-version=1", kill_on_drop: false }`
[INFO] [stdout] 35261bbd62423954def2f46add343d8fbb4bff272360bffb41822b16acc8b718
[INFO] running `Command { std: "docker" "start" "-a" "35261bbd62423954def2f46add343d8fbb4bff272360bffb41822b16acc8b718", kill_on_drop: false }`
[INFO] running `Command { std: "docker" "inspect" "35261bbd62423954def2f46add343d8fbb4bff272360bffb41822b16acc8b718", kill_on_drop: false }`
[INFO] running `Command { std: "docker" "rm" "-f" "35261bbd62423954def2f46add343d8fbb4bff272360bffb41822b16acc8b718", kill_on_drop: false }`
[INFO] [stdout] 35261bbd62423954def2f46add343d8fbb4bff272360bffb41822b16acc8b718
[INFO] running `Command { std: "docker" "create" "-v" "/var/lib/crater-agent-workspace/builds/worker-3-tc1/target:/opt/rustwide/target:rw,Z" "-v" "/var/lib/crater-agent-workspace/builds/worker-3-tc1/source:/opt/rustwide/workdir:ro,Z" "-v" "/var/lib/crater-agent-workspace/cargo-home:/opt/rustwide/cargo-home:ro,Z" "-v" "/var/lib/crater-agent-workspace/rustup-home:/opt/rustwide/rustup-home:ro,Z" "-e" "SOURCE_DIR=/opt/rustwide/workdir" "-e" "CARGO_TARGET_DIR=/opt/rustwide/target" "-e" "CARGO_INCREMENTAL=0" "-e" "RUST_BACKTRACE=full" "-e" "RUSTFLAGS=--cap-lints=warn" "-e" "RUSTDOCFLAGS=--cap-lints=warn" "-e" "CARGO_HOME=/opt/rustwide/cargo-home" "-e" "RUSTUP_HOME=/opt/rustwide/rustup-home" "-w" "/opt/rustwide/workdir" "-m" "1610612736" "--user" "0:0" "--network" "none" "ghcr.io/rust-lang/crates-build-env/linux@sha256:2788e3201cd34a07e3172128adcd8b3090168a8e3bcc40d7c032b9dda1df7d1c" "/opt/rustwide/cargo-home/bin/cargo" "+1.75.0" "build" "--frozen" "--message-format=json", kill_on_drop: false }`
[INFO] [stdout] f35438c860c8bc5e7b1cd25a2c358d1e982a849bc7603f30aa8cd25ea91a8ca4
[INFO] running `Command { std: "docker" "start" "-a" "f35438c860c8bc5e7b1cd25a2c358d1e982a849bc7603f30aa8cd25ea91a8ca4", kill_on_drop: false }`
[INFO] [stderr]    Compiling proc-macro2 v1.0.75
[INFO] [stderr]    Compiling libc v0.2.151
[INFO] [stderr]    Compiling fs2 v0.4.3
[INFO] [stderr]    Compiling quote v1.0.35
[INFO] [stderr]    Compiling syn v2.0.48
[INFO] [stderr]    Compiling unique-type-id-derive v1.3.0
[INFO] [stderr]    Compiling unique-type-id v1.3.0 (/opt/rustwide/workdir)
[INFO] [stderr]     Finished dev [unoptimized + debuginfo] target(s) in 4.03s
[INFO] running `Command { std: "docker" "inspect" "f35438c860c8bc5e7b1cd25a2c358d1e982a849bc7603f30aa8cd25ea91a8ca4", kill_on_drop: false }`
[INFO] running `Command { std: "docker" "rm" "-f" "f35438c860c8bc5e7b1cd25a2c358d1e982a849bc7603f30aa8cd25ea91a8ca4", kill_on_drop: false }`
[INFO] [stdout] f35438c860c8bc5e7b1cd25a2c358d1e982a849bc7603f30aa8cd25ea91a8ca4
[INFO] running `Command { std: "docker" "create" "-v" "/var/lib/crater-agent-workspace/builds/worker-3-tc1/target:/opt/rustwide/target:rw,Z" "-v" "/var/lib/crater-agent-workspace/builds/worker-3-tc1/source:/opt/rustwide/workdir:ro,Z" "-v" "/var/lib/crater-agent-workspace/cargo-home:/opt/rustwide/cargo-home:ro,Z" "-v" "/var/lib/crater-agent-workspace/rustup-home:/opt/rustwide/rustup-home:ro,Z" "-e" "SOURCE_DIR=/opt/rustwide/workdir" "-e" "CARGO_TARGET_DIR=/opt/rustwide/target" "-e" "CARGO_INCREMENTAL=0" "-e" "RUST_BACKTRACE=full" "-e" "RUSTFLAGS=--cap-lints=warn" "-e" "RUSTDOCFLAGS=--cap-lints=warn" "-e" "CARGO_HOME=/opt/rustwide/cargo-home" "-e" "RUSTUP_HOME=/opt/rustwide/rustup-home" "-w" "/opt/rustwide/workdir" "-m" "1610612736" "--user" "0:0" "--network" "none" "ghcr.io/rust-lang/crates-build-env/linux@sha256:2788e3201cd34a07e3172128adcd8b3090168a8e3bcc40d7c032b9dda1df7d1c" "/opt/rustwide/cargo-home/bin/cargo" "+1.75.0" "test" "--frozen" "--no-run" "--message-format=json", kill_on_drop: false }`
[INFO] [stdout] e50b766af53e3806fa4fe64810125ea2512e7a7c9edcdd8364cee00f48986e44
[INFO] running `Command { std: "docker" "start" "-a" "e50b766af53e3806fa4fe64810125ea2512e7a7c9edcdd8364cee00f48986e44", kill_on_drop: false }`
[INFO] [stderr]    Compiling unique-type-id v1.3.0 (/opt/rustwide/workdir)
[INFO] [stderr]     Finished test [unoptimized + debuginfo] target(s) in 0.33s
[INFO] running `Command { std: "docker" "inspect" "e50b766af53e3806fa4fe64810125ea2512e7a7c9edcdd8364cee00f48986e44", kill_on_drop: false }`
[INFO] running `Command { std: "docker" "rm" "-f" "e50b766af53e3806fa4fe64810125ea2512e7a7c9edcdd8364cee00f48986e44", kill_on_drop: false }`
[INFO] [stdout] e50b766af53e3806fa4fe64810125ea2512e7a7c9edcdd8364cee00f48986e44
[INFO] running `Command { std: "docker" "create" "-v" "/var/lib/crater-agent-workspace/builds/worker-3-tc1/target:/opt/rustwide/target:rw,Z" "-v" "/var/lib/crater-agent-workspace/builds/worker-3-tc1/source:/opt/rustwide/workdir:ro,Z" "-v" "/var/lib/crater-agent-workspace/cargo-home:/opt/rustwide/cargo-home:ro,Z" "-v" "/var/lib/crater-agent-workspace/rustup-home:/opt/rustwide/rustup-home:ro,Z" "-e" "SOURCE_DIR=/opt/rustwide/workdir" "-e" "CARGO_TARGET_DIR=/opt/rustwide/target" "-e" "CARGO_INCREMENTAL=0" "-e" "RUST_BACKTRACE=full" "-e" "RUSTFLAGS=--cap-lints=warn" "-e" "RUSTDOCFLAGS=--cap-lints=warn" "-e" "CARGO_HOME=/opt/rustwide/cargo-home" "-e" "RUSTUP_HOME=/opt/rustwide/rustup-home" "-w" "/opt/rustwide/workdir" "-m" "1610612736" "--user" "0:0" "--network" "none" "ghcr.io/rust-lang/crates-build-env/linux@sha256:2788e3201cd34a07e3172128adcd8b3090168a8e3bcc40d7c032b9dda1df7d1c" "/opt/rustwide/cargo-home/bin/cargo" "+1.75.0" "test" "--frozen", kill_on_drop: false }`
[INFO] [stdout] 0fae7b4c78a72e58f56ee15e9e73b3be0a7e5a17680a5a917a290af5d28c19ae
[INFO] running `Command { std: "docker" "start" "-a" "0fae7b4c78a72e58f56ee15e9e73b3be0a7e5a17680a5a917a290af5d28c19ae", kill_on_drop: false }`
[INFO] [stderr]     Finished test [unoptimized + debuginfo] target(s) in 0.02s
[INFO] [stderr]      Running unittests src/lib.rs (/opt/rustwide/target/debug/deps/unique_type_id-16f6c0188a047a5b)
[INFO] [stdout] 
[INFO] [stdout] running 0 tests
[INFO] [stdout] 
[INFO] [stderr]    Doc-tests unique-type-id
[INFO] [stdout] test result: ok. 0 passed; 0 failed; 0 ignored; 0 measured; 0 filtered out; finished in 0.00s
[INFO] [stdout] 
[INFO] [stdout] 
[INFO] [stdout] running 1 test
[INFO] [stdout] test src/lib.rs - (line 12) ... FAILED
[INFO] [stdout] 
[INFO] [stdout] failures:
[INFO] [stdout] 
[INFO] [stdout] ---- src/lib.rs - (line 12) stdout ----
[INFO] [stdout] error: proc-macro derive panicked
[INFO] [stdout]  --> src/lib.rs:18:13
[INFO] [stdout]   |
[INFO] [stdout] 9 |    #[derive(UniqueTypeId)]
[INFO] [stdout]   |             ^^^^^^^^^^^^
[INFO] [stdout]   |
[INFO] [stdout]   = help: message: Unable to create file: Os { code: 30, kind: ReadOnlyFilesystem, message: "Read-only file system" }
[INFO] [stdout] 
[INFO] [stdout] error: proc-macro derive panicked
[INFO] [stdout]   --> src/lib.rs:20:13
[INFO] [stdout]    |
[INFO] [stdout] 11 |    #[derive(UniqueTypeId)]
[INFO] [stdout]    |             ^^^^^^^^^^^^
[INFO] [stdout]    |
[INFO] [stdout]    = help: message: Unable to create file: Os { code: 30, kind: ReadOnlyFilesystem, message: "Read-only file system" }
[INFO] [stdout] 
[INFO] [stdout] error[E0599]: no function or associated item named `id` found for struct `Test1` in the current scope
[INFO] [stdout]   --> src/lib.rs:23:22
[INFO] [stdout]    |
[INFO] [stdout] 10 |    struct Test1;
[INFO] [stdout]    |    ------------ function or associated item `id` not found for this struct
[INFO] [stdout] ...
[INFO] [stdout] 14 |    assert_eq!(Test1::id().0, 1u64);
[INFO] [stdout]    |                      ^^ function or associated item not found in `Test1`
[INFO] [stdout]    |
[INFO] [stdout]    = help: items from traits can only be used if the trait is implemented and in scope
[INFO] [stdout]    = note: the following trait defines an item `id`, perhaps you need to implement it:
[INFO] [stdout]            candidate #1: `UniqueTypeId`
[INFO] [stdout] 
[INFO] [stdout] error[E0599]: no function or associated item named `id` found for struct `Test2` in the current scope
[INFO] [stdout]   --> src/lib.rs:24:22
[INFO] [stdout]    |
[INFO] [stdout] 12 |    struct Test2;
[INFO] [stdout]    |    ------------ function or associated item `id` not found for this struct
[INFO] [stdout] ...
[INFO] [stdout] 15 |    assert_eq!(Test2::id().0, 2u64);
[INFO] [stdout]    |                      ^^ function or associated item not found in `Test2`
[INFO] [stdout]    |
[INFO] [stdout]    = help: items from traits can only be used if the trait is implemented and in scope
[INFO] [stdout]    = note: the following trait defines an item `id`, perhaps you need to implement it:
[INFO] [stdout]            candidate #1: `UniqueTypeId`
[INFO] [stdout] 
[INFO] [stdout] error: aborting due to 4 previous errors
[INFO] [stdout] 
[INFO] [stdout] For more information about this error, try `rustc --explain E0599`.
[INFO] [stdout] Couldn't compile the test.
[INFO] [stdout] 
[INFO] [stdout] failures:
[INFO] [stdout]     src/lib.rs - (line 12)
[INFO] [stdout] 
[INFO] [stdout] test result: FAILED. 0 passed; 1 failed; 0 ignored; 0 measured; 0 filtered out; finished in 0.14s
[INFO] [stdout] 
[INFO] [stderr] error: doctest failed, to rerun pass `--doc`
[INFO] running `Command { std: "docker" "inspect" "0fae7b4c78a72e58f56ee15e9e73b3be0a7e5a17680a5a917a290af5d28c19ae", kill_on_drop: false }`
[INFO] running `Command { std: "docker" "rm" "-f" "0fae7b4c78a72e58f56ee15e9e73b3be0a7e5a17680a5a917a290af5d28c19ae", kill_on_drop: false }`
[INFO] [stdout] 0fae7b4c78a72e58f56ee15e9e73b3be0a7e5a17680a5a917a290af5d28c19ae
[INFO] testing unique-type-id-1.3.0 against beta-2023-12-22 for beta-1.76-1
[INFO] extracting crate unique-type-id 1.3.0 into /workspace/builds/worker-3-tc2/source
[INFO] validating manifest of crates.io crate unique-type-id 1.3.0 on toolchain beta-2023-12-22
[INFO] running `Command { std: CARGO_HOME="/workspace/cargo-home" RUSTUP_HOME="/workspace/rustup-home" "/workspace/cargo-home/bin/cargo" "+beta-2023-12-22" "metadata" "--manifest-path" "Cargo.toml" "--no-deps", kill_on_drop: false }`
[INFO] started tweaking crates.io crate unique-type-id 1.3.0
[INFO] finished tweaking crates.io crate unique-type-id 1.3.0
[INFO] tweaked toml for crates.io crate unique-type-id 1.3.0 written to /workspace/builds/worker-3-tc2/source/Cargo.toml
[INFO] running `Command { std: CARGO_HOME="/workspace/cargo-home" RUSTUP_HOME="/workspace/rustup-home" "/workspace/cargo-home/bin/cargo" "+beta-2023-12-22" "generate-lockfile" "--manifest-path" "Cargo.toml", kill_on_drop: false }`
[INFO] [stderr]     Updating crates.io index
[INFO] running `Command { std: CARGO_HOME="/workspace/cargo-home" RUSTUP_HOME="/workspace/rustup-home" "/workspace/cargo-home/bin/cargo" "+beta-2023-12-22" "fetch" "--manifest-path" "Cargo.toml", kill_on_drop: false }`
[INFO] running `Command { std: "docker" "create" "-v" "/var/lib/crater-agent-workspace/builds/worker-3-tc2/target:/opt/rustwide/target:rw,Z" "-v" "/var/lib/crater-agent-workspace/builds/worker-3-tc2/source:/opt/rustwide/workdir:ro,Z" "-v" "/var/lib/crater-agent-workspace/cargo-home:/opt/rustwide/cargo-home:ro,Z" "-v" "/var/lib/crater-agent-workspace/rustup-home:/opt/rustwide/rustup-home:ro,Z" "-e" "SOURCE_DIR=/opt/rustwide/workdir" "-e" "CARGO_TARGET_DIR=/opt/rustwide/target" "-e" "CARGO_HOME=/opt/rustwide/cargo-home" "-e" "RUSTUP_HOME=/opt/rustwide/rustup-home" "-w" "/opt/rustwide/workdir" "-m" "1610612736" "--user" "0:0" "--network" "none" "ghcr.io/rust-lang/crates-build-env/linux@sha256:2788e3201cd34a07e3172128adcd8b3090168a8e3bcc40d7c032b9dda1df7d1c" "/opt/rustwide/cargo-home/bin/cargo" "+beta-2023-12-22" "metadata" "--no-deps" "--format-version=1", kill_on_drop: false }`
[INFO] [stdout] c011f5c43cbff3e128e021c16e7ebfa03f4ab52b11d3cf6531a45d9347c0b671
[INFO] running `Command { std: "docker" "start" "-a" "c011f5c43cbff3e128e021c16e7ebfa03f4ab52b11d3cf6531a45d9347c0b671", kill_on_drop: false }`
[INFO] running `Command { std: "docker" "inspect" "c011f5c43cbff3e128e021c16e7ebfa03f4ab52b11d3cf6531a45d9347c0b671", kill_on_drop: false }`
[INFO] running `Command { std: "docker" "rm" "-f" "c011f5c43cbff3e128e021c16e7ebfa03f4ab52b11d3cf6531a45d9347c0b671", kill_on_drop: false }`
[INFO] [stdout] c011f5c43cbff3e128e021c16e7ebfa03f4ab52b11d3cf6531a45d9347c0b671
[INFO] running `Command { std: "docker" "create" "-v" "/var/lib/crater-agent-workspace/builds/worker-3-tc2/target:/opt/rustwide/target:rw,Z" "-v" "/var/lib/crater-agent-workspace/builds/worker-3-tc2/source:/opt/rustwide/workdir:ro,Z" "-v" "/var/lib/crater-agent-workspace/cargo-home:/opt/rustwide/cargo-home:ro,Z" "-v" "/var/lib/crater-agent-workspace/rustup-home:/opt/rustwide/rustup-home:ro,Z" "-e" "SOURCE_DIR=/opt/rustwide/workdir" "-e" "CARGO_TARGET_DIR=/opt/rustwide/target" "-e" "CARGO_INCREMENTAL=0" "-e" "RUST_BACKTRACE=full" "-e" "RUSTFLAGS=--cap-lints=warn" "-e" "RUSTDOCFLAGS=--cap-lints=warn" "-e" "CARGO_HOME=/opt/rustwide/cargo-home" "-e" "RUSTUP_HOME=/opt/rustwide/rustup-home" "-w" "/opt/rustwide/workdir" "-m" "1610612736" "--user" "0:0" "--network" "none" "ghcr.io/rust-lang/crates-build-env/linux@sha256:2788e3201cd34a07e3172128adcd8b3090168a8e3bcc40d7c032b9dda1df7d1c" "/opt/rustwide/cargo-home/bin/cargo" "+beta-2023-12-22" "build" "--frozen" "--message-format=json", kill_on_drop: false }`
[INFO] [stdout] 2e02f6d2375a1c3cdc978e971db8378344f1b66ba6cf15df1e3dc14a3419a2ed
[INFO] running `Command { std: "docker" "start" "-a" "2e02f6d2375a1c3cdc978e971db8378344f1b66ba6cf15df1e3dc14a3419a2ed", kill_on_drop: false }`
[INFO] [stderr]    Compiling proc-macro2 v1.0.75
[INFO] [stderr]    Compiling libc v0.2.151
[INFO] [stderr]    Compiling quote v1.0.35
[INFO] [stderr]    Compiling fs2 v0.4.3
[INFO] [stderr]    Compiling syn v2.0.48
[INFO] [stderr]    Compiling unique-type-id-derive v1.3.0
[INFO] [stderr]    Compiling unique-type-id v1.3.0 (/opt/rustwide/workdir)
[INFO] [stderr]     Finished dev [unoptimized + debuginfo] target(s) in 4.67s
[INFO] running `Command { std: "docker" "inspect" "2e02f6d2375a1c3cdc978e971db8378344f1b66ba6cf15df1e3dc14a3419a2ed", kill_on_drop: false }`
[INFO] running `Command { std: "docker" "rm" "-f" "2e02f6d2375a1c3cdc978e971db8378344f1b66ba6cf15df1e3dc14a3419a2ed", kill_on_drop: false }`
[INFO] [stdout] 2e02f6d2375a1c3cdc978e971db8378344f1b66ba6cf15df1e3dc14a3419a2ed
[INFO] running `Command { std: "docker" "create" "-v" "/var/lib/crater-agent-workspace/builds/worker-3-tc2/target:/opt/rustwide/target:rw,Z" "-v" "/var/lib/crater-agent-workspace/builds/worker-3-tc2/source:/opt/rustwide/workdir:ro,Z" "-v" "/var/lib/crater-agent-workspace/cargo-home:/opt/rustwide/cargo-home:ro,Z" "-v" "/var/lib/crater-agent-workspace/rustup-home:/opt/rustwide/rustup-home:ro,Z" "-e" "SOURCE_DIR=/opt/rustwide/workdir" "-e" "CARGO_TARGET_DIR=/opt/rustwide/target" "-e" "CARGO_INCREMENTAL=0" "-e" "RUST_BACKTRACE=full" "-e" "RUSTFLAGS=--cap-lints=warn" "-e" "RUSTDOCFLAGS=--cap-lints=warn" "-e" "CARGO_HOME=/opt/rustwide/cargo-home" "-e" "RUSTUP_HOME=/opt/rustwide/rustup-home" "-w" "/opt/rustwide/workdir" "-m" "1610612736" "--user" "0:0" "--network" "none" "ghcr.io/rust-lang/crates-build-env/linux@sha256:2788e3201cd34a07e3172128adcd8b3090168a8e3bcc40d7c032b9dda1df7d1c" "/opt/rustwide/cargo-home/bin/cargo" "+beta-2023-12-22" "test" "--frozen" "--no-run" "--message-format=json", kill_on_drop: false }`
[INFO] [stdout] 88ff3ca3b2dd037af2b42663c9097c924c503e696c3793aa7e1f318e882f6c83
[INFO] running `Command { std: "docker" "start" "-a" "88ff3ca3b2dd037af2b42663c9097c924c503e696c3793aa7e1f318e882f6c83", kill_on_drop: false }`
[INFO] [stderr]    Compiling unique-type-id v1.3.0 (/opt/rustwide/workdir)
[INFO] [stderr]     Finished test [unoptimized + debuginfo] target(s) in 0.35s
[INFO] running `Command { std: "docker" "inspect" "88ff3ca3b2dd037af2b42663c9097c924c503e696c3793aa7e1f318e882f6c83", kill_on_drop: false }`
[INFO] running `Command { std: "docker" "rm" "-f" "88ff3ca3b2dd037af2b42663c9097c924c503e696c3793aa7e1f318e882f6c83", kill_on_drop: false }`
[INFO] [stdout] 88ff3ca3b2dd037af2b42663c9097c924c503e696c3793aa7e1f318e882f6c83
[INFO] running `Command { std: "docker" "create" "-v" "/var/lib/crater-agent-workspace/builds/worker-3-tc2/target:/opt/rustwide/target:rw,Z" "-v" "/var/lib/crater-agent-workspace/builds/worker-3-tc2/source:/opt/rustwide/workdir:ro,Z" "-v" "/var/lib/crater-agent-workspace/cargo-home:/opt/rustwide/cargo-home:ro,Z" "-v" "/var/lib/crater-agent-workspace/rustup-home:/opt/rustwide/rustup-home:ro,Z" "-e" "SOURCE_DIR=/opt/rustwide/workdir" "-e" "CARGO_TARGET_DIR=/opt/rustwide/target" "-e" "CARGO_INCREMENTAL=0" "-e" "RUST_BACKTRACE=full" "-e" "RUSTFLAGS=--cap-lints=warn" "-e" "RUSTDOCFLAGS=--cap-lints=warn" "-e" "CARGO_HOME=/opt/rustwide/cargo-home" "-e" "RUSTUP_HOME=/opt/rustwide/rustup-home" "-w" "/opt/rustwide/workdir" "-m" "1610612736" "--user" "0:0" "--network" "none" "ghcr.io/rust-lang/crates-build-env/linux@sha256:2788e3201cd34a07e3172128adcd8b3090168a8e3bcc40d7c032b9dda1df7d1c" "/opt/rustwide/cargo-home/bin/cargo" "+beta-2023-12-22" "test" "--frozen", kill_on_drop: false }`
[INFO] [stdout] 1c32f4152503c9861ff1dbcbd51656d207692c0f95b9a55ed62cbae4b3bf79bd
[INFO] running `Command { std: "docker" "start" "-a" "1c32f4152503c9861ff1dbcbd51656d207692c0f95b9a55ed62cbae4b3bf79bd", kill_on_drop: false }`
[INFO] [stderr]     Finished test [unoptimized + debuginfo] target(s) in 0.02s
[INFO] [stderr]      Running unittests src/lib.rs (/opt/rustwide/target/debug/deps/unique_type_id-3444d9f29ac5f803)
[INFO] [stdout] 
[INFO] [stdout] running 0 tests
[INFO] [stderr]    Doc-tests unique-type-id
[INFO] [stdout] 
[INFO] [stdout] test result: ok. 0 passed; 0 failed; 0 ignored; 0 measured; 0 filtered out; finished in 0.00s
[INFO] [stdout] 
[INFO] [stdout] 
[INFO] [stdout] running 1 test
[INFO] [stdout] test src/lib.rs - (line 12) ... FAILED
[INFO] [stdout] 
[INFO] [stdout] failures:
[INFO] [stdout] 
[INFO] [stdout] ---- src/lib.rs - (line 12) stdout ----
[INFO] [stdout] error: proc-macro derive panicked
[INFO] [stdout]  --> src/lib.rs:18:13
[INFO] [stdout]   |
[INFO] [stdout] 9 |    #[derive(UniqueTypeId)]
[INFO] [stdout]   |             ^^^^^^^^^^^^
[INFO] [stdout]   |
[INFO] [stdout]   = help: message: Unable to create file: Os { code: 30, kind: ReadOnlyFilesystem, message: "Read-only file system" }
[INFO] [stdout] 
[INFO] [stdout] error: proc-macro derive panicked
[INFO] [stdout]   --> src/lib.rs:20:13
[INFO] [stdout]    |
[INFO] [stdout] 11 |    #[derive(UniqueTypeId)]
[INFO] [stdout]    |             ^^^^^^^^^^^^
[INFO] [stdout]    |
[INFO] [stdout]    = help: message: Unable to create file: Os { code: 30, kind: ReadOnlyFilesystem, message: "Read-only file system" }
[INFO] [stdout] 
[INFO] [stdout] error[E0599]: no function or associated item named `id` found for struct `Test1` in the current scope
[INFO] [stdout]   --> src/lib.rs:23:22
[INFO] [stdout]    |
[INFO] [stderr] error: doctest failed, to rerun pass `--doc`
[INFO] [stdout] 10 |    struct Test1;
[INFO] [stdout]    |    ------------ function or associated item `id` not found for this struct
[INFO] [stdout] ...
[INFO] [stdout] 14 |    assert_eq!(Test1::id().0, 1u64);
[INFO] [stdout]    |                      ^^ function or associated item not found in `Test1`
[INFO] [stdout]    |
[INFO] [stdout]    = help: items from traits can only be used if the trait is implemented and in scope
[INFO] [stdout]    = note: the following trait defines an item `id`, perhaps you need to implement it:
[INFO] [stdout]            candidate #1: `UniqueTypeId`
[INFO] [stdout] 
[INFO] [stdout] error[E0599]: no function or associated item named `id` found for struct `Test2` in the current scope
[INFO] [stdout]   --> src/lib.rs:24:22
[INFO] [stdout]    |
[INFO] [stdout] 12 |    struct Test2;
[INFO] [stdout]    |    ------------ function or associated item `id` not found for this struct
[INFO] [stdout] ...
[INFO] [stdout] 15 |    assert_eq!(Test2::id().0, 2u64);
[INFO] [stdout]    |                      ^^ function or associated item not found in `Test2`
[INFO] [stdout]    |
[INFO] [stdout]    = help: items from traits can only be used if the trait is implemented and in scope
[INFO] [stdout]    = note: the following trait defines an item `id`, perhaps you need to implement it:
[INFO] [stdout]            candidate #1: `UniqueTypeId`
[INFO] [stdout] 
[INFO] [stdout] error: aborting due to 4 previous errors
[INFO] [stdout] 
[INFO] [stdout] For more information about this error, try `rustc --explain E0599`.
[INFO] [stdout] Couldn't compile the test.
[INFO] [stdout] 
[INFO] [stdout] failures:
[INFO] [stdout]     src/lib.rs - (line 12)
[INFO] [stdout] 
[INFO] [stdout] test result: FAILED. 0 passed; 1 failed; 0 ignored; 0 measured; 0 filtered out; finished in 0.07s
[INFO] [stdout] 
[INFO] running `Command { std: "docker" "inspect" "1c32f4152503c9861ff1dbcbd51656d207692c0f95b9a55ed62cbae4b3bf79bd", kill_on_drop: false }`
[INFO] running `Command { std: "docker" "rm" "-f" "1c32f4152503c9861ff1dbcbd51656d207692c0f95b9a55ed62cbae4b3bf79bd", kill_on_drop: false }`
[INFO] [stdout] 1c32f4152503c9861ff1dbcbd51656d207692c0f95b9a55ed62cbae4b3bf79bd
