[INFO] fetching crate umya-spreadsheet 1.1.0...
[INFO] testing umya-spreadsheet-1.1.0 against 1.75.0 for beta-1.76-1
[INFO] extracting crate umya-spreadsheet 1.1.0 into /workspace/builds/worker-0-tc1/source
[INFO] validating manifest of crates.io crate umya-spreadsheet 1.1.0 on toolchain 1.75.0
[INFO] running `Command { std: CARGO_HOME="/workspace/cargo-home" RUSTUP_HOME="/workspace/rustup-home" "/workspace/cargo-home/bin/cargo" "+1.75.0" "metadata" "--manifest-path" "Cargo.toml" "--no-deps", kill_on_drop: false }`
[INFO] started tweaking crates.io crate umya-spreadsheet 1.1.0
[INFO] finished tweaking crates.io crate umya-spreadsheet 1.1.0
[INFO] tweaked toml for crates.io crate umya-spreadsheet 1.1.0 written to /workspace/builds/worker-0-tc1/source/Cargo.toml
[INFO] running `Command { std: CARGO_HOME="/workspace/cargo-home" RUSTUP_HOME="/workspace/rustup-home" "/workspace/cargo-home/bin/cargo" "+1.75.0" "generate-lockfile" "--manifest-path" "Cargo.toml", kill_on_drop: false }`
[INFO] [stderr]     Updating crates.io index
[INFO] running `Command { std: CARGO_HOME="/workspace/cargo-home" RUSTUP_HOME="/workspace/rustup-home" "/workspace/cargo-home/bin/cargo" "+1.75.0" "fetch" "--manifest-path" "Cargo.toml", kill_on_drop: false }`
[INFO] [stderr]  Downloading crates ...
[INFO] [stderr]   Downloaded html_parser v0.7.0
[INFO] running `Command { std: "docker" "create" "-v" "/var/lib/crater-agent-workspace/builds/worker-0-tc1/target:/opt/rustwide/target:rw,Z" "-v" "/var/lib/crater-agent-workspace/builds/worker-0-tc1/source:/opt/rustwide/workdir:ro,Z" "-v" "/var/lib/crater-agent-workspace/cargo-home:/opt/rustwide/cargo-home:ro,Z" "-v" "/var/lib/crater-agent-workspace/rustup-home:/opt/rustwide/rustup-home:ro,Z" "-e" "SOURCE_DIR=/opt/rustwide/workdir" "-e" "CARGO_TARGET_DIR=/opt/rustwide/target" "-e" "CARGO_HOME=/opt/rustwide/cargo-home" "-e" "RUSTUP_HOME=/opt/rustwide/rustup-home" "-w" "/opt/rustwide/workdir" "-m" "1610612736" "--user" "0:0" "--network" "none" "ghcr.io/rust-lang/crates-build-env/linux@sha256:2788e3201cd34a07e3172128adcd8b3090168a8e3bcc40d7c032b9dda1df7d1c" "/opt/rustwide/cargo-home/bin/cargo" "+1.75.0" "metadata" "--no-deps" "--format-version=1", kill_on_drop: false }`
[INFO] [stdout] 0aa472f3cd9475b2ecfe00ebc1b117c071b73129512467327a82276451372e46
[INFO] running `Command { std: "docker" "start" "-a" "0aa472f3cd9475b2ecfe00ebc1b117c071b73129512467327a82276451372e46", kill_on_drop: false }`
[INFO] running `Command { std: "docker" "inspect" "0aa472f3cd9475b2ecfe00ebc1b117c071b73129512467327a82276451372e46", kill_on_drop: false }`
[INFO] running `Command { std: "docker" "rm" "-f" "0aa472f3cd9475b2ecfe00ebc1b117c071b73129512467327a82276451372e46", kill_on_drop: false }`
[INFO] [stdout] 0aa472f3cd9475b2ecfe00ebc1b117c071b73129512467327a82276451372e46
[INFO] running `Command { std: "docker" "create" "-v" "/var/lib/crater-agent-workspace/builds/worker-0-tc1/target:/opt/rustwide/target:rw,Z" "-v" "/var/lib/crater-agent-workspace/builds/worker-0-tc1/source:/opt/rustwide/workdir:ro,Z" "-v" "/var/lib/crater-agent-workspace/cargo-home:/opt/rustwide/cargo-home:ro,Z" "-v" "/var/lib/crater-agent-workspace/rustup-home:/opt/rustwide/rustup-home:ro,Z" "-e" "SOURCE_DIR=/opt/rustwide/workdir" "-e" "CARGO_TARGET_DIR=/opt/rustwide/target" "-e" "CARGO_INCREMENTAL=0" "-e" "RUST_BACKTRACE=full" "-e" "RUSTFLAGS=--cap-lints=warn" "-e" "RUSTDOCFLAGS=--cap-lints=warn" "-e" "CARGO_HOME=/opt/rustwide/cargo-home" "-e" "RUSTUP_HOME=/opt/rustwide/rustup-home" "-w" "/opt/rustwide/workdir" "-m" "1610612736" "--user" "0:0" "--network" "none" "ghcr.io/rust-lang/crates-build-env/linux@sha256:2788e3201cd34a07e3172128adcd8b3090168a8e3bcc40d7c032b9dda1df7d1c" "/opt/rustwide/cargo-home/bin/cargo" "+1.75.0" "build" "--frozen" "--message-format=json", kill_on_drop: false }`
[INFO] [stdout] fda96465886fac6a4061421c25c8eb9682548c071c10db4a4059bc03f92e427b
[INFO] running `Command { std: "docker" "start" "-a" "fda96465886fac6a4061421c25c8eb9682548c071c10db4a4059bc03f92e427b", kill_on_drop: false }`
[INFO] [stderr]    Compiling version_check v0.9.4
[INFO] [stderr]    Compiling typenum v1.17.0
[INFO] [stderr]    Compiling crossbeam-utils v0.8.18
[INFO] [stderr]    Compiling memchr v2.7.1
[INFO] [stderr]    Compiling simd-adler32 v0.3.7
[INFO] [stderr]    Compiling rayon-core v1.12.0
[INFO] [stderr]    Compiling crc32fast v1.3.2
[INFO] [stderr]    Compiling adler v1.0.2
[INFO] [stderr]    Compiling thiserror v1.0.56
[INFO] [stderr]    Compiling once_cell v1.19.0
[INFO] [stderr]    Compiling scopeguard v1.2.0
[INFO] [stderr]    Compiling libc v0.2.151
[INFO] [stderr]    Compiling num-traits v0.2.17
[INFO] [stderr]    Compiling lock_api v0.4.11
[INFO] [stderr]    Compiling serde v1.0.194
[INFO] [stderr]    Compiling syn v2.0.48
[INFO] [stderr]    Compiling num-integer v0.1.45
[INFO] [stderr]    Compiling subtle v2.5.0
[INFO] [stderr]    Compiling miniz_oxide v0.7.1
[INFO] [stderr]    Compiling num-rational v0.4.1
[INFO] [stderr]    Compiling regex-syntax v0.8.2
[INFO] [stderr]    Compiling serde_json v1.0.111
[INFO] [stderr]    Compiling generic-array v0.14.7
[INFO] [stderr]    Compiling ahash v0.8.7
[INFO] [stderr]    Compiling weezl v0.1.7
[INFO] [stderr]    Compiling byteorder v1.5.0
[INFO] [stderr]    Compiling doc-comment v0.3.3
[INFO] [stderr]    Compiling aho-corasick v1.1.2
[INFO] [stderr]    Compiling flate2 v1.0.28
[INFO] [stderr]    Compiling fdeflate v0.3.3
[INFO] [stderr]    Compiling zune-inflate v0.2.54
[INFO] [stderr]    Compiling spin v0.9.8
[INFO] [stderr]    Compiling itoa v1.0.10
[INFO] [stderr]    Compiling flume v0.11.0
[INFO] [stderr]    Compiling half v2.2.1
[INFO] [stderr]    Compiling cpufeatures v0.2.12
[INFO] [stderr]    Compiling crossbeam-epoch v0.9.17
[INFO] [stderr]    Compiling bytemuck v1.14.0
[INFO] [stderr]    Compiling ryu v1.0.16
[INFO] [stderr]    Compiling bit_field v0.10.2
[INFO] [stderr]    Compiling lebe v0.5.2
[INFO] [stderr]    Compiling zerocopy v0.7.32
[INFO] [stderr]    Compiling bit-vec v0.6.3
[INFO] [stderr]    Compiling smallvec v1.11.2
[INFO] [stderr]    Compiling crossbeam-deque v0.8.4
[INFO] [stderr]    Compiling color_quant v1.1.0
[INFO] [stderr]    Compiling getrandom v0.2.11
[INFO] [stderr]    Compiling qoi v0.4.1
[INFO] [stderr]    Compiling png v0.17.10
[INFO] [stderr]    Compiling bit-set v0.5.3
[INFO] [stderr]    Compiling gif v0.12.0
[INFO] [stderr]    Compiling uuid v1.6.1
[INFO] [stderr]    Compiling iana-time-zone v0.1.59
[INFO] [stderr]    Compiling zip v0.6.6
[INFO] [stderr]    Compiling encoding_rs v0.8.33
[INFO] [stderr]    Compiling thousands v0.2.0
[INFO] [stderr]    Compiling base64 v0.21.5
[INFO] [stderr]    Compiling rayon v1.8.0
[INFO] [stderr]    Compiling exr v1.71.0
[INFO] [stderr]    Compiling cfb v0.7.3
[INFO] [stderr]    Compiling chrono v0.4.31
[INFO] [stderr]    Compiling hashbrown v0.13.2
[INFO] [stderr]    Compiling crypto-common v0.1.6
[INFO] [stderr]    Compiling block-buffer v0.10.4
[INFO] [stderr]    Compiling block-padding v0.3.3
[INFO] [stderr]    Compiling digest v0.10.7
[INFO] [stderr]    Compiling inout v0.1.3
[INFO] [stderr]    Compiling regex-automata v0.4.3
[INFO] [stderr]    Compiling cipher v0.4.4
[INFO] [stderr]    Compiling sha2 v0.10.8
[INFO] [stderr]    Compiling md-5 v0.10.6
[INFO] [stderr]    Compiling hmac v0.12.1
[INFO] [stderr]    Compiling cbc v0.1.2
[INFO] [stderr]    Compiling aes v0.8.3
[INFO] [stderr]    Compiling thiserror-impl v1.0.56
[INFO] [stderr]    Compiling serde_derive v1.0.194
[INFO] [stderr]    Compiling jpeg-decoder v0.3.0
[INFO] [stderr]    Compiling tiff v0.9.0
[INFO] [stderr]    Compiling regex v1.10.2
[INFO] [stderr]    Compiling pest v2.7.6
[INFO] [stderr]    Compiling fancy-regex v0.11.0
[INFO] [stderr]    Compiling image v0.24.7
[INFO] [stderr]    Compiling pest_meta v2.7.6
[INFO] [stderr]    Compiling pest_generator v2.7.6
[INFO] [stderr]    Compiling pest_derive v2.7.6
[INFO] [stderr]    Compiling quick-xml v0.27.1
[INFO] [stderr]    Compiling html_parser v0.7.0
[INFO] [stderr]    Compiling umya-spreadsheet v1.1.0 (/opt/rustwide/workdir)
[INFO] [stderr]     Finished dev [unoptimized + debuginfo] target(s) in 20.09s
[INFO] running `Command { std: "docker" "inspect" "fda96465886fac6a4061421c25c8eb9682548c071c10db4a4059bc03f92e427b", kill_on_drop: false }`
[INFO] running `Command { std: "docker" "rm" "-f" "fda96465886fac6a4061421c25c8eb9682548c071c10db4a4059bc03f92e427b", kill_on_drop: false }`
[INFO] [stdout] fda96465886fac6a4061421c25c8eb9682548c071c10db4a4059bc03f92e427b
[INFO] running `Command { std: "docker" "create" "-v" "/var/lib/crater-agent-workspace/builds/worker-0-tc1/target:/opt/rustwide/target:rw,Z" "-v" "/var/lib/crater-agent-workspace/builds/worker-0-tc1/source:/opt/rustwide/workdir:ro,Z" "-v" "/var/lib/crater-agent-workspace/cargo-home:/opt/rustwide/cargo-home:ro,Z" "-v" "/var/lib/crater-agent-workspace/rustup-home:/opt/rustwide/rustup-home:ro,Z" "-e" "SOURCE_DIR=/opt/rustwide/workdir" "-e" "CARGO_TARGET_DIR=/opt/rustwide/target" "-e" "CARGO_INCREMENTAL=0" "-e" "RUST_BACKTRACE=full" "-e" "RUSTFLAGS=--cap-lints=warn" "-e" "RUSTDOCFLAGS=--cap-lints=warn" "-e" "CARGO_HOME=/opt/rustwide/cargo-home" "-e" "RUSTUP_HOME=/opt/rustwide/rustup-home" "-w" "/opt/rustwide/workdir" "-m" "1610612736" "--user" "0:0" "--network" "none" "ghcr.io/rust-lang/crates-build-env/linux@sha256:2788e3201cd34a07e3172128adcd8b3090168a8e3bcc40d7c032b9dda1df7d1c" "/opt/rustwide/cargo-home/bin/cargo" "+1.75.0" "test" "--frozen" "--no-run" "--message-format=json", kill_on_drop: false }`
[INFO] [stdout] 3ca8dde71db70eb51635bbef10aedae00cd6b9645b0616aa9c08ff573d532c86
[INFO] running `Command { std: "docker" "start" "-a" "3ca8dde71db70eb51635bbef10aedae00cd6b9645b0616aa9c08ff573d532c86", kill_on_drop: false }`
[INFO] [stderr]    Compiling umya-spreadsheet v1.1.0 (/opt/rustwide/workdir)
[INFO] [stderr]     Finished test [unoptimized + debuginfo] target(s) in 6.65s
[INFO] running `Command { std: "docker" "inspect" "3ca8dde71db70eb51635bbef10aedae00cd6b9645b0616aa9c08ff573d532c86", kill_on_drop: false }`
[INFO] running `Command { std: "docker" "rm" "-f" "3ca8dde71db70eb51635bbef10aedae00cd6b9645b0616aa9c08ff573d532c86", kill_on_drop: false }`
[INFO] [stdout] 3ca8dde71db70eb51635bbef10aedae00cd6b9645b0616aa9c08ff573d532c86
[INFO] running `Command { std: "docker" "create" "-v" "/var/lib/crater-agent-workspace/builds/worker-0-tc1/target:/opt/rustwide/target:rw,Z" "-v" "/var/lib/crater-agent-workspace/builds/worker-0-tc1/source:/opt/rustwide/workdir:ro,Z" "-v" "/var/lib/crater-agent-workspace/cargo-home:/opt/rustwide/cargo-home:ro,Z" "-v" "/var/lib/crater-agent-workspace/rustup-home:/opt/rustwide/rustup-home:ro,Z" "-e" "SOURCE_DIR=/opt/rustwide/workdir" "-e" "CARGO_TARGET_DIR=/opt/rustwide/target" "-e" "CARGO_INCREMENTAL=0" "-e" "RUST_BACKTRACE=full" "-e" "RUSTFLAGS=--cap-lints=warn" "-e" "RUSTDOCFLAGS=--cap-lints=warn" "-e" "CARGO_HOME=/opt/rustwide/cargo-home" "-e" "RUSTUP_HOME=/opt/rustwide/rustup-home" "-w" "/opt/rustwide/workdir" "-m" "1610612736" "--user" "0:0" "--network" "none" "ghcr.io/rust-lang/crates-build-env/linux@sha256:2788e3201cd34a07e3172128adcd8b3090168a8e3bcc40d7c032b9dda1df7d1c" "/opt/rustwide/cargo-home/bin/cargo" "+1.75.0" "test" "--frozen", kill_on_drop: false }`
[INFO] [stdout] 2f1bacf0d5dfab30fbb54fe28026bbda907ccc35a0f7cbd52b0090dd7cde8511
[INFO] running `Command { std: "docker" "start" "-a" "2f1bacf0d5dfab30fbb54fe28026bbda907ccc35a0f7cbd52b0090dd7cde8511", kill_on_drop: false }`
[INFO] [stderr]     Finished test [unoptimized + debuginfo] target(s) in 0.14s
[INFO] [stderr]      Running unittests src/lib.rs (/opt/rustwide/target/debug/deps/umya_spreadsheet-f57741284156ea9e)
[INFO] [stdout] 
[INFO] [stdout] running 14 tests
[INFO] [stdout] test helper::address::split_address_test ... ok
[INFO] [stdout] test helper::coordinate::tests::column_index_from_string_1 ... ok
[INFO] [stdout] test helper::crypt::tests::test_buffer_slice ... ok
[INFO] [stdout] test helper::coordinate::tests::string_from_column_index_1 ... ok
[INFO] [stdout] test helper::crypt::tests::test_hash ... ok
[INFO] [stdout] test structs::cell_value::tests::set_value ... ok
[INFO] [stdout] test helper::html::convert_test ... ok
[INFO] [stdout] test structs::numbering_format::tests::set_number_format_id ... ok
[INFO] [stdout] test structs::numbering_formats::tests::set_style ... ok
[INFO] [stdout] test helper::coordinate::tests::index_from_coordinate_1 ... ok
[INFO] [stdout] test helper::address::is_address_test ... ok
[INFO] [stdout] test helper::number_format::test_to_formatted_string_date ... ok
[INFO] [stdout] test helper::crypt::tests::test_convert_password_to_key ... ok
[INFO] [stdout] test helper::crypt::tests::test_encrypt ... ok
[INFO] [stdout] 
[INFO] [stdout] test result: ok. 14 passed; 0 failed; 0 ignored; 0 measured; 0 filtered out; finished in 6.66s
[INFO] [stdout] 
[INFO] [stderr]      Running tests/integration_test.rs (/opt/rustwide/target/debug/deps/integration_test-0567ef76bbf37e55)
[INFO] [stdout] 
[INFO] [stdout] running 38 tests
[INFO] [stdout] test issue_114 ... ignored
[INFO] [stdout] test lazy_read_and_wite_by_empty ... ok
[INFO] [stdout] test duplicate_sheet ... ok
[INFO] [stdout] test issue_test ... ok
[INFO] [stdout] test issue_147 ... ok
[INFO] [stdout] test google ... ok
[INFO] [stdout] test move_range_test ... ok
[INFO] [stdout] test new_file_empty_worksheet ... ok
[INFO] [stdout] test insert_and_remove_cells ... ok
[INFO] [stdout] test libre ... ok
[INFO] [stdout] test lazy_read_and_wite_xlsm_no_edit ... ok
[INFO] [stdout] test lazy_read_and_wite_xlsm2 ... ok
[INFO] [stdout] test read_and_wite_2 ... ok
[INFO] [stdout] test read_and_wite_by_empty ... ok
[INFO] [stdout] test html_to_richtext_test ... ok
[INFO] [stdout] test read_and_wite_libre2 ... ok
[INFO] [stdout] test lazy_read_and_wite_no_edit ... ok
[INFO] [stdout] test issue_129 ... ok
[INFO] [stdout] test issue_110 ... ok
[INFO] [stdout] test read_and_wite_theme ... ok
[INFO] [stdout] test wb_with_shared_strings ... ok
[INFO] [stdout] test witer_csv ... ok
[INFO] [stdout] test lazy_read_and_wite_xlsm ... ok
[INFO] [stdout] test compression_test ... ok
[INFO] [stdout] test issue_72 ... FAILED
[INFO] [stdout] test new_file_and_edit ... FAILED
[INFO] [stdout] test new_and_wite ... FAILED
[INFO] [stdout] test openpyxl ... FAILED
[INFO] [stdout] test new_sheet_and_edit ... FAILED
[INFO] [stdout] test lazy_read_and_wite ... ok
[INFO] [stdout] test read_and_wite_xlsm ... ok
[INFO] [stdout] test read_and_wite ... FAILED
[INFO] [stdout] test workbooklock_test ... ok
[INFO] [stdout] test sheetlock_test ... ok
[INFO] [stdout] test lazy_read_and_wite_large_string ... ok
[INFO] [stdout] test wite_with_password ... FAILED
[INFO] [stdout] test read_and_wite_with_password ... FAILED
[INFO] [stderr] error: test failed, to rerun pass `--test integration_test`
[INFO] [stderr] 
[INFO] [stderr] Caused by:
[INFO] [stderr]   process didn't exit successfully: `/opt/rustwide/target/debug/deps/integration_test-0567ef76bbf37e55` (signal: 9, SIGKILL: kill)
[INFO] running `Command { std: "docker" "inspect" "2f1bacf0d5dfab30fbb54fe28026bbda907ccc35a0f7cbd52b0090dd7cde8511", kill_on_drop: false }`
[INFO] running `Command { std: "docker" "rm" "-f" "2f1bacf0d5dfab30fbb54fe28026bbda907ccc35a0f7cbd52b0090dd7cde8511", kill_on_drop: false }`
[INFO] [stdout] 2f1bacf0d5dfab30fbb54fe28026bbda907ccc35a0f7cbd52b0090dd7cde8511
