[INFO] fetching crate uem-reader 0.2.1...
[INFO] testing uem-reader-0.2.1 against 1.75.0 for beta-1.76-1
[INFO] extracting crate uem-reader 0.2.1 into /workspace/builds/worker-2-tc1/source
[INFO] validating manifest of crates.io crate uem-reader 0.2.1 on toolchain 1.75.0
[INFO] running `Command { std: CARGO_HOME="/workspace/cargo-home" RUSTUP_HOME="/workspace/rustup-home" "/workspace/cargo-home/bin/cargo" "+1.75.0" "metadata" "--manifest-path" "Cargo.toml" "--no-deps", kill_on_drop: false }`
[INFO] started tweaking crates.io crate uem-reader 0.2.1
[INFO] finished tweaking crates.io crate uem-reader 0.2.1
[INFO] tweaked toml for crates.io crate uem-reader 0.2.1 written to /workspace/builds/worker-2-tc1/source/Cargo.toml
[INFO] crate crates.io crate uem-reader 0.2.1 already has a lockfile, it will not be regenerated
[INFO] running `Command { std: CARGO_HOME="/workspace/cargo-home" RUSTUP_HOME="/workspace/rustup-home" "/workspace/cargo-home/bin/cargo" "+1.75.0" "fetch" "--manifest-path" "Cargo.toml", kill_on_drop: false }`
[INFO] [stderr]     Updating crates.io index
[INFO] [stderr]  Downloading crates ...
[INFO] [stderr]   Downloaded phf_generator v0.9.1
[INFO] [stderr]   Downloaded phf_shared v0.9.0
[INFO] [stderr]   Downloaded enum-iterator v1.2.0
[INFO] [stderr]   Downloaded nom v7.1.2
[INFO] [stderr]   Downloaded phf_codegen v0.9.0
[INFO] [stderr]   Downloaded rusb v0.9.1
[INFO] [stderr]   Downloaded phf v0.9.0
[INFO] [stderr]   Downloaded usb-ids v1.2022.1224
[INFO] running `Command { std: "docker" "create" "-v" "/var/lib/crater-agent-workspace/builds/worker-2-tc1/target:/opt/rustwide/target:rw,Z" "-v" "/var/lib/crater-agent-workspace/builds/worker-2-tc1/source:/opt/rustwide/workdir:ro,Z" "-v" "/var/lib/crater-agent-workspace/cargo-home:/opt/rustwide/cargo-home:ro,Z" "-v" "/var/lib/crater-agent-workspace/rustup-home:/opt/rustwide/rustup-home:ro,Z" "-e" "SOURCE_DIR=/opt/rustwide/workdir" "-e" "CARGO_TARGET_DIR=/opt/rustwide/target" "-e" "CARGO_HOME=/opt/rustwide/cargo-home" "-e" "RUSTUP_HOME=/opt/rustwide/rustup-home" "-w" "/opt/rustwide/workdir" "-m" "1610612736" "--user" "0:0" "--network" "none" "ghcr.io/rust-lang/crates-build-env/linux@sha256:2788e3201cd34a07e3172128adcd8b3090168a8e3bcc40d7c032b9dda1df7d1c" "/opt/rustwide/cargo-home/bin/cargo" "+1.75.0" "metadata" "--no-deps" "--format-version=1", kill_on_drop: false }`
[INFO] [stdout] 1951e0f499e8801a220489677f4b975e025deb45fec71029c3f145532b5989ce
[INFO] running `Command { std: "docker" "start" "-a" "1951e0f499e8801a220489677f4b975e025deb45fec71029c3f145532b5989ce", kill_on_drop: false }`
[INFO] running `Command { std: "docker" "inspect" "1951e0f499e8801a220489677f4b975e025deb45fec71029c3f145532b5989ce", kill_on_drop: false }`
[INFO] running `Command { std: "docker" "rm" "-f" "1951e0f499e8801a220489677f4b975e025deb45fec71029c3f145532b5989ce", kill_on_drop: false }`
[INFO] [stdout] 1951e0f499e8801a220489677f4b975e025deb45fec71029c3f145532b5989ce
[INFO] running `Command { std: "docker" "create" "-v" "/var/lib/crater-agent-workspace/builds/worker-2-tc1/target:/opt/rustwide/target:rw,Z" "-v" "/var/lib/crater-agent-workspace/builds/worker-2-tc1/source:/opt/rustwide/workdir:ro,Z" "-v" "/var/lib/crater-agent-workspace/cargo-home:/opt/rustwide/cargo-home:ro,Z" "-v" "/var/lib/crater-agent-workspace/rustup-home:/opt/rustwide/rustup-home:ro,Z" "-e" "SOURCE_DIR=/opt/rustwide/workdir" "-e" "CARGO_TARGET_DIR=/opt/rustwide/target" "-e" "CARGO_INCREMENTAL=0" "-e" "RUST_BACKTRACE=full" "-e" "RUSTFLAGS=--cap-lints=warn" "-e" "RUSTDOCFLAGS=--cap-lints=warn" "-e" "CARGO_HOME=/opt/rustwide/cargo-home" "-e" "RUSTUP_HOME=/opt/rustwide/rustup-home" "-w" "/opt/rustwide/workdir" "-m" "1610612736" "--user" "0:0" "--network" "none" "ghcr.io/rust-lang/crates-build-env/linux@sha256:2788e3201cd34a07e3172128adcd8b3090168a8e3bcc40d7c032b9dda1df7d1c" "/opt/rustwide/cargo-home/bin/cargo" "+1.75.0" "build" "--frozen" "--message-format=json", kill_on_drop: false }`
[INFO] [stdout] 72c1f8617ba77e17ffbfd8256c9429a935123110a9b95e5be5580ef67c69ec8b
[INFO] running `Command { std: "docker" "start" "-a" "72c1f8617ba77e17ffbfd8256c9429a935123110a9b95e5be5580ef67c69ec8b", kill_on_drop: false }`
[INFO] [stderr]    Compiling proc-macro2 v1.0.47
[INFO] [stderr]    Compiling libc v0.2.137
[INFO] [stderr]    Compiling quote v1.0.21
[INFO] [stderr]    Compiling unicode-ident v1.0.5
[INFO] [stderr]    Compiling ppv-lite86 v0.2.17
[INFO] [stderr]    Compiling siphasher v0.3.10
[INFO] [stderr]    Compiling syn v1.0.107
[INFO] [stderr]    Compiling memchr v2.3.4
[INFO] [stderr]    Compiling phf_shared v0.9.0
[INFO] [stderr]    Compiling pkg-config v0.3.26
[INFO] [stderr]    Compiling cc v1.0.76
[INFO] [stderr]    Compiling minimal-lexical v0.2.1
[INFO] [stderr]    Compiling nom v7.1.2
[INFO] [stderr]    Compiling thiserror v1.0.38
[INFO] [stderr]    Compiling rusb v0.9.1
[INFO] [stderr]    Compiling phf v0.9.0
[INFO] [stderr]    Compiling getrandom v0.2.8
[INFO] [stderr]    Compiling rand_core v0.6.4
[INFO] [stderr]    Compiling libusb1-sys v0.6.4
[INFO] [stderr]    Compiling rand_chacha v0.3.1
[INFO] [stderr]    Compiling rand v0.8.5
[INFO] [stderr]    Compiling phf_generator v0.9.1
[INFO] [stderr]    Compiling phf_codegen v0.9.0
[INFO] [stderr]    Compiling usb-ids v1.2022.1224
[INFO] [stderr]    Compiling thiserror-impl v1.0.38
[INFO] [stderr]    Compiling enum-iterator-derive v1.1.0
[INFO] [stderr]    Compiling enum-iterator v1.2.0
[INFO] [stderr]    Compiling uem-reader v0.2.1 (/opt/rustwide/workdir)
[INFO] [stderr]     Finished dev [unoptimized + debuginfo] target(s) in 10.79s
[INFO] running `Command { std: "docker" "inspect" "72c1f8617ba77e17ffbfd8256c9429a935123110a9b95e5be5580ef67c69ec8b", kill_on_drop: false }`
[INFO] running `Command { std: "docker" "rm" "-f" "72c1f8617ba77e17ffbfd8256c9429a935123110a9b95e5be5580ef67c69ec8b", kill_on_drop: false }`
[INFO] [stdout] 72c1f8617ba77e17ffbfd8256c9429a935123110a9b95e5be5580ef67c69ec8b
[INFO] running `Command { std: "docker" "create" "-v" "/var/lib/crater-agent-workspace/builds/worker-2-tc1/target:/opt/rustwide/target:rw,Z" "-v" "/var/lib/crater-agent-workspace/builds/worker-2-tc1/source:/opt/rustwide/workdir:ro,Z" "-v" "/var/lib/crater-agent-workspace/cargo-home:/opt/rustwide/cargo-home:ro,Z" "-v" "/var/lib/crater-agent-workspace/rustup-home:/opt/rustwide/rustup-home:ro,Z" "-e" "SOURCE_DIR=/opt/rustwide/workdir" "-e" "CARGO_TARGET_DIR=/opt/rustwide/target" "-e" "CARGO_INCREMENTAL=0" "-e" "RUST_BACKTRACE=full" "-e" "RUSTFLAGS=--cap-lints=warn" "-e" "RUSTDOCFLAGS=--cap-lints=warn" "-e" "CARGO_HOME=/opt/rustwide/cargo-home" "-e" "RUSTUP_HOME=/opt/rustwide/rustup-home" "-w" "/opt/rustwide/workdir" "-m" "1610612736" "--user" "0:0" "--network" "none" "ghcr.io/rust-lang/crates-build-env/linux@sha256:2788e3201cd34a07e3172128adcd8b3090168a8e3bcc40d7c032b9dda1df7d1c" "/opt/rustwide/cargo-home/bin/cargo" "+1.75.0" "test" "--frozen" "--no-run" "--message-format=json", kill_on_drop: false }`
[INFO] [stdout] e7a0411644a2ffdb67be2a73917faf530cfbd7c940a4c20a9315958c430b275c
[INFO] running `Command { std: "docker" "start" "-a" "e7a0411644a2ffdb67be2a73917faf530cfbd7c940a4c20a9315958c430b275c", kill_on_drop: false }`
[INFO] [stderr]    Compiling uem-reader v0.2.1 (/opt/rustwide/workdir)
[INFO] [stderr]     Finished test [unoptimized + debuginfo] target(s) in 0.51s
[INFO] running `Command { std: "docker" "inspect" "e7a0411644a2ffdb67be2a73917faf530cfbd7c940a4c20a9315958c430b275c", kill_on_drop: false }`
[INFO] running `Command { std: "docker" "rm" "-f" "e7a0411644a2ffdb67be2a73917faf530cfbd7c940a4c20a9315958c430b275c", kill_on_drop: false }`
[INFO] [stdout] e7a0411644a2ffdb67be2a73917faf530cfbd7c940a4c20a9315958c430b275c
[INFO] running `Command { std: "docker" "create" "-v" "/var/lib/crater-agent-workspace/builds/worker-2-tc1/target:/opt/rustwide/target:rw,Z" "-v" "/var/lib/crater-agent-workspace/builds/worker-2-tc1/source:/opt/rustwide/workdir:ro,Z" "-v" "/var/lib/crater-agent-workspace/cargo-home:/opt/rustwide/cargo-home:ro,Z" "-v" "/var/lib/crater-agent-workspace/rustup-home:/opt/rustwide/rustup-home:ro,Z" "-e" "SOURCE_DIR=/opt/rustwide/workdir" "-e" "CARGO_TARGET_DIR=/opt/rustwide/target" "-e" "CARGO_INCREMENTAL=0" "-e" "RUST_BACKTRACE=full" "-e" "RUSTFLAGS=--cap-lints=warn" "-e" "RUSTDOCFLAGS=--cap-lints=warn" "-e" "CARGO_HOME=/opt/rustwide/cargo-home" "-e" "RUSTUP_HOME=/opt/rustwide/rustup-home" "-w" "/opt/rustwide/workdir" "-m" "1610612736" "--user" "0:0" "--network" "none" "ghcr.io/rust-lang/crates-build-env/linux@sha256:2788e3201cd34a07e3172128adcd8b3090168a8e3bcc40d7c032b9dda1df7d1c" "/opt/rustwide/cargo-home/bin/cargo" "+1.75.0" "test" "--frozen", kill_on_drop: false }`
[INFO] [stdout] 5ba00fd78b57a64a137e361a85cdbc6787968a3126057b9ce7f84b9be95da50d
[INFO] running `Command { std: "docker" "start" "-a" "5ba00fd78b57a64a137e361a85cdbc6787968a3126057b9ce7f84b9be95da50d", kill_on_drop: false }`
[INFO] [stderr]     Finished test [unoptimized + debuginfo] target(s) in 0.04s
[INFO] [stderr]      Running unittests src/lib.rs (/opt/rustwide/target/debug/deps/uem_reader-46c021869337ded9)
[INFO] [stdout] 
[INFO] [stdout] running 0 tests
[INFO] [stdout] 
[INFO] [stdout] test result: ok. 0 passed; 0 failed; 0 ignored; 0 measured; 0 filtered out; finished in 0.00s
[INFO] [stdout] 
[INFO] [stderr]      Running unittests src/main.rs (/opt/rustwide/target/debug/deps/uem_reader-26e539dcbadee618)
[INFO] [stdout] 
[INFO] [stdout] running 0 tests
[INFO] [stderr]    Doc-tests uem-reader
[INFO] [stdout] 
[INFO] [stdout] test result: ok. 0 passed; 0 failed; 0 ignored; 0 measured; 0 filtered out; finished in 0.00s
[INFO] [stdout] 
[INFO] [stdout] 
[INFO] [stdout] running 18 tests
[INFO] [stdout] test src/commands/cards.rs - commands::cards::UemCommandsCards<'a>::activate_a (line 101) ... ignored
[INFO] [stdout] test src/commands/cards.rs - commands::cards::UemCommandsCards<'a>::activate_b (line 154) ... ignored
[INFO] [stdout] test src/commands/cards/mifare/classic.rs - commands::cards::mifare::classic::UemCommandsCardsMifareClassic<'a>::authenticate_key_a (line 36) ... ignored
[INFO] [stdout] test src/commands/cards/mifare/classic.rs - commands::cards::mifare::classic::UemCommandsCardsMifareClassic<'a>::authenticate_key_b (line 76) ... ignored
[INFO] [stdout] test src/commands/cards/mifare/classic.rs - commands::cards::mifare::classic::UemCommandsCardsMifareClassic<'a>::read (line 115) ... ignored
[INFO] [stdout] test src/commands/cards/mifare/classic.rs - commands::cards::mifare::classic::UemCommandsCardsMifareClassic<'a>::write (line 148) ... ignored
[INFO] [stdout] test src/lib.rs - (line 12) ... FAILED
[INFO] [stdout] test src/reader.rs - reader::UemReader::close (line 63) ... ignored
[INFO] [stdout] test src/reader.rs - reader::UemReader::open (line 50) ... ignored
[INFO] [stdout] test src/reader.rs - reader::UemReader::send (line 84) ... ignored
[INFO] [stdout] test src/commands/reader.rs - commands::reader::UemCommandsReader<'a>::beep (line 54) ... FAILED
[INFO] [stdout] test src/commands/reader.rs - commands::reader::UemCommandsReader<'a>::get_serial (line 246) ... FAILED
[INFO] [stdout] test src/commands/reader.rs - commands::reader::UemCommandsReader<'a>::get_version (line 210) ... FAILED
[INFO] [stdout] test src/commands/reader.rs - commands::reader::UemCommandsReader<'a>::radio_off_on (line 174) ... FAILED
[INFO] [stdout] test src/commands/reader.rs - commands::reader::UemCommandsReader<'a>::led (line 94) ... FAILED
[INFO] [stdout] test src/commands/reader.rs - commands::reader::UemCommandsReader<'a>::power_radio (line 131) ... FAILED
[INFO] [stdout] test src/reader/usb.rs - reader::usb::find_usb_readers (line 137) - compile ... ok
[INFO] [stdout] test src/lib.rs - (line 18) ... FAILED
[INFO] [stdout] 
[INFO] [stdout] failures:
[INFO] [stdout] 
[INFO] [stdout] ---- src/lib.rs - (line 12) stdout ----
[INFO] [stdout] error: expected one of `!`, `.`, `::`, `;`, `?`, `{`, `}`, or an operator, found `chmod`
[INFO] [stdout]  --> src/lib.rs:13:6
[INFO] [stdout]   |
[INFO] [stdout] 3 | sudo chmod o+w /dev/bus/usb/002/008
[INFO] [stdout]   |      ^^^^^ expected one of 8 possible tokens
[INFO] [stdout] 
[INFO] [stdout] error: aborting due to previous error
[INFO] [stdout] 
[INFO] [stdout] Couldn't compile the test.
[INFO] [stdout] ---- src/commands/reader.rs - commands::reader::UemCommandsReader<'a>::beep (line 54) stdout ----
[INFO] [stdout] error[E0432]: unresolved import `uem_reader::reader::UemReaderInternal`
[INFO] [stdout]  --> src/commands/reader.rs:56:26
[INFO] [stdout]   |
[INFO] [stdout] 5 | use uem_reader::reader::{UemReaderInternal, usb::find_usb_readers};
[INFO] [stdout]   |                          ^^^^^^^^^^^^^^^^^
[INFO] [stdout]   |                          |
[INFO] [stdout]   |                          no `UemReaderInternal` in `reader`
[INFO] [stdout]   |                          help: a similar name exists in the module: `UemReaderInternalTrait`
[INFO] [stdout] 
[INFO] [stdout] error[E0599]: no method named `open` found for mutable reference `&mut Arc<Mutex<(dyn UemReaderInternalTrait + Send + 'static)>>` in the current scope
[INFO] [stdout]   --> src/commands/reader.rs:63:15
[INFO] [stdout]    |
[INFO] [stdout] 12 | if uem_reader.open().is_err() { return; }
[INFO] [stdout]    |               ^^^^ method not found in `&mut Arc<Mutex<dyn UemReaderInternalTrait + Send>>`
[INFO] [stdout]    |
[INFO] [stdout]    = help: items from traits can only be used if the trait is in scope
[INFO] [stdout] help: the following trait is implemented but not in scope; perhaps add a `use` for it:
[INFO] [stdout]    |
[INFO] [stdout] 2  + use crate::uem_reader::reader::UemReaderInternalTrait;
[INFO] [stdout]    |
[INFO] [stdout] 
[INFO] [stdout] error[E0599]: no method named `close` found for mutable reference `&mut Arc<Mutex<(dyn UemReaderInternalTrait + Send + 'static)>>` in the current scope
[INFO] [stdout]   --> src/commands/reader.rs:70:15
[INFO] [stdout]    |
[INFO] [stdout] 19 | if uem_reader.close().is_err() { return; }
[INFO] [stdout]    |               ^^^^^ method not found in `&mut Arc<Mutex<dyn UemReaderInternalTrait + Send>>`
[INFO] [stdout]    |
[INFO] [stdout]    = help: items from traits can only be used if the trait is in scope
[INFO] [stdout] help: the following trait is implemented but not in scope; perhaps add a `use` for it:
[INFO] [stdout]    |
[INFO] [stdout] 2  + use crate::uem_reader::reader::UemReaderInternalTrait;
[INFO] [stdout]    |
[INFO] [stdout] 
[INFO] [stdout] error: aborting due to 3 previous errors
[INFO] [stdout] 
[INFO] [stdout] Some errors have detailed explanations: E0432, E0599.
[INFO] [stdout] For more information about an error, try `rustc --explain E0432`.
[INFO] [stdout] Couldn't compile the test.
[INFO] [stdout] ---- src/commands/reader.rs - commands::reader::UemCommandsReader<'a>::get_serial (line 246) stdout ----
[INFO] [stdout] error[E0432]: unresolved import `uem_reader::reader::UemReaderInternal`
[INFO] [stdout]  --> src/commands/reader.rs:248:26
[INFO] [stdout]   |
[INFO] [stdout] 5 | use uem_reader::reader::{UemReaderInternal, usb::find_usb_readers};
[INFO] [stdout]   |                          ^^^^^^^^^^^^^^^^^
[INFO] [stdout]   |                          |
[INFO] [stdout]   |                          no `UemReaderInternal` in `reader`
[INFO] [stdout]   |                          help: a similar name exists in the module: `UemReaderInternalTrait`
[INFO] [stdout] 
[INFO] [stdout] error[E0599]: no method named `open` found for mutable reference `&mut Arc<Mutex<(dyn UemReaderInternalTrait + Send + 'static)>>` in the current scope
[INFO] [stdout]   --> src/commands/reader.rs:255:15
[INFO] [stdout]    |
[INFO] [stdout] 12 | if uem_reader.open().is_err() { return; }
[INFO] [stdout]    |               ^^^^ method not found in `&mut Arc<Mutex<dyn UemReaderInternalTrait + Send>>`
[INFO] [stdout]    |
[INFO] [stdout]    = help: items from traits can only be used if the trait is in scope
[INFO] [stdout] help: the following trait is implemented but not in scope; perhaps add a `use` for it:
[INFO] [stdout]    |
[INFO] [stdout] 2  + use crate::uem_reader::reader::UemReaderInternalTrait;
[INFO] [stdout]    |
[INFO] [stdout] 
[INFO] [stdout] error[E0599]: no method named `close` found for mutable reference `&mut Arc<Mutex<(dyn UemReaderInternalTrait + Send + 'static)>>` in the current scope
[INFO] [stdout]   --> src/commands/reader.rs:260:20
[INFO] [stdout]    |
[INFO] [stdout] 17 |         uem_reader.close();
[INFO] [stdout]    |                    ^^^^^ method not found in `&mut Arc<Mutex<dyn UemReaderInternalTrait + Send>>`
[INFO] [stdout]    |
[INFO] [stdout]    = help: items from traits can only be used if the trait is in scope
[INFO] [stdout] help: the following trait is implemented but not in scope; perhaps add a `use` for it:
[INFO] [stdout]    |
[INFO] [stdout] 2  + use crate::uem_reader::reader::UemReaderInternalTrait;
[INFO] [stdout]    |
[INFO] [stdout] 
[INFO] [stdout] error[E0599]: no method named `close` found for mutable reference `&mut Arc<Mutex<(dyn UemReaderInternalTrait + Send + 'static)>>` in the current scope
[INFO] [stdout]   --> src/commands/reader.rs:265:15
[INFO] [stdout]    |
[INFO] [stdout] 22 | if uem_reader.close().is_err() { return; }
[INFO] [stdout]    |               ^^^^^ method not found in `&mut Arc<Mutex<dyn UemReaderInternalTrait + Send>>`
[INFO] [stdout]    |
[INFO] [stdout]    = help: items from traits can only be used if the trait is in scope
[INFO] [stdout] help: the following trait is implemented but not in scope; perhaps add a `use` for it:
[INFO] [stdout]    |
[INFO] [stdout] 2  + use crate::uem_reader::reader::UemReaderInternalTrait;
[INFO] [stdout]    |
[INFO] [stdout] 
[INFO] [stdout] error: aborting due to 4 previous errors
[INFO] [stdout] 
[INFO] [stdout] Some errors have detailed explanations: E0432, E0599.
[INFO] [stdout] For more information about an error, try `rustc --explain E0432`.
[INFO] [stdout] Couldn't compile the test.
[INFO] [stdout] ---- src/commands/reader.rs - commands::reader::UemCommandsReader<'a>::get_version (line 210) stdout ----
[INFO] [stdout] error[E0432]: unresolved import `uem_reader::reader::UemReaderInternal`
[INFO] [stdout]  --> src/commands/reader.rs:212:26
[INFO] [stdout]   |
[INFO] [stdout] 5 | use uem_reader::reader::{UemReaderInternal, usb::find_usb_readers};
[INFO] [stdout]   |                          ^^^^^^^^^^^^^^^^^
[INFO] [stdout]   |                          |
[INFO] [stdout]   |                          no `UemReaderInternal` in `reader`
[INFO] [stdout]   |                          help: a similar name exists in the module: `UemReaderInternalTrait`
[INFO] [stdout] 
[INFO] [stdout] error[E0599]: no method named `open` found for mutable reference `&mut Arc<Mutex<(dyn UemReaderInternalTrait + Send + 'static)>>` in the current scope
[INFO] [stdout]   --> src/commands/reader.rs:219:15
[INFO] [stdout]    |
[INFO] [stdout] 12 | if uem_reader.open().is_err() { return; }
[INFO] [stdout]    |               ^^^^ method not found in `&mut Arc<Mutex<dyn UemReaderInternalTrait + Send>>`
[INFO] [stdout]    |
[INFO] [stdout]    = help: items from traits can only be used if the trait is in scope
[INFO] [stdout] help: the following trait is implemented but not in scope; perhaps add a `use` for it:
[INFO] [stdout]    |
[INFO] [stdout] 2  + use crate::uem_reader::reader::UemReaderInternalTrait;
[INFO] [stdout]    |
[INFO] [stdout] 
[INFO] [stdout] error[E0599]: no method named `close` found for mutable reference `&mut Arc<Mutex<(dyn UemReaderInternalTrait + Send + 'static)>>` in the current scope
[INFO] [stdout]   --> src/commands/reader.rs:224:20
[INFO] [stdout]    |
[INFO] [stdout] 17 |         uem_reader.close();
[INFO] [stdout]    |                    ^^^^^ method not found in `&mut Arc<Mutex<dyn UemReaderInternalTrait + Send>>`
[INFO] [stdout]    |
[INFO] [stdout]    = help: items from traits can only be used if the trait is in scope
[INFO] [stdout] help: the following trait is implemented but not in scope; perhaps add a `use` for it:
[INFO] [stdout]    |
[INFO] [stdout] 2  + use crate::uem_reader::reader::UemReaderInternalTrait;
[INFO] [stdout]    |
[INFO] [stdout] 
[INFO] [stdout] error[E0599]: no method named `close` found for mutable reference `&mut Arc<Mutex<(dyn UemReaderInternalTrait + Send + 'static)>>` in the current scope
[INFO] [stdout]   --> src/commands/reader.rs:229:15
[INFO] [stdout]    |
[INFO] [stdout] 22 | if uem_reader.close().is_err() { return; }
[INFO] [stdout]    |               ^^^^^ method not found in `&mut Arc<Mutex<dyn UemReaderInternalTrait + Send>>`
[INFO] [stdout]    |
[INFO] [stdout]    = help: items from traits can only be used if the trait is in scope
[INFO] [stdout] help: the following trait is implemented but not in scope; perhaps add a `use` for it:
[INFO] [stdout]    |
[INFO] [stdout] 2  + use crate::uem_reader::reader::UemReaderInternalTrait;
[INFO] [stdout]    |
[INFO] [stdout] 
[INFO] [stdout] error: aborting due to 4 previous errors
[INFO] [stdout] 
[INFO] [stdout] Some errors have detailed explanations: E0432, E0599.
[INFO] [stdout] For more information about an error, try `rustc --explain E0432`.
[INFO] [stdout] Couldn't compile the test.
[INFO] [stdout] ---- src/commands/reader.rs - commands::reader::UemCommandsReader<'a>::radio_off_on (line 174) stdout ----
[INFO] [stdout] error[E0432]: unresolved import `uem_reader::reader::UemReaderInternal`
[INFO] [stdout]  --> src/commands/reader.rs:176:26
[INFO] [stdout]   |
[INFO] [stdout] 5 | use uem_reader::reader::{UemReaderInternal, usb::find_usb_readers};
[INFO] [stdout]   |                          ^^^^^^^^^^^^^^^^^
[INFO] [stdout]   |                          |
[INFO] [stdout]   |                          no `UemReaderInternal` in `reader`
[INFO] [stdout]   |                          help: a similar name exists in the module: `UemReaderInternalTrait`
[INFO] [stdout] 
[INFO] [stdout] error[E0599]: no method named `open` found for mutable reference `&mut Arc<Mutex<(dyn UemReaderInternalTrait + Send + 'static)>>` in the current scope
[INFO] [stdout]   --> src/commands/reader.rs:183:15
[INFO] [stdout]    |
[INFO] [stdout] 12 | if uem_reader.open().is_err() { return; }
[INFO] [stdout]    |               ^^^^ method not found in `&mut Arc<Mutex<dyn UemReaderInternalTrait + Send>>`
[INFO] [stdout]    |
[INFO] [stdout]    = help: items from traits can only be used if the trait is in scope
[INFO] [stdout] help: the following trait is implemented but not in scope; perhaps add a `use` for it:
[INFO] [stdout]    |
[INFO] [stdout] 2  + use crate::uem_reader::reader::UemReaderInternalTrait;
[INFO] [stdout]    |
[INFO] [stdout] 
[INFO] [stdout] error[E0599]: no method named `close` found for mutable reference `&mut Arc<Mutex<(dyn UemReaderInternalTrait + Send + 'static)>>` in the current scope
[INFO] [stdout]   --> src/commands/reader.rs:190:15
[INFO] [stdout]    |
[INFO] [stdout] 19 | if uem_reader.close().is_err() { return; }
[INFO] [stdout]    |               ^^^^^ method not found in `&mut Arc<Mutex<dyn UemReaderInternalTrait + Send>>`
[INFO] [stdout]    |
[INFO] [stdout]    = help: items from traits can only be used if the trait is in scope
[INFO] [stdout] help: the following trait is implemented but not in scope; perhaps add a `use` for it:
[INFO] [stdout]    |
[INFO] [stdout] 2  + use crate::uem_reader::reader::UemReaderInternalTrait;
[INFO] [stdout]    |
[INFO] [stdout] 
[INFO] [stdout] error: aborting due to 3 previous errors
[INFO] [stdout] 
[INFO] [stdout] Some errors have detailed explanations: E0432, E0599.
[INFO] [stdout] For more information about an error, try `rustc --explain E0432`.
[INFO] [stdout] Couldn't compile the test.
[INFO] [stdout] ---- src/commands/reader.rs - commands::reader::UemCommandsReader<'a>::led (line 94) stdout ----
[INFO] [stdout] error[E0432]: unresolved import `uem_reader::reader::UemReaderInternal`
[INFO] [stdout]  --> src/commands/reader.rs:97:5
[INFO] [stdout]   |
[INFO] [stdout] 6 |     UemReaderInternal,
[INFO] [stdout]   |     ^^^^^^^^^^^^^^^^^
[INFO] [stdout]   |     |
[INFO] [stdout]   |     no `UemReaderInternal` in `reader`
[INFO] [stdout]   |     help: a similar name exists in the module: `UemReaderInternalTrait`
[INFO] [stdout] 
[INFO] [stdout] error[E0599]: no method named `open` found for mutable reference `&mut Arc<Mutex<(dyn UemReaderInternalTrait + Send + 'static)>>` in the current scope
[INFO] [stdout]   --> src/commands/reader.rs:105:15
[INFO] [stdout]    |
[INFO] [stdout] 14 | if uem_reader.open().is_err() { return; }
[INFO] [stdout]    |               ^^^^ method not found in `&mut Arc<Mutex<dyn UemReaderInternalTrait + Send>>`
[INFO] [stdout]    |
[INFO] [stdout]    = help: items from traits can only be used if the trait is in scope
[INFO] [stdout] help: the following trait is implemented but not in scope; perhaps add a `use` for it:
[INFO] [stdout]    |
[INFO] [stdout] 2  + use crate::uem_reader::reader::UemReaderInternalTrait;
[INFO] [stdout]    |
[INFO] [stdout] 
[INFO] [stdout] error[E0599]: no method named `close` found for mutable reference `&mut Arc<Mutex<(dyn UemReaderInternalTrait + Send + 'static)>>` in the current scope
[INFO] [stdout]   --> src/commands/reader.rs:112:15
[INFO] [stdout]    |
[INFO] [stdout] 21 | if uem_reader.close().is_err() { return; }
[INFO] [stdout]    |               ^^^^^ method not found in `&mut Arc<Mutex<dyn UemReaderInternalTrait + Send>>`
[INFO] [stdout]    |
[INFO] [stdout]    = help: items from traits can only be used if the trait is in scope
[INFO] [stdout] help: the following trait is implemented but not in scope; perhaps add a `use` for it:
[INFO] [stdout]    |
[INFO] [stdout] 2  + use crate::uem_reader::reader::UemReaderInternalTrait;
[INFO] [stdout]    |
[INFO] [stdout] 
[INFO] [stdout] error: aborting due to 3 previous errors
[INFO] [stdout] 
[INFO] [stdout] Some errors have detailed explanations: E0432, E0599.
[INFO] [stdout] For more information about an error, try `rustc --explain E0432`.
[INFO] [stdout] Couldn't compile the test.
[INFO] [stdout] ---- src/commands/reader.rs - commands::reader::UemCommandsReader<'a>::power_radio (line 131) stdout ----
[INFO] [stdout] error[E0432]: unresolved import `uem_reader::reader::UemReaderInternal`
[INFO] [stdout]  --> src/commands/reader.rs:133:26
[INFO] [stdout]   |
[INFO] [stdout] 5 | use uem_reader::reader::{UemReaderInternal, usb::find_usb_readers};
[INFO] [stdout]   |                          ^^^^^^^^^^^^^^^^^
[INFO] [stdout]   |                          |
[INFO] [stdout]   |                          no `UemReaderInternal` in `reader`
[INFO] [stdout]   |                          help: a similar name exists in the module: `UemReaderInternalTrait`
[INFO] [stdout] 
[INFO] [stdout] error[E0599]: no method named `open` found for mutable reference `&mut Arc<Mutex<(dyn UemReaderInternalTrait + Send + 'static)>>` in the current scope
[INFO] [stdout]   --> src/commands/reader.rs:140:15
[INFO] [stdout]    |
[INFO] [stdout] 12 | if uem_reader.open().is_err() { return; }
[INFO] [stdout]    |               ^^^^ method not found in `&mut Arc<Mutex<dyn UemReaderInternalTrait + Send>>`
[INFO] [stdout]    |
[INFO] [stdout]    = help: items from traits can only be used if the trait is in scope
[INFO] [stdout] help: the following trait is implemented but not in scope; perhaps add a `use` for it:
[INFO] [stdout]    |
[INFO] [stdout] 2  + use crate::uem_reader::reader::UemReaderInternalTrait;
[INFO] [stdout]    |
[INFO] [stdout] 
[INFO] [stdout] error[E0599]: no method named `close` found for mutable reference `&mut Arc<Mutex<(dyn UemReaderInternalTrait + Send + 'static)>>` in the current scope
[INFO] [stdout]   --> src/commands/reader.rs:146:15
[INFO] [stdout]    |
[INFO] [stdout] 18 | if uem_reader.close().is_err() { return; }
[INFO] [stdout]    |               ^^^^^ method not found in `&mut Arc<Mutex<dyn UemReaderInternalTrait + Send>>`
[INFO] [stdout]    |
[INFO] [stdout]    = help: items from traits can only be used if the trait is in scope
[INFO] [stdout] help: the following trait is implemented but not in scope; perhaps add a `use` for it:
[INFO] [stdout]    |
[INFO] [stdout] 2  + use crate::uem_reader::reader::UemReaderInternalTrait;
[INFO] [stdout]    |
[INFO] [stdout] 
[INFO] [stdout] error: aborting due to 3 previous errors
[INFO] [stdout] 
[INFO] [stdout] Some errors have detailed explanations: E0432, E0599.
[INFO] [stdout] For more information about an error, try `rustc --explain E0432`.
[INFO] [stdout] Couldn't compile the test.
[INFO] [stdout] ---- src/lib.rs - (line 18) stdout ----
[INFO] [stdout] error[E0432]: unresolved import `uem_reader::reader::UemReaderInternal`
[INFO] [stdout]  --> src/lib.rs:22:13
[INFO] [stdout]   |
[INFO] [stdout] 7 |             UemReaderInternal,
[INFO] [stdout]   |             ^^^^^^^^^^^^^^^^^
[INFO] [stdout]   |             |
[INFO] [stdout]   |             no `UemReaderInternal` in `reader`
[INFO] [stdout]   |             help: a similar name exists in the module: `UemReaderInternalTrait`
[INFO] [stdout] 
[INFO] [stdout] error[E0599]: no method named `open` found for mutable reference `&mut Arc<Mutex<(dyn UemReaderInternalTrait + Send + 'static)>>` in the current scope
[INFO] [stdout]   --> src/lib.rs:59:19
[INFO] [stdout]    |
[INFO] [stdout] 44 |     if uem_reader.open().is_err() {
[INFO] [stdout]    |                   ^^^^ method not found in `&mut Arc<Mutex<dyn UemReaderInternalTrait + Send>>`
[INFO] [stdout]    |
[INFO] [stdout]    = help: items from traits can only be used if the trait is in scope
[INFO] [stdout] help: the following trait is implemented but not in scope; perhaps add a `use` for it:
[INFO] [stdout]    |
[INFO] [stdout] 2  + use crate::uem_reader::reader::UemReaderInternalTrait;
[INFO] [stdout]    |
[INFO] [stdout] 
[INFO] [stdout] error[E0599]: no method named `send` found for mutable reference `&mut Arc<Mutex<(dyn UemReaderInternalTrait + Send + 'static)>>` in the current scope
[INFO] [stdout]   --> src/lib.rs:64:19
[INFO] [stdout]    |
[INFO] [stdout] 49 |     if uem_reader.send(&vec![0x05_u8, 0x01_u8]).is_err() {
[INFO] [stdout]    |                   ^^^^ method not found in `&mut Arc<Mutex<dyn UemReaderInternalTrait + Send>>`
[INFO] [stdout]    |
[INFO] [stdout]    = help: items from traits can only be used if the trait is in scope
[INFO] [stdout] help: the following trait is implemented but not in scope; perhaps add a `use` for it:
[INFO] [stdout]    |
[INFO] [stdout] 2  + use crate::uem_reader::reader::UemReaderInternalTrait;
[INFO] [stdout]    |
[INFO] [stdout] 
[INFO] [stdout] error[E0599]: no method named `close` found for mutable reference `&mut Arc<Mutex<(dyn UemReaderInternalTrait + Send + 'static)>>` in the current scope
[INFO] [stdout]   --> src/lib.rs:86:20
[INFO] [stdout]    |
[INFO] [stdout] 71 |         uem_reader.close();
[INFO] [stdout]    |                    ^^^^^ method not found in `&mut Arc<Mutex<dyn UemReaderInternalTrait + Send>>`
[INFO] [stdout]    |
[INFO] [stdout]    = help: items from traits can only be used if the trait is in scope
[INFO] [stdout] help: the following trait is implemented but not in scope; perhaps add a `use` for it:
[INFO] [stdout]    |
[INFO] [stdout] 2  + use crate::uem_reader::reader::UemReaderInternalTrait;
[INFO] [stdout]    |
[INFO] [stdout] 
[INFO] [stdout] error[E0599]: no method named `close` found for mutable reference `&mut Arc<Mutex<(dyn UemReaderInternalTrait + Send + 'static)>>` in the current scope
[INFO] [stdout]   --> src/lib.rs:100:20
[INFO] [stdout]    |
[INFO] [stdout] 85 |         uem_reader.close();
[INFO] [stdout]    |                    ^^^^^ method not found in `&mut Arc<Mutex<dyn UemReaderInternalTrait + Send>>`
[INFO] [stdout]    |
[INFO] [stdout]    = help: items from traits can only be used if the trait is in scope
[INFO] [stdout] help: the following trait is implemented but not in scope; perhaps add a `use` for it:
[INFO] [stdout]    |
[INFO] [stdout] 2  + use crate::uem_reader::reader::UemReaderInternalTrait;
[INFO] [stdout]    |
[INFO] [stdout] 
[INFO] [stdout] error[E0599]: no method named `close` found for mutable reference `&mut Arc<Mutex<(dyn UemReaderInternalTrait + Send + 'static)>>` in the current scope
[INFO] [stdout]   --> src/lib.rs:108:20
[INFO] [stdout]    |
[INFO] [stdout] 93 |         uem_reader.close();
[INFO] [stdout]    |                    ^^^^^ method not found in `&mut Arc<Mutex<dyn UemReaderInternalTrait + Send>>`
[INFO] [stdout]    |
[INFO] [stdout]    = help: items from traits can only be used if the trait is in scope
[INFO] [stdout] help: the following trait is implemented but not in scope; perhaps add a `use` for it:
[INFO] [stdout]    |
[INFO] [stdout] 2  + use crate::uem_reader::reader::UemReaderInternalTrait;
[INFO] [stdout]    |
[INFO] [stdout] 
[INFO] [stdout] error[E0599]: no method named `close` found for mutable reference `&mut Arc<Mutex<(dyn UemReaderInternalTrait + Send + 'static)>>` in the current scope
[INFO] [stdout]    --> src/lib.rs:120:20
[INFO] [stdout]     |
[INFO] [stdout] 105 |         uem_reader.close();
[INFO] [stdout]     |                    ^^^^^ method not found in `&mut Arc<Mutex<dyn UemReaderInternalTrait + Send>>`
[INFO] [stdout]     |
[INFO] [stdout]     = help: items from traits can only be used if the trait is in scope
[INFO] [stdout] help: the following trait is implemented but not in scope; perhaps add a `use` for it:
[INFO] [stdout]     |
[INFO] [stdout] 2   + use crate::uem_reader::reader::UemReaderInternalTrait;
[INFO] [stdout]     |
[INFO] [stdout] 
[INFO] [stdout] error[E0599]: no method named `close` found for mutable reference `&mut Arc<Mutex<(dyn UemReaderInternalTrait + Send + 'static)>>` in the current scope
[INFO] [stdout]    --> src/lib.rs:128:20
[INFO] [stdout]     |
[INFO] [stdout] 113 |         uem_reader.close();
[INFO] [stdout]     |                    ^^^^^ method not found in `&mut Arc<Mutex<dyn UemReaderInternalTrait + Send>>`
[INFO] [stdout]     |
[INFO] [stdout]     = help: items from traits can only be used if the trait is in scope
[INFO] [stdout] help: the following trait is implemented but not in scope; perhaps add a `use` for it:
[INFO] [stdout]     |
[INFO] [stdout] 2   + use crate::uem_reader::reader::UemReaderInternalTrait;
[INFO] [stdout]     |
[INFO] [stdout] 
[INFO] [stdout] error[E0599]: no method named `close` found for mutable reference `&mut Arc<Mutex<(dyn UemReaderInternalTrait + Send + 'static)>>` in the current scope
[INFO] [stdout]    --> src/lib.rs:134:20
[INFO] [stdout]     |
[INFO] [stdout] 119 |         uem_reader.close();
[INFO] [stdout]     |                    ^^^^^ method not found in `&mut Arc<Mutex<dyn UemReaderInternalTrait + Send>>`
[INFO] [stdout]     |
[INFO] [stdout]     = help: items from traits can only be used if the trait is in scope
[INFO] [stdout] help: the following trait is implemented but not in scope; perhaps add a `use` for it:
[INFO] [stdout]     |
[INFO] [stdout] 2   + use crate::uem_reader::reader::UemReaderInternalTrait;
[INFO] [stdout]     |
[INFO] [stdout] 
[INFO] [stdout] error[E0599]: no method named `close` found for mutable reference `&mut Arc<Mutex<(dyn UemReaderInternalTrait + Send + 'static)>>` in the current scope
[INFO] [stdout]    --> src/lib.rs:142:20
[INFO] [stdout]     |
[INFO] [stdout] 127 |         uem_reader.close();
[INFO] [stdout]     |                    ^^^^^ method not found in `&mut Arc<Mutex<dyn UemReaderInternalTrait + Send>>`
[INFO] [stdout]     |
[INFO] [stdout]     = help: items from traits can only be used if the trait is in scope
[INFO] [stdout] help: the following trait is implemented but not in scope; perhaps add a `use` for it:
[INFO] [stdout]     |
[INFO] [stdout] 2   + use crate::uem_reader::reader::UemReaderInternalTrait;
[INFO] [stdout]     |
[INFO] [stdout] 
[INFO] [stdout] error[E0599]: no method named `close` found for mutable reference `&mut Arc<Mutex<(dyn UemReaderInternalTrait + Send + 'static)>>` in the current scope
[INFO] [stdout]    --> src/lib.rs:150:20
[INFO] [stdout]     |
[INFO] [stdout] 135 |         uem_reader.close();
[INFO] [stdout]     |                    ^^^^^ method not found in `&mut Arc<Mutex<dyn UemReaderInternalTrait + Send>>`
[INFO] [stdout]     |
[INFO] [stdout]     = help: items from traits can only be used if the trait is in scope
[INFO] [stdout] help: the following trait is implemented but not in scope; perhaps add a `use` for it:
[INFO] [stdout]     |
[INFO] [stdout] 2   + use crate::uem_reader::reader::UemReaderInternalTrait;
[INFO] [stdout]     |
[INFO] [stdout] 
[INFO] [stdout] error[E0599]: no method named `close` found for mutable reference `&mut Arc<Mutex<(dyn UemReaderInternalTrait + Send + 'static)>>` in the current scope
[INFO] [stdout]    --> src/lib.rs:156:20
[INFO] [stdout]     |
[INFO] [stdout] 141 |         uem_reader.close();
[INFO] [stdout]     |                    ^^^^^ method not found in `&mut Arc<Mutex<dyn UemReaderInternalTrait + Send>>`
[INFO] [stdout]     |
[INFO] [stdout]     = help: items from traits can only be used if the trait is in scope
[INFO] [stdout] help: the following trait is implemented but not in scope; perhaps add a `use` for it:
[INFO] [stdout]     |
[INFO] [stdout] 2   + use crate::uem_reader::reader::UemReaderInternalTrait;
[INFO] [stdout]     |
[INFO] [stdout] 
[INFO] [stdout] error[E0599]: no method named `close` found for mutable reference `&mut Arc<Mutex<(dyn UemReaderInternalTrait + Send + 'static)>>` in the current scope
[INFO] [stdout]    --> src/lib.rs:160:19
[INFO] [stdout]     |
[INFO] [stdout] 145 |     if uem_reader.close().is_err() {
[INFO] [stdout]     |                   ^^^^^ method not found in `&mut Arc<Mutex<dyn UemReaderInternalTrait + Send>>`
[INFO] [stdout]     |
[INFO] [stdout]     = help: items from traits can only be used if the trait is in scope
[INFO] [stdout] help: the following trait is implemented but not in scope; perhaps add a `use` for it:
[INFO] [stdout]     |
[INFO] [stdout] 2   + use crate::uem_reader::reader::UemReaderInternalTrait;
[INFO] [stdout]     |
[INFO] [stdout] 
[INFO] [stdout] error: aborting due to 13 previous errors
[INFO] [stdout] 
[INFO] [stdout] Some errors have detailed explanations: E0432, E0599.
[INFO] [stdout] For more information about an error, try `rustc --explain E0432`.
[INFO] [stdout] Couldn't compile the test.
[INFO] [stdout] 
[INFO] [stdout] failures:
[INFO] [stdout]     src/commands/reader.rs - commands::reader::UemCommandsReader<'a>::beep (line 54)
[INFO] [stdout]     src/commands/reader.rs - commands::reader::UemCommandsReader<'a>::get_serial (line 246)
[INFO] [stdout]     src/commands/reader.rs - commands::reader::UemCommandsReader<'a>::get_version (line 210)
[INFO] [stdout]     src/commands/reader.rs - commands::reader::UemCommandsReader<'a>::led (line 94)
[INFO] [stdout]     src/commands/reader.rs - commands::reader::UemCommandsReader<'a>::power_radio (line 131)
[INFO] [stdout]     src/commands/reader.rs - commands::reader::UemCommandsReader<'a>::radio_off_on (line 174)
[INFO] [stdout]     src/lib.rs - (line 12)
[INFO] [stdout]     src/lib.rs - (line 18)
[INFO] [stdout] 
[INFO] [stdout] test result: FAILED. 1 passed; 8 failed; 9 ignored; 0 measured; 0 filtered out; finished in 0.44s
[INFO] [stdout] 
[INFO] [stderr] error: doctest failed, to rerun pass `--doc`
[INFO] running `Command { std: "docker" "inspect" "5ba00fd78b57a64a137e361a85cdbc6787968a3126057b9ce7f84b9be95da50d", kill_on_drop: false }`
[INFO] running `Command { std: "docker" "rm" "-f" "5ba00fd78b57a64a137e361a85cdbc6787968a3126057b9ce7f84b9be95da50d", kill_on_drop: false }`
[INFO] [stdout] 5ba00fd78b57a64a137e361a85cdbc6787968a3126057b9ce7f84b9be95da50d
[INFO] testing uem-reader-0.2.1 against beta-2023-12-22 for beta-1.76-1
[INFO] extracting crate uem-reader 0.2.1 into /workspace/builds/worker-2-tc2/source
[INFO] validating manifest of crates.io crate uem-reader 0.2.1 on toolchain beta-2023-12-22
[INFO] running `Command { std: CARGO_HOME="/workspace/cargo-home" RUSTUP_HOME="/workspace/rustup-home" "/workspace/cargo-home/bin/cargo" "+beta-2023-12-22" "metadata" "--manifest-path" "Cargo.toml" "--no-deps", kill_on_drop: false }`
[INFO] started tweaking crates.io crate uem-reader 0.2.1
[INFO] finished tweaking crates.io crate uem-reader 0.2.1
[INFO] tweaked toml for crates.io crate uem-reader 0.2.1 written to /workspace/builds/worker-2-tc2/source/Cargo.toml
[INFO] crate crates.io crate uem-reader 0.2.1 already has a lockfile, it will not be regenerated
[INFO] running `Command { std: CARGO_HOME="/workspace/cargo-home" RUSTUP_HOME="/workspace/rustup-home" "/workspace/cargo-home/bin/cargo" "+beta-2023-12-22" "fetch" "--manifest-path" "Cargo.toml", kill_on_drop: false }`
[INFO] running `Command { std: "docker" "create" "-v" "/var/lib/crater-agent-workspace/builds/worker-2-tc2/target:/opt/rustwide/target:rw,Z" "-v" "/var/lib/crater-agent-workspace/builds/worker-2-tc2/source:/opt/rustwide/workdir:ro,Z" "-v" "/var/lib/crater-agent-workspace/cargo-home:/opt/rustwide/cargo-home:ro,Z" "-v" "/var/lib/crater-agent-workspace/rustup-home:/opt/rustwide/rustup-home:ro,Z" "-e" "SOURCE_DIR=/opt/rustwide/workdir" "-e" "CARGO_TARGET_DIR=/opt/rustwide/target" "-e" "CARGO_HOME=/opt/rustwide/cargo-home" "-e" "RUSTUP_HOME=/opt/rustwide/rustup-home" "-w" "/opt/rustwide/workdir" "-m" "1610612736" "--user" "0:0" "--network" "none" "ghcr.io/rust-lang/crates-build-env/linux@sha256:2788e3201cd34a07e3172128adcd8b3090168a8e3bcc40d7c032b9dda1df7d1c" "/opt/rustwide/cargo-home/bin/cargo" "+beta-2023-12-22" "metadata" "--no-deps" "--format-version=1", kill_on_drop: false }`
[INFO] [stdout] e83fb0a06da537dc84ccc3ee37a7c34b20302df7ec42d7adbd17a7fc003f58d1
[INFO] running `Command { std: "docker" "start" "-a" "e83fb0a06da537dc84ccc3ee37a7c34b20302df7ec42d7adbd17a7fc003f58d1", kill_on_drop: false }`
[INFO] running `Command { std: "docker" "inspect" "e83fb0a06da537dc84ccc3ee37a7c34b20302df7ec42d7adbd17a7fc003f58d1", kill_on_drop: false }`
[INFO] running `Command { std: "docker" "rm" "-f" "e83fb0a06da537dc84ccc3ee37a7c34b20302df7ec42d7adbd17a7fc003f58d1", kill_on_drop: false }`
[INFO] [stdout] e83fb0a06da537dc84ccc3ee37a7c34b20302df7ec42d7adbd17a7fc003f58d1
[INFO] running `Command { std: "docker" "create" "-v" "/var/lib/crater-agent-workspace/builds/worker-2-tc2/target:/opt/rustwide/target:rw,Z" "-v" "/var/lib/crater-agent-workspace/builds/worker-2-tc2/source:/opt/rustwide/workdir:ro,Z" "-v" "/var/lib/crater-agent-workspace/cargo-home:/opt/rustwide/cargo-home:ro,Z" "-v" "/var/lib/crater-agent-workspace/rustup-home:/opt/rustwide/rustup-home:ro,Z" "-e" "SOURCE_DIR=/opt/rustwide/workdir" "-e" "CARGO_TARGET_DIR=/opt/rustwide/target" "-e" "CARGO_INCREMENTAL=0" "-e" "RUST_BACKTRACE=full" "-e" "RUSTFLAGS=--cap-lints=warn" "-e" "RUSTDOCFLAGS=--cap-lints=warn" "-e" "CARGO_HOME=/opt/rustwide/cargo-home" "-e" "RUSTUP_HOME=/opt/rustwide/rustup-home" "-w" "/opt/rustwide/workdir" "-m" "1610612736" "--user" "0:0" "--network" "none" "ghcr.io/rust-lang/crates-build-env/linux@sha256:2788e3201cd34a07e3172128adcd8b3090168a8e3bcc40d7c032b9dda1df7d1c" "/opt/rustwide/cargo-home/bin/cargo" "+beta-2023-12-22" "build" "--frozen" "--message-format=json", kill_on_drop: false }`
[INFO] [stdout] 2aa93da49019a47b1968cae9520847958747a161647a32dcc7029922eff416f0
[INFO] running `Command { std: "docker" "start" "-a" "2aa93da49019a47b1968cae9520847958747a161647a32dcc7029922eff416f0", kill_on_drop: false }`
[INFO] [stderr]    Compiling proc-macro2 v1.0.47
[INFO] [stderr]    Compiling libc v0.2.137
[INFO] [stderr]    Compiling quote v1.0.21
[INFO] [stderr]    Compiling unicode-ident v1.0.5
[INFO] [stderr]    Compiling ppv-lite86 v0.2.17
[INFO] [stderr]    Compiling siphasher v0.3.10
[INFO] [stderr]    Compiling memchr v2.3.4
[INFO] [stderr]    Compiling syn v1.0.107
[INFO] [stderr]    Compiling phf_shared v0.9.0
[INFO] [stderr]    Compiling cc v1.0.76
[INFO] [stderr]    Compiling pkg-config v0.3.26
[INFO] [stderr]    Compiling minimal-lexical v0.2.1
[INFO] [stderr]    Compiling nom v7.1.2
[INFO] [stderr]    Compiling rusb v0.9.1
[INFO] [stderr]    Compiling thiserror v1.0.38
[INFO] [stderr]    Compiling getrandom v0.2.8
[INFO] [stderr]    Compiling phf v0.9.0
[INFO] [stderr]    Compiling rand_core v0.6.4
[INFO] [stderr]    Compiling rand_chacha v0.3.1
[INFO] [stderr]    Compiling libusb1-sys v0.6.4
[INFO] [stderr]    Compiling rand v0.8.5
[INFO] [stderr]    Compiling phf_generator v0.9.1
[INFO] [stderr]    Compiling phf_codegen v0.9.0
[INFO] [stderr]    Compiling usb-ids v1.2022.1224
[INFO] [stderr]    Compiling enum-iterator-derive v1.1.0
[INFO] [stderr]    Compiling thiserror-impl v1.0.38
[INFO] [stderr]    Compiling enum-iterator v1.2.0
[INFO] [stderr]    Compiling uem-reader v0.2.1 (/opt/rustwide/workdir)
[INFO] [stderr]     Finished dev [unoptimized + debuginfo] target(s) in 15.30s
[INFO] running `Command { std: "docker" "inspect" "2aa93da49019a47b1968cae9520847958747a161647a32dcc7029922eff416f0", kill_on_drop: false }`
[INFO] running `Command { std: "docker" "rm" "-f" "2aa93da49019a47b1968cae9520847958747a161647a32dcc7029922eff416f0", kill_on_drop: false }`
[INFO] [stdout] 2aa93da49019a47b1968cae9520847958747a161647a32dcc7029922eff416f0
[INFO] running `Command { std: "docker" "create" "-v" "/var/lib/crater-agent-workspace/builds/worker-2-tc2/target:/opt/rustwide/target:rw,Z" "-v" "/var/lib/crater-agent-workspace/builds/worker-2-tc2/source:/opt/rustwide/workdir:ro,Z" "-v" "/var/lib/crater-agent-workspace/cargo-home:/opt/rustwide/cargo-home:ro,Z" "-v" "/var/lib/crater-agent-workspace/rustup-home:/opt/rustwide/rustup-home:ro,Z" "-e" "SOURCE_DIR=/opt/rustwide/workdir" "-e" "CARGO_TARGET_DIR=/opt/rustwide/target" "-e" "CARGO_INCREMENTAL=0" "-e" "RUST_BACKTRACE=full" "-e" "RUSTFLAGS=--cap-lints=warn" "-e" "RUSTDOCFLAGS=--cap-lints=warn" "-e" "CARGO_HOME=/opt/rustwide/cargo-home" "-e" "RUSTUP_HOME=/opt/rustwide/rustup-home" "-w" "/opt/rustwide/workdir" "-m" "1610612736" "--user" "0:0" "--network" "none" "ghcr.io/rust-lang/crates-build-env/linux@sha256:2788e3201cd34a07e3172128adcd8b3090168a8e3bcc40d7c032b9dda1df7d1c" "/opt/rustwide/cargo-home/bin/cargo" "+beta-2023-12-22" "test" "--frozen" "--no-run" "--message-format=json", kill_on_drop: false }`
[INFO] [stdout] f54fcfc4aa11a4727b116ded168d9262f215b6d5e8a4d1efc2de50613c8ccc6d
[INFO] running `Command { std: "docker" "start" "-a" "f54fcfc4aa11a4727b116ded168d9262f215b6d5e8a4d1efc2de50613c8ccc6d", kill_on_drop: false }`
[INFO] [stderr]    Compiling uem-reader v0.2.1 (/opt/rustwide/workdir)
[INFO] [stderr]     Finished test [unoptimized + debuginfo] target(s) in 0.76s
[INFO] running `Command { std: "docker" "inspect" "f54fcfc4aa11a4727b116ded168d9262f215b6d5e8a4d1efc2de50613c8ccc6d", kill_on_drop: false }`
[INFO] running `Command { std: "docker" "rm" "-f" "f54fcfc4aa11a4727b116ded168d9262f215b6d5e8a4d1efc2de50613c8ccc6d", kill_on_drop: false }`
[INFO] [stdout] f54fcfc4aa11a4727b116ded168d9262f215b6d5e8a4d1efc2de50613c8ccc6d
[INFO] running `Command { std: "docker" "create" "-v" "/var/lib/crater-agent-workspace/builds/worker-2-tc2/target:/opt/rustwide/target:rw,Z" "-v" "/var/lib/crater-agent-workspace/builds/worker-2-tc2/source:/opt/rustwide/workdir:ro,Z" "-v" "/var/lib/crater-agent-workspace/cargo-home:/opt/rustwide/cargo-home:ro,Z" "-v" "/var/lib/crater-agent-workspace/rustup-home:/opt/rustwide/rustup-home:ro,Z" "-e" "SOURCE_DIR=/opt/rustwide/workdir" "-e" "CARGO_TARGET_DIR=/opt/rustwide/target" "-e" "CARGO_INCREMENTAL=0" "-e" "RUST_BACKTRACE=full" "-e" "RUSTFLAGS=--cap-lints=warn" "-e" "RUSTDOCFLAGS=--cap-lints=warn" "-e" "CARGO_HOME=/opt/rustwide/cargo-home" "-e" "RUSTUP_HOME=/opt/rustwide/rustup-home" "-w" "/opt/rustwide/workdir" "-m" "1610612736" "--user" "0:0" "--network" "none" "ghcr.io/rust-lang/crates-build-env/linux@sha256:2788e3201cd34a07e3172128adcd8b3090168a8e3bcc40d7c032b9dda1df7d1c" "/opt/rustwide/cargo-home/bin/cargo" "+beta-2023-12-22" "test" "--frozen", kill_on_drop: false }`
[INFO] [stdout] c5fd94f918a094691a788ec83ff87caf56044b624bfeab1bb4f100aca908dff8
[INFO] running `Command { std: "docker" "start" "-a" "c5fd94f918a094691a788ec83ff87caf56044b624bfeab1bb4f100aca908dff8", kill_on_drop: false }`
[INFO] [stderr]     Finished test [unoptimized + debuginfo] target(s) in 0.03s
[INFO] [stderr]      Running unittests src/lib.rs (/opt/rustwide/target/debug/deps/uem_reader-c939b8ef1f7cc7b3)
[INFO] [stdout] 
[INFO] [stdout] running 0 tests
[INFO] [stdout] 
[INFO] [stdout] test result: ok. 0 passed; 0 failed; 0 ignored; 0 measured; 0 filtered out; finished in 0.00s
[INFO] [stdout] 
[INFO] [stderr]      Running unittests src/main.rs (/opt/rustwide/target/debug/deps/uem_reader-37ec6cd0b99aa313)
[INFO] [stdout] 
[INFO] [stderr]    Doc-tests uem-reader
[INFO] [stdout] running 0 tests
[INFO] [stdout] 
[INFO] [stdout] test result: ok. 0 passed; 0 failed; 0 ignored; 0 measured; 0 filtered out; finished in 0.00s
[INFO] [stdout] 
[INFO] [stdout] 
[INFO] [stdout] running 18 tests
[INFO] [stdout] test src/commands/cards.rs - commands::cards::UemCommandsCards<'a>::activate_a (line 101) ... ignored
[INFO] [stdout] test src/commands/cards.rs - commands::cards::UemCommandsCards<'a>::activate_b (line 154) ... ignored
[INFO] [stdout] test src/commands/cards/mifare/classic.rs - commands::cards::mifare::classic::UemCommandsCardsMifareClassic<'a>::authenticate_key_a (line 36) ... ignored
[INFO] [stdout] test src/commands/cards/mifare/classic.rs - commands::cards::mifare::classic::UemCommandsCardsMifareClassic<'a>::authenticate_key_b (line 76) ... ignored
[INFO] [stdout] test src/commands/cards/mifare/classic.rs - commands::cards::mifare::classic::UemCommandsCardsMifareClassic<'a>::read (line 115) ... ignored
[INFO] [stdout] test src/commands/cards/mifare/classic.rs - commands::cards::mifare::classic::UemCommandsCardsMifareClassic<'a>::write (line 148) ... ignored
[INFO] [stdout] test src/lib.rs - (line 12) ... FAILED
[INFO] [stdout] test src/commands/reader.rs - commands::reader::UemCommandsReader<'a>::led (line 94) ... FAILED
[INFO] [stdout] test src/reader.rs - reader::UemReader::close (line 63) ... ignored
[INFO] [stdout] test src/reader.rs - reader::UemReader::open (line 50) ... ignored
[INFO] [stdout] test src/reader.rs - reader::UemReader::send (line 84) ... ignored
[INFO] [stdout] test src/commands/reader.rs - commands::reader::UemCommandsReader<'a>::radio_off_on (line 174) ... FAILED
[INFO] [stdout] test src/commands/reader.rs - commands::reader::UemCommandsReader<'a>::beep (line 54) ... FAILED
[INFO] [stdout] test src/commands/reader.rs - commands::reader::UemCommandsReader<'a>::power_radio (line 131) ... FAILED
[INFO] [stdout] test src/lib.rs - (line 18) ... FAILED
[INFO] [stdout] test src/commands/reader.rs - commands::reader::UemCommandsReader<'a>::get_serial (line 246) ... FAILED
[INFO] [stdout] test src/commands/reader.rs - commands::reader::UemCommandsReader<'a>::get_version (line 210) ... FAILED
[INFO] [stdout] test src/reader/usb.rs - reader::usb::find_usb_readers (line 137) - compile ... ok
[INFO] [stdout] 
[INFO] [stdout] failures:
[INFO] [stdout] 
[INFO] [stdout] ---- src/lib.rs - (line 12) stdout ----
[INFO] [stdout] error: expected one of `!`, `.`, `::`, `;`, `?`, `{`, `}`, or an operator, found `chmod`
[INFO] [stdout]  --> src/lib.rs:13:6
[INFO] [stdout]   |
[INFO] [stdout] 3 | sudo chmod o+w /dev/bus/usb/002/008
[INFO] [stdout]   |      ^^^^^ expected one of 8 possible tokens
[INFO] [stdout] 
[INFO] [stdout] error: aborting due to 1 previous error
[INFO] [stdout] 
[INFO] [stdout] Couldn't compile the test.
[INFO] [stdout] ---- src/commands/reader.rs - commands::reader::UemCommandsReader<'a>::led (line 94) stdout ----
[INFO] [stdout] error[E0432]: unresolved import `uem_reader::reader::UemReaderInternal`
[INFO] [stdout]  --> src/commands/reader.rs:97:5
[INFO] [stdout]   |
[INFO] [stdout] 6 |     UemReaderInternal,
[INFO] [stdout]   |     ^^^^^^^^^^^^^^^^^
[INFO] [stdout]   |     |
[INFO] [stdout]   |     no `UemReaderInternal` in `reader`
[INFO] [stdout]   |     help: a similar name exists in the module: `UemReaderInternalTrait`
[INFO] [stdout] 
[INFO] [stdout] error[E0599]: no method named `open` found for mutable reference `&mut Arc<Mutex<(dyn UemReaderInternalTrait + Send + 'static)>>` in the current scope
[INFO] [stdout]   --> src/commands/reader.rs:105:15
[INFO] [stdout]    |
[INFO] [stdout] 14 | if uem_reader.open().is_err() { return; }
[INFO] [stdout]    |               ^^^^ method not found in `&mut Arc<Mutex<dyn UemReaderInternalTrait + Send>>`
[INFO] [stdout]    |
[INFO] [stdout]    = help: items from traits can only be used if the trait is in scope
[INFO] [stdout] help: the following trait is implemented but not in scope; perhaps add a `use` for it:
[INFO] [stdout]    |
[INFO] [stdout] 2  + use crate::uem_reader::reader::UemReaderInternalTrait;
[INFO] [stdout]    |
[INFO] [stdout] 
[INFO] [stdout] error[E0599]: no method named `close` found for mutable reference `&mut Arc<Mutex<(dyn UemReaderInternalTrait + Send + 'static)>>` in the current scope
[INFO] [stdout]   --> src/commands/reader.rs:112:15
[INFO] [stdout]    |
[INFO] [stdout] 21 | if uem_reader.close().is_err() { return; }
[INFO] [stdout]    |               ^^^^^ method not found in `&mut Arc<Mutex<dyn UemReaderInternalTrait + Send>>`
[INFO] [stdout]    |
[INFO] [stdout]    = help: items from traits can only be used if the trait is in scope
[INFO] [stdout] help: the following trait is implemented but not in scope; perhaps add a `use` for it:
[INFO] [stdout]    |
[INFO] [stdout] 2  + use crate::uem_reader::reader::UemReaderInternalTrait;
[INFO] [stdout]    |
[INFO] [stdout] 
[INFO] [stdout] error: aborting due to 3 previous errors
[INFO] [stdout] 
[INFO] [stdout] Some errors have detailed explanations: E0432, E0599.
[INFO] [stdout] For more information about an error, try `rustc --explain E0432`.
[INFO] [stdout] Couldn't compile the test.
[INFO] [stdout] ---- src/commands/reader.rs - commands::reader::UemCommandsReader<'a>::radio_off_on (line 174) stdout ----
[INFO] [stdout] error[E0432]: unresolved import `uem_reader::reader::UemReaderInternal`
[INFO] [stdout]  --> src/commands/reader.rs:176:26
[INFO] [stdout]   |
[INFO] [stdout] 5 | use uem_reader::reader::{UemReaderInternal, usb::find_usb_readers};
[INFO] [stdout]   |                          ^^^^^^^^^^^^^^^^^
[INFO] [stdout]   |                          |
[INFO] [stdout]   |                          no `UemReaderInternal` in `reader`
[INFO] [stdout]   |                          help: a similar name exists in the module: `UemReaderInternalTrait`
[INFO] [stdout] 
[INFO] [stdout] error[E0599]: no method named `open` found for mutable reference `&mut Arc<Mutex<(dyn UemReaderInternalTrait + Send + 'static)>>` in the current scope
[INFO] [stdout]   --> src/commands/reader.rs:183:15
[INFO] [stdout]    |
[INFO] [stdout] 12 | if uem_reader.open().is_err() { return; }
[INFO] [stdout]    |               ^^^^ method not found in `&mut Arc<Mutex<dyn UemReaderInternalTrait + Send>>`
[INFO] [stdout]    |
[INFO] [stdout]    = help: items from traits can only be used if the trait is in scope
[INFO] [stdout] help: the following trait is implemented but not in scope; perhaps add a `use` for it:
[INFO] [stdout]    |
[INFO] [stdout] 2  + use crate::uem_reader::reader::UemReaderInternalTrait;
[INFO] [stdout]    |
[INFO] [stdout] 
[INFO] [stdout] error[E0599]: no method named `close` found for mutable reference `&mut Arc<Mutex<(dyn UemReaderInternalTrait + Send + 'static)>>` in the current scope
[INFO] [stdout]   --> src/commands/reader.rs:190:15
[INFO] [stdout]    |
[INFO] [stdout] 19 | if uem_reader.close().is_err() { return; }
[INFO] [stdout]    |               ^^^^^ method not found in `&mut Arc<Mutex<dyn UemReaderInternalTrait + Send>>`
[INFO] [stdout]    |
[INFO] [stdout]    = help: items from traits can only be used if the trait is in scope
[INFO] [stdout] help: the following trait is implemented but not in scope; perhaps add a `use` for it:
[INFO] [stdout]    |
[INFO] [stdout] 2  + use crate::uem_reader::reader::UemReaderInternalTrait;
[INFO] [stdout]    |
[INFO] [stdout] 
[INFO] [stdout] error: aborting due to 3 previous errors
[INFO] [stdout] 
[INFO] [stdout] Some errors have detailed explanations: E0432, E0599.
[INFO] [stdout] For more information about an error, try `rustc --explain E0432`.
[INFO] [stdout] Couldn't compile the test.
[INFO] [stdout] ---- src/commands/reader.rs - commands::reader::UemCommandsReader<'a>::beep (line 54) stdout ----
[INFO] [stdout] error[E0432]: unresolved import `uem_reader::reader::UemReaderInternal`
[INFO] [stdout]  --> src/commands/reader.rs:56:26
[INFO] [stdout]   |
[INFO] [stdout] 5 | use uem_reader::reader::{UemReaderInternal, usb::find_usb_readers};
[INFO] [stdout]   |                          ^^^^^^^^^^^^^^^^^
[INFO] [stdout]   |                          |
[INFO] [stdout]   |                          no `UemReaderInternal` in `reader`
[INFO] [stdout]   |                          help: a similar name exists in the module: `UemReaderInternalTrait`
[INFO] [stdout] 
[INFO] [stdout] error[E0599]: no method named `open` found for mutable reference `&mut Arc<Mutex<(dyn UemReaderInternalTrait + Send + 'static)>>` in the current scope
[INFO] [stdout]   --> src/commands/reader.rs:63:15
[INFO] [stdout]    |
[INFO] [stdout] 12 | if uem_reader.open().is_err() { return; }
[INFO] [stdout]    |               ^^^^ method not found in `&mut Arc<Mutex<dyn UemReaderInternalTrait + Send>>`
[INFO] [stdout]    |
[INFO] [stdout]    = help: items from traits can only be used if the trait is in scope
[INFO] [stdout] help: the following trait is implemented but not in scope; perhaps add a `use` for it:
[INFO] [stdout]    |
[INFO] [stdout] 2  + use crate::uem_reader::reader::UemReaderInternalTrait;
[INFO] [stdout]    |
[INFO] [stdout] 
[INFO] [stdout] error[E0599]: no method named `close` found for mutable reference `&mut Arc<Mutex<(dyn UemReaderInternalTrait + Send + 'static)>>` in the current scope
[INFO] [stdout]   --> src/commands/reader.rs:70:15
[INFO] [stdout]    |
[INFO] [stdout] 19 | if uem_reader.close().is_err() { return; }
[INFO] [stdout]    |               ^^^^^ method not found in `&mut Arc<Mutex<dyn UemReaderInternalTrait + Send>>`
[INFO] [stdout]    |
[INFO] [stdout]    = help: items from traits can only be used if the trait is in scope
[INFO] [stdout] help: the following trait is implemented but not in scope; perhaps add a `use` for it:
[INFO] [stdout]    |
[INFO] [stdout] 2  + use crate::uem_reader::reader::UemReaderInternalTrait;
[INFO] [stdout]    |
[INFO] [stdout] 
[INFO] [stdout] error: aborting due to 3 previous errors
[INFO] [stdout] 
[INFO] [stdout] Some errors have detailed explanations: E0432, E0599.
[INFO] [stdout] For more information about an error, try `rustc --explain E0432`.
[INFO] [stdout] Couldn't compile the test.
[INFO] [stdout] ---- src/commands/reader.rs - commands::reader::UemCommandsReader<'a>::power_radio (line 131) stdout ----
[INFO] [stdout] error[E0432]: unresolved import `uem_reader::reader::UemReaderInternal`
[INFO] [stdout]  --> src/commands/reader.rs:133:26
[INFO] [stdout]   |
[INFO] [stdout] 5 | use uem_reader::reader::{UemReaderInternal, usb::find_usb_readers};
[INFO] [stdout]   |                          ^^^^^^^^^^^^^^^^^
[INFO] [stdout]   |                          |
[INFO] [stdout]   |                          no `UemReaderInternal` in `reader`
[INFO] [stdout]   |                          help: a similar name exists in the module: `UemReaderInternalTrait`
[INFO] [stdout] 
[INFO] [stdout] error[E0599]: no method named `open` found for mutable reference `&mut Arc<Mutex<(dyn UemReaderInternalTrait + Send + 'static)>>` in the current scope
[INFO] [stdout]   --> src/commands/reader.rs:140:15
[INFO] [stdout]    |
[INFO] [stdout] 12 | if uem_reader.open().is_err() { return; }
[INFO] [stdout]    |               ^^^^ method not found in `&mut Arc<Mutex<dyn UemReaderInternalTrait + Send>>`
[INFO] [stdout]    |
[INFO] [stdout]    = help: items from traits can only be used if the trait is in scope
[INFO] [stdout] help: the following trait is implemented but not in scope; perhaps add a `use` for it:
[INFO] [stdout]    |
[INFO] [stdout] 2  + use crate::uem_reader::reader::UemReaderInternalTrait;
[INFO] [stdout]    |
[INFO] [stdout] 
[INFO] [stdout] error[E0599]: no method named `close` found for mutable reference `&mut Arc<Mutex<(dyn UemReaderInternalTrait + Send + 'static)>>` in the current scope
[INFO] [stdout]   --> src/commands/reader.rs:146:15
[INFO] [stdout]    |
[INFO] [stdout] 18 | if uem_reader.close().is_err() { return; }
[INFO] [stdout]    |               ^^^^^ method not found in `&mut Arc<Mutex<dyn UemReaderInternalTrait + Send>>`
[INFO] [stdout]    |
[INFO] [stdout]    = help: items from traits can only be used if the trait is in scope
[INFO] [stdout] help: the following trait is implemented but not in scope; perhaps add a `use` for it:
[INFO] [stdout]    |
[INFO] [stdout] 2  + use crate::uem_reader::reader::UemReaderInternalTrait;
[INFO] [stdout]    |
[INFO] [stdout] 
[INFO] [stdout] error: aborting due to 3 previous errors
[INFO] [stdout] 
[INFO] [stdout] Some errors have detailed explanations: E0432, E0599.
[INFO] [stdout] For more information about an error, try `rustc --explain E0432`.
[INFO] [stdout] Couldn't compile the test.
[INFO] [stdout] ---- src/lib.rs - (line 18) stdout ----
[INFO] [stdout] error[E0432]: unresolved import `uem_reader::reader::UemReaderInternal`
[INFO] [stdout]  --> src/lib.rs:22:13
[INFO] [stdout]   |
[INFO] [stdout] 7 |             UemReaderInternal,
[INFO] [stdout]   |             ^^^^^^^^^^^^^^^^^
[INFO] [stdout]   |             |
[INFO] [stdout]   |             no `UemReaderInternal` in `reader`
[INFO] [stdout]   |             help: a similar name exists in the module: `UemReaderInternalTrait`
[INFO] [stdout] 
[INFO] [stdout] error[E0599]: no method named `open` found for mutable reference `&mut Arc<Mutex<(dyn UemReaderInternalTrait + Send + 'static)>>` in the current scope
[INFO] [stdout]   --> src/lib.rs:59:19
[INFO] [stdout]    |
[INFO] [stdout] 44 |     if uem_reader.open().is_err() {
[INFO] [stdout]    |                   ^^^^ method not found in `&mut Arc<Mutex<dyn UemReaderInternalTrait + Send>>`
[INFO] [stdout]    |
[INFO] [stdout]    = help: items from traits can only be used if the trait is in scope
[INFO] [stdout] help: the following trait is implemented but not in scope; perhaps add a `use` for it:
[INFO] [stdout]    |
[INFO] [stdout] 2  + use crate::uem_reader::reader::UemReaderInternalTrait;
[INFO] [stdout]    |
[INFO] [stdout] 
[INFO] [stdout] error[E0599]: no method named `send` found for mutable reference `&mut Arc<Mutex<(dyn UemReaderInternalTrait + Send + 'static)>>` in the current scope
[INFO] [stdout]   --> src/lib.rs:64:19
[INFO] [stdout]    |
[INFO] [stdout] 49 |     if uem_reader.send(&vec![0x05_u8, 0x01_u8]).is_err() {
[INFO] [stdout]    |                   ^^^^ method not found in `&mut Arc<Mutex<dyn UemReaderInternalTrait + Send>>`
[INFO] [stdout]    |
[INFO] [stdout]    = help: items from traits can only be used if the trait is in scope
[INFO] [stdout] help: the following trait is implemented but not in scope; perhaps add a `use` for it:
[INFO] [stdout]    |
[INFO] [stdout] 2  + use crate::uem_reader::reader::UemReaderInternalTrait;
[INFO] [stdout]    |
[INFO] [stdout] 
[INFO] [stdout] error[E0599]: no method named `close` found for mutable reference `&mut Arc<Mutex<(dyn UemReaderInternalTrait + Send + 'static)>>` in the current scope
[INFO] [stdout]   --> src/lib.rs:86:20
[INFO] [stdout]    |
[INFO] [stdout] 71 |         uem_reader.close();
[INFO] [stdout]    |                    ^^^^^ method not found in `&mut Arc<Mutex<dyn UemReaderInternalTrait + Send>>`
[INFO] [stdout]    |
[INFO] [stdout]    = help: items from traits can only be used if the trait is in scope
[INFO] [stdout] help: the following trait is implemented but not in scope; perhaps add a `use` for it:
[INFO] [stdout]    |
[INFO] [stdout] 2  + use crate::uem_reader::reader::UemReaderInternalTrait;
[INFO] [stdout]    |
[INFO] [stdout] 
[INFO] [stdout] error[E0599]: no method named `close` found for mutable reference `&mut Arc<Mutex<(dyn UemReaderInternalTrait + Send + 'static)>>` in the current scope
[INFO] [stdout]   --> src/lib.rs:100:20
[INFO] [stdout]    |
[INFO] [stdout] 85 |         uem_reader.close();
[INFO] [stdout]    |                    ^^^^^ method not found in `&mut Arc<Mutex<dyn UemReaderInternalTrait + Send>>`
[INFO] [stdout]    |
[INFO] [stdout]    = help: items from traits can only be used if the trait is in scope
[INFO] [stdout] help: the following trait is implemented but not in scope; perhaps add a `use` for it:
[INFO] [stdout]    |
[INFO] [stdout] 2  + use crate::uem_reader::reader::UemReaderInternalTrait;
[INFO] [stdout]    |
[INFO] [stdout] 
[INFO] [stdout] error[E0599]: no method named `close` found for mutable reference `&mut Arc<Mutex<(dyn UemReaderInternalTrait + Send + 'static)>>` in the current scope
[INFO] [stdout]   --> src/lib.rs:108:20
[INFO] [stdout]    |
[INFO] [stdout] 93 |         uem_reader.close();
[INFO] [stdout]    |                    ^^^^^ method not found in `&mut Arc<Mutex<dyn UemReaderInternalTrait + Send>>`
[INFO] [stdout]    |
[INFO] [stdout]    = help: items from traits can only be used if the trait is in scope
[INFO] [stdout] help: the following trait is implemented but not in scope; perhaps add a `use` for it:
[INFO] [stdout]    |
[INFO] [stdout] 2  + use crate::uem_reader::reader::UemReaderInternalTrait;
[INFO] [stdout]    |
[INFO] [stdout] 
[INFO] [stdout] error[E0599]: no method named `close` found for mutable reference `&mut Arc<Mutex<(dyn UemReaderInternalTrait + Send + 'static)>>` in the current scope
[INFO] [stdout]    --> src/lib.rs:120:20
[INFO] [stdout]     |
[INFO] [stdout] 105 |         uem_reader.close();
[INFO] [stdout]     |                    ^^^^^ method not found in `&mut Arc<Mutex<dyn UemReaderInternalTrait + Send>>`
[INFO] [stdout]     |
[INFO] [stdout]     = help: items from traits can only be used if the trait is in scope
[INFO] [stdout] help: the following trait is implemented but not in scope; perhaps add a `use` for it:
[INFO] [stdout]     |
[INFO] [stdout] 2   + use crate::uem_reader::reader::UemReaderInternalTrait;
[INFO] [stdout]     |
[INFO] [stdout] 
[INFO] [stdout] error[E0599]: no method named `close` found for mutable reference `&mut Arc<Mutex<(dyn UemReaderInternalTrait + Send + 'static)>>` in the current scope
[INFO] [stdout]    --> src/lib.rs:128:20
[INFO] [stdout]     |
[INFO] [stdout] 113 |         uem_reader.close();
[INFO] [stdout]     |                    ^^^^^ method not found in `&mut Arc<Mutex<dyn UemReaderInternalTrait + Send>>`
[INFO] [stdout]     |
[INFO] [stdout]     = help: items from traits can only be used if the trait is in scope
[INFO] [stdout] help: the following trait is implemented but not in scope; perhaps add a `use` for it:
[INFO] [stdout]     |
[INFO] [stdout] 2   + use crate::uem_reader::reader::UemReaderInternalTrait;
[INFO] [stdout]     |
[INFO] [stdout] 
[INFO] [stdout] error[E0599]: no method named `close` found for mutable reference `&mut Arc<Mutex<(dyn UemReaderInternalTrait + Send + 'static)>>` in the current scope
[INFO] [stdout]    --> src/lib.rs:134:20
[INFO] [stdout]     |
[INFO] [stdout] 119 |         uem_reader.close();
[INFO] [stdout]     |                    ^^^^^ method not found in `&mut Arc<Mutex<dyn UemReaderInternalTrait + Send>>`
[INFO] [stdout]     |
[INFO] [stdout]     = help: items from traits can only be used if the trait is in scope
[INFO] [stdout] help: the following trait is implemented but not in scope; perhaps add a `use` for it:
[INFO] [stdout]     |
[INFO] [stdout] 2   + use crate::uem_reader::reader::UemReaderInternalTrait;
[INFO] [stdout]     |
[INFO] [stdout] 
[INFO] [stdout] error[E0599]: no method named `close` found for mutable reference `&mut Arc<Mutex<(dyn UemReaderInternalTrait + Send + 'static)>>` in the current scope
[INFO] [stdout]    --> src/lib.rs:142:20
[INFO] [stdout]     |
[INFO] [stdout] 127 |         uem_reader.close();
[INFO] [stdout]     |                    ^^^^^ method not found in `&mut Arc<Mutex<dyn UemReaderInternalTrait + Send>>`
[INFO] [stdout]     |
[INFO] [stdout]     = help: items from traits can only be used if the trait is in scope
[INFO] [stdout] help: the following trait is implemented but not in scope; perhaps add a `use` for it:
[INFO] [stdout]     |
[INFO] [stdout] 2   + use crate::uem_reader::reader::UemReaderInternalTrait;
[INFO] [stdout]     |
[INFO] [stdout] 
[INFO] [stdout] error[E0599]: no method named `close` found for mutable reference `&mut Arc<Mutex<(dyn UemReaderInternalTrait + Send + 'static)>>` in the current scope
[INFO] [stdout]    --> src/lib.rs:150:20
[INFO] [stdout]     |
[INFO] [stdout] 135 |         uem_reader.close();
[INFO] [stdout]     |                    ^^^^^ method not found in `&mut Arc<Mutex<dyn UemReaderInternalTrait + Send>>`
[INFO] [stdout]     |
[INFO] [stdout]     = help: items from traits can only be used if the trait is in scope
[INFO] [stdout] help: the following trait is implemented but not in scope; perhaps add a `use` for it:
[INFO] [stdout]     |
[INFO] [stdout] 2   + use crate::uem_reader::reader::UemReaderInternalTrait;
[INFO] [stdout]     |
[INFO] [stdout] 
[INFO] [stdout] error[E0599]: no method named `close` found for mutable reference `&mut Arc<Mutex<(dyn UemReaderInternalTrait + Send + 'static)>>` in the current scope
[INFO] [stdout]    --> src/lib.rs:156:20
[INFO] [stdout]     |
[INFO] [stdout] 141 |         uem_reader.close();
[INFO] [stdout]     |                    ^^^^^ method not found in `&mut Arc<Mutex<dyn UemReaderInternalTrait + Send>>`
[INFO] [stdout]     |
[INFO] [stdout]     = help: items from traits can only be used if the trait is in scope
[INFO] [stdout] help: the following trait is implemented but not in scope; perhaps add a `use` for it:
[INFO] [stdout]     |
[INFO] [stdout] 2   + use crate::uem_reader::reader::UemReaderInternalTrait;
[INFO] [stdout]     |
[INFO] [stdout] 
[INFO] [stdout] error[E0599]: no method named `close` found for mutable reference `&mut Arc<Mutex<(dyn UemReaderInternalTrait + Send + 'static)>>` in the current scope
[INFO] [stdout]    --> src/lib.rs:160:19
[INFO] [stdout]     |
[INFO] [stdout] 145 |     if uem_reader.close().is_err() {
[INFO] [stdout]     |                   ^^^^^ method not found in `&mut Arc<Mutex<dyn UemReaderInternalTrait + Send>>`
[INFO] [stdout]     |
[INFO] [stdout]     = help: items from traits can only be used if the trait is in scope
[INFO] [stdout] help: the following trait is implemented but not in scope; perhaps add a `use` for it:
[INFO] [stdout]     |
[INFO] [stdout] 2   + use crate::uem_reader::reader::UemReaderInternalTrait;
[INFO] [stdout]     |
[INFO] [stdout] 
[INFO] [stdout] error: aborting due to 13 previous errors
[INFO] [stdout] 
[INFO] [stdout] Some errors have detailed explanations: E0432, E0599.
[INFO] [stdout] For more information about an error, try `rustc --explain E0432`.
[INFO] [stdout] Couldn't compile the test.
[INFO] [stdout] ---- src/commands/reader.rs - commands::reader::UemCommandsReader<'a>::get_serial (line 246) stdout ----
[INFO] [stdout] error[E0432]: unresolved import `uem_reader::reader::UemReaderInternal`
[INFO] [stdout]  --> src/commands/reader.rs:248:26
[INFO] [stdout]   |
[INFO] [stdout] 5 | use uem_reader::reader::{UemReaderInternal, usb::find_usb_readers};
[INFO] [stdout]   |                          ^^^^^^^^^^^^^^^^^
[INFO] [stdout]   |                          |
[INFO] [stdout]   |                          no `UemReaderInternal` in `reader`
[INFO] [stdout]   |                          help: a similar name exists in the module: `UemReaderInternalTrait`
[INFO] [stdout] 
[INFO] [stdout] error[E0599]: no method named `open` found for mutable reference `&mut Arc<Mutex<(dyn UemReaderInternalTrait + Send + 'static)>>` in the current scope
[INFO] [stdout]   --> src/commands/reader.rs:255:15
[INFO] [stdout]    |
[INFO] [stdout] 12 | if uem_reader.open().is_err() { return; }
[INFO] [stdout]    |               ^^^^ method not found in `&mut Arc<Mutex<dyn UemReaderInternalTrait + Send>>`
[INFO] [stdout]    |
[INFO] [stdout]    = help: items from traits can only be used if the trait is in scope
[INFO] [stdout] help: the following trait is implemented but not in scope; perhaps add a `use` for it:
[INFO] [stdout]    |
[INFO] [stdout] 2  + use crate::uem_reader::reader::UemReaderInternalTrait;
[INFO] [stdout]    |
[INFO] [stdout] 
[INFO] [stdout] error[E0599]: no method named `close` found for mutable reference `&mut Arc<Mutex<(dyn UemReaderInternalTrait + Send + 'static)>>` in the current scope
[INFO] [stdout]   --> src/commands/reader.rs:260:20
[INFO] [stdout]    |
[INFO] [stdout] 17 |         uem_reader.close();
[INFO] [stdout]    |                    ^^^^^ method not found in `&mut Arc<Mutex<dyn UemReaderInternalTrait + Send>>`
[INFO] [stdout]    |
[INFO] [stdout]    = help: items from traits can only be used if the trait is in scope
[INFO] [stdout] help: the following trait is implemented but not in scope; perhaps add a `use` for it:
[INFO] [stdout]    |
[INFO] [stdout] 2  + use crate::uem_reader::reader::UemReaderInternalTrait;
[INFO] [stdout]    |
[INFO] [stdout] 
[INFO] [stdout] error[E0599]: no method named `close` found for mutable reference `&mut Arc<Mutex<(dyn UemReaderInternalTrait + Send + 'static)>>` in the current scope
[INFO] [stdout]   --> src/commands/reader.rs:265:15
[INFO] [stdout]    |
[INFO] [stdout] 22 | if uem_reader.close().is_err() { return; }
[INFO] [stdout]    |               ^^^^^ method not found in `&mut Arc<Mutex<dyn UemReaderInternalTrait + Send>>`
[INFO] [stdout]    |
[INFO] [stdout]    = help: items from traits can only be used if the trait is in scope
[INFO] [stdout] help: the following trait is implemented but not in scope; perhaps add a `use` for it:
[INFO] [stdout]    |
[INFO] [stdout] 2  + use crate::uem_reader::reader::UemReaderInternalTrait;
[INFO] [stdout]    |
[INFO] [stdout] 
[INFO] [stdout] error: aborting due to 4 previous errors
[INFO] [stdout] 
[INFO] [stdout] Some errors have detailed explanations: E0432, E0599.
[INFO] [stdout] For more information about an error, try `rustc --explain E0432`.
[INFO] [stdout] Couldn't compile the test.
[INFO] [stdout] ---- src/commands/reader.rs - commands::reader::UemCommandsReader<'a>::get_version (line 210) stdout ----
[INFO] [stdout] error[E0432]: unresolved import `uem_reader::reader::UemReaderInternal`
[INFO] [stdout]  --> src/commands/reader.rs:212:26
[INFO] [stdout]   |
[INFO] [stdout] 5 | use uem_reader::reader::{UemReaderInternal, usb::find_usb_readers};
[INFO] [stdout]   |                          ^^^^^^^^^^^^^^^^^
[INFO] [stdout]   |                          |
[INFO] [stdout]   |                          no `UemReaderInternal` in `reader`
[INFO] [stdout]   |                          help: a similar name exists in the module: `UemReaderInternalTrait`
[INFO] [stdout] 
[INFO] [stdout] error[E0599]: no method named `open` found for mutable reference `&mut Arc<Mutex<(dyn UemReaderInternalTrait + Send + 'static)>>` in the current scope
[INFO] [stdout]   --> src/commands/reader.rs:219:15
[INFO] [stdout]    |
[INFO] [stdout] 12 | if uem_reader.open().is_err() { return; }
[INFO] [stdout]    |               ^^^^ method not found in `&mut Arc<Mutex<dyn UemReaderInternalTrait + Send>>`
[INFO] [stdout]    |
[INFO] [stdout]    = help: items from traits can only be used if the trait is in scope
[INFO] [stdout] help: the following trait is implemented but not in scope; perhaps add a `use` for it:
[INFO] [stdout]    |
[INFO] [stdout] 2  + use crate::uem_reader::reader::UemReaderInternalTrait;
[INFO] [stdout]    |
[INFO] [stdout] 
[INFO] [stdout] error[E0599]: no method named `close` found for mutable reference `&mut Arc<Mutex<(dyn UemReaderInternalTrait + Send + 'static)>>` in the current scope
[INFO] [stdout]   --> src/commands/reader.rs:224:20
[INFO] [stdout]    |
[INFO] [stdout] 17 |         uem_reader.close();
[INFO] [stdout]    |                    ^^^^^ method not found in `&mut Arc<Mutex<dyn UemReaderInternalTrait + Send>>`
[INFO] [stdout]    |
[INFO] [stdout]    = help: items from traits can only be used if the trait is in scope
[INFO] [stdout] help: the following trait is implemented but not in scope; perhaps add a `use` for it:
[INFO] [stdout]    |
[INFO] [stdout] 2  + use crate::uem_reader::reader::UemReaderInternalTrait;
[INFO] [stdout]    |
[INFO] [stdout] 
[INFO] [stdout] error[E0599]: no method named `close` found for mutable reference `&mut Arc<Mutex<(dyn UemReaderInternalTrait + Send + 'static)>>` in the current scope
[INFO] [stdout]   --> src/commands/reader.rs:229:15
[INFO] [stdout]    |
[INFO] [stdout] 22 | if uem_reader.close().is_err() { return; }
[INFO] [stdout]    |               ^^^^^ method not found in `&mut Arc<Mutex<dyn UemReaderInternalTrait + Send>>`
[INFO] [stdout]    |
[INFO] [stdout]    = help: items from traits can only be used if the trait is in scope
[INFO] [stdout] help: the following trait is implemented but not in scope; perhaps add a `use` for it:
[INFO] [stdout]    |
[INFO] [stdout] 2  + use crate::uem_reader::reader::UemReaderInternalTrait;
[INFO] [stdout]    |
[INFO] [stdout] 
[INFO] [stdout] error: aborting due to 4 previous errors
[INFO] [stdout] 
[INFO] [stdout] Some errors have detailed explanations: E0432, E0599.
[INFO] [stdout] For more information about an error, try `rustc --explain E0432`.
[INFO] [stdout] Couldn't compile the test.
[INFO] [stdout] 
[INFO] [stdout] failures:
[INFO] [stdout]     src/commands/reader.rs - commands::reader::UemCommandsReader<'a>::beep (line 54)
[INFO] [stdout]     src/commands/reader.rs - commands::reader::UemCommandsReader<'a>::get_serial (line 246)
[INFO] [stdout]     src/commands/reader.rs - commands::reader::UemCommandsReader<'a>::get_version (line 210)
[INFO] [stdout]     src/commands/reader.rs - commands::reader::UemCommandsReader<'a>::led (line 94)
[INFO] [stdout]     src/commands/reader.rs - commands::reader::UemCommandsReader<'a>::power_radio (line 131)
[INFO] [stdout]     src/commands/reader.rs - commands::reader::UemCommandsReader<'a>::radio_off_on (line 174)
[INFO] [stdout]     src/lib.rs - (line 12)
[INFO] [stdout]     src/lib.rs - (line 18)
[INFO] [stdout] 
[INFO] [stdout] test result: FAILED. 1 passed; 8 failed; 9 ignored; 0 measured; 0 filtered out; finished in 0.21s
[INFO] [stdout] 
[INFO] [stderr] error: doctest failed, to rerun pass `--doc`
[INFO] running `Command { std: "docker" "inspect" "c5fd94f918a094691a788ec83ff87caf56044b624bfeab1bb4f100aca908dff8", kill_on_drop: false }`
[INFO] running `Command { std: "docker" "rm" "-f" "c5fd94f918a094691a788ec83ff87caf56044b624bfeab1bb4f100aca908dff8", kill_on_drop: false }`
[INFO] [stdout] c5fd94f918a094691a788ec83ff87caf56044b624bfeab1bb4f100aca908dff8
