[INFO] fetching crate ubi 0.0.28...
[INFO] testing ubi-0.0.28 against 1.75.0 for beta-1.76-1
[INFO] extracting crate ubi 0.0.28 into /workspace/builds/worker-0-tc1/source
[INFO] validating manifest of crates.io crate ubi 0.0.28 on toolchain 1.75.0
[INFO] running `Command { std: CARGO_HOME="/workspace/cargo-home" RUSTUP_HOME="/workspace/rustup-home" "/workspace/cargo-home/bin/cargo" "+1.75.0" "metadata" "--manifest-path" "Cargo.toml" "--no-deps", kill_on_drop: false }`
[INFO] started tweaking crates.io crate ubi 0.0.28
[INFO] finished tweaking crates.io crate ubi 0.0.28
[INFO] tweaked toml for crates.io crate ubi 0.0.28 written to /workspace/builds/worker-0-tc1/source/Cargo.toml
[INFO] crate crates.io crate ubi 0.0.28 already has a lockfile, it will not be regenerated
[INFO] running `Command { std: CARGO_HOME="/workspace/cargo-home" RUSTUP_HOME="/workspace/rustup-home" "/workspace/cargo-home/bin/cargo" "+1.75.0" "fetch" "--manifest-path" "Cargo.toml", kill_on_drop: false }`
[INFO] [stderr]     Updating crates.io index
[INFO] [stderr]  Downloading crates ...
[INFO] [stderr]   Downloaded reqwest v0.11.19
[INFO] [stderr]   Downloaded binstall-tar v0.4.39
[INFO] [stderr]   Downloaded xz v0.1.0
[INFO] [stderr]   Downloaded platforms v3.0.2
[INFO] [stderr]   Downloaded result v1.0.0
[INFO] [stderr]   Downloaded mockito v1.1.0
[INFO] [stderr]   Downloaded openssl-src v111.27.0+1.1.1v
[INFO] running `Command { std: "docker" "create" "-v" "/var/lib/crater-agent-workspace/builds/worker-0-tc1/target:/opt/rustwide/target:rw,Z" "-v" "/var/lib/crater-agent-workspace/builds/worker-0-tc1/source:/opt/rustwide/workdir:ro,Z" "-v" "/var/lib/crater-agent-workspace/cargo-home:/opt/rustwide/cargo-home:ro,Z" "-v" "/var/lib/crater-agent-workspace/rustup-home:/opt/rustwide/rustup-home:ro,Z" "-e" "SOURCE_DIR=/opt/rustwide/workdir" "-e" "CARGO_TARGET_DIR=/opt/rustwide/target" "-e" "CARGO_HOME=/opt/rustwide/cargo-home" "-e" "RUSTUP_HOME=/opt/rustwide/rustup-home" "-w" "/opt/rustwide/workdir" "-m" "1610612736" "--user" "0:0" "--network" "none" "ghcr.io/rust-lang/crates-build-env/linux@sha256:2788e3201cd34a07e3172128adcd8b3090168a8e3bcc40d7c032b9dda1df7d1c" "/opt/rustwide/cargo-home/bin/cargo" "+1.75.0" "metadata" "--no-deps" "--format-version=1", kill_on_drop: false }`
[INFO] [stdout] c2c292032e220e57496ace0b5ddfedda403bece596c641989155d8c2ebb1c5ac
[INFO] running `Command { std: "docker" "start" "-a" "c2c292032e220e57496ace0b5ddfedda403bece596c641989155d8c2ebb1c5ac", kill_on_drop: false }`
[INFO] running `Command { std: "docker" "inspect" "c2c292032e220e57496ace0b5ddfedda403bece596c641989155d8c2ebb1c5ac", kill_on_drop: false }`
[INFO] running `Command { std: "docker" "rm" "-f" "c2c292032e220e57496ace0b5ddfedda403bece596c641989155d8c2ebb1c5ac", kill_on_drop: false }`
[INFO] [stdout] c2c292032e220e57496ace0b5ddfedda403bece596c641989155d8c2ebb1c5ac
[INFO] running `Command { std: "docker" "create" "-v" "/var/lib/crater-agent-workspace/builds/worker-0-tc1/target:/opt/rustwide/target:rw,Z" "-v" "/var/lib/crater-agent-workspace/builds/worker-0-tc1/source:/opt/rustwide/workdir:ro,Z" "-v" "/var/lib/crater-agent-workspace/cargo-home:/opt/rustwide/cargo-home:ro,Z" "-v" "/var/lib/crater-agent-workspace/rustup-home:/opt/rustwide/rustup-home:ro,Z" "-e" "SOURCE_DIR=/opt/rustwide/workdir" "-e" "CARGO_TARGET_DIR=/opt/rustwide/target" "-e" "CARGO_INCREMENTAL=0" "-e" "RUST_BACKTRACE=full" "-e" "RUSTFLAGS=--cap-lints=warn" "-e" "RUSTDOCFLAGS=--cap-lints=warn" "-e" "CARGO_HOME=/opt/rustwide/cargo-home" "-e" "RUSTUP_HOME=/opt/rustwide/rustup-home" "-w" "/opt/rustwide/workdir" "-m" "1610612736" "--user" "0:0" "--network" "none" "ghcr.io/rust-lang/crates-build-env/linux@sha256:2788e3201cd34a07e3172128adcd8b3090168a8e3bcc40d7c032b9dda1df7d1c" "/opt/rustwide/cargo-home/bin/cargo" "+1.75.0" "build" "--frozen" "--message-format=json", kill_on_drop: false }`
[INFO] [stdout] ab37e44ad35ba3de8412bb7a82e84928161eddd200500eaec7bc4d942a671ab1
[INFO] running `Command { std: "docker" "start" "-a" "ab37e44ad35ba3de8412bb7a82e84928161eddd200500eaec7bc4d942a671ab1", kill_on_drop: false }`
[INFO] [stderr]    Compiling libc v0.2.147
[INFO] [stderr]    Compiling proc-macro2 v1.0.66
[INFO] [stderr]    Compiling unicode-ident v1.0.11
[INFO] [stderr]    Compiling pkg-config v0.3.27
[INFO] [stderr]    Compiling version_check v0.9.4
[INFO] [stderr]    Compiling once_cell v1.18.0
[INFO] [stderr]    Compiling pin-project-lite v0.2.12
[INFO] [stderr]    Compiling rustix v0.38.8
[INFO] [stderr]    Compiling itoa v1.0.9
[INFO] [stderr]    Compiling linux-raw-sys v0.4.5
[INFO] [stderr]    Compiling bitflags v2.4.0
[INFO] [stderr]    Compiling slab v0.4.9
[INFO] [stderr]    Compiling mio v0.8.8
[INFO] [stderr]    Compiling socket2 v0.5.3
[INFO] [stderr]    Compiling subtle v2.5.0
[INFO] [stderr]    Compiling indexmap v1.9.3
[INFO] [stderr]    Compiling fnv v1.0.7
[INFO] [stderr]    Compiling serde v1.0.185
[INFO] [stderr]    Compiling crc32fast v1.3.2
[INFO] [stderr]    Compiling futures-util v0.3.28
[INFO] [stderr]    Compiling http v0.2.9
[INFO] [stderr]    Compiling tracing-core v0.1.31
[INFO] [stderr]    Compiling log v0.4.20
[INFO] [stderr]    Compiling httparse v1.8.0
[INFO] [stderr]    Compiling generic-array v0.14.7
[INFO] [stderr]    Compiling rustix v0.37.23
[INFO] [stderr]    Compiling rustls v0.21.6
[INFO] [stderr]    Compiling hashbrown v0.12.3
[INFO] [stderr]    Compiling cpufeatures v0.2.9
[INFO] [stderr]    Compiling adler v1.0.2
[INFO] [stderr]    Compiling futures-channel v0.3.28
[INFO] [stderr]    Compiling miniz_oxide v0.7.1
[INFO] [stderr]    Compiling zstd-safe v5.0.2+zstd.1.5.2
[INFO] [stderr]    Compiling percent-encoding v2.3.0
[INFO] [stderr]    Compiling rustversion v1.0.14
[INFO] [stderr]    Compiling tracing v0.1.37
[INFO] [stderr]    Compiling utf8parse v0.2.1
[INFO] [stderr]    Compiling try-lock v0.2.4
[INFO] [stderr]    Compiling anstyle-parse v0.2.1
[INFO] [stderr]    Compiling want v0.3.1
[INFO] [stderr]    Compiling form_urlencoded v1.2.0
[INFO] [stderr]    Compiling quote v1.0.33
[INFO] [stderr]    Compiling http-body v0.4.5
[INFO] [stderr]    Compiling unicode-normalization v0.1.22
[INFO] [stderr]    Compiling socket2 v0.4.9
[INFO] [stderr]    Compiling flate2 v1.0.27
[INFO] [stderr]    Compiling ryu v1.0.15
[INFO] [stderr]    Compiling syn v2.0.29
[INFO] [stderr]    Compiling colorchoice v1.0.0
[INFO] [stderr]    Compiling jobserver v0.1.26
[INFO] [stderr]    Compiling unicode-bidi v0.3.13
[INFO] [stderr]    Compiling anstyle-query v1.0.0
[INFO] [stderr]    Compiling rand_core v0.6.4
[INFO] [stderr]    Compiling crypto-common v0.1.6
[INFO] [stderr]    Compiling block-buffer v0.10.4
[INFO] [stderr]    Compiling inout v0.1.3
[INFO] [stderr]    Compiling anstyle v1.0.1
[INFO] [stderr]    Compiling base64ct v1.6.0
[INFO] [stderr]    Compiling httpdate v1.0.3
[INFO] [stderr]    Compiling serde_json v1.0.105
[INFO] [stderr]    Compiling cc v1.0.83
[INFO] [stderr]    Compiling digest v0.10.7
[INFO] [stderr]    Compiling tower-service v0.3.2
[INFO] [stderr]    Compiling cipher v0.4.4
[INFO] [stderr]    Compiling aho-corasick v1.0.4
[INFO] [stderr]    Compiling platforms v3.0.2
[INFO] [stderr]    Compiling password-hash v0.4.2
[INFO] [stderr]    Compiling idna v0.4.0
[INFO] [stderr]    Compiling strsim v0.10.0
[INFO] [stderr]    Compiling hmac v0.12.1
[INFO] [stderr]    Compiling sha2 v0.10.7
[INFO] [stderr]    Compiling deranged v0.3.8
[INFO] [stderr]    Compiling heck v0.4.1
[INFO] [stderr]    Compiling thiserror v1.0.47
[INFO] [stderr]    Compiling clap_lex v0.5.0
[INFO] [stderr]    Compiling anyhow v1.0.75
[INFO] [stderr]    Compiling regex-syntax v0.7.4
[INFO] [stderr]    Compiling pbkdf2 v0.11.0
[INFO] [stderr]    Compiling rustls-pemfile v1.0.3
[INFO] [stderr]    Compiling terminal_size v0.2.6
[INFO] [stderr]    Compiling sha1 v0.10.5
[INFO] [stderr]    Compiling aes v0.8.3
[INFO] [stderr]    Compiling xattr v0.2.3
[INFO] [stderr]    Compiling filetime v0.2.22
[INFO] [stderr]    Compiling encoding_rs v0.8.32
[INFO] [stderr]    Compiling ubi v0.0.28 (/opt/rustwide/workdir)
[INFO] [stderr]    Compiling constant_time_eq v0.1.5
[INFO] [stderr]    Compiling ipnet v2.8.0
[INFO] [stderr]    Compiling either v1.9.0
[INFO] [stderr]    Compiling webpki-roots v0.25.2
[INFO] [stderr]    Compiling fastrand v2.0.0
[INFO] [stderr]    Compiling byteorder v1.4.3
[INFO] [stderr]    Compiling mime v0.3.17
[INFO] [stderr]    Compiling time v0.3.27
[INFO] [stderr]    Compiling binstall-tar v0.4.39
[INFO] [stderr]    Compiling itertools v0.11.0
[INFO] [stderr]    Compiling is-terminal v0.4.9
[INFO] [stderr]    Compiling anstream v0.3.2
[INFO] [stderr]    Compiling colored v1.9.4
[INFO] [stderr]    Compiling tempfile v3.8.0
[INFO] [stderr]    Compiling result v1.0.0
[INFO] [stderr]    Compiling clap_builder v4.3.23
[INFO] [stderr]    Compiling fern v0.6.2
[INFO] [stderr]    Compiling ring v0.16.20
[INFO] [stderr]    Compiling zstd-sys v2.0.8+zstd.1.5.5
[INFO] [stderr]    Compiling bzip2-sys v0.1.11+1.0.8
[INFO] [stderr]    Compiling lzma-sys v0.1.20
[INFO] [stderr]    Compiling xz2 v0.1.7
[INFO] [stderr]    Compiling regex-automata v0.3.6
[INFO] [stderr]    Compiling xz v0.1.0
[INFO] [stderr]    Compiling bzip2 v0.4.4
[INFO] [stderr]    Compiling clap v4.3.23
[INFO] [stderr]    Compiling tokio-macros v2.1.0
[INFO] [stderr]    Compiling serde_derive v1.0.185
[INFO] [stderr]    Compiling futures-macro v0.3.28
[INFO] [stderr]    Compiling thiserror-impl v1.0.47
[INFO] [stderr]    Compiling strum_macros v0.25.2
[INFO] [stderr]    Compiling regex v1.9.3
[INFO] [stderr]    Compiling tokio v1.32.0
[INFO] [stderr]    Compiling sct v0.7.0
[INFO] [stderr]    Compiling rustls-webpki v0.101.4
[INFO] [stderr]    Compiling strum v0.25.0
[INFO] [stderr]    Compiling zstd v0.11.2+zstd.1.5.2
[INFO] [stderr]    Compiling zip v0.6.6
[INFO] [stderr]    Compiling tokio-util v0.7.8
[INFO] [stderr]    Compiling tokio-rustls v0.24.1
[INFO] [stderr]    Compiling async-compression v0.4.1
[INFO] [stderr]    Compiling h2 v0.3.21
[INFO] [stderr]    Compiling url v2.4.0
[INFO] [stderr]    Compiling serde_urlencoded v0.7.1
[INFO] [stderr]    Compiling hyper v0.14.27
[INFO] [stderr]    Compiling hyper-rustls v0.24.1
[INFO] [stderr]    Compiling reqwest v0.11.19
[INFO] [stderr]     Finished dev [unoptimized + debuginfo] target(s) in 23.09s
[INFO] running `Command { std: "docker" "inspect" "ab37e44ad35ba3de8412bb7a82e84928161eddd200500eaec7bc4d942a671ab1", kill_on_drop: false }`
[INFO] running `Command { std: "docker" "rm" "-f" "ab37e44ad35ba3de8412bb7a82e84928161eddd200500eaec7bc4d942a671ab1", kill_on_drop: false }`
[INFO] [stdout] ab37e44ad35ba3de8412bb7a82e84928161eddd200500eaec7bc4d942a671ab1
[INFO] running `Command { std: "docker" "create" "-v" "/var/lib/crater-agent-workspace/builds/worker-0-tc1/target:/opt/rustwide/target:rw,Z" "-v" "/var/lib/crater-agent-workspace/builds/worker-0-tc1/source:/opt/rustwide/workdir:ro,Z" "-v" "/var/lib/crater-agent-workspace/cargo-home:/opt/rustwide/cargo-home:ro,Z" "-v" "/var/lib/crater-agent-workspace/rustup-home:/opt/rustwide/rustup-home:ro,Z" "-e" "SOURCE_DIR=/opt/rustwide/workdir" "-e" "CARGO_TARGET_DIR=/opt/rustwide/target" "-e" "CARGO_INCREMENTAL=0" "-e" "RUST_BACKTRACE=full" "-e" "RUSTFLAGS=--cap-lints=warn" "-e" "RUSTDOCFLAGS=--cap-lints=warn" "-e" "CARGO_HOME=/opt/rustwide/cargo-home" "-e" "RUSTUP_HOME=/opt/rustwide/rustup-home" "-w" "/opt/rustwide/workdir" "-m" "1610612736" "--user" "0:0" "--network" "none" "ghcr.io/rust-lang/crates-build-env/linux@sha256:2788e3201cd34a07e3172128adcd8b3090168a8e3bcc40d7c032b9dda1df7d1c" "/opt/rustwide/cargo-home/bin/cargo" "+1.75.0" "test" "--frozen" "--no-run" "--message-format=json", kill_on_drop: false }`
[INFO] [stdout] 9bf632ef0b3da8488991345ff9963468970c0f061ac25f67567e0284b0326f6b
[INFO] running `Command { std: "docker" "start" "-a" "9bf632ef0b3da8488991345ff9963468970c0f061ac25f67567e0284b0326f6b", kill_on_drop: false }`
[INFO] [stderr]    Compiling parking_lot_core v0.9.8
[INFO] [stderr]    Compiling scopeguard v1.2.0
[INFO] [stderr]    Compiling smallvec v1.11.0
[INFO] [stderr]    Compiling lock_api v0.4.10
[INFO] [stderr]    Compiling futures-channel v0.3.28
[INFO] [stderr]    Compiling signal-hook-registry v1.4.1
[INFO] [stderr]    Compiling futures-util v0.3.28
[INFO] [stderr]    Compiling futures-io v0.3.28
[INFO] [stderr]    Compiling password-hash v0.4.2
[INFO] [stderr]    Compiling assert-json-diff v2.0.2
[INFO] [stderr]    Compiling colored v2.0.4
[INFO] [stderr]    Compiling similar v2.2.1
[INFO] [stderr]    Compiling pbkdf2 v0.11.0
[INFO] [stderr]    Compiling zip v0.6.6
[INFO] [stderr]    Compiling parking_lot v0.12.1
[INFO] [stderr]    Compiling tokio v1.32.0
[INFO] [stderr]    Compiling futures-executor v0.3.28
[INFO] [stderr]    Compiling futures v0.3.28
[INFO] [stderr]    Compiling tokio-util v0.7.8
[INFO] [stderr]    Compiling tokio-rustls v0.24.1
[INFO] [stderr]    Compiling async-compression v0.4.1
[INFO] [stderr]    Compiling h2 v0.3.21
[INFO] [stderr]    Compiling hyper v0.14.27
[INFO] [stderr]    Compiling hyper-rustls v0.24.1
[INFO] [stderr]    Compiling mockito v1.1.0
[INFO] [stderr]    Compiling reqwest v0.11.19
[INFO] [stderr]    Compiling ubi v0.0.28 (/opt/rustwide/workdir)
[INFO] [stderr]     Finished test [unoptimized + debuginfo] target(s) in 20.15s
[INFO] running `Command { std: "docker" "inspect" "9bf632ef0b3da8488991345ff9963468970c0f061ac25f67567e0284b0326f6b", kill_on_drop: false }`
[INFO] running `Command { std: "docker" "rm" "-f" "9bf632ef0b3da8488991345ff9963468970c0f061ac25f67567e0284b0326f6b", kill_on_drop: false }`
[INFO] [stdout] 9bf632ef0b3da8488991345ff9963468970c0f061ac25f67567e0284b0326f6b
[INFO] running `Command { std: "docker" "create" "-v" "/var/lib/crater-agent-workspace/builds/worker-0-tc1/target:/opt/rustwide/target:rw,Z" "-v" "/var/lib/crater-agent-workspace/builds/worker-0-tc1/source:/opt/rustwide/workdir:ro,Z" "-v" "/var/lib/crater-agent-workspace/cargo-home:/opt/rustwide/cargo-home:ro,Z" "-v" "/var/lib/crater-agent-workspace/rustup-home:/opt/rustwide/rustup-home:ro,Z" "-e" "SOURCE_DIR=/opt/rustwide/workdir" "-e" "CARGO_TARGET_DIR=/opt/rustwide/target" "-e" "CARGO_INCREMENTAL=0" "-e" "RUST_BACKTRACE=full" "-e" "RUSTFLAGS=--cap-lints=warn" "-e" "RUSTDOCFLAGS=--cap-lints=warn" "-e" "CARGO_HOME=/opt/rustwide/cargo-home" "-e" "RUSTUP_HOME=/opt/rustwide/rustup-home" "-w" "/opt/rustwide/workdir" "-m" "1610612736" "--user" "0:0" "--network" "none" "ghcr.io/rust-lang/crates-build-env/linux@sha256:2788e3201cd34a07e3172128adcd8b3090168a8e3bcc40d7c032b9dda1df7d1c" "/opt/rustwide/cargo-home/bin/cargo" "+1.75.0" "test" "--frozen", kill_on_drop: false }`
[INFO] [stdout] 2a17b26067b6a0b3f26bef8e9c8e22d910e0f79a0c5bd49dc39f132e81e57269
[INFO] running `Command { std: "docker" "start" "-a" "2a17b26067b6a0b3f26bef8e9c8e22d910e0f79a0c5bd49dc39f132e81e57269", kill_on_drop: false }`
[INFO] [stderr]     Finished test [unoptimized + debuginfo] target(s) in 0.23s
[INFO] [stderr]      Running unittests src/main.rs (/opt/rustwide/target/debug/deps/ubi-d33116528baa29b6)
[INFO] [stdout] 
[INFO] [stdout] running 12 tests
[INFO] [stdout] test ubi::test::exe_name ... ok
[INFO] [stdout] test ubi::test::pick_asset_from_matches_macos_arm ... FAILED
[INFO] [stdout] test ubi::test::pick_asset_from_matches_32_bit_platform ... FAILED
[INFO] [stdout] test ubi::test::pick_asset_from_matches_64_bit_platform ... FAILED
[INFO] [stdout] test ubi::test::parse_project_name ... ok
[INFO] [stdout] test ubi::test::multiple_matches ... FAILED
[INFO] [stdout] test ubi::test::matching_unusual_names ... FAILED
[INFO] [stdout] test ubi::test::mkcert_matching ... FAILED
[INFO] [stdout] test ubi::test::macos_arm ... FAILED
[INFO] [stdout] test ubi::test::asset_picking ... FAILED
[INFO] [stdout] test ubi::test::jq_matching ... FAILED
[INFO] [stdout] test ubi::test::extract_binary ... ok
[INFO] [stdout] 
[INFO] [stdout] failures:
[INFO] [stdout] 
[INFO] [stdout] ---- ubi::test::pick_asset_from_matches_macos_arm stdout ----
[INFO] [stdout] Error: Read-only file system (os error 30)
[INFO] [stdout] 
[INFO] [stdout] ---- ubi::test::pick_asset_from_matches_32_bit_platform stdout ----
[INFO] [stdout] Error: Read-only file system (os error 30)
[INFO] [stdout] 
[INFO] [stdout] ---- ubi::test::pick_asset_from_matches_64_bit_platform stdout ----
[INFO] [stdout] Error: Read-only file system (os error 30)
[INFO] [stdout] 
[INFO] [stdout] ---- ubi::test::multiple_matches stdout ----
[INFO] [stdout] Error: Read-only file system (os error 30)
[INFO] [stdout] 
[INFO] [stdout] ---- ubi::test::matching_unusual_names stdout ----
[INFO] [stdout] Error: Read-only file system (os error 30)
[INFO] [stdout] 
[INFO] [stdout] ---- ubi::test::mkcert_matching stdout ----
[INFO] [stdout] Error: Read-only file system (os error 30)
[INFO] [stdout] 
[INFO] [stdout] ---- ubi::test::macos_arm stdout ----
[INFO] [stdout] Error: Read-only file system (os error 30)
[INFO] [stdout] 
[INFO] [stdout] ---- ubi::test::asset_picking stdout ----
[INFO] [stdout] Error: Read-only file system (os error 30)
[INFO] [stdout] 
[INFO] [stdout] ---- ubi::test::jq_matching stdout ----
[INFO] [stdout] Error: Read-only file system (os error 30)
[INFO] [stdout] 
[INFO] [stdout] 
[INFO] [stdout] failures:
[INFO] [stdout]     ubi::test::asset_picking
[INFO] [stdout]     ubi::test::jq_matching
[INFO] [stdout]     ubi::test::macos_arm
[INFO] [stdout]     ubi::test::matching_unusual_names
[INFO] [stdout]     ubi::test::mkcert_matching
[INFO] [stdout]     ubi::test::multiple_matches
[INFO] [stdout]     ubi::test::pick_asset_from_matches_32_bit_platform
[INFO] [stdout]     ubi::test::pick_asset_from_matches_64_bit_platform
[INFO] [stdout]     ubi::test::pick_asset_from_matches_macos_arm
[INFO] [stdout] 
[INFO] [stdout] test result: FAILED. 3 passed; 9 failed; 0 ignored; 0 measured; 0 filtered out; finished in 0.01s
[INFO] [stdout] 
[INFO] [stderr] error: test failed, to rerun pass `--bin ubi`
[INFO] running `Command { std: "docker" "inspect" "2a17b26067b6a0b3f26bef8e9c8e22d910e0f79a0c5bd49dc39f132e81e57269", kill_on_drop: false }`
[INFO] running `Command { std: "docker" "rm" "-f" "2a17b26067b6a0b3f26bef8e9c8e22d910e0f79a0c5bd49dc39f132e81e57269", kill_on_drop: false }`
[INFO] [stdout] 2a17b26067b6a0b3f26bef8e9c8e22d910e0f79a0c5bd49dc39f132e81e57269
[INFO] testing ubi-0.0.28 against beta-2023-12-22 for beta-1.76-1
[INFO] extracting crate ubi 0.0.28 into /workspace/builds/worker-0-tc2/source
[INFO] validating manifest of crates.io crate ubi 0.0.28 on toolchain beta-2023-12-22
[INFO] running `Command { std: CARGO_HOME="/workspace/cargo-home" RUSTUP_HOME="/workspace/rustup-home" "/workspace/cargo-home/bin/cargo" "+beta-2023-12-22" "metadata" "--manifest-path" "Cargo.toml" "--no-deps", kill_on_drop: false }`
[INFO] started tweaking crates.io crate ubi 0.0.28
[INFO] finished tweaking crates.io crate ubi 0.0.28
[INFO] tweaked toml for crates.io crate ubi 0.0.28 written to /workspace/builds/worker-0-tc2/source/Cargo.toml
[INFO] crate crates.io crate ubi 0.0.28 already has a lockfile, it will not be regenerated
[INFO] running `Command { std: CARGO_HOME="/workspace/cargo-home" RUSTUP_HOME="/workspace/rustup-home" "/workspace/cargo-home/bin/cargo" "+beta-2023-12-22" "fetch" "--manifest-path" "Cargo.toml", kill_on_drop: false }`
[INFO] running `Command { std: "docker" "create" "-v" "/var/lib/crater-agent-workspace/builds/worker-0-tc2/target:/opt/rustwide/target:rw,Z" "-v" "/var/lib/crater-agent-workspace/builds/worker-0-tc2/source:/opt/rustwide/workdir:ro,Z" "-v" "/var/lib/crater-agent-workspace/cargo-home:/opt/rustwide/cargo-home:ro,Z" "-v" "/var/lib/crater-agent-workspace/rustup-home:/opt/rustwide/rustup-home:ro,Z" "-e" "SOURCE_DIR=/opt/rustwide/workdir" "-e" "CARGO_TARGET_DIR=/opt/rustwide/target" "-e" "CARGO_HOME=/opt/rustwide/cargo-home" "-e" "RUSTUP_HOME=/opt/rustwide/rustup-home" "-w" "/opt/rustwide/workdir" "-m" "1610612736" "--user" "0:0" "--network" "none" "ghcr.io/rust-lang/crates-build-env/linux@sha256:2788e3201cd34a07e3172128adcd8b3090168a8e3bcc40d7c032b9dda1df7d1c" "/opt/rustwide/cargo-home/bin/cargo" "+beta-2023-12-22" "metadata" "--no-deps" "--format-version=1", kill_on_drop: false }`
[INFO] [stdout] e73f4329f9a29ff8b672c44eb336d756f2b7b4eb472d89c46e125c245c23125d
[INFO] running `Command { std: "docker" "start" "-a" "e73f4329f9a29ff8b672c44eb336d756f2b7b4eb472d89c46e125c245c23125d", kill_on_drop: false }`
[INFO] running `Command { std: "docker" "inspect" "e73f4329f9a29ff8b672c44eb336d756f2b7b4eb472d89c46e125c245c23125d", kill_on_drop: false }`
[INFO] running `Command { std: "docker" "rm" "-f" "e73f4329f9a29ff8b672c44eb336d756f2b7b4eb472d89c46e125c245c23125d", kill_on_drop: false }`
[INFO] [stdout] e73f4329f9a29ff8b672c44eb336d756f2b7b4eb472d89c46e125c245c23125d
[INFO] running `Command { std: "docker" "create" "-v" "/var/lib/crater-agent-workspace/builds/worker-0-tc2/target:/opt/rustwide/target:rw,Z" "-v" "/var/lib/crater-agent-workspace/builds/worker-0-tc2/source:/opt/rustwide/workdir:ro,Z" "-v" "/var/lib/crater-agent-workspace/cargo-home:/opt/rustwide/cargo-home:ro,Z" "-v" "/var/lib/crater-agent-workspace/rustup-home:/opt/rustwide/rustup-home:ro,Z" "-e" "SOURCE_DIR=/opt/rustwide/workdir" "-e" "CARGO_TARGET_DIR=/opt/rustwide/target" "-e" "CARGO_INCREMENTAL=0" "-e" "RUST_BACKTRACE=full" "-e" "RUSTFLAGS=--cap-lints=warn" "-e" "RUSTDOCFLAGS=--cap-lints=warn" "-e" "CARGO_HOME=/opt/rustwide/cargo-home" "-e" "RUSTUP_HOME=/opt/rustwide/rustup-home" "-w" "/opt/rustwide/workdir" "-m" "1610612736" "--user" "0:0" "--network" "none" "ghcr.io/rust-lang/crates-build-env/linux@sha256:2788e3201cd34a07e3172128adcd8b3090168a8e3bcc40d7c032b9dda1df7d1c" "/opt/rustwide/cargo-home/bin/cargo" "+beta-2023-12-22" "build" "--frozen" "--message-format=json", kill_on_drop: false }`
[INFO] [stdout] f5ffd71d2d2d25a257fce1b15746cf7965fac2f62f81c562e48cb85c1ec7e304
[INFO] running `Command { std: "docker" "start" "-a" "f5ffd71d2d2d25a257fce1b15746cf7965fac2f62f81c562e48cb85c1ec7e304", kill_on_drop: false }`
[INFO] [stderr]    Compiling libc v0.2.147
[INFO] [stderr]    Compiling proc-macro2 v1.0.66
[INFO] [stderr]    Compiling unicode-ident v1.0.11
[INFO] [stderr]    Compiling pkg-config v0.3.27
[INFO] [stderr]    Compiling version_check v0.9.4
[INFO] [stderr]    Compiling once_cell v1.18.0
[INFO] [stderr]    Compiling pin-project-lite v0.2.12
[INFO] [stderr]    Compiling rustix v0.38.8
[INFO] [stderr]    Compiling linux-raw-sys v0.4.5
[INFO] [stderr]    Compiling bitflags v2.4.0
[INFO] [stderr]    Compiling itoa v1.0.9
[INFO] [stderr]    Compiling slab v0.4.9
[INFO] [stderr]    Compiling subtle v2.5.0
[INFO] [stderr]    Compiling socket2 v0.5.3
[INFO] [stderr]    Compiling mio v0.8.8
[INFO] [stderr]    Compiling indexmap v1.9.3
[INFO] [stderr]    Compiling crc32fast v1.3.2
[INFO] [stderr]    Compiling fnv v1.0.7
[INFO] [stderr]    Compiling tracing-core v0.1.31
[INFO] [stderr]    Compiling futures-util v0.3.28
[INFO] [stderr]    Compiling serde v1.0.185
[INFO] [stderr]    Compiling http v0.2.9
[INFO] [stderr]    Compiling log v0.4.20
[INFO] [stderr]    Compiling cpufeatures v0.2.9
[INFO] [stderr]    Compiling httparse v1.8.0
[INFO] [stderr]    Compiling futures-channel v0.3.28
[INFO] [stderr]    Compiling generic-array v0.14.7
[INFO] [stderr]    Compiling rustix v0.37.23
[INFO] [stderr]    Compiling hashbrown v0.12.3
[INFO] [stderr]    Compiling rustls v0.21.6
[INFO] [stderr]    Compiling tracing v0.1.37
[INFO] [stderr]    Compiling adler v1.0.2
[INFO] [stderr]    Compiling utf8parse v0.2.1
[INFO] [stderr]    Compiling miniz_oxide v0.7.1
[INFO] [stderr]    Compiling try-lock v0.2.4
[INFO] [stderr]    Compiling percent-encoding v2.3.0
[INFO] [stderr]    Compiling zstd-safe v5.0.2+zstd.1.5.2
[INFO] [stderr]    Compiling rustversion v1.0.14
[INFO] [stderr]    Compiling want v0.3.1
[INFO] [stderr]    Compiling anstyle-parse v0.2.1
[INFO] [stderr]    Compiling quote v1.0.33
[INFO] [stderr]    Compiling form_urlencoded v1.2.0
[INFO] [stderr]    Compiling unicode-normalization v0.1.22
[INFO] [stderr]    Compiling socket2 v0.4.9
[INFO] [stderr]    Compiling jobserver v0.1.26
[INFO] [stderr]    Compiling syn v2.0.29
[INFO] [stderr]    Compiling http-body v0.4.5
[INFO] [stderr]    Compiling serde_json v1.0.105
[INFO] [stderr]    Compiling flate2 v1.0.27
[INFO] [stderr]    Compiling cc v1.0.83
[INFO] [stderr]    Compiling base64ct v1.6.0
[INFO] [stderr]    Compiling colorchoice v1.0.0
[INFO] [stderr]    Compiling anstyle v1.0.1
[INFO] [stderr]    Compiling crypto-common v0.1.6
[INFO] [stderr]    Compiling block-buffer v0.10.4
[INFO] [stderr]    Compiling inout v0.1.3
[INFO] [stderr]    Compiling tower-service v0.3.2
[INFO] [stderr]    Compiling httpdate v1.0.3
[INFO] [stderr]    Compiling digest v0.10.7
[INFO] [stderr]    Compiling ryu v1.0.15
[INFO] [stderr]    Compiling anstyle-query v1.0.0
[INFO] [stderr]    Compiling unicode-bidi v0.3.13
[INFO] [stderr]    Compiling rand_core v0.6.4
[INFO] [stderr]    Compiling cipher v0.4.4
[INFO] [stderr]    Compiling aho-corasick v1.0.4
[INFO] [stderr]    Compiling deranged v0.3.8
[INFO] [stderr]    Compiling password-hash v0.4.2
[INFO] [stderr]    Compiling hmac v0.12.1
[INFO] [stderr]    Compiling sha2 v0.10.7
[INFO] [stderr]    Compiling strsim v0.10.0
[INFO] [stderr]    Compiling regex-syntax v0.7.4
[INFO] [stderr]    Compiling anyhow v1.0.75
[INFO] [stderr]    Compiling clap_lex v0.5.0
[INFO] [stderr]    Compiling platforms v3.0.2
[INFO] [stderr]    Compiling idna v0.4.0
[INFO] [stderr]    Compiling heck v0.4.1
[INFO] [stderr]    Compiling thiserror v1.0.47
[INFO] [stderr]    Compiling terminal_size v0.2.6
[INFO] [stderr]    Compiling pbkdf2 v0.11.0
[INFO] [stderr]    Compiling aes v0.8.3
[INFO] [stderr]    Compiling rustls-pemfile v1.0.3
[INFO] [stderr]    Compiling sha1 v0.10.5
[INFO] [stderr]    Compiling xattr v0.2.3
[INFO] [stderr]    Compiling filetime v0.2.22
[INFO] [stderr]    Compiling encoding_rs v0.8.32
[INFO] [stderr]    Compiling constant_time_eq v0.1.5
[INFO] [stderr]    Compiling ipnet v2.8.0
[INFO] [stderr]    Compiling ubi v0.0.28 (/opt/rustwide/workdir)
[INFO] [stderr]    Compiling mime v0.3.17
[INFO] [stderr]    Compiling ring v0.16.20
[INFO] [stderr]    Compiling zstd-sys v2.0.8+zstd.1.5.5
[INFO] [stderr]    Compiling lzma-sys v0.1.20
[INFO] [stderr]    Compiling bzip2-sys v0.1.11+1.0.8
[INFO] [stderr]    Compiling time v0.3.27
[INFO] [stderr]    Compiling fastrand v2.0.0
[INFO] [stderr]    Compiling webpki-roots v0.25.2
[INFO] [stderr]    Compiling is-terminal v0.4.9
[INFO] [stderr]    Compiling byteorder v1.4.3
[INFO] [stderr]    Compiling anstream v0.3.2
[INFO] [stderr]    Compiling colored v1.9.4
[INFO] [stderr]    Compiling either v1.9.0
[INFO] [stderr]    Compiling clap_builder v4.3.23
[INFO] [stderr]    Compiling itertools v0.11.0
[INFO] [stderr]    Compiling fern v0.6.2
[INFO] [stderr]    Compiling tempfile v3.8.0
[INFO] [stderr]    Compiling xz2 v0.1.7
[INFO] [stderr]    Compiling binstall-tar v0.4.39
[INFO] [stderr]    Compiling xz v0.1.0
[INFO] [stderr]    Compiling result v1.0.0
[INFO] [stderr]    Compiling regex-automata v0.3.6
[INFO] [stderr]    Compiling bzip2 v0.4.4
[INFO] [stderr]    Compiling tokio-macros v2.1.0
[INFO] [stderr]    Compiling futures-macro v0.3.28
[INFO] [stderr]    Compiling serde_derive v1.0.185
[INFO] [stderr]    Compiling thiserror-impl v1.0.47
[INFO] [stderr]    Compiling strum_macros v0.25.2
[INFO] [stderr]    Compiling clap v4.3.23
[INFO] [stderr]    Compiling regex v1.9.3
[INFO] [stderr]    Compiling tokio v1.32.0
[INFO] [stderr]    Compiling sct v0.7.0
[INFO] [stderr]    Compiling rustls-webpki v0.101.4
[INFO] [stderr]    Compiling strum v0.25.0
[INFO] [stderr]    Compiling zstd v0.11.2+zstd.1.5.2
[INFO] [stderr]    Compiling zip v0.6.6
[INFO] [stderr]    Compiling tokio-util v0.7.8
[INFO] [stderr]    Compiling tokio-rustls v0.24.1
[INFO] [stderr]    Compiling async-compression v0.4.1
[INFO] [stderr]    Compiling h2 v0.3.21
[INFO] [stderr]    Compiling url v2.4.0
[INFO] [stderr]    Compiling serde_urlencoded v0.7.1
[INFO] [stderr]    Compiling hyper v0.14.27
[INFO] [stderr]    Compiling hyper-rustls v0.24.1
[INFO] [stderr]    Compiling reqwest v0.11.19
[INFO] [stderr]     Finished dev [unoptimized + debuginfo] target(s) in 26.41s
[INFO] running `Command { std: "docker" "inspect" "f5ffd71d2d2d25a257fce1b15746cf7965fac2f62f81c562e48cb85c1ec7e304", kill_on_drop: false }`
[INFO] running `Command { std: "docker" "rm" "-f" "f5ffd71d2d2d25a257fce1b15746cf7965fac2f62f81c562e48cb85c1ec7e304", kill_on_drop: false }`
[INFO] [stdout] f5ffd71d2d2d25a257fce1b15746cf7965fac2f62f81c562e48cb85c1ec7e304
[INFO] running `Command { std: "docker" "create" "-v" "/var/lib/crater-agent-workspace/builds/worker-0-tc2/target:/opt/rustwide/target:rw,Z" "-v" "/var/lib/crater-agent-workspace/builds/worker-0-tc2/source:/opt/rustwide/workdir:ro,Z" "-v" "/var/lib/crater-agent-workspace/cargo-home:/opt/rustwide/cargo-home:ro,Z" "-v" "/var/lib/crater-agent-workspace/rustup-home:/opt/rustwide/rustup-home:ro,Z" "-e" "SOURCE_DIR=/opt/rustwide/workdir" "-e" "CARGO_TARGET_DIR=/opt/rustwide/target" "-e" "CARGO_INCREMENTAL=0" "-e" "RUST_BACKTRACE=full" "-e" "RUSTFLAGS=--cap-lints=warn" "-e" "RUSTDOCFLAGS=--cap-lints=warn" "-e" "CARGO_HOME=/opt/rustwide/cargo-home" "-e" "RUSTUP_HOME=/opt/rustwide/rustup-home" "-w" "/opt/rustwide/workdir" "-m" "1610612736" "--user" "0:0" "--network" "none" "ghcr.io/rust-lang/crates-build-env/linux@sha256:2788e3201cd34a07e3172128adcd8b3090168a8e3bcc40d7c032b9dda1df7d1c" "/opt/rustwide/cargo-home/bin/cargo" "+beta-2023-12-22" "test" "--frozen" "--no-run" "--message-format=json", kill_on_drop: false }`
[INFO] [stdout] 730b9c7bb4d8559f3130e66d3b2620a6fa1a1955d34fe61a1f30c8de0ce87225
[INFO] running `Command { std: "docker" "start" "-a" "730b9c7bb4d8559f3130e66d3b2620a6fa1a1955d34fe61a1f30c8de0ce87225", kill_on_drop: false }`
[INFO] [stderr]    Compiling parking_lot_core v0.9.8
[INFO] [stderr]    Compiling lock_api v0.4.10
[INFO] [stderr]    Compiling scopeguard v1.2.0
[INFO] [stderr]    Compiling smallvec v1.11.0
[INFO] [stderr]    Compiling futures-channel v0.3.28
[INFO] [stderr]    Compiling signal-hook-registry v1.4.1
[INFO] [stderr]    Compiling futures-util v0.3.28
[INFO] [stderr]    Compiling futures-io v0.3.28
[INFO] [stderr]    Compiling password-hash v0.4.2
[INFO] [stderr]    Compiling assert-json-diff v2.0.2
[INFO] [stderr]    Compiling colored v2.0.4
[INFO] [stderr]    Compiling similar v2.2.1
[INFO] [stderr]    Compiling pbkdf2 v0.11.0
[INFO] [stderr]    Compiling zip v0.6.6
[INFO] [stderr]    Compiling parking_lot v0.12.1
[INFO] [stderr]    Compiling tokio v1.32.0
[INFO] [stderr]    Compiling futures-executor v0.3.28
[INFO] [stderr]    Compiling futures v0.3.28
[INFO] [stderr]    Compiling tokio-util v0.7.8
[INFO] [stderr]    Compiling tokio-rustls v0.24.1
[INFO] [stderr]    Compiling async-compression v0.4.1
[INFO] [stderr]    Compiling h2 v0.3.21
[INFO] [stderr]    Compiling hyper v0.14.27
[INFO] [stderr]    Compiling hyper-rustls v0.24.1
[INFO] [stderr]    Compiling mockito v1.1.0
[INFO] [stderr]    Compiling reqwest v0.11.19
[INFO] [stderr]    Compiling ubi v0.0.28 (/opt/rustwide/workdir)
[INFO] [stderr]     Finished test [unoptimized + debuginfo] target(s) in 16.29s
[INFO] running `Command { std: "docker" "inspect" "730b9c7bb4d8559f3130e66d3b2620a6fa1a1955d34fe61a1f30c8de0ce87225", kill_on_drop: false }`
[INFO] running `Command { std: "docker" "rm" "-f" "730b9c7bb4d8559f3130e66d3b2620a6fa1a1955d34fe61a1f30c8de0ce87225", kill_on_drop: false }`
[INFO] [stdout] 730b9c7bb4d8559f3130e66d3b2620a6fa1a1955d34fe61a1f30c8de0ce87225
[INFO] running `Command { std: "docker" "create" "-v" "/var/lib/crater-agent-workspace/builds/worker-0-tc2/target:/opt/rustwide/target:rw,Z" "-v" "/var/lib/crater-agent-workspace/builds/worker-0-tc2/source:/opt/rustwide/workdir:ro,Z" "-v" "/var/lib/crater-agent-workspace/cargo-home:/opt/rustwide/cargo-home:ro,Z" "-v" "/var/lib/crater-agent-workspace/rustup-home:/opt/rustwide/rustup-home:ro,Z" "-e" "SOURCE_DIR=/opt/rustwide/workdir" "-e" "CARGO_TARGET_DIR=/opt/rustwide/target" "-e" "CARGO_INCREMENTAL=0" "-e" "RUST_BACKTRACE=full" "-e" "RUSTFLAGS=--cap-lints=warn" "-e" "RUSTDOCFLAGS=--cap-lints=warn" "-e" "CARGO_HOME=/opt/rustwide/cargo-home" "-e" "RUSTUP_HOME=/opt/rustwide/rustup-home" "-w" "/opt/rustwide/workdir" "-m" "1610612736" "--user" "0:0" "--network" "none" "ghcr.io/rust-lang/crates-build-env/linux@sha256:2788e3201cd34a07e3172128adcd8b3090168a8e3bcc40d7c032b9dda1df7d1c" "/opt/rustwide/cargo-home/bin/cargo" "+beta-2023-12-22" "test" "--frozen", kill_on_drop: false }`
[INFO] [stdout] 339ff4e30579aff4a3400313e1cb68be3fad0a6852d7d425d95cc663914ce681
[INFO] running `Command { std: "docker" "start" "-a" "339ff4e30579aff4a3400313e1cb68be3fad0a6852d7d425d95cc663914ce681", kill_on_drop: false }`
[INFO] [stderr]     Finished test [unoptimized + debuginfo] target(s) in 0.19s
[INFO] [stderr]      Running unittests src/main.rs (/opt/rustwide/target/debug/deps/ubi-793c90a4aedfa8e7)
[INFO] [stdout] 
[INFO] [stdout] running 12 tests
[INFO] [stdout] test ubi::test::exe_name ... ok
[INFO] [stdout] test ubi::test::parse_project_name ... ok
[INFO] [stdout] test ubi::test::pick_asset_from_matches_64_bit_platform ... FAILED
[INFO] [stdout] test ubi::test::pick_asset_from_matches_32_bit_platform ... FAILED
[INFO] [stdout] test ubi::test::pick_asset_from_matches_macos_arm ... FAILED
[INFO] [stdout] test ubi::test::jq_matching ... FAILED
[INFO] [stdout] test ubi::test::asset_picking ... FAILED
[INFO] [stdout] test ubi::test::matching_unusual_names ... FAILED
[INFO] [stdout] test ubi::test::mkcert_matching ... FAILED
[INFO] [stdout] test ubi::test::multiple_matches ... FAILED
[INFO] [stdout] test ubi::test::macos_arm ... FAILED
[INFO] [stdout] test ubi::test::extract_binary ... ok
[INFO] [stdout] 
[INFO] [stdout] failures:
[INFO] [stdout] 
[INFO] [stdout] ---- ubi::test::pick_asset_from_matches_64_bit_platform stdout ----
[INFO] [stdout] Error: Read-only file system (os error 30)
[INFO] [stdout] 
[INFO] [stdout] ---- ubi::test::pick_asset_from_matches_32_bit_platform stdout ----
[INFO] [stdout] Error: Read-only file system (os error 30)
[INFO] [stdout] 
[INFO] [stdout] ---- ubi::test::pick_asset_from_matches_macos_arm stdout ----
[INFO] [stdout] Error: Read-only file system (os error 30)
[INFO] [stdout] 
[INFO] [stdout] ---- ubi::test::jq_matching stdout ----
[INFO] [stdout] Error: Read-only file system (os error 30)
[INFO] [stdout] 
[INFO] [stdout] ---- ubi::test::asset_picking stdout ----
[INFO] [stdout] Error: Read-only file system (os error 30)
[INFO] [stdout] 
[INFO] [stdout] ---- ubi::test::matching_unusual_names stdout ----
[INFO] [stdout] Error: Read-only file system (os error 30)
[INFO] [stdout] 
[INFO] [stdout] ---- ubi::test::mkcert_matching stdout ----
[INFO] [stdout] Error: Read-only file system (os error 30)
[INFO] [stdout] 
[INFO] [stdout] ---- ubi::test::multiple_matches stdout ----
[INFO] [stdout] Error: Read-only file system (os error 30)
[INFO] [stdout] 
[INFO] [stdout] ---- ubi::test::macos_arm stdout ----
[INFO] [stdout] Error: Read-only file system (os error 30)
[INFO] [stdout] 
[INFO] [stdout] 
[INFO] [stdout] failures:
[INFO] [stdout]     ubi::test::asset_picking
[INFO] [stdout]     ubi::test::jq_matching
[INFO] [stdout]     ubi::test::macos_arm
[INFO] [stdout]     ubi::test::matching_unusual_names
[INFO] [stdout]     ubi::test::mkcert_matching
[INFO] [stdout]     ubi::test::multiple_matches
[INFO] [stdout]     ubi::test::pick_asset_from_matches_32_bit_platform
[INFO] [stdout]     ubi::test::pick_asset_from_matches_64_bit_platform
[INFO] [stdout]     ubi::test::pick_asset_from_matches_macos_arm
[INFO] [stdout] 
[INFO] [stdout] test result: FAILED. 3 passed; 9 failed; 0 ignored; 0 measured; 0 filtered out; finished in 0.01s
[INFO] [stdout] 
[INFO] [stderr] error: test failed, to rerun pass `--bin ubi`
[INFO] running `Command { std: "docker" "inspect" "339ff4e30579aff4a3400313e1cb68be3fad0a6852d7d425d95cc663914ce681", kill_on_drop: false }`
[INFO] running `Command { std: "docker" "rm" "-f" "339ff4e30579aff4a3400313e1cb68be3fad0a6852d7d425d95cc663914ce681", kill_on_drop: false }`
[INFO] [stdout] 339ff4e30579aff4a3400313e1cb68be3fad0a6852d7d425d95cc663914ce681
