[INFO] fetching crate u16cstr 0.4.0...
[INFO] testing u16cstr-0.4.0 against 1.75.0 for beta-1.76-1
[INFO] extracting crate u16cstr 0.4.0 into /workspace/builds/worker-3-tc1/source
[INFO] validating manifest of crates.io crate u16cstr 0.4.0 on toolchain 1.75.0
[INFO] running `Command { std: CARGO_HOME="/workspace/cargo-home" RUSTUP_HOME="/workspace/rustup-home" "/workspace/cargo-home/bin/cargo" "+1.75.0" "metadata" "--manifest-path" "Cargo.toml" "--no-deps", kill_on_drop: false }`
[INFO] started tweaking crates.io crate u16cstr 0.4.0
[INFO] finished tweaking crates.io crate u16cstr 0.4.0
[INFO] tweaked toml for crates.io crate u16cstr 0.4.0 written to /workspace/builds/worker-3-tc1/source/Cargo.toml
[INFO] running `Command { std: CARGO_HOME="/workspace/cargo-home" RUSTUP_HOME="/workspace/rustup-home" "/workspace/cargo-home/bin/cargo" "+1.75.0" "generate-lockfile" "--manifest-path" "Cargo.toml", kill_on_drop: false }`
[INFO] [stderr]     Updating crates.io index
[INFO] running `Command { std: CARGO_HOME="/workspace/cargo-home" RUSTUP_HOME="/workspace/rustup-home" "/workspace/cargo-home/bin/cargo" "+1.75.0" "fetch" "--manifest-path" "Cargo.toml", kill_on_drop: false }`
[INFO] [stderr]  Downloading crates ...
[INFO] [stderr]   Downloaded wchar v0.11.0
[INFO] [stderr]   Downloaded wchar-impl v0.11.0
[INFO] running `Command { std: "docker" "create" "-v" "/var/lib/crater-agent-workspace/builds/worker-3-tc1/target:/opt/rustwide/target:rw,Z" "-v" "/var/lib/crater-agent-workspace/builds/worker-3-tc1/source:/opt/rustwide/workdir:ro,Z" "-v" "/var/lib/crater-agent-workspace/cargo-home:/opt/rustwide/cargo-home:ro,Z" "-v" "/var/lib/crater-agent-workspace/rustup-home:/opt/rustwide/rustup-home:ro,Z" "-e" "SOURCE_DIR=/opt/rustwide/workdir" "-e" "CARGO_TARGET_DIR=/opt/rustwide/target" "-e" "CARGO_HOME=/opt/rustwide/cargo-home" "-e" "RUSTUP_HOME=/opt/rustwide/rustup-home" "-w" "/opt/rustwide/workdir" "-m" "1610612736" "--user" "0:0" "--network" "none" "ghcr.io/rust-lang/crates-build-env/linux@sha256:2788e3201cd34a07e3172128adcd8b3090168a8e3bcc40d7c032b9dda1df7d1c" "/opt/rustwide/cargo-home/bin/cargo" "+1.75.0" "metadata" "--no-deps" "--format-version=1", kill_on_drop: false }`
[INFO] [stdout] b4f0556776e28c4c02c3b92132a3699b231538cf2475905573250e5344fd18cd
[INFO] running `Command { std: "docker" "start" "-a" "b4f0556776e28c4c02c3b92132a3699b231538cf2475905573250e5344fd18cd", kill_on_drop: false }`
[INFO] running `Command { std: "docker" "inspect" "b4f0556776e28c4c02c3b92132a3699b231538cf2475905573250e5344fd18cd", kill_on_drop: false }`
[INFO] running `Command { std: "docker" "rm" "-f" "b4f0556776e28c4c02c3b92132a3699b231538cf2475905573250e5344fd18cd", kill_on_drop: false }`
[INFO] [stdout] b4f0556776e28c4c02c3b92132a3699b231538cf2475905573250e5344fd18cd
[INFO] running `Command { std: "docker" "create" "-v" "/var/lib/crater-agent-workspace/builds/worker-3-tc1/target:/opt/rustwide/target:rw,Z" "-v" "/var/lib/crater-agent-workspace/builds/worker-3-tc1/source:/opt/rustwide/workdir:ro,Z" "-v" "/var/lib/crater-agent-workspace/cargo-home:/opt/rustwide/cargo-home:ro,Z" "-v" "/var/lib/crater-agent-workspace/rustup-home:/opt/rustwide/rustup-home:ro,Z" "-e" "SOURCE_DIR=/opt/rustwide/workdir" "-e" "CARGO_TARGET_DIR=/opt/rustwide/target" "-e" "CARGO_INCREMENTAL=0" "-e" "RUST_BACKTRACE=full" "-e" "RUSTFLAGS=--cap-lints=warn" "-e" "RUSTDOCFLAGS=--cap-lints=warn" "-e" "CARGO_HOME=/opt/rustwide/cargo-home" "-e" "RUSTUP_HOME=/opt/rustwide/rustup-home" "-w" "/opt/rustwide/workdir" "-m" "1610612736" "--user" "0:0" "--network" "none" "ghcr.io/rust-lang/crates-build-env/linux@sha256:2788e3201cd34a07e3172128adcd8b3090168a8e3bcc40d7c032b9dda1df7d1c" "/opt/rustwide/cargo-home/bin/cargo" "+1.75.0" "build" "--frozen" "--message-format=json", kill_on_drop: false }`
[INFO] [stdout] c3179fbad2b1160dcc1f1168a922522f461a7b2da3e183109c4e5e6a765e3d8e
[INFO] running `Command { std: "docker" "start" "-a" "c3179fbad2b1160dcc1f1168a922522f461a7b2da3e183109c4e5e6a765e3d8e", kill_on_drop: false }`
[INFO] [stderr]    Compiling syn v1.0.109
[INFO] [stderr]    Compiling wchar v0.11.0
[INFO] [stderr]    Compiling widestring v1.0.2
[INFO] [stderr]    Compiling wchar-impl v0.11.0
[INFO] [stderr]    Compiling u16cstr v0.4.0 (/opt/rustwide/workdir)
[INFO] [stderr]     Finished dev [unoptimized + debuginfo] target(s) in 1.18s
[INFO] running `Command { std: "docker" "inspect" "c3179fbad2b1160dcc1f1168a922522f461a7b2da3e183109c4e5e6a765e3d8e", kill_on_drop: false }`
[INFO] running `Command { std: "docker" "rm" "-f" "c3179fbad2b1160dcc1f1168a922522f461a7b2da3e183109c4e5e6a765e3d8e", kill_on_drop: false }`
[INFO] [stdout] c3179fbad2b1160dcc1f1168a922522f461a7b2da3e183109c4e5e6a765e3d8e
[INFO] running `Command { std: "docker" "create" "-v" "/var/lib/crater-agent-workspace/builds/worker-3-tc1/target:/opt/rustwide/target:rw,Z" "-v" "/var/lib/crater-agent-workspace/builds/worker-3-tc1/source:/opt/rustwide/workdir:ro,Z" "-v" "/var/lib/crater-agent-workspace/cargo-home:/opt/rustwide/cargo-home:ro,Z" "-v" "/var/lib/crater-agent-workspace/rustup-home:/opt/rustwide/rustup-home:ro,Z" "-e" "SOURCE_DIR=/opt/rustwide/workdir" "-e" "CARGO_TARGET_DIR=/opt/rustwide/target" "-e" "CARGO_INCREMENTAL=0" "-e" "RUST_BACKTRACE=full" "-e" "RUSTFLAGS=--cap-lints=warn" "-e" "RUSTDOCFLAGS=--cap-lints=warn" "-e" "CARGO_HOME=/opt/rustwide/cargo-home" "-e" "RUSTUP_HOME=/opt/rustwide/rustup-home" "-w" "/opt/rustwide/workdir" "-m" "1610612736" "--user" "0:0" "--network" "none" "ghcr.io/rust-lang/crates-build-env/linux@sha256:2788e3201cd34a07e3172128adcd8b3090168a8e3bcc40d7c032b9dda1df7d1c" "/opt/rustwide/cargo-home/bin/cargo" "+1.75.0" "test" "--frozen" "--no-run" "--message-format=json", kill_on_drop: false }`
[INFO] [stdout] fe982c1af48381d816757a2016f03032617d48314a9f4a7a9282dae7d5b1c6f1
[INFO] running `Command { std: "docker" "start" "-a" "fe982c1af48381d816757a2016f03032617d48314a9f4a7a9282dae7d5b1c6f1", kill_on_drop: false }`
[INFO] [stderr]    Compiling u16cstr v0.4.0 (/opt/rustwide/workdir)
[INFO] [stderr]     Finished test [unoptimized + debuginfo] target(s) in 0.24s
[INFO] running `Command { std: "docker" "inspect" "fe982c1af48381d816757a2016f03032617d48314a9f4a7a9282dae7d5b1c6f1", kill_on_drop: false }`
[INFO] running `Command { std: "docker" "rm" "-f" "fe982c1af48381d816757a2016f03032617d48314a9f4a7a9282dae7d5b1c6f1", kill_on_drop: false }`
[INFO] [stdout] fe982c1af48381d816757a2016f03032617d48314a9f4a7a9282dae7d5b1c6f1
[INFO] running `Command { std: "docker" "create" "-v" "/var/lib/crater-agent-workspace/builds/worker-3-tc1/target:/opt/rustwide/target:rw,Z" "-v" "/var/lib/crater-agent-workspace/builds/worker-3-tc1/source:/opt/rustwide/workdir:ro,Z" "-v" "/var/lib/crater-agent-workspace/cargo-home:/opt/rustwide/cargo-home:ro,Z" "-v" "/var/lib/crater-agent-workspace/rustup-home:/opt/rustwide/rustup-home:ro,Z" "-e" "SOURCE_DIR=/opt/rustwide/workdir" "-e" "CARGO_TARGET_DIR=/opt/rustwide/target" "-e" "CARGO_INCREMENTAL=0" "-e" "RUST_BACKTRACE=full" "-e" "RUSTFLAGS=--cap-lints=warn" "-e" "RUSTDOCFLAGS=--cap-lints=warn" "-e" "CARGO_HOME=/opt/rustwide/cargo-home" "-e" "RUSTUP_HOME=/opt/rustwide/rustup-home" "-w" "/opt/rustwide/workdir" "-m" "1610612736" "--user" "0:0" "--network" "none" "ghcr.io/rust-lang/crates-build-env/linux@sha256:2788e3201cd34a07e3172128adcd8b3090168a8e3bcc40d7c032b9dda1df7d1c" "/opt/rustwide/cargo-home/bin/cargo" "+1.75.0" "test" "--frozen", kill_on_drop: false }`
[INFO] [stdout] 281a71c3853b41ce96af3d3840a85d742878a693a444fa28473b127ec9dced2f
[INFO] running `Command { std: "docker" "start" "-a" "281a71c3853b41ce96af3d3840a85d742878a693a444fa28473b127ec9dced2f", kill_on_drop: false }`
[INFO] [stderr]     Finished test [unoptimized + debuginfo] target(s) in 0.01s
[INFO] [stderr]      Running unittests src/lib.rs (/opt/rustwide/target/debug/deps/u16cstr-9ae1116445f85e4c)
[INFO] [stdout] 
[INFO] [stdout] running 0 tests
[INFO] [stdout] 
[INFO] [stdout] test result: ok. 0 passed; 0 failed; 0 ignored; 0 measured; 0 filtered out; finished in 0.00s
[INFO] [stdout] 
[INFO] [stderr]      Running tests/basic.rs (/opt/rustwide/target/debug/deps/basic-7d286ebe28d3230a)
[INFO] [stdout] 
[INFO] [stdout] running 2 tests
[INFO] [stdout] test u16cstr ... ok
[INFO] [stdout] test u16str ... ok
[INFO] [stdout] 
[INFO] [stdout] test result: ok. 2 passed; 0 failed; 0 ignored; 0 measured; 0 filtered out; finished in 0.00s
[INFO] [stdout] 
[INFO] [stderr]      Running tests/basic_in_another_crate.rs (/opt/rustwide/target/debug/deps/basic_in_another_crate-00034151d7b65a7a)
[INFO] [stdout] 
[INFO] [stdout] running 1 test
[INFO] [stdout] test basic_in_another_crate ... FAILED
[INFO] [stdout] 
[INFO] [stdout] failures:
[INFO] [stdout] 
[INFO] [stdout] ---- basic_in_another_crate stdout ----
[INFO] [stdout] Error: Os { code: 2, kind: NotFound, message: "No such file or directory" }
[INFO] [stdout] 
[INFO] [stdout] 
[INFO] [stdout] failures:
[INFO] [stdout]     basic_in_another_crate
[INFO] [stdout] 
[INFO] [stdout] test result: FAILED. 0 passed; 1 failed; 0 ignored; 0 measured; 0 filtered out; finished in 0.00s
[INFO] [stdout] 
[INFO] [stderr] error: test failed, to rerun pass `--test basic_in_another_crate`
[INFO] running `Command { std: "docker" "inspect" "281a71c3853b41ce96af3d3840a85d742878a693a444fa28473b127ec9dced2f", kill_on_drop: false }`
[INFO] running `Command { std: "docker" "rm" "-f" "281a71c3853b41ce96af3d3840a85d742878a693a444fa28473b127ec9dced2f", kill_on_drop: false }`
[INFO] [stdout] 281a71c3853b41ce96af3d3840a85d742878a693a444fa28473b127ec9dced2f
[INFO] testing u16cstr-0.4.0 against beta-2023-12-22 for beta-1.76-1
[INFO] extracting crate u16cstr 0.4.0 into /workspace/builds/worker-3-tc2/source
[INFO] validating manifest of crates.io crate u16cstr 0.4.0 on toolchain beta-2023-12-22
[INFO] running `Command { std: CARGO_HOME="/workspace/cargo-home" RUSTUP_HOME="/workspace/rustup-home" "/workspace/cargo-home/bin/cargo" "+beta-2023-12-22" "metadata" "--manifest-path" "Cargo.toml" "--no-deps", kill_on_drop: false }`
[INFO] started tweaking crates.io crate u16cstr 0.4.0
[INFO] finished tweaking crates.io crate u16cstr 0.4.0
[INFO] tweaked toml for crates.io crate u16cstr 0.4.0 written to /workspace/builds/worker-3-tc2/source/Cargo.toml
[INFO] running `Command { std: CARGO_HOME="/workspace/cargo-home" RUSTUP_HOME="/workspace/rustup-home" "/workspace/cargo-home/bin/cargo" "+beta-2023-12-22" "generate-lockfile" "--manifest-path" "Cargo.toml", kill_on_drop: false }`
[INFO] [stderr]     Updating crates.io index
[INFO] running `Command { std: CARGO_HOME="/workspace/cargo-home" RUSTUP_HOME="/workspace/rustup-home" "/workspace/cargo-home/bin/cargo" "+beta-2023-12-22" "fetch" "--manifest-path" "Cargo.toml", kill_on_drop: false }`
[INFO] running `Command { std: "docker" "create" "-v" "/var/lib/crater-agent-workspace/builds/worker-3-tc2/target:/opt/rustwide/target:rw,Z" "-v" "/var/lib/crater-agent-workspace/builds/worker-3-tc2/source:/opt/rustwide/workdir:ro,Z" "-v" "/var/lib/crater-agent-workspace/cargo-home:/opt/rustwide/cargo-home:ro,Z" "-v" "/var/lib/crater-agent-workspace/rustup-home:/opt/rustwide/rustup-home:ro,Z" "-e" "SOURCE_DIR=/opt/rustwide/workdir" "-e" "CARGO_TARGET_DIR=/opt/rustwide/target" "-e" "CARGO_HOME=/opt/rustwide/cargo-home" "-e" "RUSTUP_HOME=/opt/rustwide/rustup-home" "-w" "/opt/rustwide/workdir" "-m" "1610612736" "--user" "0:0" "--network" "none" "ghcr.io/rust-lang/crates-build-env/linux@sha256:2788e3201cd34a07e3172128adcd8b3090168a8e3bcc40d7c032b9dda1df7d1c" "/opt/rustwide/cargo-home/bin/cargo" "+beta-2023-12-22" "metadata" "--no-deps" "--format-version=1", kill_on_drop: false }`
[INFO] [stdout] d3c52577d27988bd0771943ab26f4804bdff9bd41cfe18b722057fc8d25357c9
[INFO] running `Command { std: "docker" "start" "-a" "d3c52577d27988bd0771943ab26f4804bdff9bd41cfe18b722057fc8d25357c9", kill_on_drop: false }`
[INFO] running `Command { std: "docker" "inspect" "d3c52577d27988bd0771943ab26f4804bdff9bd41cfe18b722057fc8d25357c9", kill_on_drop: false }`
[INFO] running `Command { std: "docker" "rm" "-f" "d3c52577d27988bd0771943ab26f4804bdff9bd41cfe18b722057fc8d25357c9", kill_on_drop: false }`
[INFO] [stdout] d3c52577d27988bd0771943ab26f4804bdff9bd41cfe18b722057fc8d25357c9
[INFO] running `Command { std: "docker" "create" "-v" "/var/lib/crater-agent-workspace/builds/worker-3-tc2/target:/opt/rustwide/target:rw,Z" "-v" "/var/lib/crater-agent-workspace/builds/worker-3-tc2/source:/opt/rustwide/workdir:ro,Z" "-v" "/var/lib/crater-agent-workspace/cargo-home:/opt/rustwide/cargo-home:ro,Z" "-v" "/var/lib/crater-agent-workspace/rustup-home:/opt/rustwide/rustup-home:ro,Z" "-e" "SOURCE_DIR=/opt/rustwide/workdir" "-e" "CARGO_TARGET_DIR=/opt/rustwide/target" "-e" "CARGO_INCREMENTAL=0" "-e" "RUST_BACKTRACE=full" "-e" "RUSTFLAGS=--cap-lints=warn" "-e" "RUSTDOCFLAGS=--cap-lints=warn" "-e" "CARGO_HOME=/opt/rustwide/cargo-home" "-e" "RUSTUP_HOME=/opt/rustwide/rustup-home" "-w" "/opt/rustwide/workdir" "-m" "1610612736" "--user" "0:0" "--network" "none" "ghcr.io/rust-lang/crates-build-env/linux@sha256:2788e3201cd34a07e3172128adcd8b3090168a8e3bcc40d7c032b9dda1df7d1c" "/opt/rustwide/cargo-home/bin/cargo" "+beta-2023-12-22" "build" "--frozen" "--message-format=json", kill_on_drop: false }`
[INFO] [stdout] da22125b33048c2d5b446c6cee123fa98b2043bff087f5a4a4873e602b6ad696
[INFO] running `Command { std: "docker" "start" "-a" "da22125b33048c2d5b446c6cee123fa98b2043bff087f5a4a4873e602b6ad696", kill_on_drop: false }`
[INFO] [stderr]    Compiling syn v1.0.109
[INFO] [stderr]    Compiling wchar v0.11.0
[INFO] [stderr]    Compiling widestring v1.0.2
[INFO] [stderr]    Compiling wchar-impl v0.11.0
[INFO] [stderr]    Compiling u16cstr v0.4.0 (/opt/rustwide/workdir)
[INFO] [stderr]     Finished dev [unoptimized + debuginfo] target(s) in 1.20s
[INFO] running `Command { std: "docker" "inspect" "da22125b33048c2d5b446c6cee123fa98b2043bff087f5a4a4873e602b6ad696", kill_on_drop: false }`
[INFO] running `Command { std: "docker" "rm" "-f" "da22125b33048c2d5b446c6cee123fa98b2043bff087f5a4a4873e602b6ad696", kill_on_drop: false }`
[INFO] [stdout] da22125b33048c2d5b446c6cee123fa98b2043bff087f5a4a4873e602b6ad696
[INFO] running `Command { std: "docker" "create" "-v" "/var/lib/crater-agent-workspace/builds/worker-3-tc2/target:/opt/rustwide/target:rw,Z" "-v" "/var/lib/crater-agent-workspace/builds/worker-3-tc2/source:/opt/rustwide/workdir:ro,Z" "-v" "/var/lib/crater-agent-workspace/cargo-home:/opt/rustwide/cargo-home:ro,Z" "-v" "/var/lib/crater-agent-workspace/rustup-home:/opt/rustwide/rustup-home:ro,Z" "-e" "SOURCE_DIR=/opt/rustwide/workdir" "-e" "CARGO_TARGET_DIR=/opt/rustwide/target" "-e" "CARGO_INCREMENTAL=0" "-e" "RUST_BACKTRACE=full" "-e" "RUSTFLAGS=--cap-lints=warn" "-e" "RUSTDOCFLAGS=--cap-lints=warn" "-e" "CARGO_HOME=/opt/rustwide/cargo-home" "-e" "RUSTUP_HOME=/opt/rustwide/rustup-home" "-w" "/opt/rustwide/workdir" "-m" "1610612736" "--user" "0:0" "--network" "none" "ghcr.io/rust-lang/crates-build-env/linux@sha256:2788e3201cd34a07e3172128adcd8b3090168a8e3bcc40d7c032b9dda1df7d1c" "/opt/rustwide/cargo-home/bin/cargo" "+beta-2023-12-22" "test" "--frozen" "--no-run" "--message-format=json", kill_on_drop: false }`
[INFO] [stdout] 727f7d5ab2fade7913f3eb0755c44acae49d0421e47c9babaf3d01d7c973332e
[INFO] running `Command { std: "docker" "start" "-a" "727f7d5ab2fade7913f3eb0755c44acae49d0421e47c9babaf3d01d7c973332e", kill_on_drop: false }`
[INFO] [stderr]    Compiling u16cstr v0.4.0 (/opt/rustwide/workdir)
[INFO] [stderr]     Finished test [unoptimized + debuginfo] target(s) in 0.32s
[INFO] running `Command { std: "docker" "inspect" "727f7d5ab2fade7913f3eb0755c44acae49d0421e47c9babaf3d01d7c973332e", kill_on_drop: false }`
[INFO] running `Command { std: "docker" "rm" "-f" "727f7d5ab2fade7913f3eb0755c44acae49d0421e47c9babaf3d01d7c973332e", kill_on_drop: false }`
[INFO] [stdout] 727f7d5ab2fade7913f3eb0755c44acae49d0421e47c9babaf3d01d7c973332e
[INFO] running `Command { std: "docker" "create" "-v" "/var/lib/crater-agent-workspace/builds/worker-3-tc2/target:/opt/rustwide/target:rw,Z" "-v" "/var/lib/crater-agent-workspace/builds/worker-3-tc2/source:/opt/rustwide/workdir:ro,Z" "-v" "/var/lib/crater-agent-workspace/cargo-home:/opt/rustwide/cargo-home:ro,Z" "-v" "/var/lib/crater-agent-workspace/rustup-home:/opt/rustwide/rustup-home:ro,Z" "-e" "SOURCE_DIR=/opt/rustwide/workdir" "-e" "CARGO_TARGET_DIR=/opt/rustwide/target" "-e" "CARGO_INCREMENTAL=0" "-e" "RUST_BACKTRACE=full" "-e" "RUSTFLAGS=--cap-lints=warn" "-e" "RUSTDOCFLAGS=--cap-lints=warn" "-e" "CARGO_HOME=/opt/rustwide/cargo-home" "-e" "RUSTUP_HOME=/opt/rustwide/rustup-home" "-w" "/opt/rustwide/workdir" "-m" "1610612736" "--user" "0:0" "--network" "none" "ghcr.io/rust-lang/crates-build-env/linux@sha256:2788e3201cd34a07e3172128adcd8b3090168a8e3bcc40d7c032b9dda1df7d1c" "/opt/rustwide/cargo-home/bin/cargo" "+beta-2023-12-22" "test" "--frozen", kill_on_drop: false }`
[INFO] [stdout] 0126c694a5207f124d3386a30d966248c8b6d5e1bea26a4288a447de9ae54bd2
[INFO] running `Command { std: "docker" "start" "-a" "0126c694a5207f124d3386a30d966248c8b6d5e1bea26a4288a447de9ae54bd2", kill_on_drop: false }`
[INFO] [stderr]     Finished test [unoptimized + debuginfo] target(s) in 0.01s
[INFO] [stderr]      Running unittests src/lib.rs (/opt/rustwide/target/debug/deps/u16cstr-cc0f3026aa2d2927)
[INFO] [stdout] 
[INFO] [stdout] running 0 tests
[INFO] [stdout] 
[INFO] [stdout] test result: ok. 0 passed; 0 failed; 0 ignored; 0 measured; 0 filtered out; finished in 0.00s
[INFO] [stdout] 
[INFO] [stderr]      Running tests/basic.rs (/opt/rustwide/target/debug/deps/basic-b75eddc7c33c4720)
[INFO] [stdout] 
[INFO] [stdout] running 2 tests
[INFO] [stdout] test u16cstr ... ok
[INFO] [stdout] test u16str ... ok
[INFO] [stdout] 
[INFO] [stdout] test result: ok. 2 passed; 0 failed; 0 ignored; 0 measured; 0 filtered out; finished in 0.00s
[INFO] [stdout] 
[INFO] [stderr]      Running tests/basic_in_another_crate.rs (/opt/rustwide/target/debug/deps/basic_in_another_crate-be6f267978688646)
[INFO] [stdout] 
[INFO] [stdout] running 1 test
[INFO] [stdout] test basic_in_another_crate ... FAILED
[INFO] [stdout] 
[INFO] [stdout] failures:
[INFO] [stdout] 
[INFO] [stdout] ---- basic_in_another_crate stdout ----
[INFO] [stdout] Error: Os { code: 2, kind: NotFound, message: "No such file or directory" }
[INFO] [stdout] 
[INFO] [stdout] 
[INFO] [stdout] failures:
[INFO] [stdout]     basic_in_another_crate
[INFO] [stdout] 
[INFO] [stdout] test result: FAILED. 0 passed; 1 failed; 0 ignored; 0 measured; 0 filtered out; finished in 0.00s
[INFO] [stdout] 
[INFO] [stderr] error: test failed, to rerun pass `--test basic_in_another_crate`
[INFO] running `Command { std: "docker" "inspect" "0126c694a5207f124d3386a30d966248c8b6d5e1bea26a4288a447de9ae54bd2", kill_on_drop: false }`
[INFO] running `Command { std: "docker" "rm" "-f" "0126c694a5207f124d3386a30d966248c8b6d5e1bea26a4288a447de9ae54bd2", kill_on_drop: false }`
[INFO] [stdout] 0126c694a5207f124d3386a30d966248c8b6d5e1bea26a4288a447de9ae54bd2
