[INFO] fetching crate type-id 0.1.0...
[INFO] testing type-id-0.1.0 against 1.75.0 for beta-1.76-1
[INFO] extracting crate type-id 0.1.0 into /workspace/builds/worker-0-tc1/source
[INFO] validating manifest of crates.io crate type-id 0.1.0 on toolchain 1.75.0
[INFO] running `Command { std: CARGO_HOME="/workspace/cargo-home" RUSTUP_HOME="/workspace/rustup-home" "/workspace/cargo-home/bin/cargo" "+1.75.0" "metadata" "--manifest-path" "Cargo.toml" "--no-deps", kill_on_drop: false }`
[INFO] started tweaking crates.io crate type-id 0.1.0
[INFO] finished tweaking crates.io crate type-id 0.1.0
[INFO] tweaked toml for crates.io crate type-id 0.1.0 written to /workspace/builds/worker-0-tc1/source/Cargo.toml
[INFO] running `Command { std: CARGO_HOME="/workspace/cargo-home" RUSTUP_HOME="/workspace/rustup-home" "/workspace/cargo-home/bin/cargo" "+1.75.0" "generate-lockfile" "--manifest-path" "Cargo.toml", kill_on_drop: false }`
[INFO] [stderr]     Updating crates.io index
[INFO] running `Command { std: CARGO_HOME="/workspace/cargo-home" RUSTUP_HOME="/workspace/rustup-home" "/workspace/cargo-home/bin/cargo" "+1.75.0" "fetch" "--manifest-path" "Cargo.toml", kill_on_drop: false }`
[INFO] running `Command { std: "docker" "create" "-v" "/var/lib/crater-agent-workspace/builds/worker-0-tc1/target:/opt/rustwide/target:rw,Z" "-v" "/var/lib/crater-agent-workspace/builds/worker-0-tc1/source:/opt/rustwide/workdir:ro,Z" "-v" "/var/lib/crater-agent-workspace/cargo-home:/opt/rustwide/cargo-home:ro,Z" "-v" "/var/lib/crater-agent-workspace/rustup-home:/opt/rustwide/rustup-home:ro,Z" "-e" "SOURCE_DIR=/opt/rustwide/workdir" "-e" "CARGO_TARGET_DIR=/opt/rustwide/target" "-e" "CARGO_HOME=/opt/rustwide/cargo-home" "-e" "RUSTUP_HOME=/opt/rustwide/rustup-home" "-w" "/opt/rustwide/workdir" "-m" "1610612736" "--user" "0:0" "--network" "none" "ghcr.io/rust-lang/crates-build-env/linux@sha256:2788e3201cd34a07e3172128adcd8b3090168a8e3bcc40d7c032b9dda1df7d1c" "/opt/rustwide/cargo-home/bin/cargo" "+1.75.0" "metadata" "--no-deps" "--format-version=1", kill_on_drop: false }`
[INFO] [stdout] e049b2bc53a15828a6bbdf71315f1e80dd6dc2aa5781182a3d5b1b997b191d93
[INFO] running `Command { std: "docker" "start" "-a" "e049b2bc53a15828a6bbdf71315f1e80dd6dc2aa5781182a3d5b1b997b191d93", kill_on_drop: false }`
[INFO] running `Command { std: "docker" "inspect" "e049b2bc53a15828a6bbdf71315f1e80dd6dc2aa5781182a3d5b1b997b191d93", kill_on_drop: false }`
[INFO] running `Command { std: "docker" "rm" "-f" "e049b2bc53a15828a6bbdf71315f1e80dd6dc2aa5781182a3d5b1b997b191d93", kill_on_drop: false }`
[INFO] [stdout] e049b2bc53a15828a6bbdf71315f1e80dd6dc2aa5781182a3d5b1b997b191d93
[INFO] running `Command { std: "docker" "create" "-v" "/var/lib/crater-agent-workspace/builds/worker-0-tc1/target:/opt/rustwide/target:rw,Z" "-v" "/var/lib/crater-agent-workspace/builds/worker-0-tc1/source:/opt/rustwide/workdir:ro,Z" "-v" "/var/lib/crater-agent-workspace/cargo-home:/opt/rustwide/cargo-home:ro,Z" "-v" "/var/lib/crater-agent-workspace/rustup-home:/opt/rustwide/rustup-home:ro,Z" "-e" "SOURCE_DIR=/opt/rustwide/workdir" "-e" "CARGO_TARGET_DIR=/opt/rustwide/target" "-e" "CARGO_INCREMENTAL=0" "-e" "RUST_BACKTRACE=full" "-e" "RUSTFLAGS=--cap-lints=warn" "-e" "RUSTDOCFLAGS=--cap-lints=warn" "-e" "CARGO_HOME=/opt/rustwide/cargo-home" "-e" "RUSTUP_HOME=/opt/rustwide/rustup-home" "-w" "/opt/rustwide/workdir" "-m" "1610612736" "--user" "0:0" "--network" "none" "ghcr.io/rust-lang/crates-build-env/linux@sha256:2788e3201cd34a07e3172128adcd8b3090168a8e3bcc40d7c032b9dda1df7d1c" "/opt/rustwide/cargo-home/bin/cargo" "+1.75.0" "build" "--frozen" "--message-format=json", kill_on_drop: false }`
[INFO] [stdout] ae0d41becc9bf85dfac5eddd6489239be9eb9513e02b2ecaca5d48c644040f96
[INFO] running `Command { std: "docker" "start" "-a" "ae0d41becc9bf85dfac5eddd6489239be9eb9513e02b2ecaca5d48c644040f96", kill_on_drop: false }`
[INFO] [stderr]    Compiling type-id v0.1.0 (/opt/rustwide/workdir)
[INFO] [stderr]     Finished dev [unoptimized + debuginfo] target(s) in 0.38s
[INFO] running `Command { std: "docker" "inspect" "ae0d41becc9bf85dfac5eddd6489239be9eb9513e02b2ecaca5d48c644040f96", kill_on_drop: false }`
[INFO] running `Command { std: "docker" "rm" "-f" "ae0d41becc9bf85dfac5eddd6489239be9eb9513e02b2ecaca5d48c644040f96", kill_on_drop: false }`
[INFO] [stdout] ae0d41becc9bf85dfac5eddd6489239be9eb9513e02b2ecaca5d48c644040f96
[INFO] running `Command { std: "docker" "create" "-v" "/var/lib/crater-agent-workspace/builds/worker-0-tc1/target:/opt/rustwide/target:rw,Z" "-v" "/var/lib/crater-agent-workspace/builds/worker-0-tc1/source:/opt/rustwide/workdir:ro,Z" "-v" "/var/lib/crater-agent-workspace/cargo-home:/opt/rustwide/cargo-home:ro,Z" "-v" "/var/lib/crater-agent-workspace/rustup-home:/opt/rustwide/rustup-home:ro,Z" "-e" "SOURCE_DIR=/opt/rustwide/workdir" "-e" "CARGO_TARGET_DIR=/opt/rustwide/target" "-e" "CARGO_INCREMENTAL=0" "-e" "RUST_BACKTRACE=full" "-e" "RUSTFLAGS=--cap-lints=warn" "-e" "RUSTDOCFLAGS=--cap-lints=warn" "-e" "CARGO_HOME=/opt/rustwide/cargo-home" "-e" "RUSTUP_HOME=/opt/rustwide/rustup-home" "-w" "/opt/rustwide/workdir" "-m" "1610612736" "--user" "0:0" "--network" "none" "ghcr.io/rust-lang/crates-build-env/linux@sha256:2788e3201cd34a07e3172128adcd8b3090168a8e3bcc40d7c032b9dda1df7d1c" "/opt/rustwide/cargo-home/bin/cargo" "+1.75.0" "test" "--frozen" "--no-run" "--message-format=json", kill_on_drop: false }`
[INFO] [stdout] a84aebda266627becc6b3c435eda0050239a725d8f282b62fe8b359b7a611e07
[INFO] running `Command { std: "docker" "start" "-a" "a84aebda266627becc6b3c435eda0050239a725d8f282b62fe8b359b7a611e07", kill_on_drop: false }`
[INFO] [stderr]    Compiling type-id v0.1.0 (/opt/rustwide/workdir)
[INFO] [stderr]     Finished test [unoptimized + debuginfo] target(s) in 0.41s
[INFO] running `Command { std: "docker" "inspect" "a84aebda266627becc6b3c435eda0050239a725d8f282b62fe8b359b7a611e07", kill_on_drop: false }`
[INFO] running `Command { std: "docker" "rm" "-f" "a84aebda266627becc6b3c435eda0050239a725d8f282b62fe8b359b7a611e07", kill_on_drop: false }`
[INFO] [stdout] a84aebda266627becc6b3c435eda0050239a725d8f282b62fe8b359b7a611e07
[INFO] running `Command { std: "docker" "create" "-v" "/var/lib/crater-agent-workspace/builds/worker-0-tc1/target:/opt/rustwide/target:rw,Z" "-v" "/var/lib/crater-agent-workspace/builds/worker-0-tc1/source:/opt/rustwide/workdir:ro,Z" "-v" "/var/lib/crater-agent-workspace/cargo-home:/opt/rustwide/cargo-home:ro,Z" "-v" "/var/lib/crater-agent-workspace/rustup-home:/opt/rustwide/rustup-home:ro,Z" "-e" "SOURCE_DIR=/opt/rustwide/workdir" "-e" "CARGO_TARGET_DIR=/opt/rustwide/target" "-e" "CARGO_INCREMENTAL=0" "-e" "RUST_BACKTRACE=full" "-e" "RUSTFLAGS=--cap-lints=warn" "-e" "RUSTDOCFLAGS=--cap-lints=warn" "-e" "CARGO_HOME=/opt/rustwide/cargo-home" "-e" "RUSTUP_HOME=/opt/rustwide/rustup-home" "-w" "/opt/rustwide/workdir" "-m" "1610612736" "--user" "0:0" "--network" "none" "ghcr.io/rust-lang/crates-build-env/linux@sha256:2788e3201cd34a07e3172128adcd8b3090168a8e3bcc40d7c032b9dda1df7d1c" "/opt/rustwide/cargo-home/bin/cargo" "+1.75.0" "test" "--frozen", kill_on_drop: false }`
[INFO] [stdout] c9dacb1708c829f5c2bf738a566172481fa563ee5fdbdf642840d9825f566669
[INFO] running `Command { std: "docker" "start" "-a" "c9dacb1708c829f5c2bf738a566172481fa563ee5fdbdf642840d9825f566669", kill_on_drop: false }`
[INFO] [stderr]     Finished test [unoptimized + debuginfo] target(s) in 0.01s
[INFO] [stderr]      Running unittests src/lib.rs (/opt/rustwide/target/debug/deps/type_id-ad9873d9e08a125d)
[INFO] [stdout] 
[INFO] [stdout] running 0 tests
[INFO] [stdout] 
[INFO] [stdout] test result: ok. 0 passed; 0 failed; 0 ignored; 0 measured; 0 filtered out; finished in 0.00s
[INFO] [stdout] 
[INFO] [stderr]    Doc-tests type-id
[INFO] [stdout] 
[INFO] [stdout] running 1 test
[INFO] [stdout] test src/lib.rs - Ty::CustomType (line 68) ... FAILED
[INFO] [stdout] 
[INFO] [stdout] failures:
[INFO] [stdout] 
[INFO] [stdout] ---- src/lib.rs - Ty::CustomType (line 68) stdout ----
[INFO] [stdout] error: expected identifier, found `...`
[INFO] [stdout]  --> src/lib.rs:69:14
[INFO] [stdout]   |
[INFO] [stdout] 3 | struct Bar { ... }  enum Foo { ... }
[INFO] [stdout]   |        ---   ^^^ expected identifier
[INFO] [stdout]   |        |
[INFO] [stdout]   |        while parsing this struct
[INFO] [stdout] 
[INFO] [stdout] error: expected identifier, found `...`
[INFO] [stdout]  --> src/lib.rs:69:32
[INFO] [stdout]   |
[INFO] [stdout] 3 | struct Bar { ... }  enum Foo { ... }
[INFO] [stdout]   |                          ---   ^^^ expected identifier
[INFO] [stdout]   |                          |
[INFO] [stdout]   |                          while parsing this enum
[INFO] [stdout]   |
[INFO] [stdout]   = help: enum variants can be `Variant`, `Variant = <integer>`, `Variant(Type, ..., TypeN)` or `Variant { fields: Types }`
[INFO] [stdout] 
[INFO] [stdout] error: expected one of `!` or `::`, found `(`
[INFO] [stdout]  --> src/lib.rs:73:32
[INFO] [stdout]   |
[INFO] [stdout] 7 | } _doctest_main_src_lib_rs_68_0() }
[INFO] [stdout]   |                                ^ expected one of `!` or `::`
[INFO] [stdout] 
[INFO] [stdout] error: aborting due to 3 previous errors
[INFO] [stdout] 
[INFO] [stdout] Couldn't compile the test.
[INFO] [stdout] 
[INFO] [stdout] failures:
[INFO] [stdout]     src/lib.rs - Ty::CustomType (line 68)
[INFO] [stdout] 
[INFO] [stdout] test result: FAILED. 0 passed; 1 failed; 0 ignored; 0 measured; 0 filtered out; finished in 0.04s
[INFO] [stdout] 
[INFO] [stderr] error: doctest failed, to rerun pass `--doc`
[INFO] running `Command { std: "docker" "inspect" "c9dacb1708c829f5c2bf738a566172481fa563ee5fdbdf642840d9825f566669", kill_on_drop: false }`
[INFO] running `Command { std: "docker" "rm" "-f" "c9dacb1708c829f5c2bf738a566172481fa563ee5fdbdf642840d9825f566669", kill_on_drop: false }`
[INFO] [stdout] c9dacb1708c829f5c2bf738a566172481fa563ee5fdbdf642840d9825f566669
[INFO] testing type-id-0.1.0 against beta-2023-12-22 for beta-1.76-1
[INFO] extracting crate type-id 0.1.0 into /workspace/builds/worker-0-tc2/source
[INFO] validating manifest of crates.io crate type-id 0.1.0 on toolchain beta-2023-12-22
[INFO] running `Command { std: CARGO_HOME="/workspace/cargo-home" RUSTUP_HOME="/workspace/rustup-home" "/workspace/cargo-home/bin/cargo" "+beta-2023-12-22" "metadata" "--manifest-path" "Cargo.toml" "--no-deps", kill_on_drop: false }`
[INFO] started tweaking crates.io crate type-id 0.1.0
[INFO] finished tweaking crates.io crate type-id 0.1.0
[INFO] tweaked toml for crates.io crate type-id 0.1.0 written to /workspace/builds/worker-0-tc2/source/Cargo.toml
[INFO] running `Command { std: CARGO_HOME="/workspace/cargo-home" RUSTUP_HOME="/workspace/rustup-home" "/workspace/cargo-home/bin/cargo" "+beta-2023-12-22" "generate-lockfile" "--manifest-path" "Cargo.toml", kill_on_drop: false }`
[INFO] [stderr]     Updating crates.io index
[INFO] running `Command { std: CARGO_HOME="/workspace/cargo-home" RUSTUP_HOME="/workspace/rustup-home" "/workspace/cargo-home/bin/cargo" "+beta-2023-12-22" "fetch" "--manifest-path" "Cargo.toml", kill_on_drop: false }`
[INFO] running `Command { std: "docker" "create" "-v" "/var/lib/crater-agent-workspace/builds/worker-0-tc2/target:/opt/rustwide/target:rw,Z" "-v" "/var/lib/crater-agent-workspace/builds/worker-0-tc2/source:/opt/rustwide/workdir:ro,Z" "-v" "/var/lib/crater-agent-workspace/cargo-home:/opt/rustwide/cargo-home:ro,Z" "-v" "/var/lib/crater-agent-workspace/rustup-home:/opt/rustwide/rustup-home:ro,Z" "-e" "SOURCE_DIR=/opt/rustwide/workdir" "-e" "CARGO_TARGET_DIR=/opt/rustwide/target" "-e" "CARGO_HOME=/opt/rustwide/cargo-home" "-e" "RUSTUP_HOME=/opt/rustwide/rustup-home" "-w" "/opt/rustwide/workdir" "-m" "1610612736" "--user" "0:0" "--network" "none" "ghcr.io/rust-lang/crates-build-env/linux@sha256:2788e3201cd34a07e3172128adcd8b3090168a8e3bcc40d7c032b9dda1df7d1c" "/opt/rustwide/cargo-home/bin/cargo" "+beta-2023-12-22" "metadata" "--no-deps" "--format-version=1", kill_on_drop: false }`
[INFO] [stdout] 166fab39593f0eb13a3d9bf0aa00ee3f93f60f55bdc66c4132b54ac76b79830d
[INFO] running `Command { std: "docker" "start" "-a" "166fab39593f0eb13a3d9bf0aa00ee3f93f60f55bdc66c4132b54ac76b79830d", kill_on_drop: false }`
[INFO] running `Command { std: "docker" "inspect" "166fab39593f0eb13a3d9bf0aa00ee3f93f60f55bdc66c4132b54ac76b79830d", kill_on_drop: false }`
[INFO] running `Command { std: "docker" "rm" "-f" "166fab39593f0eb13a3d9bf0aa00ee3f93f60f55bdc66c4132b54ac76b79830d", kill_on_drop: false }`
[INFO] [stdout] 166fab39593f0eb13a3d9bf0aa00ee3f93f60f55bdc66c4132b54ac76b79830d
[INFO] running `Command { std: "docker" "create" "-v" "/var/lib/crater-agent-workspace/builds/worker-0-tc2/target:/opt/rustwide/target:rw,Z" "-v" "/var/lib/crater-agent-workspace/builds/worker-0-tc2/source:/opt/rustwide/workdir:ro,Z" "-v" "/var/lib/crater-agent-workspace/cargo-home:/opt/rustwide/cargo-home:ro,Z" "-v" "/var/lib/crater-agent-workspace/rustup-home:/opt/rustwide/rustup-home:ro,Z" "-e" "SOURCE_DIR=/opt/rustwide/workdir" "-e" "CARGO_TARGET_DIR=/opt/rustwide/target" "-e" "CARGO_INCREMENTAL=0" "-e" "RUST_BACKTRACE=full" "-e" "RUSTFLAGS=--cap-lints=warn" "-e" "RUSTDOCFLAGS=--cap-lints=warn" "-e" "CARGO_HOME=/opt/rustwide/cargo-home" "-e" "RUSTUP_HOME=/opt/rustwide/rustup-home" "-w" "/opt/rustwide/workdir" "-m" "1610612736" "--user" "0:0" "--network" "none" "ghcr.io/rust-lang/crates-build-env/linux@sha256:2788e3201cd34a07e3172128adcd8b3090168a8e3bcc40d7c032b9dda1df7d1c" "/opt/rustwide/cargo-home/bin/cargo" "+beta-2023-12-22" "build" "--frozen" "--message-format=json", kill_on_drop: false }`
[INFO] [stdout] b1c766a4abc91a5f6a61574972e7fdd4618c6fefac362d117e04af60ef0aa3aa
[INFO] running `Command { std: "docker" "start" "-a" "b1c766a4abc91a5f6a61574972e7fdd4618c6fefac362d117e04af60ef0aa3aa", kill_on_drop: false }`
[INFO] [stderr]    Compiling type-id v0.1.0 (/opt/rustwide/workdir)
[INFO] [stderr]     Finished dev [unoptimized + debuginfo] target(s) in 0.29s
[INFO] running `Command { std: "docker" "inspect" "b1c766a4abc91a5f6a61574972e7fdd4618c6fefac362d117e04af60ef0aa3aa", kill_on_drop: false }`
[INFO] running `Command { std: "docker" "rm" "-f" "b1c766a4abc91a5f6a61574972e7fdd4618c6fefac362d117e04af60ef0aa3aa", kill_on_drop: false }`
[INFO] [stdout] b1c766a4abc91a5f6a61574972e7fdd4618c6fefac362d117e04af60ef0aa3aa
[INFO] running `Command { std: "docker" "create" "-v" "/var/lib/crater-agent-workspace/builds/worker-0-tc2/target:/opt/rustwide/target:rw,Z" "-v" "/var/lib/crater-agent-workspace/builds/worker-0-tc2/source:/opt/rustwide/workdir:ro,Z" "-v" "/var/lib/crater-agent-workspace/cargo-home:/opt/rustwide/cargo-home:ro,Z" "-v" "/var/lib/crater-agent-workspace/rustup-home:/opt/rustwide/rustup-home:ro,Z" "-e" "SOURCE_DIR=/opt/rustwide/workdir" "-e" "CARGO_TARGET_DIR=/opt/rustwide/target" "-e" "CARGO_INCREMENTAL=0" "-e" "RUST_BACKTRACE=full" "-e" "RUSTFLAGS=--cap-lints=warn" "-e" "RUSTDOCFLAGS=--cap-lints=warn" "-e" "CARGO_HOME=/opt/rustwide/cargo-home" "-e" "RUSTUP_HOME=/opt/rustwide/rustup-home" "-w" "/opt/rustwide/workdir" "-m" "1610612736" "--user" "0:0" "--network" "none" "ghcr.io/rust-lang/crates-build-env/linux@sha256:2788e3201cd34a07e3172128adcd8b3090168a8e3bcc40d7c032b9dda1df7d1c" "/opt/rustwide/cargo-home/bin/cargo" "+beta-2023-12-22" "test" "--frozen" "--no-run" "--message-format=json", kill_on_drop: false }`
[INFO] [stdout] 4bca16bb6eceb1bfb9d30c6041ac1c425145cd84343b9165185b4a92f688065a
[INFO] running `Command { std: "docker" "start" "-a" "4bca16bb6eceb1bfb9d30c6041ac1c425145cd84343b9165185b4a92f688065a", kill_on_drop: false }`
[INFO] [stderr]    Compiling type-id v0.1.0 (/opt/rustwide/workdir)
[INFO] [stderr]     Finished test [unoptimized + debuginfo] target(s) in 0.43s
[INFO] running `Command { std: "docker" "inspect" "4bca16bb6eceb1bfb9d30c6041ac1c425145cd84343b9165185b4a92f688065a", kill_on_drop: false }`
[INFO] running `Command { std: "docker" "rm" "-f" "4bca16bb6eceb1bfb9d30c6041ac1c425145cd84343b9165185b4a92f688065a", kill_on_drop: false }`
[INFO] [stdout] 4bca16bb6eceb1bfb9d30c6041ac1c425145cd84343b9165185b4a92f688065a
[INFO] running `Command { std: "docker" "create" "-v" "/var/lib/crater-agent-workspace/builds/worker-0-tc2/target:/opt/rustwide/target:rw,Z" "-v" "/var/lib/crater-agent-workspace/builds/worker-0-tc2/source:/opt/rustwide/workdir:ro,Z" "-v" "/var/lib/crater-agent-workspace/cargo-home:/opt/rustwide/cargo-home:ro,Z" "-v" "/var/lib/crater-agent-workspace/rustup-home:/opt/rustwide/rustup-home:ro,Z" "-e" "SOURCE_DIR=/opt/rustwide/workdir" "-e" "CARGO_TARGET_DIR=/opt/rustwide/target" "-e" "CARGO_INCREMENTAL=0" "-e" "RUST_BACKTRACE=full" "-e" "RUSTFLAGS=--cap-lints=warn" "-e" "RUSTDOCFLAGS=--cap-lints=warn" "-e" "CARGO_HOME=/opt/rustwide/cargo-home" "-e" "RUSTUP_HOME=/opt/rustwide/rustup-home" "-w" "/opt/rustwide/workdir" "-m" "1610612736" "--user" "0:0" "--network" "none" "ghcr.io/rust-lang/crates-build-env/linux@sha256:2788e3201cd34a07e3172128adcd8b3090168a8e3bcc40d7c032b9dda1df7d1c" "/opt/rustwide/cargo-home/bin/cargo" "+beta-2023-12-22" "test" "--frozen", kill_on_drop: false }`
[INFO] [stdout] 17109641132ccca5b1cb4ea1fa38cdae772f3e7e8603e0db1c27cb06b6f8de24
[INFO] running `Command { std: "docker" "start" "-a" "17109641132ccca5b1cb4ea1fa38cdae772f3e7e8603e0db1c27cb06b6f8de24", kill_on_drop: false }`
[INFO] [stderr]     Finished test [unoptimized + debuginfo] target(s) in 0.01s
[INFO] [stderr]      Running unittests src/lib.rs (/opt/rustwide/target/debug/deps/type_id-4f9eb8b24764c772)
[INFO] [stdout] 
[INFO] [stderr]    Doc-tests type-id
[INFO] [stdout] running 0 tests
[INFO] [stdout] 
[INFO] [stdout] test result: ok. 0 passed; 0 failed; 0 ignored; 0 measured; 0 filtered out; finished in 0.00s
[INFO] [stdout] 
[INFO] [stdout] 
[INFO] [stdout] running 1 test
[INFO] [stdout] test src/lib.rs - Ty::CustomType (line 68) ... FAILED
[INFO] [stdout] 
[INFO] [stdout] failures:
[INFO] [stdout] 
[INFO] [stdout] ---- src/lib.rs - Ty::CustomType (line 68) stdout ----
[INFO] [stdout] error: expected identifier, found `...`
[INFO] [stdout]  --> src/lib.rs:69:14
[INFO] [stdout]   |
[INFO] [stdout] 3 | struct Bar { ... }  enum Foo { ... }
[INFO] [stdout]   |        ---   ^^^ expected identifier
[INFO] [stdout]   |        |
[INFO] [stdout]   |        while parsing this struct
[INFO] [stdout] 
[INFO] [stdout] error: expected identifier, found `...`
[INFO] [stdout]  --> src/lib.rs:69:32
[INFO] [stdout]   |
[INFO] [stdout] 3 | struct Bar { ... }  enum Foo { ... }
[INFO] [stdout]   |                          ---   ^^^ expected identifier
[INFO] [stdout]   |                          |
[INFO] [stdout]   |                          while parsing this enum
[INFO] [stdout]   |
[INFO] [stdout]   = help: enum variants can be `Variant`, `Variant = <integer>`, `Variant(Type, ..., TypeN)` or `Variant { fields: Types }`
[INFO] [stdout] 
[INFO] [stdout] error: aborting due to 2 previous errors
[INFO] [stdout] 
[INFO] [stdout] Couldn't compile the test.
[INFO] [stdout] 
[INFO] [stdout] failures:
[INFO] [stdout]     src/lib.rs - Ty::CustomType (line 68)
[INFO] [stdout] 
[INFO] [stdout] test result: FAILED. 0 passed; 1 failed; 0 ignored; 0 measured; 0 filtered out; finished in 0.08s
[INFO] [stdout] 
[INFO] [stderr] error: doctest failed, to rerun pass `--doc`
[INFO] running `Command { std: "docker" "inspect" "17109641132ccca5b1cb4ea1fa38cdae772f3e7e8603e0db1c27cb06b6f8de24", kill_on_drop: false }`
[INFO] running `Command { std: "docker" "rm" "-f" "17109641132ccca5b1cb4ea1fa38cdae772f3e7e8603e0db1c27cb06b6f8de24", kill_on_drop: false }`
[INFO] [stdout] 17109641132ccca5b1cb4ea1fa38cdae772f3e7e8603e0db1c27cb06b6f8de24
