[INFO] fetching crate twenty-first 0.34.0...
[INFO] testing twenty-first-0.34.0 against 1.75.0 for beta-1.76-1
[INFO] extracting crate twenty-first 0.34.0 into /workspace/builds/worker-5-tc1/source
[INFO] validating manifest of crates.io crate twenty-first 0.34.0 on toolchain 1.75.0
[INFO] running `Command { std: CARGO_HOME="/workspace/cargo-home" RUSTUP_HOME="/workspace/rustup-home" "/workspace/cargo-home/bin/cargo" "+1.75.0" "metadata" "--manifest-path" "Cargo.toml" "--no-deps", kill_on_drop: false }`
[INFO] started tweaking crates.io crate twenty-first 0.34.0
[INFO] finished tweaking crates.io crate twenty-first 0.34.0
[INFO] tweaked toml for crates.io crate twenty-first 0.34.0 written to /workspace/builds/worker-5-tc1/source/Cargo.toml
[INFO] running `Command { std: CARGO_HOME="/workspace/cargo-home" RUSTUP_HOME="/workspace/rustup-home" "/workspace/cargo-home/bin/cargo" "+1.75.0" "generate-lockfile" "--manifest-path" "Cargo.toml", kill_on_drop: false }`
[INFO] [stderr]     Updating crates.io index
[INFO] running `Command { std: CARGO_HOME="/workspace/cargo-home" RUSTUP_HOME="/workspace/rustup-home" "/workspace/cargo-home/bin/cargo" "+1.75.0" "fetch" "--manifest-path" "Cargo.toml", kill_on_drop: false }`
[INFO] [stderr]  Downloading crates ...
[INFO] [stderr]   Downloaded bfieldcodec_derive v0.4.2
[INFO] [stderr]   Downloaded emojihash-rs v0.2.1
[INFO] [stderr]   Downloaded proptest-arbitrary-interop v0.1.0
[INFO] [stderr]   Downloaded rusty-leveldb v3.0.0
[INFO] running `Command { std: "docker" "create" "-v" "/var/lib/crater-agent-workspace/builds/worker-5-tc1/target:/opt/rustwide/target:rw,Z" "-v" "/var/lib/crater-agent-workspace/builds/worker-5-tc1/source:/opt/rustwide/workdir:ro,Z" "-v" "/var/lib/crater-agent-workspace/cargo-home:/opt/rustwide/cargo-home:ro,Z" "-v" "/var/lib/crater-agent-workspace/rustup-home:/opt/rustwide/rustup-home:ro,Z" "-e" "SOURCE_DIR=/opt/rustwide/workdir" "-e" "CARGO_TARGET_DIR=/opt/rustwide/target" "-e" "CARGO_HOME=/opt/rustwide/cargo-home" "-e" "RUSTUP_HOME=/opt/rustwide/rustup-home" "-w" "/opt/rustwide/workdir" "-m" "1610612736" "--user" "0:0" "--network" "none" "ghcr.io/rust-lang/crates-build-env/linux@sha256:2788e3201cd34a07e3172128adcd8b3090168a8e3bcc40d7c032b9dda1df7d1c" "/opt/rustwide/cargo-home/bin/cargo" "+1.75.0" "metadata" "--no-deps" "--format-version=1", kill_on_drop: false }`
[INFO] [stdout] 4e5473de7ed6c87056902e971bb5c0abed81ca9c324989a30ac0cece1f005340
[INFO] running `Command { std: "docker" "start" "-a" "4e5473de7ed6c87056902e971bb5c0abed81ca9c324989a30ac0cece1f005340", kill_on_drop: false }`
[INFO] running `Command { std: "docker" "inspect" "4e5473de7ed6c87056902e971bb5c0abed81ca9c324989a30ac0cece1f005340", kill_on_drop: false }`
[INFO] running `Command { std: "docker" "rm" "-f" "4e5473de7ed6c87056902e971bb5c0abed81ca9c324989a30ac0cece1f005340", kill_on_drop: false }`
[INFO] [stdout] 4e5473de7ed6c87056902e971bb5c0abed81ca9c324989a30ac0cece1f005340
[INFO] running `Command { std: "docker" "create" "-v" "/var/lib/crater-agent-workspace/builds/worker-5-tc1/target:/opt/rustwide/target:rw,Z" "-v" "/var/lib/crater-agent-workspace/builds/worker-5-tc1/source:/opt/rustwide/workdir:ro,Z" "-v" "/var/lib/crater-agent-workspace/cargo-home:/opt/rustwide/cargo-home:ro,Z" "-v" "/var/lib/crater-agent-workspace/rustup-home:/opt/rustwide/rustup-home:ro,Z" "-e" "SOURCE_DIR=/opt/rustwide/workdir" "-e" "CARGO_TARGET_DIR=/opt/rustwide/target" "-e" "CARGO_INCREMENTAL=0" "-e" "RUST_BACKTRACE=full" "-e" "RUSTFLAGS=--cap-lints=warn" "-e" "RUSTDOCFLAGS=--cap-lints=warn" "-e" "CARGO_HOME=/opt/rustwide/cargo-home" "-e" "RUSTUP_HOME=/opt/rustwide/rustup-home" "-w" "/opt/rustwide/workdir" "-m" "1610612736" "--user" "0:0" "--network" "none" "ghcr.io/rust-lang/crates-build-env/linux@sha256:2788e3201cd34a07e3172128adcd8b3090168a8e3bcc40d7c032b9dda1df7d1c" "/opt/rustwide/cargo-home/bin/cargo" "+1.75.0" "build" "--frozen" "--message-format=json", kill_on_drop: false }`
[INFO] [stdout] ed66788c62eb577b0de228927dadd2d18d5c1da0562e869cccbf4df6b8bb72e4
[INFO] running `Command { std: "docker" "start" "-a" "ed66788c62eb577b0de228927dadd2d18d5c1da0562e869cccbf4df6b8bb72e4", kill_on_drop: false }`
[INFO] [stderr]    Compiling libm v0.2.8
[INFO] [stderr]    Compiling smallvec v1.11.2
[INFO] [stderr]    Compiling build_const v0.2.2
[INFO] [stderr]    Compiling num-traits v0.2.17
[INFO] [stderr]    Compiling libc v0.2.151
[INFO] [stderr]    Compiling interpolator v0.5.0
[INFO] [stderr]    Compiling collection_literals v1.0.1
[INFO] [stderr]    Compiling rand_core v0.6.4
[INFO] [stderr]    Compiling phf_shared v0.11.2
[INFO] [stderr]    Compiling syn v2.0.48
[INFO] [stderr]    Compiling syn v1.0.109
[INFO] [stderr]    Compiling proc-macro-error-attr v1.0.4
[INFO] [stderr]    Compiling snap v1.1.1
[INFO] [stderr]    Compiling byteorder v1.5.0
[INFO] [stderr]    Compiling rand v0.8.5
[INFO] [stderr]    Compiling num-bigint v0.4.4
[INFO] [stderr]    Compiling errno v0.2.8
[INFO] [stderr]    Compiling crc v1.8.1
[INFO] [stderr]    Compiling proc-macro-utils v0.8.0
[INFO] [stderr]    Compiling fs2 v0.4.3
[INFO] [stderr]    Compiling block-buffer v0.7.3
[INFO] [stderr]    Compiling integer-encoding v3.0.4
[INFO] [stderr]    Compiling sha2 v0.8.2
[INFO] [stderr]    Compiling arrayvec v0.7.4
[INFO] [stderr]    Compiling constant_time_eq v0.3.0
[INFO] [stderr]    Compiling colored v2.1.0
[INFO] [stderr]    Compiling hashbrown v0.14.3
[INFO] [stderr]    Compiling itertools v0.11.0
[INFO] [stderr]    Compiling emojihash-rs v0.2.1
[INFO] [stderr]    Compiling phf_generator v0.11.2
[INFO] [stderr]    Compiling cc v1.0.83
[INFO] [stderr]    Compiling rusty-leveldb v3.0.0
[INFO] [stderr]    Compiling num-integer v0.1.45
[INFO] [stderr]    Compiling rand_distr v0.4.3
[INFO] [stderr]    Compiling blake3 v1.5.0
[INFO] [stderr]    Compiling proc-macro-error v1.0.4
[INFO] [stderr]    Compiling bfieldcodec_derive v0.4.2
[INFO] [stderr]    Compiling derive-where v1.2.7
[INFO] [stderr]    Compiling serde_derive v1.0.194
[INFO] [stderr]    Compiling phf_macros v0.11.2
[INFO] [stderr]    Compiling derive_arbitrary v1.3.2
[INFO] [stderr]    Compiling phf v0.11.2
[INFO] [stderr]    Compiling arbitrary v1.3.2
[INFO] [stderr]    Compiling quote-use-macros v0.7.2
[INFO] [stderr]    Compiling quote-use v0.7.2
[INFO] [stderr]    Compiling attribute-derive-macro v0.6.1
[INFO] [stderr]    Compiling serde v1.0.194
[INFO] [stderr]    Compiling attribute-derive v0.6.1
[INFO] [stderr]    Compiling get-size-derive v0.1.3
[INFO] [stderr]    Compiling get-size v0.1.4
[INFO] [stderr]    Compiling serde_json v1.0.111
[INFO] [stderr]    Compiling bincode v1.3.3
[INFO] [stderr]    Compiling serde-big-array v0.5.1
[INFO] [stderr]    Compiling twenty-first v0.34.0 (/opt/rustwide/workdir)
[INFO] [stderr]     Finished dev [unoptimized + debuginfo] target(s) in 14.25s
[INFO] running `Command { std: "docker" "inspect" "ed66788c62eb577b0de228927dadd2d18d5c1da0562e869cccbf4df6b8bb72e4", kill_on_drop: false }`
[INFO] running `Command { std: "docker" "rm" "-f" "ed66788c62eb577b0de228927dadd2d18d5c1da0562e869cccbf4df6b8bb72e4", kill_on_drop: false }`
[INFO] [stdout] ed66788c62eb577b0de228927dadd2d18d5c1da0562e869cccbf4df6b8bb72e4
[INFO] running `Command { std: "docker" "create" "-v" "/var/lib/crater-agent-workspace/builds/worker-5-tc1/target:/opt/rustwide/target:rw,Z" "-v" "/var/lib/crater-agent-workspace/builds/worker-5-tc1/source:/opt/rustwide/workdir:ro,Z" "-v" "/var/lib/crater-agent-workspace/cargo-home:/opt/rustwide/cargo-home:ro,Z" "-v" "/var/lib/crater-agent-workspace/rustup-home:/opt/rustwide/rustup-home:ro,Z" "-e" "SOURCE_DIR=/opt/rustwide/workdir" "-e" "CARGO_TARGET_DIR=/opt/rustwide/target" "-e" "CARGO_INCREMENTAL=0" "-e" "RUST_BACKTRACE=full" "-e" "RUSTFLAGS=--cap-lints=warn" "-e" "RUSTDOCFLAGS=--cap-lints=warn" "-e" "CARGO_HOME=/opt/rustwide/cargo-home" "-e" "RUSTUP_HOME=/opt/rustwide/rustup-home" "-w" "/opt/rustwide/workdir" "-m" "1610612736" "--user" "0:0" "--network" "none" "ghcr.io/rust-lang/crates-build-env/linux@sha256:2788e3201cd34a07e3172128adcd8b3090168a8e3bcc40d7c032b9dda1df7d1c" "/opt/rustwide/cargo-home/bin/cargo" "+1.75.0" "test" "--frozen" "--no-run" "--message-format=json", kill_on_drop: false }`
[INFO] [stdout] 85c0d0543e391badc85ed9ba8bdc838df224ecff0cd716958b2d325a7f399509
[INFO] running `Command { std: "docker" "start" "-a" "85c0d0543e391badc85ed9ba8bdc838df224ecff0cd716958b2d325a7f399509", kill_on_drop: false }`
[INFO] [stderr]    Compiling rustix v0.38.28
[INFO] [stderr]    Compiling linux-raw-sys v0.4.12
[INFO] [stderr]    Compiling serde v1.0.194
[INFO] [stderr]    Compiling fastrand v2.0.1
[INFO] [stderr]    Compiling wait-timeout v0.2.0
[INFO] [stderr]    Compiling quick-error v1.2.3
[INFO] [stderr]    Compiling ciborium-io v0.2.1
[INFO] [stderr]    Compiling clap_lex v0.6.0
[INFO] [stderr]    Compiling bit-set v0.5.3
[INFO] [stderr]    Compiling ahash v0.8.7
[INFO] [stderr]    Compiling rand_xorshift v0.3.0
[INFO] [stderr]    Compiling regex-automata v0.4.3
[INFO] [stderr]    Compiling cargo-husky v1.5.0
[INFO] [stderr]    Compiling unarray v0.1.4
[INFO] [stderr]    Compiling criterion-plot v0.5.0
[INFO] [stderr]    Compiling plotters v0.3.5
[INFO] [stderr]    Compiling ciborium-ll v0.2.1
[INFO] [stderr]    Compiling anes v0.1.6
[INFO] [stderr]    Compiling clap_builder v4.4.12
[INFO] [stderr]    Compiling hashbrown v0.14.3
[INFO] [stderr]    Compiling regex v1.10.2
[INFO] [stderr]    Compiling clap v4.4.13
[INFO] [stderr]    Compiling tempfile v3.9.0
[INFO] [stderr]    Compiling is-terminal v0.4.10
[INFO] [stderr]    Compiling rusty-fork v0.3.0
[INFO] [stderr]    Compiling proptest v1.4.0
[INFO] [stderr]    Compiling serde_json v1.0.111
[INFO] [stderr]    Compiling bincode v1.3.3
[INFO] [stderr]    Compiling ciborium v0.2.1
[INFO] [stderr]    Compiling serde-big-array v0.5.1
[INFO] [stderr]    Compiling num-bigint v0.4.4
[INFO] [stderr]    Compiling tinytemplate v1.2.1
[INFO] [stderr]    Compiling criterion v0.5.1
[INFO] [stderr]    Compiling twenty-first v0.34.0 (/opt/rustwide/workdir)
[INFO] [stderr]    Compiling proptest-arbitrary-interop v0.1.0
[INFO] [stderr]     Finished test [unoptimized + debuginfo] target(s) in 24.75s
[INFO] running `Command { std: "docker" "inspect" "85c0d0543e391badc85ed9ba8bdc838df224ecff0cd716958b2d325a7f399509", kill_on_drop: false }`
[INFO] running `Command { std: "docker" "rm" "-f" "85c0d0543e391badc85ed9ba8bdc838df224ecff0cd716958b2d325a7f399509", kill_on_drop: false }`
[INFO] [stdout] 85c0d0543e391badc85ed9ba8bdc838df224ecff0cd716958b2d325a7f399509
[INFO] running `Command { std: "docker" "create" "-v" "/var/lib/crater-agent-workspace/builds/worker-5-tc1/target:/opt/rustwide/target:rw,Z" "-v" "/var/lib/crater-agent-workspace/builds/worker-5-tc1/source:/opt/rustwide/workdir:ro,Z" "-v" "/var/lib/crater-agent-workspace/cargo-home:/opt/rustwide/cargo-home:ro,Z" "-v" "/var/lib/crater-agent-workspace/rustup-home:/opt/rustwide/rustup-home:ro,Z" "-e" "SOURCE_DIR=/opt/rustwide/workdir" "-e" "CARGO_TARGET_DIR=/opt/rustwide/target" "-e" "CARGO_INCREMENTAL=0" "-e" "RUST_BACKTRACE=full" "-e" "RUSTFLAGS=--cap-lints=warn" "-e" "RUSTDOCFLAGS=--cap-lints=warn" "-e" "CARGO_HOME=/opt/rustwide/cargo-home" "-e" "RUSTUP_HOME=/opt/rustwide/rustup-home" "-w" "/opt/rustwide/workdir" "-m" "1610612736" "--user" "0:0" "--network" "none" "ghcr.io/rust-lang/crates-build-env/linux@sha256:2788e3201cd34a07e3172128adcd8b3090168a8e3bcc40d7c032b9dda1df7d1c" "/opt/rustwide/cargo-home/bin/cargo" "+1.75.0" "test" "--frozen", kill_on_drop: false }`
[INFO] [stdout] 3608fb43543309f854577105bdb69b5515551b38047481d726e00ec579b065a5
[INFO] running `Command { std: "docker" "start" "-a" "3608fb43543309f854577105bdb69b5515551b38047481d726e00ec579b065a5", kill_on_drop: false }`
[INFO] [stderr]     Finished test [unoptimized + debuginfo] target(s) in 0.16s
[INFO] [stderr]      Running unittests src/lib.rs (/opt/rustwide/target/debug/deps/twenty_first-97432439925b3cf6)
[INFO] [stdout] 
[INFO] [stdout] running 412 tests
[INFO] [stdout] test amount::dyadic_rationals::dyadic_rationals_tests::equality_test ... ok
[INFO] [stdout] test amount::dyadic_rationals::dyadic_rationals_tests::canonize_simple_test ... ok
[INFO] [stdout] test amount::dyadic_rationals::dyadic_rationals_tests::additive_inverse_test ... ok
[INFO] [stdout] test amount::dyadic_rationals::dyadic_rationals_tests::mul_simple_test ... ok
[INFO] [stdout] test amount::dyadic_rationals::dyadic_rationals_tests::scalar_mul_simple_test ... ok
[INFO] [stdout] test amount::dyadic_rationals::dyadic_rationals_tests::simple_add_test ... ok
[INFO] [stdout] test amount::dyadic_rationals::dyadic_rationals_tests::simple_sub_test ... ok
[INFO] [stdout] test amount::u32s::u32s_tests::compare_simple_test ... ok
[INFO] [stdout] test amount::u32s::u32s_tests::biguinteger_conversion_test ... ok
[INFO] [stdout] test amount::u32s::u32s_tests::compare_simple_test_more ... ok
[INFO] [stdout] test amount::u32s::u32s_tests::conversion_test ... ok
[INFO] [stdout] test amount::u32s::u32s_tests::crash ... ignored
[INFO] [stdout] test amount::u32s::u32s_tests::convert_to_bfields_test ... ok
[INFO] [stdout] test amount::u32s::u32s_tests::display_u32s ... ok
[INFO] [stdout] test amount::u32s::u32s_tests::get_size_test ... ok
[INFO] [stdout] test amount::u32s::u32s_tests::mod_div_simple_test_1 ... ok
[INFO] [stdout] test amount::dyadic_rationals::dyadic_rationals_tests::canonize_pbt ... ok
[INFO] [stdout] test amount::u32s::u32s_tests::mod_div_simple_test_2 ... ok
[INFO] [stdout] test amount::u32s::u32s_tests::get_bit_test ... ok
[INFO] [stdout] test amount::u32s::u32s_tests::mod_div_simple_test_0 ... ok
[INFO] [stdout] test amount::u32s::u32s_tests::biguinteger_conversion_pbt ... ok
[INFO] [stdout] test amount::u32s::u32s_tests::mul_test_with_carry ... ok
[INFO] [stdout] test amount::u32s::u32s_tests::mul_two_div_two_simple_test ... ok
[INFO] [stdout] test amount::u32s::u32s_tests::simple_mul_test ... ok
[INFO] [stdout] test amount::u32s::u32s_tests::set_bit_simple_test ... ok
[INFO] [stdout] test amount::u32s::u32s_tests::simple_sub_test ... ok
[INFO] [stdout] test amount::u32s::u32s_tests::simple_sum_test ... ok
[INFO] [stdout] test amount::u32s::u32s_tests::simple_add_test ... ok
[INFO] [stdout] test amount::u32s::u32s_tests::serialization_test ... ok
[INFO] [stdout] test amount::u32s::u32s_tests::div_2_pbt ... ok
[INFO] [stdout] test amount::u32s::u32s_tests::mul_two_div_two_pbt ... ok
[INFO] [stdout] test amount::u32s::u32s_tests::u32_conversion_test ... ok
[INFO] [stdout] test amount::u32s::u32s_tests::identity_mul_test ... ok
[INFO] [stdout] test shared_math::b_field_element::b_prime_field_element_test::add_sub_wrap_around_test ... ok
[INFO] [stdout] test amount::u32s::u32s_tests::sub_add_pbt ... ok
[INFO] [stdout] test shared_math::b_field_element::b_prime_field_element_test::b_field_xgcd_test ... ok
[INFO] [stdout] test amount::u32s::u32s_tests::test_u32s_codec ... ok
[INFO] [stdout] test amount::u32s::u32s_tests::get_bit_set_bit_pbt ... ok
[INFO] [stdout] test shared_math::b_field_element::b_prime_field_element_test::create_polynomial_test ... ok
[INFO] [stdout] test amount::dyadic_rationals::dyadic_rationals_tests::mul_div_pow_two_pbt ... ok
[INFO] [stdout] test amount::u32s::u32s_tests::u128_conversion_test ... ok
[INFO] [stdout] test shared_math::b_field_element::b_prime_field_element_test::decrementing_min_value_wraps_around ... ok
[INFO] [stdout] test shared_math::b_field_element::b_prime_field_element_test::display_test ... ok
[INFO] [stdout] test shared_math::b_field_element::b_prime_field_element_test::equality_and_hash_test ... ok
[INFO] [stdout] test shared_math::b_field_element::b_prime_field_element_test::equals ... ok
[INFO] [stdout] test shared_math::b_field_element::b_prime_field_element_test::empty_batch_inversion ... ok
[INFO] [stdout] test amount::u32s::u32s_tests::div_mul_pbt ... ok
[INFO] [stdout] test shared_math::b_field_element::b_prime_field_element_test::get_primitive_root_of_unity_test ... ok
[INFO] [stdout] test shared_math::b_field_element::b_prime_field_element_test::incrementing_max_value_wraps_around ... ok
[INFO] [stdout] test shared_math::b_field_element::b_prime_field_element_test::inverse_or_zero_bfe ... ok
[INFO] [stdout] test shared_math::b_field_element::b_prime_field_element_test::mod_pow_test ... ok
[INFO] [stdout] test shared_math::b_field_element::b_prime_field_element_test::mod_pow_test_powers_of_three ... ok
[INFO] [stdout] test shared_math::b_field_element::b_prime_field_element_test::byte_array_of_small_field_elements_is_zero_at_high_indices ... ok
[INFO] [stdout] test shared_math::b_field_element::b_prime_field_element_test::mod_pow_test_powers_of_two ... ok
[INFO] [stdout] test shared_math::b_field_element::b_prime_field_element_test::division_by_self_gives_identity ... ok
[INFO] [stdout] test shared_math::b_field_element::b_prime_field_element_test::mul_div_pbt ... ok
[INFO] [stdout] test shared_math::b_field_element::b_prime_field_element_test::byte_array_outside_range_is_brought_into_range ... ok
[INFO] [stdout] test shared_math::b_field_element::b_prime_field_element_test::mul_div_plus_minus_neg_property_based_test ... ok
[INFO] [stdout] test amount::dyadic_rationals::dyadic_rationals_tests::add_sub_pbt ... ok
[INFO] [stdout] test shared_math::b_field_element::b_prime_field_element_test::byte_array_conversion ... ok
[INFO] [stdout] test shared_math::b_field_element::b_prime_field_element_test::get_size ... ok
[INFO] [stdout] test shared_math::b_field_element::b_prime_field_element_test::neg_test ... ok
[INFO] [stdout] test shared_math::b_field_element::b_prime_field_element_test::batch_inversion ... ok
[INFO] [stdout] test shared_math::b_field_element::b_prime_field_element_test::decrement ... ok
[INFO] [stdout] test shared_math::b_field_element::b_prime_field_element_test::one_is_one ... ok
[INFO] [stdout] test shared_math::b_field_element::b_prime_field_element_test::one_unequal_zero ... ok
[INFO] [stdout] test shared_math::b_field_element::b_prime_field_element_test::power_accumulator_simple_test ... ok
[INFO] [stdout] test shared_math::b_field_element::b_prime_field_element_test::multiplication_with_inverse_gives_identity ... ok
[INFO] [stdout] test shared_math::b_field_element::b_prime_field_element_test::increment ... ok
[INFO] [stdout] test shared_math::b_field_element::b_prime_field_element_test::supposed_generator_is_generator ... ok
[INFO] [stdout] test shared_math::b_field_element::b_prime_field_element_test::test_fixed_inverse ... ok
[INFO] [stdout] test shared_math::b_field_element::b_prime_field_element_test::test_fixed_modpow ... ok
[INFO] [stdout] test shared_math::b_field_element::b_prime_field_element_test::test_random_squares ... ok
[INFO] [stdout] test shared_math::b_field_element::b_prime_field_element_test::test_fixed_mul ... ok
[INFO] [stdout] test shared_math::b_field_element::b_prime_field_element_test::test_random_raw ... ok
[INFO] [stdout] test shared_math::b_field_element::b_prime_field_element_test::lift_then_unlift_preserves_element ... ok
[INFO] [stdout] test shared_math::b_field_element::b_prime_field_element_test::u32_conversion ... ok
[INFO] [stdout] test shared_math::b_field_element::b_prime_field_element_test::uniqueness_of_consecutive_emojis_bfe ... ok
[INFO] [stdout] test shared_math::b_field_element::b_prime_field_element_test::zero_is_zero ... ok
[INFO] [stdout] test shared_math::b_field_element::b_prime_field_element_test::not_zero_is_nonzero ... ok
[INFO] [stdout] test shared_math::b_field_element::b_prime_field_element_test::addition_is_commutative ... ok
[INFO] [stdout] test shared_math::b_field_element::b_prime_field_element_test::values_larger_than_modulus_are_handled_correctly ... ok
[INFO] [stdout] test shared_math::b_field_element::b_prime_field_element_test::value_is_preserved ... ok
[INFO] [stdout] test shared_math::b_field_element::b_prime_field_element_test::multiplication_is_commutative ... ok
[INFO] [stdout] test shared_math::b_field_element::b_prime_field_element_test::not_one_is_not_one ... ok
[INFO] [stdout] test shared_math::b_field_element::b_prime_field_element_test::addition_is_associative ... ok
[INFO] [stdout] test shared_math::b_field_element::b_prime_field_element_test::one_is_neutral_element_for_multiplication ... ok
[INFO] [stdout] test shared_math::b_field_element::b_prime_field_element_test::zero_is_neutral_element_for_addition ... ok
[INFO] [stdout] test amount::u32s::u32s_tests::mul_overflow_test_1 - should panic ... ok
[INFO] [stdout] test amount::u32s::u32s_tests::mul_overflow_test_0 - should panic ... ok
[INFO] [stdout] test amount::u32s::u32s_tests::sum_panic_test - should panic ... ok
[INFO] [stdout] test shared_math::b_field_element::b_prime_field_element_test::multiplication_is_associative ... ok
[INFO] [stdout] test shared_math::b_field_element::b_prime_field_element_test::multiplication_distributes_over_addition ... ok
[INFO] [stdout] test shared_math::b_field_element::b_prime_field_element_test::multiplicative_inverse_of_zero - should panic ... ok
[INFO] [stdout] test shared_math::bfield_codec::tests::bfield_codec_tests::test_encode_decode_random_vec_option_xfieldelement ... ok
[INFO] [stdout] test shared_math::bfield_codec::tests::bfield_codec_tests::decode_encode_array_with_static_element_size ... ok
[INFO] [stdout] test shared_math::bfield_codec::tests::bfield_codec_tests::test_encode_decode_tuples_static_static_size_1 ... ok
[INFO] [stdout] test shared_math::bfield_codec::tests::bfield_codec_tests::test_encode_decode_tuples_static_static_size_0 ... ok
[INFO] [stdout] test shared_math::bfield_codec::tests::bfield_codec_tests::test_encode_decode_tuples_static_static_size_3 ... ok
[INFO] [stdout] test shared_math::bfield_codec::tests::bfield_codec_tests::decode_encode_array_with_dynamic_element_size ... ok
[INFO] [stdout] test shared_math::bfield_codec::tests::bfield_codec_tests::test_encode_decode_tuples_static_static_size_2 ... ok
[INFO] [stdout] test shared_math::bfield_codec::tests::bfield_codec_tests::test_phantom_data ... ok
[INFO] [stdout] test shared_math::bfield_codec::tests::bfield_codec_tests::test_encode_decode_tuples_static_static_size_4 ... ok
[INFO] [stdout] test shared_math::bfield_codec::tests::bfield_codec_tests::test_encode_decode_tuples_static_static_size_5 ... ok
[INFO] [stdout] test shared_math::bfield_codec::tests::bfield_codec_tests::test_encode_decode_random_bfieldelement ... ok
[INFO] [stdout] test shared_math::bfield_codec::tests::derive_tests::simple_derivations::test_simple_digest ... ok
[INFO] [stdout] test shared_math::bfield_codec::tests::derive_tests::simple_derivations::test_simple_enum ... ok
[INFO] [stdout] test shared_math::bfield_codec::tests::bfield_codec_tests::test_encode_decode_random_digest ... ok
[INFO] [stdout] test shared_math::bfield_codec::tests::derive_tests::empty_structs_and_enums ... ok
[INFO] [stdout] test shared_math::bfield_codec::tests::derive_tests::ms_membership_proof_derive_test ... ok
[INFO] [stdout] test shared_math::bfield_codec::tests::derive_tests::simple_derivations::test_simple_struct_a ... ok
[INFO] [stdout] test shared_math::bfield_codec::tests::bfield_codec_tests::test_encode_decode_random_vec_of_vec_of_xfieldelement ... ok
[INFO] [stdout] test shared_math::bfield_codec::tests::derive_tests::simple_derivations::test_simple_struct_b ... ok
[INFO] [stdout] test shared_math::bfield_codec::tests::derive_tests::simple_struct_with_named_fields ... ok
[INFO] [stdout] test shared_math::bfield_codec::tests::bfield_codec_tests::test_encode_decode_random_vec_of_bfieldelement ... ok
[INFO] [stdout] test shared_math::bfield_codec::tests::derive_tests::simple_struct_with_one_unnamed_field ... ok
[INFO] [stdout] test shared_math::bfield_codec::tests::bfield_codec_tests::test_encode_decode_tuples_static_dynamic_size ... ok
[INFO] [stdout] test shared_math::bfield_codec::tests::derive_tests::simple_struct_with_unnamed_fields ... ok
[INFO] [stdout] test shared_math::bfield_codec::tests::bfield_codec_tests::test_encode_decode_random_xfieldelement ... ok
[INFO] [stdout] test shared_math::bfield_codec::tests::bfield_codec_tests::test_encode_decode_random_vec_of_vec_of_bfieldelement ... ok
[INFO] [stdout] test shared_math::bfield_codec::tests::bfield_codec_tests::test_encode_decode_tuples_dynamic_static_size ... ok
[INFO] [stdout] test shared_math::bfield_codec::tests::derive_tests::mmr_bfieldcodec_derive_test ... ok
[INFO] [stdout] test shared_math::bfield_codec::tests::bfield_codec_tests::test_encode_decode_random_vec_of_xfieldelement ... ok
[INFO] [stdout] test shared_math::bfield_codec::tests::derive_tests::struct_with_tuple_field_dynamic_size ... ok
[INFO] [stdout] test shared_math::bfield_codec::tests::derive_tests::struct_with_unnamed_vec_field ... ok
[INFO] [stdout] test shared_math::bfield_codec::tests::derive_tests::unsupported_fields_can_be_ignored_test ... ok
[INFO] [stdout] test shared_math::bfield_codec::tests::derive_tests::struct_with_nested_tuple_field ... ok
[INFO] [stdout] test shared_math::bfield_codec::tests::derive_tests::test_complex_enum_derive ... ok
[INFO] [stdout] test shared_math::bfield_codec::tests::bfield_codec_tests::test_encode_decode_random_vec_of_digest ... ok
[INFO] [stdout] test shared_math::bfield_codec::tests::derive_tests::struct_with_small_array ... ok
[INFO] [stdout] test shared_math::bfield_codec::tests::derive_tests::vec_of_struct_with_fix_and_var_len_fields_test ... ok
[INFO] [stdout] test shared_math::bfield_codec::tests::bfield_codec_tests::test_encode_decode_tuples_dynamic_dynamic_size ... ok
[INFO] [stdout] test shared_math::bfield_codec::tests::derive_tests::struct_with_tuple_field_static_size ... ok
[INFO] [stdout] test shared_math::circuit::constraint_circuit_tests::circuit_equality_check_and_constant_folding_test ... ok
[INFO] [stdout] test shared_math::bfield_codec::tests::derive_tests::vec_of_struct_with_quite_a_few_fix_and_var_len_fields_test ... ok
[INFO] [stdout] test shared_math::bfield_codec::tests::derive_tests::vec_of_struct_with_two_fix_len_fields_test ... ok
[INFO] [stdout] test shared_math::bfield_codec::tests::derive_tests::vec_of_struct_with_fix_and_var_len_unnamed_fields_test ... ok
[INFO] [stdout] test shared_math::digest::digest_tests::digest_biguint_conversion_simple_test ... ok
[INFO] [stdout] test shared_math::bfield_codec::tests::derive_tests::struct_with_nested_vec ... ok
[INFO] [stdout] test shared_math::digest::digest_tests::digest_from_str ... ok
[INFO] [stdout] test shared_math::digest::digest_tests::digest_ordering ... ok
[INFO] [stdout] test shared_math::digest::digest_tests::get_size ... ok
[INFO] [stdout] test shared_math::digest::digest_tests::test_reversed_involution ... ok
[INFO] [stdout] test shared_math::digest::digest_tests::digest_biguint_conversion_pbt ... ok
[INFO] [stdout] test shared_math::fips202::fips202_test::test_kats ... ok
[INFO] [stdout] test shared_math::lattice::lattice_test::test_ciphertext_conversion ... ok
[INFO] [stdout] test shared_math::lattice::lattice_test::test_embedding ... ok
[INFO] [stdout] test shared_math::lattice::lattice_test::test_fast_mul ... ok
[INFO] [stdout] test shared_math::digest::digest_tests::digest_biguint_overflow_test - should panic ... ok
[INFO] [stdout] test shared_math::bfield_codec::tests::derive_tests::deeply_nested_vec ... ok
[INFO] [stdout] test shared_math::bfield_codec::tests::derive_tests::vec_of_struct_with_one_fix_len_field_test ... ok
[INFO] [stdout] test shared_math::bfield_codec::tests::derive_tests::struct_with_array_with_dynamically_sized_elements ... ok
[INFO] [stdout] test shared_math::bfield_codec::tests::derive_tests::struct_with_phantom_data ... ok
[INFO] [stdout] test shared_math::bfield_codec::tests::derive_tests::vec_of_struct_with_two_fix_len_unnamed_fields_test ... ok
[INFO] [stdout] test shared_math::circuit::constraint_circuit_tests::multi_circuit_hash_is_unchanged_by_meta_data_test ... ok
[INFO] [stdout] test shared_math::bfield_codec::tests::derive_tests::struct_with_nested_phantom_data ... ok
[INFO] [stdout] test shared_math::lattice::lattice_test::zero_test ... ok
[INFO] [stdout] test shared_math::mds::tests::test_recursive_cyclic_mul ... ok
[INFO] [stdout] test shared_math::mds::tests::test_karatsuba ... ok
[INFO] [stdout] test shared_math::mds::tests::test_negacyclic_mul ... ok
[INFO] [stdout] test shared_math::bfield_codec::tests::derive_tests::struct_with_named_vec_fields ... ok
[INFO] [stdout] test shared_math::mpolynomial::test_mpolynomials::degree_bounds_big ... ok
[INFO] [stdout] test shared_math::bfield_codec::tests::derive_tests::struct_with_unnamed_vec_fields ... ok
[INFO] [stdout] test shared_math::mpolynomial::test_mpolynomials::add_assign_simple_test ... ok
[INFO] [stdout] test shared_math::bfield_codec::tests::derive_tests::struct_with_big_array ... ok
[INFO] [stdout] test shared_math::mpolynomial::test_mpolynomials::equality_test ... ok
[INFO] [stdout] test shared_math::mpolynomial::test_mpolynomials::evaluate_test ... ok
[INFO] [stdout] test shared_math::mpolynomial::test_mpolynomials::evaluate_symbolic_with_zeros_test ... ok
[INFO] [stdout] test shared_math::mpolynomial::test_mpolynomials::is_one_test ... ok
[INFO] [stdout] test shared_math::mpolynomial::test_mpolynomials::ignore_zero_coefficients_for_total_degree_computation_test ... ok
[INFO] [stdout] test shared_math::mpolynomial::test_mpolynomials::lift_test ... ok
[INFO] [stdout] test shared_math::lattice::lattice_test::test_module_multiply ... ok
[INFO] [stdout] test shared_math::mpolynomial::test_mpolynomials::extract_exponents_list_test ... ok
[INFO] [stdout] test shared_math::mpolynomial::test_mpolynomials::mut_with_one_test ... ok
[INFO] [stdout] test shared_math::mpolynomial::test_mpolynomials::mpoly_hashing_is_deterministic_and_unaffected_by_zero_coefficients_test ... ok
[INFO] [stdout] test shared_math::mpolynomial::test_mpolynomials::evaluate_symbolic_test ... ok
[INFO] [stdout] test shared_math::lattice::lattice_test::test_module_distributivity ... ok
[INFO] [stdout] test shared_math::mpolynomial::test_mpolynomials::simple_mul_test ... ok
[INFO] [stdout] test shared_math::mpolynomial::test_mpolynomials::simple_pow_test ... ok
[INFO] [stdout] test shared_math::mpolynomial::test_mpolynomials::precalculate_scalar_exponents_simple_test ... ok
[INFO] [stdout] test shared_math::mpolynomial::test_mpolynomials::simple_sub_test ... ok
[INFO] [stdout] test shared_math::mpolynomial::test_mpolynomials::square_test_simple ... ok
[INFO] [stdout] test shared_math::mpolynomial::test_mpolynomials::symbolic_degree_bound_ones ... ok
[INFO] [stdout] test shared_math::mpolynomial::test_mpolynomials::print_display_xfield_test ... ok
[INFO] [stdout] test shared_math::mpolynomial::test_mpolynomials::print_display_bfield_test ... ok
[INFO] [stdout] test shared_math::mpolynomial::test_mpolynomials::symbolic_degree_bound_random ... ok
[INFO] [stdout] test shared_math::mpolynomial::test_mpolynomials::symbolic_degree_bound_simple2 ... ok
[INFO] [stdout] test shared_math::mpolynomial::test_mpolynomials::square_test ... ok
[INFO] [stdout] test shared_math::mpolynomial::test_mpolynomials::symbolic_degree_bound_zero ... ok
[INFO] [stdout] test shared_math::mpolynomial::test_mpolynomials::symbolic_degree_bound_simple ... ok
[INFO] [stdout] test shared_math::mpolynomial::test_mpolynomials::simple_add_test ... ok
[INFO] [stdout] test shared_math::ntt::fast_ntt_attempt_tests::b_field_ntt_with_length_32 ... ok
[INFO] [stdout] test shared_math::mpolynomial::test_mpolynomials::symbolic_degree_bound_zeroes ... ok
[INFO] [stdout] test shared_math::mpolynomial::test_mpolynomials::mpolys_in_hash_set_test ... ok
[INFO] [stdout] test shared_math::ntt::fast_ntt_attempt_tests::bfield_max_value_test_of_chu_ntt ... ok
[INFO] [stdout] test shared_math::lattice::lattice_test::serialization_deserialization_test ... ok
[INFO] [stdout] test shared_math::mpolynomial::test_mpolynomials::variables_test ... ok
[INFO] [stdout] test shared_math::ntt::fast_ntt_attempt_tests::ntt_on_empty_input ... ok
[INFO] [stdout] test shared_math::ntt::fast_ntt_attempt_tests::bfield_basic_test_of_chu_ntt ... ok
[INFO] [stdout] test shared_math::ntt::fast_ntt_attempt_tests::test_ntt_noswap ... ok
[INFO] [stdout] test shared_math::ntt::fast_ntt_attempt_tests::xfield_basic_test_of_chu_ntt ... ok
[INFO] [stdout] test shared_math::other::test_other::binary_tree_properties ... ok
[INFO] [stdout] test shared_math::other::test_other::indices_of_set_bits_test ... ok
[INFO] [stdout] test shared_math::other::test_other::is_power_of_two_test ... ok
[INFO] [stdout] test shared_math::other::test_other::log_2_ceil_test ... ok
[INFO] [stdout] test shared_math::other::test_other::powers_of_two_below_test ... ok
[INFO] [stdout] test shared_math::other::test_other::roundup_nearest_multiple_test ... ok
[INFO] [stdout] test shared_math::other::test_other::transpose_test ... ok
[INFO] [stdout] test shared_math::polynomial::test_polynomials::add_assign_test ... ok
[INFO] [stdout] test shared_math::polynomial::test_polynomials::constant_zero_eq_constant_zero ... ok
[INFO] [stdout] test shared_math::polynomial::test_polynomials::differentiate_const ... ok
[INFO] [stdout] test shared_math::polynomial::test_polynomials::differentiate_leibniz ... ok
[INFO] [stdout] test shared_math::polynomial::test_polynomials::differentiate_quartic ... ok
[INFO] [stdout] test shared_math::polynomial::test_polynomials::differentiate_zero ... ok
[INFO] [stdout] test shared_math::polynomial::test_polynomials::equality ... ok
[INFO] [stdout] test shared_math::polynomial::test_polynomials::fast_coset_divide_test ... ok
[INFO] [stdout] test shared_math::mpolynomial::test_mpolynomials::mul_commutative_test ... ok
[INFO] [stdout] test shared_math::polynomial::test_polynomials::fast_coset_evaluate_test ... ok
[INFO] [stdout] test shared_math::ntt::fast_ntt_attempt_tests::ntt_on_input_of_length_one ... ok
[INFO] [stdout] test shared_math::ntt::fast_ntt_attempt_tests::test_compare_ntt_to_eval ... ok
[INFO] [stdout] test shared_math::polynomial::test_polynomials::fast_evaluate_test ... ok
[INFO] [stdout] test shared_math::polynomial::test_polynomials::fast_lagrange_interpolate_test ... ok
[INFO] [stdout] test shared_math::ntt::fast_ntt_attempt_tests::chu_ntt_b_field_prop_test ... ok
[INFO] [stdout] test shared_math::polynomial::test_polynomials::fast_multiply_test ... ok
[INFO] [stdout] test shared_math::polynomial::test_polynomials::fast_interpolate_test ... ok
[INFO] [stdout] test shared_math::polynomial::test_polynomials::fast_square_test ... ok
[INFO] [stdout] test shared_math::lattice::lattice_test::test_kem ... ok
[INFO] [stdout] test shared_math::polynomial::test_polynomials::fast_zerofier_test ... ok
[INFO] [stdout] test shared_math::polynomial::test_polynomials::get_point_on_line_tests ... ok
[INFO] [stdout] test shared_math::polynomial::test_polynomials::is_x_test ... ok
[INFO] [stdout] test shared_math::polynomial::test_polynomials::lagrange_interpolate_size_one_test ... ok
[INFO] [stdout] test shared_math::polynomial::test_polynomials::lagrange_interpolate_test ... ok
[INFO] [stdout] test shared_math::polynomial::test_polynomials::leading_coefficient_test ... ok
[INFO] [stdout] test shared_math::polynomial::test_polynomials::get_point_on_invalid_line_test - should panic ... FAILED
[INFO] [stdout] test shared_math::polynomial::test_polynomials::mod_pow_test ... ok
[INFO] [stdout] test shared_math::mpolynomial::test_mpolynomials::symbolic_degree_bound_prop ... ok
[INFO] [stdout] test shared_math::ntt::fast_ntt_attempt_tests::chu_ntt_x_field_prop_test ... ok
[INFO] [stdout] test shared_math::polynomial::test_polynomials::one_test ... ok
[INFO] [stdout] test shared_math::polynomial::test_polynomials::panic_when_one_is_not_one - should panic ... ok
[INFO] [stdout] test shared_math::polynomial::test_polynomials::pol_div_bug_detection_test ... ok
[INFO] [stdout] test shared_math::polynomial::test_polynomials::polynomial_are_colinear_3_test ... ok
[INFO] [stdout] test shared_math::polynomial::test_polynomials::mul_commutative_test ... ok
[INFO] [stdout] test shared_math::polynomial::test_polynomials::normalize_test ... ok
[INFO] [stdout] test shared_math::polynomial::test_polynomials::polynomial_are_colinear_test ... ok
[INFO] [stdout] test shared_math::polynomial::test_polynomials::polynomial_are_colinear_test_big ... ok
[INFO] [stdout] test shared_math::ntt::fast_ntt_attempt_tests::ntt_then_intt_is_identity_operation ... ok
[INFO] [stdout] test shared_math::polynomial::test_polynomials::polynomial_arithmetic_property_based_test_big ... ok
[INFO] [stdout] test shared_math::polynomial::test_polynomials::polynomial_display_test ... ok
[INFO] [stdout] test shared_math::polynomial::test_polynomials::polynomial_shift_test ... ok
[INFO] [stdout] test shared_math::polynomial::test_polynomials::polynomial_divide_test ... ok
[INFO] [stdout] test shared_math::polynomial::test_polynomials::polynomial_arithmetic_property_based_test ... ok
[INFO] [stdout] test shared_math::polynomial::test_polynomials::property_based_slow_lagrange_interpolation_test ... ok
[INFO] [stdout] test shared_math::polynomial::test_polynomials::square_simple_test ... ok
[INFO] [stdout] test shared_math::polynomial::test_polynomials::property_based_slow_lagrange_interpolation_test_big ... ok
[INFO] [stdout] test shared_math::polynomial::test_polynomials::polynomial_arithmetic_division_test ... ok
[INFO] [stdout] test shared_math::polynomial::test_polynomials::zero_test ... ok
[INFO] [stdout] test shared_math::polynomial::test_polynomials::zerofier_test ... ok
[INFO] [stdout] test shared_math::tip5::tip5_tests::calculate_approximation_quality ... ignored, used for calculating parameters
[INFO] [stdout] test shared_math::tip5::tip5_tests::calculate_differential_uniformity ... ignored, used for calculating parameters
[INFO] [stdout] test shared_math::tip5::tip5_tests::get_size_test ... ok
[INFO] [stdout] test shared_math::polynomial::test_polynomials::xgcd_b_field_pol_test ... ok
[INFO] [stdout] test shared_math::tip5::tip5_tests::hash_varlen_test_vectors ... ok
[INFO] [stdout] test shared_math::tip5::tip5_tests::lookup_table_is_correct ... ok
[INFO] [stdout] test shared_math::tip5::tip5_tests::round_constants_are_correct ... ok
[INFO] [stdout] test shared_math::tip5::tip5_tests::sample_scalars_test ... ok
[INFO] [stdout] test shared_math::tip5::tip5_tests::test_complex_karatsuba ... ok
[INFO] [stdout] test shared_math::tip5::tip5_tests::hash10_test_vectors ... ok
[INFO] [stdout] test shared_math::tip5::tip5_tests::test_fermat_cube_map_is_permutation ... ignored, used for calculating parameters
[INFO] [stdout] test shared_math::tip5::tip5_tests::test_complex_product ... ok
[INFO] [stdout] test shared_math::tip5::tip5_tests::test_linearity_of_mds ... ok
[INFO] [stdout] test shared_math::tip5::tip5_tests::test_mds_circulancy ... ok
[INFO] [stdout] test shared_math::x_field_element::x_field_element_test::emojihash_test ... ok
[INFO] [stdout] test shared_math::x_field_element::x_field_element_test::incr_decr_test ... ok
[INFO] [stdout] test shared_math::x_field_element::x_field_element_test::inverse_or_zero_xfe ... ok
[INFO] [stdout] test shared_math::tip5::tip5_tests::test_mds_agree ... ok
[INFO] [stdout] test shared_math::x_field_element::x_field_element_test::multiplicative_inverse_of_zero - should panic ... ok
[INFO] [stdout] test shared_math::x_field_element::x_field_element_test::mul_xfe_with_bfe_pbt ... ok
[INFO] [stdout] test shared_math::x_field_element::x_field_element_test::uniqueness_of_consecutive_emojis_xfe ... ok
[INFO] [stdout] test shared_math::x_field_element::x_field_element_test::one_zero_test ... ok
[INFO] [stdout] test shared_math::x_field_element::x_field_element_test::x_field_add_test ... ok
[INFO] [stdout] test shared_math::x_field_element::x_field_element_test::x_field_into_test ... ok
[INFO] [stdout] test shared_math::mpolynomial::test_mpolynomials::pow_test ... ok
[INFO] [stdout] test shared_math::x_field_element::x_field_element_test::x_field_inv_test ... ok
[INFO] [stdout] test shared_math::x_field_element::x_field_element_test::x_field_mod_pow_test ... ok
[INFO] [stdout] test shared_math::polynomial::test_polynomials::xgcd_x_field_pol_test ... ok
[INFO] [stdout] test shared_math::x_field_element::x_field_element_test::x_field_mul_test ... ok
[INFO] [stdout] test shared_math::x_field_element::x_field_element_test::x_field_overloaded_arithmetic_test ... ok
[INFO] [stdout] test shared_math::x_field_element::x_field_element_test::x_field_ntt_test ... ok
[INFO] [stdout] test shared_math::x_field_element::x_field_element_test::x_field_random_element_generation_test ... ok
[INFO] [stdout] test shared_math::x_field_element::x_field_element_test::x_field_xgcp_test ... ok
[INFO] [stdout] test shared_math::x_field_element::x_field_element_test::x_field_sub_test ... ok
[INFO] [stdout] test shared_math::x_field_element::x_field_element_test::xfe_mod_pow_zero_test ... ok
[INFO] [stdout] test shared_math::x_field_element::x_field_element_test::xfe_to_digest_to_xfe ... ok
[INFO] [stdout] test util_types::algebraic_hasher::algebraic_hasher_tests::sample_indices_test ... ok
[INFO] [stdout] test shared_math::x_field_element::x_field_element_test::xfe_mod_pow_pbt ... ok
[INFO] [stdout] test util_types::algebraic_hasher::algebraic_hasher_tests::sample_scalars_test ... ok
[INFO] [stdout] test shared_math::x_field_element::x_field_element_test::x_field_inversion_pbt ... ok
[INFO] [stdout] test util_types::algebraic_hasher::algebraic_hasher_tests::to_sequence_test ... ok
[INFO] [stdout] test util_types::database_array::database_array_tests::init_and_default_values_test ... ok
[INFO] [stdout] test util_types::database_array::database_array_tests::panic_on_index_out_of_range_empty_test - should panic ... ok
[INFO] [stdout] test util_types::database_array::database_array_tests::panic_on_index_out_of_range_length_one_set_test - should panic ... ok
[INFO] [stdout] test util_types::database_vector::database_vector_tests::batch_set_test ... ok
[INFO] [stdout] test util_types::database_vector::database_vector_tests::index_zero_test ... ok
[INFO] [stdout] test util_types::database_vector::database_vector_tests::panic_on_index_out_of_range_length_one_set_test - should panic ... ok
[INFO] [stdout] test util_types::database_vector::database_vector_tests::panic_on_index_out_of_range_empty_test - should panic ... ok
[INFO] [stdout] test util_types::database_vector::database_vector_tests::panic_on_index_out_of_range_length_one_test - should panic ... ok
[INFO] [stdout] test util_types::database_vector::database_vector_tests::push_pop_test ... ok
[INFO] [stdout] test util_types::database_vector::database_vector_tests::overwrite_with_vec_test ... ok
[INFO] [stdout] test util_types::database_vector::database_vector_tests::restore_test ... ok
[INFO] [stdout] test util_types::merkle_tree::merkle_tree_test::authentication_paths_from_authentication_structure_test ... ok
[INFO] [stdout] test util_types::merkle_tree::merkle_tree_test::build_partial_tree_from_authentication_structure_test ... ok
[INFO] [stdout] test util_types::merkle_tree::merkle_tree_test::compute_root_of_non_minimal_partial_tree_test - should panic ... ok
[INFO] [stdout] test util_types::merkle_tree::merkle_tree_test::compute_root_of_incomplete_partial_tree_test - should panic ... ok
[INFO] [stdout] test util_types::merkle_tree::merkle_tree_test::compute_root_of_partial_tree_test ... ok
[INFO] [stdout] test util_types::merkle_tree::merkle_tree_test::fail_on_bad_specified_length_test ... ok
[INFO] [stdout] test util_types::merkle_tree::merkle_tree_test::merkle_tree_get_authentication_path_test ... ok
[INFO] [stdout] test util_types::database_vector::database_vector_tests::push_many_test ... ok
[INFO] [stdout] test shared_math::polynomial::test_polynomials::square_test ... ok
[INFO] [stdout] test util_types::merkle_tree::merkle_tree_test::merkle_tree_verify_authentication_structure_degenerate_test ... ok
[INFO] [stdout] test util_types::merkle_tree::merkle_tree_test::root_from_arbitrary_number_of_digests_empty_test ... ok
[INFO] [stdout] test util_types::merkle_tree::merkle_tree_test::root_from_odd_number_of_digests_test ... ok
[INFO] [stdout] test util_types::merkle_tree::merkle_tree_test::merkle_tree_with_xfes_as_leafs ... ok
[INFO] [stdout] test util_types::merkle_tree::merkle_tree_test::verify_merkle_tree_where_every_leaf_is_revealed ... ok
[INFO] [stdout] test util_types::merkle_tree::merkle_tree_test::verify_merkle_tree_with_duplicated_indices ... ok
[INFO] [stdout] test util_types::merkle_tree::merkle_tree_test::merkle_tree_test_32 ... ok
[INFO] [stdout] test util_types::merkle_tree::merkle_tree_test::verify_some_payload ... ok
[INFO] [stdout] test shared_math::x_field_element::x_field_element_test::x_field_division_mul_pbt ... ok
[INFO] [stdout] test util_types::mmr::archival_mmr::mmr_test::bag_peaks_blake3_test ... ok
[INFO] [stdout] test shared_math::polynomial::test_polynomials::fast_zerofier_pb_test ... ok
[INFO] [stdout] test util_types::merkle_tree::merkle_tree_test::verify_all_leaves_individually ... ok
[INFO] [stdout] test util_types::mmr::archival_mmr::mmr_test::empty_mmr_behavior_test ... ok
[INFO] [stdout] test util_types::mmr::archival_mmr::mmr_test::mutate_leaf_archival_test ... ok
[INFO] [stdout] test util_types::mmr::archival_mmr::mmr_test::one_input_mmr_test ... ok
[INFO] [stdout] test util_types::mmr::archival_mmr::mmr_test::remove_last_leaf_test ... ok
[INFO] [stdout] test util_types::mmr::archival_mmr::mmr_test::remove_last_leaf_pbt ... ok
[INFO] [stdout] test util_types::mmr::archival_mmr::mmr_test::rust_leveldb_persist_test ... ok
[INFO] [stdout] test util_types::mmr::archival_mmr::mmr_test::two_input_mmr_test ... ok
[INFO] [stdout] test shared_math::polynomial::test_polynomials::fast_evaluate_pb_test ... ok
[INFO] [stdout] test util_types::mmr::archival_mmr::mmr_test::verify_against_correct_peak_test ... ok
[INFO] [stdout] test shared_math::mds::tests::test_rcm_circuit ... ok
[INFO] [stdout] test shared_math::mds::tests::test_rcm_circuit_into_string ... ok
[INFO] [stdout] test util_types::mmr::mmr_accumulator::accumulator_mmr_tests::get_size_test ... ok
[INFO] [stdout] test util_types::mmr::mmr_accumulator::accumulator_mmr_tests::mmra_serialization_test ... ok
[INFO] [stdout] test util_types::mmr::mmr_accumulator::accumulator_mmr_tests::conversion_test ... ok
[INFO] [stdout] test util_types::mmr::archival_mmr::mmr_test::variable_size_tip5_mmr_test ... ok
[INFO] [stdout] test util_types::mmr::mmr_accumulator::accumulator_mmr_tests::verify_batch_update_single_append_test ... ok
[INFO] [stdout] test util_types::mmr::mmr_accumulator::accumulator_mmr_tests::verify_batch_update_single_mutate_test ... ok
[INFO] [stdout] test util_types::mmr::mmr_accumulator::accumulator_mmr_tests::verify_batch_update_two_append_test ... ok
[INFO] [stdout] test util_types::mmr::archival_mmr::mmr_test::variable_size_blake3_mmr_test ... ok
[INFO] [stdout] test util_types::mmr::mmr_accumulator::accumulator_mmr_tests::verify_batch_update_two_mutate_test ... ok
[INFO] [stdout] test util_types::mmr::mmr_membership_proof::mmr_membership_proof_test::batch_update_from_batch_leaf_mutation_total_replacement_test ... ok
[INFO] [stdout] test util_types::mmr::mmr_membership_proof::mmr_membership_proof_test::batch_update_from_leaf_mutation_no_change_return_value_test ... ok
[INFO] [stdout] test util_types::mmr::mmr_membership_proof::mmr_membership_proof_test::equality_and_hash_test ... ok
[INFO] [stdout] test util_types::mmr::mmr_membership_proof::mmr_membership_proof_test::get_node_indices_simple_test ... ok
[INFO] [stdout] test util_types::mmr::mmr_membership_proof::mmr_membership_proof_test::get_peak_index_simple_test ... ok
[INFO] [stdout] test util_types::mmr::mmr_membership_proof::mmr_membership_proof_test::serialization_test ... ok
[INFO] [stdout] test util_types::mmr::mmr_membership_proof::mmr_membership_proof_test::batch_update_from_batch_leaf_mutation_test ... ok
[INFO] [stdout] test util_types::mmr::mmr_accumulator::accumulator_mmr_tests::test_mmr_accumulator_decode ... ok
[INFO] [stdout] test util_types::mmr::mmr_membership_proof::mmr_membership_proof_test::update_batch_membership_proofs_from_batch_leaf_mutations_test ... ok
[INFO] [stdout] test util_types::mmr::mmr_membership_proof::mmr_membership_proof_test::update_batch_membership_proofs_from_leaf_mutations_new_test ... ok
[INFO] [stdout] test util_types::mmr::mmr_membership_proof::mmr_membership_proof_test::update_membership_proof_from_append_big_tip5 ... ok
[INFO] [stdout] test util_types::mmr::mmr_membership_proof::mmr_membership_proof_test::update_membership_proof_from_append_simple ... ok
[INFO] [stdout] test shared_math::circuit::constraint_circuit_tests::equality_and_hash_agree_test ... ok
[INFO] [stdout] test util_types::mmr::mmr_membership_proof::mmr_membership_proof_test::update_membership_proof_from_leaf_mutation_test ... ok
[INFO] [stdout] test util_types::mmr::shared_advanced::mmr_test::get_authentication_path_node_indices_test ... ok
[INFO] [stdout] test util_types::mmr::shared_advanced::mmr_test::get_height_from_leaf_index_test ... ok
[INFO] [stdout] test util_types::mmr::shared_advanced::mmr_test::get_peak_heights_and_peak_node_indices_test ... ok
[INFO] [stdout] test util_types::mmr::shared_advanced::mmr_test::leaf_count_to_node_count_test ... ok
[INFO] [stdout] test shared_math::polynomial::test_polynomials::mod_pow_arbitrary_test ... ok
[INFO] [stdout] test util_types::mmr::shared_advanced::mmr_test::leaf_index_node_index_pbt ... ok
[INFO] [stdout] test util_types::mmr::shared_advanced::mmr_test::leaf_index_to_node_index_test ... ok
[INFO] [stdout] test util_types::mmr::shared_advanced::mmr_test::left_sibling_test ... ok
[INFO] [stdout] test util_types::mmr::shared_advanced::mmr_test::leftmost_ancestor_test ... ok
[INFO] [stdout] test util_types::mmr::shared_advanced::mmr_test::node_index_to_leaf_index_test ... ok
[INFO] [stdout] test util_types::mmr::shared_advanced::mmr_test::node_indices_added_by_append_test ... ok
[INFO] [stdout] test util_types::mmr::shared_advanced::mmr_test::right_ancestor_count_test ... ok
[INFO] [stdout] test util_types::mmr::shared_basic::mmr_test::leaf_index_to_mt_index_test ... ok
[INFO] [stdout] test util_types::mmr::shared_basic::mmr_test::peak_index_test ... ok
[INFO] [stdout] test util_types::mmr::shared_basic::mmr_test::right_lineage_length_from_leaf_index_test ... ok
[INFO] [stdout] test util_types::proof_stream_typed::proof_stream_typed_tests::enqueue_dequeue_test ... ok
[INFO] [stdout] test util_types::proof_stream_typed::proof_stream_typed_tests::prover_verifier_fiat_shamir_test ... ok
[INFO] [stdout] test util_types::storage_schema::tests::out_of_bounds_using_get - should panic ... ok
[INFO] [stdout] test util_types::storage_schema::tests::out_of_bounds_using_get_many - should panic ... ok
[INFO] [stdout] test util_types::mmr::shared_advanced::mmr_test::right_lineage_length_pbt ... ok
[INFO] [stdout] test util_types::storage_schema::tests::test_simple_singleton ... ok
[INFO] [stdout] test util_types::storage_schema::tests::test_simple_vector ... ok
[INFO] [stdout] test util_types::storage_schema::tests::test_dbtcvecs_get_many ... ok
[INFO] [stdout] test util_types::storage_schema::tests::test_two_vectors_and_singleton ... ok
[INFO] [stdout] test util_types::storage_vec::tests::get_many_ordering_of_outputs ... ok
[INFO] [stdout] test util_types::storage_vec::tests::multiple_vectors_in_one_db ... ok
[INFO] [stdout] test shared_math::bfield_codec::tests::bfield_codec_tests::test_decode_random_negative ... ok
[INFO] [stdout] test util_types::storage_vec::tests::panic_on_out_of_bounds_get - should panic ... ok
[INFO] [stdout] test util_types::storage_vec::tests::panic_on_out_of_bounds_get_even_though_value_exists_in_persistent_memory - should panic ... ok
[INFO] [stdout] test util_types::storage_vec::tests::panic_on_out_of_bounds_set - should panic ... ok
[INFO] [stdout] test util_types::storage_vec::tests::panic_on_out_of_bounds_get_many - should panic ... ok
[INFO] [stdout] test util_types::storage_vec::tests::panic_on_out_of_bounds_set_even_though_value_exists_in_persistent_memory - should panic ... ok
[INFO] [stdout] test utils::test_utils::has_unique_elements_test ... ok
[INFO] [stdout] test util_types::storage_vec::tests::test_simple_prop ... ok
[INFO] [stdout] test util_types::mmr::mmr_accumulator::accumulator_mmr_tests::batch_mutate_leaf_and_update_mps_test ... ok
[INFO] [stdout] test util_types::mmr::mmr_membership_proof::mmr_membership_proof_test::update_membership_proof_from_leaf_mutation_blake3_big_test ... ok
[INFO] [stdout] test util_types::mmr::archival_mmr::mmr_test::accumulator_mmr_mutate_leaf_test ... ok
[INFO] [stdout] test util_types::storage_vec::tests::delegated_vec_pbt ... ok
[INFO] [stdout] test util_types::merkle_tree::merkle_tree_test::merkle_tree_verify_authentication_structure_test ... ok
[INFO] [stdout] test shared_math::mpolynomial::test_mpolynomials::precalculate_exponents_memoization_test ... ok
[INFO] [stdout] test util_types::mmr::mmr_membership_proof::mmr_membership_proof_test::test_decode_mmr_membership_proof ... ok
[INFO] [stdout] test util_types::mmr::mmr_membership_proof::mmr_membership_proof_test::update_membership_proof_from_append_big_tests ... ok
[INFO] [stdout] test util_types::mmr::archival_mmr::mmr_test::mmr_append_test ... ok
[INFO] [stdout] test util_types::mmr::archival_mmr::mmr_test::mmr_prove_verify_leaf_mutation_test ... ok
[INFO] [stdout] test shared_math::polynomial::test_polynomials::fast_interpolate_pbt ... ok
[INFO] [stdout] test shared_math::polynomial::test_polynomials::interpolate_pb_test ... ok
[INFO] [stdout] test util_types::mmr::mmr_accumulator::accumulator_mmr_tests::verify_batch_update_pbt ... ok
[INFO] [stdout] test shared_math::circuit::constraint_circuit_tests::constant_folding_pbt ... ok
[INFO] [stdout] 
[INFO] [stdout] failures:
[INFO] [stdout] 
[INFO] [stdout] ---- shared_math::polynomial::test_polynomials::get_point_on_invalid_line_test stdout ----
[INFO] [stdout] thread 'shared_math::polynomial::test_polynomials::get_point_on_invalid_line_test' panicked at src/shared_math/polynomial.rs:866:9:
[INFO] [stdout] assertion `left != right` failed: Line must not be parallel to y-axis
[INFO] [stdout]   left: BFieldElement(4294967295)
[INFO] [stdout]  right: BFieldElement(4294967295)
[INFO] [stdout] stack backtrace:
[INFO] [stdout]    0:     0x55ca9f14894c - std::backtrace_rs::backtrace::libunwind::trace::ha637c64ce894333a
[INFO] [stdout]                                at /rustc/82e1608dfa6e0b5569232559e3d385fea5a93112/library/std/src/../../backtrace/src/backtrace/libunwind.rs:104:5
[INFO] [stdout]    1:     0x55ca9f14894c - std::backtrace_rs::backtrace::trace_unsynchronized::h47f62dea28e0c88d
[INFO] [stdout]                                at /rustc/82e1608dfa6e0b5569232559e3d385fea5a93112/library/std/src/../../backtrace/src/backtrace/mod.rs:66:5
[INFO] [stdout]    2:     0x55ca9f14894c - std::sys_common::backtrace::_print_fmt::h9eef0abe20ede486
[INFO] [stdout]                                at /rustc/82e1608dfa6e0b5569232559e3d385fea5a93112/library/std/src/sys_common/backtrace.rs:67:5
[INFO] [stdout]    3:     0x55ca9f14894c - <std::sys_common::backtrace::_print::DisplayBacktrace as core::fmt::Display>::fmt::hed7f999df88cc644
[INFO] [stdout]                                at /rustc/82e1608dfa6e0b5569232559e3d385fea5a93112/library/std/src/sys_common/backtrace.rs:44:22
[INFO] [stdout]    4:     0x55ca9f174910 - core::fmt::rt::Argument::fmt::h1539a9308b8d058d
[INFO] [stdout]                                at /rustc/82e1608dfa6e0b5569232559e3d385fea5a93112/library/core/src/fmt/rt.rs:142:9
[INFO] [stdout]    5:     0x55ca9f174910 - core::fmt::write::h3a39390d8560d9c9
[INFO] [stdout]                                at /rustc/82e1608dfa6e0b5569232559e3d385fea5a93112/library/core/src/fmt/mod.rs:1120:17
[INFO] [stdout]    6:     0x55ca9f145b1f - std::io::Write::write_fmt::h040b369f3a0f9cbc
[INFO] [stdout]                                at /rustc/82e1608dfa6e0b5569232559e3d385fea5a93112/library/std/src/io/mod.rs:1762:15
[INFO] [stdout]    7:     0x55ca9f148734 - std::sys_common::backtrace::_print::h894006fb5c6f3d45
[INFO] [stdout]                                at /rustc/82e1608dfa6e0b5569232559e3d385fea5a93112/library/std/src/sys_common/backtrace.rs:47:5
[INFO] [stdout]    8:     0x55ca9f148734 - std::sys_common::backtrace::print::h23a2d212c6fff936
[INFO] [stdout]                                at /rustc/82e1608dfa6e0b5569232559e3d385fea5a93112/library/std/src/sys_common/backtrace.rs:34:9
[INFO] [stdout]    9:     0x55ca9f14a3f7 - std::panicking::default_hook::{{closure}}::h8a1d2ee00185001a
[INFO] [stdout]   10:     0x55ca9f14a0e3 - std::panicking::default_hook::h6038f2eba384e475
[INFO] [stdout]                                at /rustc/82e1608dfa6e0b5569232559e3d385fea5a93112/library/std/src/panicking.rs:289:9
[INFO] [stdout]   11:     0x55ca9ef10417 - <alloc::boxed::Box<F,A> as core::ops::function::Fn<Args>>::call::h0ad024c9bdc6d768
[INFO] [stdout]                                at /rustc/82e1608dfa6e0b5569232559e3d385fea5a93112/library/alloc/src/boxed.rs:2021:9
[INFO] [stdout]   12:     0x55ca9ef10417 - test::test_main::{{closure}}::h7500b54257359db6
[INFO] [stdout]                                at /rustc/82e1608dfa6e0b5569232559e3d385fea5a93112/library/test/src/lib.rs:138:21
[INFO] [stdout]   13:     0x55ca9f14aa08 - <alloc::boxed::Box<F,A> as core::ops::function::Fn<Args>>::call::h1f8f335eaa9cfaee
[INFO] [stdout]                                at /rustc/82e1608dfa6e0b5569232559e3d385fea5a93112/library/alloc/src/boxed.rs:2021:9
[INFO] [stdout]   14:     0x55ca9f14aa08 - std::panicking::rust_panic_with_hook::h2b5517d590cab22e
[INFO] [stdout]                                at /rustc/82e1608dfa6e0b5569232559e3d385fea5a93112/library/std/src/panicking.rs:783:13
[INFO] [stdout]   15:     0x55ca9f14a75e - std::panicking::begin_panic_handler::{{closure}}::h233112c06e0ef43e
[INFO] [stdout]                                at /rustc/82e1608dfa6e0b5569232559e3d385fea5a93112/library/std/src/panicking.rs:657:13
[INFO] [stdout]   16:     0x55ca9f148e16 - std::sys_common::backtrace::__rust_end_short_backtrace::h6e893f24d7ebbff8
[INFO] [stdout]                                at /rustc/82e1608dfa6e0b5569232559e3d385fea5a93112/library/std/src/sys_common/backtrace.rs:170:18
[INFO] [stdout]   17:     0x55ca9f14a4c2 - rust_begin_unwind
[INFO] [stdout]                                at /rustc/82e1608dfa6e0b5569232559e3d385fea5a93112/library/std/src/panicking.rs:645:5
[INFO] [stdout]   18:     0x55ca9e837c95 - core::panicking::panic_fmt::hbf0e066aabfa482c
[INFO] [stdout]                                at /rustc/82e1608dfa6e0b5569232559e3d385fea5a93112/library/core/src/panicking.rs:72:14
[INFO] [stdout]   19:     0x55ca9e838231 - core::panicking::assert_failed_inner::h0bba8b7c26ee4492
[INFO] [stdout]   20:     0x55ca9ebd475e - core::panicking::assert_failed::h7e51d8e20cc16624
[INFO] [stdout]                                at /rustc/82e1608dfa6e0b5569232559e3d385fea5a93112/library/core/src/panicking.rs:279:5
[INFO] [stdout]   21:     0x55ca9ea0605b - twenty_first::shared_math::polynomial::Polynomial<FF>::get_colinear_y::hd1b4f1bbe74dea68
[INFO] [stdout]                                at /opt/rustwide/workdir/src/shared_math/polynomial.rs:866:9
[INFO] [stdout]   22:     0x55ca9eddc6c2 - twenty_first::shared_math::polynomial::test_polynomials::get_point_on_invalid_line_test::hc6f71d5d6f8d5b48
[INFO] [stdout]                                at /opt/rustwide/workdir/src/shared_math/polynomial.rs:2827:9
[INFO] [stdout]   23:     0x55ca9eddc427 - twenty_first::shared_math::polynomial::test_polynomials::get_point_on_invalid_line_test::{{closure}}::hce800481c257ef24
[INFO] [stdout]                                at /opt/rustwide/workdir/src/shared_math/polynomial.rs:2823:40
[INFO] [stdout]   24:     0x55ca9ec523c6 - core::ops::function::FnOnce::call_once::h992f9bd8d636ed10
[INFO] [stdout]                                at /rustc/82e1608dfa6e0b5569232559e3d385fea5a93112/library/core/src/ops/function.rs:250:5
[INFO] [stdout]   25:     0x55ca9ef15a6f - core::ops::function::FnOnce::call_once::h2b5d431d5046312d
[INFO] [stdout]                                at /rustc/82e1608dfa6e0b5569232559e3d385fea5a93112/library/core/src/ops/function.rs:250:5
[INFO] [stdout]   26:     0x55ca9ef15a6f - test::__rust_begin_short_backtrace::h7714669af176e207
[INFO] [stdout]                                at /rustc/82e1608dfa6e0b5569232559e3d385fea5a93112/library/test/src/lib.rs:628:18
[INFO] [stdout]   27:     0x55ca9ef14a85 - test::run_test_in_process::{{closure}}::h85218797dcbcec12
[INFO] [stdout]                                at /rustc/82e1608dfa6e0b5569232559e3d385fea5a93112/library/test/src/lib.rs:651:60
[INFO] [stdout]   28:     0x55ca9ef14a85 - <core::panic::unwind_safe::AssertUnwindSafe<F> as core::ops::function::FnOnce<()>>::call_once::h76c106ea31c14d7b
[INFO] [stdout]                                at /rustc/82e1608dfa6e0b5569232559e3d385fea5a93112/library/core/src/panic/unwind_safe.rs:272:9
[INFO] [stdout]   29:     0x55ca9ef14a85 - std::panicking::try::do_call::h3bd5d0f6620ee946
[INFO] [stdout]                                at /rustc/82e1608dfa6e0b5569232559e3d385fea5a93112/library/std/src/panicking.rs:552:40
[INFO] [stdout]   30:     0x55ca9ef14a85 - std::panicking::try::h232e535e4744fe31
[INFO] [stdout]                                at /rustc/82e1608dfa6e0b5569232559e3d385fea5a93112/library/std/src/panicking.rs:516:19
[INFO] [stdout]   31:     0x55ca9ef14a85 - std::panic::catch_unwind::h3ce3bd6ca8dbac68
[INFO] [stdout]                                at /rustc/82e1608dfa6e0b5569232559e3d385fea5a93112/library/std/src/panic.rs:142:14
[INFO] [stdout]   32:     0x55ca9ef14a85 - test::run_test_in_process::hc97b257c9621286a
[INFO] [stdout]                                at /rustc/82e1608dfa6e0b5569232559e3d385fea5a93112/library/test/src/lib.rs:651:27
[INFO] [stdout]   33:     0x55ca9ef14a85 - test::run_test::{{closure}}::h2aa798823a438d38
[INFO] [stdout]                                at /rustc/82e1608dfa6e0b5569232559e3d385fea5a93112/library/test/src/lib.rs:574:43
[INFO] [stdout]   34:     0x55ca9eedcd46 - test::run_test::{{closure}}::h87d231c78fb59832
[INFO] [stdout]                                at /rustc/82e1608dfa6e0b5569232559e3d385fea5a93112/library/test/src/lib.rs:602:41
[INFO] [stdout]   35:     0x55ca9eedcd46 - std::sys_common::backtrace::__rust_begin_short_backtrace::he6df152596625789
[INFO] [stdout]                                at /rustc/82e1608dfa6e0b5569232559e3d385fea5a93112/library/std/src/sys_common/backtrace.rs:154:18
[INFO] [stdout]   36:     0x55ca9eee1df7 - std::thread::Builder::spawn_unchecked_::{{closure}}::{{closure}}::ha94be15d1e0acf36
[INFO] [stdout]                                at /rustc/82e1608dfa6e0b5569232559e3d385fea5a93112/library/std/src/thread/mod.rs:529:17
[INFO] [stdout]   37:     0x55ca9eee1df7 - <core::panic::unwind_safe::AssertUnwindSafe<F> as core::ops::function::FnOnce<()>>::call_once::h9dc6bd6372f16606
[INFO] [stdout]                                at /rustc/82e1608dfa6e0b5569232559e3d385fea5a93112/library/core/src/panic/unwind_safe.rs:272:9
[INFO] [stdout]   38:     0x55ca9eee1df7 - std::panicking::try::do_call::h9057517f80303cd4
[INFO] [stdout]                                at /rustc/82e1608dfa6e0b5569232559e3d385fea5a93112/library/std/src/panicking.rs:552:40
[INFO] [stdout]   39:     0x55ca9eee1df7 - std::panicking::try::he3a30b11ee45340c
[INFO] [stdout]                                at /rustc/82e1608dfa6e0b5569232559e3d385fea5a93112/library/std/src/panicking.rs:516:19
[INFO] [stdout]   40:     0x55ca9eee1df7 - std::panic::catch_unwind::h410458cfd3528b8b
[INFO] [stdout]                                at /rustc/82e1608dfa6e0b5569232559e3d385fea5a93112/library/std/src/panic.rs:142:14
[INFO] [stdout]   41:     0x55ca9eee1df7 - std::thread::Builder::spawn_unchecked_::{{closure}}::h72ac3bdb567b737b
[INFO] [stdout]                                at /rustc/82e1608dfa6e0b5569232559e3d385fea5a93112/library/std/src/thread/mod.rs:528:30
[INFO] [stdout]   42:     0x55ca9eee1df7 - core::ops::function::FnOnce::call_once{{vtable.shim}}::h38f34da3654a8344
[INFO] [stdout]                                at /rustc/82e1608dfa6e0b5569232559e3d385fea5a93112/library/core/src/ops/function.rs:250:5
[INFO] [stdout]   43:     0x55ca9f1508b5 - <alloc::boxed::Box<F,A> as core::ops::function::FnOnce<Args>>::call_once::hc7eafaff61e32df9
[INFO] [stdout]                                at /rustc/82e1608dfa6e0b5569232559e3d385fea5a93112/library/alloc/src/boxed.rs:2007:9
[INFO] [stdout]   44:     0x55ca9f1508b5 - <alloc::boxed::Box<F,A> as core::ops::function::FnOnce<Args>>::call_once::h6ba4a5de48dd2304
[INFO] [stdout]                                at /rustc/82e1608dfa6e0b5569232559e3d385fea5a93112/library/alloc/src/boxed.rs:2007:9
[INFO] [stdout]   45:     0x55ca9f1508b5 - std::sys::unix::thread::Thread::new::thread_start::he469335aef763e45
[INFO] [stdout]                                at /rustc/82e1608dfa6e0b5569232559e3d385fea5a93112/library/std/src/sys/unix/thread.rs:108:17
[INFO] [stdout]   46:     0x7f48455f0ac3 - <unknown>
[INFO] [stdout]   47:     0x7f4845681bf4 - __clone
[INFO] [stdout]   48:                0x0 - <unknown>
[INFO] [stdout] note: panic did not contain expected string
[INFO] [stdout]       panic message: `"assertion `left != right` failed: Line must not be parallel to y-axis\n  left: BFieldElement(4294967295)\n right: BFieldElement(4294967295)"`,
[INFO] [stdout]  expected substring: `"assertion failed"`
[INFO] [stdout] 
[INFO] [stdout] failures:
[INFO] [stdout]     shared_math::polynomial::test_polynomials::get_point_on_invalid_line_test
[INFO] [stdout] 
[INFO] [stdout] test result: FAILED. 407 passed; 1 failed; 4 ignored; 0 measured; 0 filtered out; finished in 11.20s
[INFO] [stdout] 
[INFO] [stderr] error: test failed, to rerun pass `--lib`
[INFO] running `Command { std: "docker" "inspect" "3608fb43543309f854577105bdb69b5515551b38047481d726e00ec579b065a5", kill_on_drop: false }`
[INFO] running `Command { std: "docker" "rm" "-f" "3608fb43543309f854577105bdb69b5515551b38047481d726e00ec579b065a5", kill_on_drop: false }`
[INFO] [stdout] 3608fb43543309f854577105bdb69b5515551b38047481d726e00ec579b065a5
[INFO] testing twenty-first-0.34.0 against beta-2023-12-22 for beta-1.76-1
[INFO] extracting crate twenty-first 0.34.0 into /workspace/builds/worker-5-tc2/source
[INFO] validating manifest of crates.io crate twenty-first 0.34.0 on toolchain beta-2023-12-22
[INFO] running `Command { std: CARGO_HOME="/workspace/cargo-home" RUSTUP_HOME="/workspace/rustup-home" "/workspace/cargo-home/bin/cargo" "+beta-2023-12-22" "metadata" "--manifest-path" "Cargo.toml" "--no-deps", kill_on_drop: false }`
[INFO] started tweaking crates.io crate twenty-first 0.34.0
[INFO] finished tweaking crates.io crate twenty-first 0.34.0
[INFO] tweaked toml for crates.io crate twenty-first 0.34.0 written to /workspace/builds/worker-5-tc2/source/Cargo.toml
[INFO] running `Command { std: CARGO_HOME="/workspace/cargo-home" RUSTUP_HOME="/workspace/rustup-home" "/workspace/cargo-home/bin/cargo" "+beta-2023-12-22" "generate-lockfile" "--manifest-path" "Cargo.toml", kill_on_drop: false }`
[INFO] [stderr]     Updating crates.io index
[INFO] running `Command { std: CARGO_HOME="/workspace/cargo-home" RUSTUP_HOME="/workspace/rustup-home" "/workspace/cargo-home/bin/cargo" "+beta-2023-12-22" "fetch" "--manifest-path" "Cargo.toml", kill_on_drop: false }`
[INFO] running `Command { std: "docker" "create" "-v" "/var/lib/crater-agent-workspace/builds/worker-5-tc2/target:/opt/rustwide/target:rw,Z" "-v" "/var/lib/crater-agent-workspace/builds/worker-5-tc2/source:/opt/rustwide/workdir:ro,Z" "-v" "/var/lib/crater-agent-workspace/cargo-home:/opt/rustwide/cargo-home:ro,Z" "-v" "/var/lib/crater-agent-workspace/rustup-home:/opt/rustwide/rustup-home:ro,Z" "-e" "SOURCE_DIR=/opt/rustwide/workdir" "-e" "CARGO_TARGET_DIR=/opt/rustwide/target" "-e" "CARGO_HOME=/opt/rustwide/cargo-home" "-e" "RUSTUP_HOME=/opt/rustwide/rustup-home" "-w" "/opt/rustwide/workdir" "-m" "1610612736" "--user" "0:0" "--network" "none" "ghcr.io/rust-lang/crates-build-env/linux@sha256:2788e3201cd34a07e3172128adcd8b3090168a8e3bcc40d7c032b9dda1df7d1c" "/opt/rustwide/cargo-home/bin/cargo" "+beta-2023-12-22" "metadata" "--no-deps" "--format-version=1", kill_on_drop: false }`
[INFO] [stdout] 099dbae4457fe045b4f291adf8adbbd1de2b7647ed87c04f06a98df2a7372079
[INFO] running `Command { std: "docker" "start" "-a" "099dbae4457fe045b4f291adf8adbbd1de2b7647ed87c04f06a98df2a7372079", kill_on_drop: false }`
[INFO] running `Command { std: "docker" "inspect" "099dbae4457fe045b4f291adf8adbbd1de2b7647ed87c04f06a98df2a7372079", kill_on_drop: false }`
[INFO] running `Command { std: "docker" "rm" "-f" "099dbae4457fe045b4f291adf8adbbd1de2b7647ed87c04f06a98df2a7372079", kill_on_drop: false }`
[INFO] [stdout] 099dbae4457fe045b4f291adf8adbbd1de2b7647ed87c04f06a98df2a7372079
[INFO] running `Command { std: "docker" "create" "-v" "/var/lib/crater-agent-workspace/builds/worker-5-tc2/target:/opt/rustwide/target:rw,Z" "-v" "/var/lib/crater-agent-workspace/builds/worker-5-tc2/source:/opt/rustwide/workdir:ro,Z" "-v" "/var/lib/crater-agent-workspace/cargo-home:/opt/rustwide/cargo-home:ro,Z" "-v" "/var/lib/crater-agent-workspace/rustup-home:/opt/rustwide/rustup-home:ro,Z" "-e" "SOURCE_DIR=/opt/rustwide/workdir" "-e" "CARGO_TARGET_DIR=/opt/rustwide/target" "-e" "CARGO_INCREMENTAL=0" "-e" "RUST_BACKTRACE=full" "-e" "RUSTFLAGS=--cap-lints=warn" "-e" "RUSTDOCFLAGS=--cap-lints=warn" "-e" "CARGO_HOME=/opt/rustwide/cargo-home" "-e" "RUSTUP_HOME=/opt/rustwide/rustup-home" "-w" "/opt/rustwide/workdir" "-m" "1610612736" "--user" "0:0" "--network" "none" "ghcr.io/rust-lang/crates-build-env/linux@sha256:2788e3201cd34a07e3172128adcd8b3090168a8e3bcc40d7c032b9dda1df7d1c" "/opt/rustwide/cargo-home/bin/cargo" "+beta-2023-12-22" "build" "--frozen" "--message-format=json", kill_on_drop: false }`
[INFO] [stdout] 8e4bddb17bdc99b688bad30e305cfda1d79c7ade81275f31b5cd2acd69cad437
[INFO] running `Command { std: "docker" "start" "-a" "8e4bddb17bdc99b688bad30e305cfda1d79c7ade81275f31b5cd2acd69cad437", kill_on_drop: false }`
[INFO] [stderr]    Compiling libm v0.2.8
[INFO] [stderr]    Compiling smallvec v1.11.2
[INFO] [stderr]    Compiling build_const v0.2.2
[INFO] [stderr]    Compiling syn v2.0.48
[INFO] [stderr]    Compiling libc v0.2.151
[INFO] [stderr]    Compiling num-traits v0.2.17
[INFO] [stderr]    Compiling rand_core v0.6.4
[INFO] [stderr]    Compiling collection_literals v1.0.1
[INFO] [stderr]    Compiling interpolator v0.5.0
[INFO] [stderr]    Compiling syn v1.0.109
[INFO] [stderr]    Compiling proc-macro-error-attr v1.0.4
[INFO] [stderr]    Compiling phf_shared v0.11.2
[INFO] [stderr]    Compiling snap v1.1.1
[INFO] [stderr]    Compiling byteorder v1.5.0
[INFO] [stderr]    Compiling rand v0.8.5
[INFO] [stderr]    Compiling num-bigint v0.4.4
[INFO] [stderr]    Compiling fs2 v0.4.3
[INFO] [stderr]    Compiling crc v1.8.1
[INFO] [stderr]    Compiling proc-macro-utils v0.8.0
[INFO] [stderr]    Compiling block-buffer v0.7.3
[INFO] [stderr]    Compiling errno v0.2.8
[INFO] [stderr]    Compiling sha2 v0.8.2
[INFO] [stderr]    Compiling integer-encoding v3.0.4
[INFO] [stderr]    Compiling arrayvec v0.7.4
[INFO] [stderr]    Compiling constant_time_eq v0.3.0
[INFO] [stderr]    Compiling emojihash-rs v0.2.1
[INFO] [stderr]    Compiling hashbrown v0.14.3
[INFO] [stderr]    Compiling colored v2.1.0
[INFO] [stderr]    Compiling itertools v0.11.0
[INFO] [stderr]    Compiling phf_generator v0.11.2
[INFO] [stderr]    Compiling rusty-leveldb v3.0.0
[INFO] [stderr]    Compiling cc v1.0.83
[INFO] [stderr]    Compiling blake3 v1.5.0
[INFO] [stderr]    Compiling num-integer v0.1.45
[INFO] [stderr]    Compiling rand_distr v0.4.3
[INFO] [stderr]    Compiling proc-macro-error v1.0.4
[INFO] [stderr]    Compiling bfieldcodec_derive v0.4.2
[INFO] [stderr]    Compiling derive-where v1.2.7
[INFO] [stderr]    Compiling serde_derive v1.0.194
[INFO] [stderr]    Compiling derive_arbitrary v1.3.2
[INFO] [stderr]    Compiling phf_macros v0.11.2
[INFO] [stderr]    Compiling arbitrary v1.3.2
[INFO] [stderr]    Compiling phf v0.11.2
[INFO] [stderr]    Compiling quote-use-macros v0.7.2
[INFO] [stderr]    Compiling quote-use v0.7.2
[INFO] [stderr]    Compiling attribute-derive-macro v0.6.1
[INFO] [stderr]    Compiling serde v1.0.194
[INFO] [stderr]    Compiling attribute-derive v0.6.1
[INFO] [stderr]    Compiling get-size-derive v0.1.3
[INFO] [stderr]    Compiling get-size v0.1.4
[INFO] [stderr]    Compiling serde-big-array v0.5.1
[INFO] [stderr]    Compiling serde_json v1.0.111
[INFO] [stderr]    Compiling bincode v1.3.3
[INFO] [stderr]    Compiling twenty-first v0.34.0 (/opt/rustwide/workdir)
[INFO] [stderr]     Finished dev [unoptimized + debuginfo] target(s) in 13.95s
[INFO] running `Command { std: "docker" "inspect" "8e4bddb17bdc99b688bad30e305cfda1d79c7ade81275f31b5cd2acd69cad437", kill_on_drop: false }`
[INFO] running `Command { std: "docker" "rm" "-f" "8e4bddb17bdc99b688bad30e305cfda1d79c7ade81275f31b5cd2acd69cad437", kill_on_drop: false }`
[INFO] [stdout] 8e4bddb17bdc99b688bad30e305cfda1d79c7ade81275f31b5cd2acd69cad437
[INFO] running `Command { std: "docker" "create" "-v" "/var/lib/crater-agent-workspace/builds/worker-5-tc2/target:/opt/rustwide/target:rw,Z" "-v" "/var/lib/crater-agent-workspace/builds/worker-5-tc2/source:/opt/rustwide/workdir:ro,Z" "-v" "/var/lib/crater-agent-workspace/cargo-home:/opt/rustwide/cargo-home:ro,Z" "-v" "/var/lib/crater-agent-workspace/rustup-home:/opt/rustwide/rustup-home:ro,Z" "-e" "SOURCE_DIR=/opt/rustwide/workdir" "-e" "CARGO_TARGET_DIR=/opt/rustwide/target" "-e" "CARGO_INCREMENTAL=0" "-e" "RUST_BACKTRACE=full" "-e" "RUSTFLAGS=--cap-lints=warn" "-e" "RUSTDOCFLAGS=--cap-lints=warn" "-e" "CARGO_HOME=/opt/rustwide/cargo-home" "-e" "RUSTUP_HOME=/opt/rustwide/rustup-home" "-w" "/opt/rustwide/workdir" "-m" "1610612736" "--user" "0:0" "--network" "none" "ghcr.io/rust-lang/crates-build-env/linux@sha256:2788e3201cd34a07e3172128adcd8b3090168a8e3bcc40d7c032b9dda1df7d1c" "/opt/rustwide/cargo-home/bin/cargo" "+beta-2023-12-22" "test" "--frozen" "--no-run" "--message-format=json", kill_on_drop: false }`
[INFO] [stdout] fe242019bd12edf44442aea463701c22a05b70647b99e61d0f12ae4fcabbf936
[INFO] running `Command { std: "docker" "start" "-a" "fe242019bd12edf44442aea463701c22a05b70647b99e61d0f12ae4fcabbf936", kill_on_drop: false }`
[INFO] [stderr]    Compiling rustix v0.38.28
[INFO] [stderr]    Compiling linux-raw-sys v0.4.12
[INFO] [stderr]    Compiling serde v1.0.194
[INFO] [stderr]    Compiling fastrand v2.0.1
[INFO] [stderr]    Compiling wait-timeout v0.2.0
[INFO] [stderr]    Compiling quick-error v1.2.3
[INFO] [stderr]    Compiling ciborium-io v0.2.1
[INFO] [stderr]    Compiling clap_lex v0.6.0
[INFO] [stderr]    Compiling ahash v0.8.7
[INFO] [stderr]    Compiling bit-set v0.5.3
[INFO] [stderr]    Compiling rand_xorshift v0.3.0
[INFO] [stderr]    Compiling regex-automata v0.4.3
[INFO] [stderr]    Compiling cargo-husky v1.5.0
[INFO] [stderr]    Compiling unarray v0.1.4
[INFO] [stderr]    Compiling criterion-plot v0.5.0
[INFO] [stderr]    Compiling plotters v0.3.5
[INFO] [stderr]    Compiling ciborium-ll v0.2.1
[INFO] [stderr]    Compiling anes v0.1.6
[INFO] [stderr]    Compiling clap_builder v4.4.12
[INFO] [stderr]    Compiling hashbrown v0.14.3
[INFO] [stderr]    Compiling regex v1.10.2
[INFO] [stderr]    Compiling clap v4.4.13
[INFO] [stderr]    Compiling tempfile v3.9.0
[INFO] [stderr]    Compiling is-terminal v0.4.10
[INFO] [stderr]    Compiling rusty-fork v0.3.0
[INFO] [stderr]    Compiling serde_json v1.0.111
[INFO] [stderr]    Compiling bincode v1.3.3
[INFO] [stderr]    Compiling serde-big-array v0.5.1
[INFO] [stderr]    Compiling ciborium v0.2.1
[INFO] [stderr]    Compiling num-bigint v0.4.4
[INFO] [stderr]    Compiling proptest v1.4.0
[INFO] [stderr]    Compiling tinytemplate v1.2.1
[INFO] [stderr]    Compiling criterion v0.5.1
[INFO] [stderr]    Compiling twenty-first v0.34.0 (/opt/rustwide/workdir)
[INFO] [stderr]    Compiling proptest-arbitrary-interop v0.1.0
[INFO] [stderr]     Finished test [unoptimized + debuginfo] target(s) in 21.60s
[INFO] running `Command { std: "docker" "inspect" "fe242019bd12edf44442aea463701c22a05b70647b99e61d0f12ae4fcabbf936", kill_on_drop: false }`
[INFO] running `Command { std: "docker" "rm" "-f" "fe242019bd12edf44442aea463701c22a05b70647b99e61d0f12ae4fcabbf936", kill_on_drop: false }`
[INFO] [stdout] fe242019bd12edf44442aea463701c22a05b70647b99e61d0f12ae4fcabbf936
[INFO] running `Command { std: "docker" "create" "-v" "/var/lib/crater-agent-workspace/builds/worker-5-tc2/target:/opt/rustwide/target:rw,Z" "-v" "/var/lib/crater-agent-workspace/builds/worker-5-tc2/source:/opt/rustwide/workdir:ro,Z" "-v" "/var/lib/crater-agent-workspace/cargo-home:/opt/rustwide/cargo-home:ro,Z" "-v" "/var/lib/crater-agent-workspace/rustup-home:/opt/rustwide/rustup-home:ro,Z" "-e" "SOURCE_DIR=/opt/rustwide/workdir" "-e" "CARGO_TARGET_DIR=/opt/rustwide/target" "-e" "CARGO_INCREMENTAL=0" "-e" "RUST_BACKTRACE=full" "-e" "RUSTFLAGS=--cap-lints=warn" "-e" "RUSTDOCFLAGS=--cap-lints=warn" "-e" "CARGO_HOME=/opt/rustwide/cargo-home" "-e" "RUSTUP_HOME=/opt/rustwide/rustup-home" "-w" "/opt/rustwide/workdir" "-m" "1610612736" "--user" "0:0" "--network" "none" "ghcr.io/rust-lang/crates-build-env/linux@sha256:2788e3201cd34a07e3172128adcd8b3090168a8e3bcc40d7c032b9dda1df7d1c" "/opt/rustwide/cargo-home/bin/cargo" "+beta-2023-12-22" "test" "--frozen", kill_on_drop: false }`
[INFO] [stdout] 925858c18b1e103cd7a2082a3119b3551d496e145e7975d772ac1ad4d8297aee
[INFO] running `Command { std: "docker" "start" "-a" "925858c18b1e103cd7a2082a3119b3551d496e145e7975d772ac1ad4d8297aee", kill_on_drop: false }`
[INFO] [stderr]     Finished test [unoptimized + debuginfo] target(s) in 0.10s
[INFO] [stderr]      Running unittests src/lib.rs (/opt/rustwide/target/debug/deps/twenty_first-a52ec72ce09918a8)
[INFO] [stdout] 
[INFO] [stdout] running 412 tests
[INFO] [stdout] test amount::dyadic_rationals::dyadic_rationals_tests::additive_inverse_test ... ok
[INFO] [stdout] test amount::dyadic_rationals::dyadic_rationals_tests::mul_simple_test ... ok
[INFO] [stdout] test amount::dyadic_rationals::dyadic_rationals_tests::scalar_mul_simple_test ... ok
[INFO] [stdout] test amount::dyadic_rationals::dyadic_rationals_tests::equality_test ... ok
[INFO] [stdout] test amount::dyadic_rationals::dyadic_rationals_tests::canonize_simple_test ... ok
[INFO] [stdout] test amount::dyadic_rationals::dyadic_rationals_tests::simple_sub_test ... ok
[INFO] [stdout] test amount::dyadic_rationals::dyadic_rationals_tests::simple_add_test ... ok
[INFO] [stdout] test amount::u32s::u32s_tests::compare_simple_test ... ok
[INFO] [stdout] test amount::u32s::u32s_tests::biguinteger_conversion_test ... ok
[INFO] [stdout] test amount::u32s::u32s_tests::compare_simple_test_more ... ok
[INFO] [stdout] test amount::u32s::u32s_tests::conversion_test ... ok
[INFO] [stdout] test amount::u32s::u32s_tests::crash ... ignored
[INFO] [stdout] test amount::u32s::u32s_tests::convert_to_bfields_test ... ok
[INFO] [stdout] test amount::u32s::u32s_tests::display_u32s ... ok
[INFO] [stdout] test amount::u32s::u32s_tests::get_bit_test ... ok
[INFO] [stdout] test amount::u32s::u32s_tests::mul_test_with_carry ... ok
[INFO] [stdout] test amount::u32s::u32s_tests::get_size_test ... ok
[INFO] [stdout] test amount::u32s::u32s_tests::mod_div_simple_test_2 ... ok
[INFO] [stdout] test amount::u32s::u32s_tests::mod_div_simple_test_0 ... ok
[INFO] [stdout] test amount::u32s::u32s_tests::mod_div_simple_test_1 ... ok
[INFO] [stdout] test amount::u32s::u32s_tests::div_2_pbt ... ok
[INFO] [stdout] test amount::dyadic_rationals::dyadic_rationals_tests::canonize_pbt ... ok
[INFO] [stdout] test amount::u32s::u32s_tests::set_bit_simple_test ... ok
[INFO] [stdout] test amount::u32s::u32s_tests::biguinteger_conversion_pbt ... ok
[INFO] [stdout] test amount::u32s::u32s_tests::simple_add_test ... ok
[INFO] [stdout] test amount::u32s::u32s_tests::simple_mul_test ... ok
[INFO] [stdout] test amount::u32s::u32s_tests::mul_two_div_two_simple_test ... ok
[INFO] [stdout] test amount::u32s::u32s_tests::simple_sum_test ... ok
[INFO] [stdout] test amount::u32s::u32s_tests::identity_mul_test ... ok
[INFO] [stdout] test amount::u32s::u32s_tests::get_bit_set_bit_pbt ... ok
[INFO] [stdout] test amount::u32s::u32s_tests::test_u32s_codec ... ok
[INFO] [stdout] test amount::u32s::u32s_tests::simple_sub_test ... ok
[INFO] [stdout] test amount::u32s::u32s_tests::serialization_test ... ok
[INFO] [stdout] test amount::u32s::u32s_tests::u32_conversion_test ... ok
[INFO] [stdout] test shared_math::b_field_element::b_prime_field_element_test::add_sub_wrap_around_test ... ok
[INFO] [stdout] test amount::u32s::u32s_tests::sub_add_pbt ... ok
[INFO] [stdout] test amount::u32s::u32s_tests::div_mul_pbt ... ok
[INFO] [stdout] test amount::u32s::u32s_tests::mul_two_div_two_pbt ... ok
[INFO] [stdout] test amount::dyadic_rationals::dyadic_rationals_tests::mul_div_pow_two_pbt ... ok
[INFO] [stdout] test shared_math::b_field_element::b_prime_field_element_test::b_field_xgcd_test ... ok
[INFO] [stdout] test shared_math::b_field_element::b_prime_field_element_test::decrementing_min_value_wraps_around ... ok
[INFO] [stdout] test amount::u32s::u32s_tests::u128_conversion_test ... ok
[INFO] [stdout] test shared_math::b_field_element::b_prime_field_element_test::empty_batch_inversion ... ok
[INFO] [stdout] test shared_math::b_field_element::b_prime_field_element_test::create_polynomial_test ... ok
[INFO] [stdout] test shared_math::b_field_element::b_prime_field_element_test::display_test ... ok
[INFO] [stdout] test shared_math::b_field_element::b_prime_field_element_test::equality_and_hash_test ... ok
[INFO] [stdout] test shared_math::b_field_element::b_prime_field_element_test::equals ... ok
[INFO] [stdout] test shared_math::b_field_element::b_prime_field_element_test::get_primitive_root_of_unity_test ... ok
[INFO] [stdout] test amount::dyadic_rationals::dyadic_rationals_tests::add_sub_pbt ... ok
[INFO] [stdout] test shared_math::b_field_element::b_prime_field_element_test::inverse_or_zero_bfe ... ok
[INFO] [stdout] test shared_math::b_field_element::b_prime_field_element_test::division_by_self_gives_identity ... ok
[INFO] [stdout] test shared_math::b_field_element::b_prime_field_element_test::byte_array_of_small_field_elements_is_zero_at_high_indices ... ok
[INFO] [stdout] test shared_math::b_field_element::b_prime_field_element_test::incrementing_max_value_wraps_around ... ok
[INFO] [stdout] test shared_math::b_field_element::b_prime_field_element_test::mod_pow_test_powers_of_three ... ok
[INFO] [stdout] test shared_math::b_field_element::b_prime_field_element_test::mod_pow_test ... ok
[INFO] [stdout] test shared_math::b_field_element::b_prime_field_element_test::mod_pow_test_powers_of_two ... ok
[INFO] [stdout] test shared_math::b_field_element::b_prime_field_element_test::byte_array_outside_range_is_brought_into_range ... ok
[INFO] [stdout] test shared_math::b_field_element::b_prime_field_element_test::mul_div_plus_minus_neg_property_based_test ... ok
[INFO] [stdout] test shared_math::b_field_element::b_prime_field_element_test::batch_inversion ... ok
[INFO] [stdout] test shared_math::b_field_element::b_prime_field_element_test::get_size ... ok
[INFO] [stdout] test shared_math::b_field_element::b_prime_field_element_test::neg_test ... ok
[INFO] [stdout] test shared_math::b_field_element::b_prime_field_element_test::mul_div_pbt ... ok
[INFO] [stdout] test shared_math::b_field_element::b_prime_field_element_test::increment ... ok
[INFO] [stdout] test shared_math::b_field_element::b_prime_field_element_test::decrement ... ok
[INFO] [stdout] test shared_math::b_field_element::b_prime_field_element_test::addition_is_commutative ... ok
[INFO] [stdout] test shared_math::b_field_element::b_prime_field_element_test::byte_array_conversion ... ok
[INFO] [stdout] test shared_math::b_field_element::b_prime_field_element_test::multiplication_with_inverse_gives_identity ... ok
[INFO] [stdout] test shared_math::b_field_element::b_prime_field_element_test::one_is_one ... ok
[INFO] [stdout] test shared_math::b_field_element::b_prime_field_element_test::one_unequal_zero ... ok
[INFO] [stdout] test shared_math::b_field_element::b_prime_field_element_test::supposed_generator_is_generator ... ok
[INFO] [stdout] test shared_math::b_field_element::b_prime_field_element_test::test_fixed_inverse ... ok
[INFO] [stdout] test shared_math::b_field_element::b_prime_field_element_test::test_fixed_mul ... ok
[INFO] [stdout] test shared_math::b_field_element::b_prime_field_element_test::power_accumulator_simple_test ... ok
[INFO] [stdout] test shared_math::b_field_element::b_prime_field_element_test::test_random_raw ... ok
[INFO] [stdout] test shared_math::b_field_element::b_prime_field_element_test::test_fixed_modpow ... ok
[INFO] [stdout] test shared_math::b_field_element::b_prime_field_element_test::u32_conversion ... ok
[INFO] [stdout] test shared_math::b_field_element::b_prime_field_element_test::test_random_squares ... ok
[INFO] [stdout] test shared_math::b_field_element::b_prime_field_element_test::uniqueness_of_consecutive_emojis_bfe ... ok
[INFO] [stdout] test shared_math::b_field_element::b_prime_field_element_test::lift_then_unlift_preserves_element ... ok
[INFO] [stdout] test shared_math::b_field_element::b_prime_field_element_test::zero_is_zero ... ok
[INFO] [stdout] test shared_math::b_field_element::b_prime_field_element_test::not_zero_is_nonzero ... ok
[INFO] [stdout] test shared_math::b_field_element::b_prime_field_element_test::addition_is_associative ... ok
[INFO] [stdout] test shared_math::b_field_element::b_prime_field_element_test::value_is_preserved ... ok
[INFO] [stdout] test shared_math::b_field_element::b_prime_field_element_test::values_larger_than_modulus_are_handled_correctly ... ok
[INFO] [stdout] test shared_math::b_field_element::b_prime_field_element_test::one_is_neutral_element_for_multiplication ... ok
[INFO] [stdout] test shared_math::b_field_element::b_prime_field_element_test::not_one_is_not_one ... ok
[INFO] [stdout] test shared_math::b_field_element::b_prime_field_element_test::multiplication_is_commutative ... ok
[INFO] [stdout] test shared_math::b_field_element::b_prime_field_element_test::multiplication_distributes_over_addition ... ok
[INFO] [stdout] test amount::u32s::u32s_tests::mul_overflow_test_0 - should panic ... ok
[INFO] [stdout] test amount::u32s::u32s_tests::mul_overflow_test_1 - should panic ... ok
[INFO] [stdout] test amount::u32s::u32s_tests::sum_panic_test - should panic ... ok
[INFO] [stdout] test shared_math::b_field_element::b_prime_field_element_test::multiplicative_inverse_of_zero - should panic ... ok
[INFO] [stdout] test shared_math::bfield_codec::tests::bfield_codec_tests::test_encode_decode_random_bfieldelement ... ok
[INFO] [stdout] test shared_math::bfield_codec::tests::bfield_codec_tests::decode_encode_array_with_static_element_size ... ok
[INFO] [stdout] test shared_math::bfield_codec::tests::bfield_codec_tests::decode_encode_array_with_dynamic_element_size ... ok
[INFO] [stdout] test shared_math::bfield_codec::tests::bfield_codec_tests::test_encode_decode_tuples_static_static_size_0 ... ok
[INFO] [stdout] test shared_math::bfield_codec::tests::bfield_codec_tests::test_encode_decode_random_vec_option_xfieldelement ... ok
[INFO] [stdout] test shared_math::bfield_codec::tests::bfield_codec_tests::test_encode_decode_tuples_static_static_size_1 ... ok
[INFO] [stdout] test shared_math::bfield_codec::tests::bfield_codec_tests::test_encode_decode_tuples_static_static_size_2 ... ok
[INFO] [stdout] test shared_math::bfield_codec::tests::bfield_codec_tests::test_encode_decode_tuples_static_static_size_3 ... ok
[INFO] [stdout] test shared_math::b_field_element::b_prime_field_element_test::zero_is_neutral_element_for_addition ... ok
[INFO] [stdout] test shared_math::bfield_codec::tests::bfield_codec_tests::test_phantom_data ... ok
[INFO] [stdout] test shared_math::b_field_element::b_prime_field_element_test::multiplication_is_associative ... ok
[INFO] [stdout] test shared_math::bfield_codec::tests::bfield_codec_tests::test_encode_decode_tuples_static_static_size_4 ... ok
[INFO] [stdout] test shared_math::bfield_codec::tests::bfield_codec_tests::test_encode_decode_tuples_static_static_size_5 ... ok
[INFO] [stdout] test shared_math::bfield_codec::tests::bfield_codec_tests::test_encode_decode_random_xfieldelement ... ok
[INFO] [stdout] test shared_math::bfield_codec::tests::bfield_codec_tests::test_encode_decode_random_vec_of_vec_of_bfieldelement ... ok
[INFO] [stdout] test shared_math::bfield_codec::tests::derive_tests::simple_derivations::test_simple_digest ... ok
[INFO] [stdout] test shared_math::bfield_codec::tests::bfield_codec_tests::test_encode_decode_tuples_static_dynamic_size ... ok
[INFO] [stdout] test shared_math::bfield_codec::tests::derive_tests::empty_structs_and_enums ... ok
[INFO] [stdout] test shared_math::bfield_codec::tests::derive_tests::simple_derivations::test_simple_struct_a ... ok
[INFO] [stdout] test shared_math::bfield_codec::tests::derive_tests::simple_derivations::test_simple_enum ... ok
[INFO] [stdout] test shared_math::bfield_codec::tests::derive_tests::simple_derivations::test_simple_struct_b ... ok
[INFO] [stdout] test shared_math::bfield_codec::tests::derive_tests::simple_struct_with_named_fields ... ok
[INFO] [stdout] test shared_math::bfield_codec::tests::derive_tests::simple_struct_with_unnamed_fields ... ok
[INFO] [stdout] test shared_math::bfield_codec::tests::bfield_codec_tests::test_encode_decode_tuples_dynamic_static_size ... ok
[INFO] [stdout] test shared_math::bfield_codec::tests::bfield_codec_tests::test_encode_decode_random_vec_of_bfieldelement ... ok
[INFO] [stdout] test shared_math::bfield_codec::tests::bfield_codec_tests::test_encode_decode_random_digest ... ok
[INFO] [stdout] test shared_math::bfield_codec::tests::derive_tests::simple_struct_with_one_unnamed_field ... ok
[INFO] [stdout] test shared_math::bfield_codec::tests::bfield_codec_tests::test_encode_decode_random_vec_of_digest ... ok
[INFO] [stdout] test shared_math::bfield_codec::tests::derive_tests::mmr_bfieldcodec_derive_test ... ok
[INFO] [stdout] test shared_math::bfield_codec::tests::derive_tests::ms_membership_proof_derive_test ... ok
[INFO] [stdout] test shared_math::bfield_codec::tests::bfield_codec_tests::test_encode_decode_random_vec_of_xfieldelement ... ok
[INFO] [stdout] test shared_math::bfield_codec::tests::derive_tests::struct_with_unnamed_vec_field ... ok
[INFO] [stdout] test shared_math::bfield_codec::tests::derive_tests::struct_with_nested_tuple_field ... ok
[INFO] [stdout] test shared_math::bfield_codec::tests::bfield_codec_tests::test_encode_decode_random_vec_of_vec_of_xfieldelement ... ok
[INFO] [stdout] test shared_math::bfield_codec::tests::bfield_codec_tests::test_encode_decode_tuples_dynamic_dynamic_size ... ok
[INFO] [stdout] test shared_math::bfield_codec::tests::derive_tests::unsupported_fields_can_be_ignored_test ... ok
[INFO] [stdout] test shared_math::bfield_codec::tests::derive_tests::test_complex_enum_derive ... ok
[INFO] [stdout] test shared_math::bfield_codec::tests::derive_tests::struct_with_small_array ... ok
[INFO] [stdout] test shared_math::bfield_codec::tests::derive_tests::struct_with_tuple_field_static_size ... ok
[INFO] [stdout] test shared_math::bfield_codec::tests::derive_tests::struct_with_array_with_dynamically_sized_elements ... ok
[INFO] [stdout] test shared_math::circuit::constraint_circuit_tests::circuit_equality_check_and_constant_folding_test ... ok
[INFO] [stdout] test shared_math::bfield_codec::tests::derive_tests::struct_with_tuple_field_dynamic_size ... ok
[INFO] [stdout] test shared_math::bfield_codec::tests::derive_tests::vec_of_struct_with_fix_and_var_len_unnamed_fields_test ... ok
[INFO] [stdout] test shared_math::bfield_codec::tests::derive_tests::vec_of_struct_with_two_fix_len_fields_test ... ok
[INFO] [stdout] test shared_math::bfield_codec::tests::derive_tests::vec_of_struct_with_one_fix_len_field_test ... ok
[INFO] [stdout] test shared_math::bfield_codec::tests::derive_tests::vec_of_struct_with_fix_and_var_len_fields_test ... ok
[INFO] [stdout] test shared_math::bfield_codec::tests::derive_tests::struct_with_nested_vec ... ok
[INFO] [stdout] test shared_math::digest::digest_tests::digest_biguint_conversion_simple_test ... ok
[INFO] [stdout] test shared_math::digest::digest_tests::digest_from_str ... ok
[INFO] [stdout] test shared_math::digest::digest_tests::digest_ordering ... ok
[INFO] [stdout] test shared_math::digest::digest_tests::get_size ... ok
[INFO] [stdout] test shared_math::digest::digest_tests::test_reversed_involution ... ok
[INFO] [stdout] test shared_math::fips202::fips202_test::test_kats ... ok
[INFO] [stdout] test shared_math::lattice::lattice_test::test_ciphertext_conversion ... ok
[INFO] [stdout] test shared_math::digest::digest_tests::digest_biguint_conversion_pbt ... ok
[INFO] [stdout] test shared_math::lattice::lattice_test::test_embedding ... ok
[INFO] [stdout] test shared_math::lattice::lattice_test::test_fast_mul ... ok
[INFO] [stdout] test shared_math::circuit::constraint_circuit_tests::multi_circuit_hash_is_unchanged_by_meta_data_test ... ok
[INFO] [stdout] test shared_math::digest::digest_tests::digest_biguint_overflow_test - should panic ... ok
[INFO] [stdout] test shared_math::lattice::lattice_test::zero_test ... ok
[INFO] [stdout] test shared_math::bfield_codec::tests::derive_tests::struct_with_nested_phantom_data ... ok
[INFO] [stdout] test shared_math::mds::tests::test_karatsuba ... ok
[INFO] [stdout] test shared_math::bfield_codec::tests::derive_tests::vec_of_struct_with_two_fix_len_unnamed_fields_test ... ok
[INFO] [stdout] test shared_math::lattice::lattice_test::test_module_multiply ... ok
[INFO] [stdout] test shared_math::bfield_codec::tests::derive_tests::vec_of_struct_with_quite_a_few_fix_and_var_len_fields_test ... ok
[INFO] [stdout] test shared_math::bfield_codec::tests::derive_tests::struct_with_named_vec_fields ... ok
[INFO] [stdout] test shared_math::bfield_codec::tests::derive_tests::struct_with_phantom_data ... ok
[INFO] [stdout] test shared_math::bfield_codec::tests::derive_tests::struct_with_big_array ... ok
[INFO] [stdout] test shared_math::bfield_codec::tests::derive_tests::struct_with_unnamed_vec_fields ... ok
[INFO] [stdout] test shared_math::mds::tests::test_negacyclic_mul ... ok
[INFO] [stdout] test shared_math::bfield_codec::tests::derive_tests::deeply_nested_vec ... ok
[INFO] [stdout] test shared_math::mpolynomial::test_mpolynomials::equality_test ... ok
[INFO] [stdout] test shared_math::mpolynomial::test_mpolynomials::degree_bounds_big ... ok
[INFO] [stdout] test shared_math::mds::tests::test_recursive_cyclic_mul ... ok
[INFO] [stdout] test shared_math::mpolynomial::test_mpolynomials::evaluate_test ... ok
[INFO] [stdout] test shared_math::mpolynomial::test_mpolynomials::evaluate_symbolic_with_zeros_test ... ok
[INFO] [stdout] test shared_math::mpolynomial::test_mpolynomials::is_one_test ... ok
[INFO] [stdout] test shared_math::mpolynomial::test_mpolynomials::mpoly_hashing_is_deterministic_and_unaffected_by_zero_coefficients_test ... ok
[INFO] [stdout] test shared_math::mpolynomial::test_mpolynomials::ignore_zero_coefficients_for_total_degree_computation_test ... ok
[INFO] [stdout] test shared_math::mpolynomial::test_mpolynomials::evaluate_symbolic_test ... ok
[INFO] [stdout] test shared_math::mpolynomial::test_mpolynomials::lift_test ... ok
[INFO] [stdout] test shared_math::mpolynomial::test_mpolynomials::add_assign_simple_test ... ok
[INFO] [stdout] test shared_math::lattice::lattice_test::test_module_distributivity ... ok
[INFO] [stdout] test shared_math::mpolynomial::test_mpolynomials::extract_exponents_list_test ... ok
[INFO] [stdout] test shared_math::mpolynomial::test_mpolynomials::mut_with_one_test ... ok
[INFO] [stdout] test shared_math::mpolynomial::test_mpolynomials::print_display_xfield_test ... ok
[INFO] [stdout] test shared_math::mpolynomial::test_mpolynomials::precalculate_scalar_exponents_simple_test ... ok
[INFO] [stdout] test shared_math::mpolynomial::test_mpolynomials::print_display_bfield_test ... ok
[INFO] [stdout] test shared_math::mpolynomial::test_mpolynomials::simple_mul_test ... ok
[INFO] [stdout] test shared_math::mpolynomial::test_mpolynomials::simple_add_test ... ok
[INFO] [stdout] test shared_math::mpolynomial::test_mpolynomials::square_test_simple ... ok
[INFO] [stdout] test shared_math::mpolynomial::test_mpolynomials::symbolic_degree_bound_ones ... ok
[INFO] [stdout] test shared_math::mpolynomial::test_mpolynomials::simple_sub_test ... ok
[INFO] [stdout] test shared_math::lattice::lattice_test::serialization_deserialization_test ... ok
[INFO] [stdout] test shared_math::mpolynomial::test_mpolynomials::simple_pow_test ... ok
[INFO] [stdout] test shared_math::mpolynomial::test_mpolynomials::symbolic_degree_bound_simple2 ... ok
[INFO] [stdout] test shared_math::mpolynomial::test_mpolynomials::square_test ... ok
[INFO] [stdout] test shared_math::mpolynomial::test_mpolynomials::symbolic_degree_bound_simple ... ok
[INFO] [stdout] test shared_math::mpolynomial::test_mpolynomials::symbolic_degree_bound_zeroes ... ok
[INFO] [stdout] test shared_math::mpolynomial::test_mpolynomials::symbolic_degree_bound_zero ... ok
[INFO] [stdout] test shared_math::ntt::fast_ntt_attempt_tests::bfield_max_value_test_of_chu_ntt ... ok
[INFO] [stdout] test shared_math::mpolynomial::test_mpolynomials::variables_test ... ok
[INFO] [stdout] test shared_math::ntt::fast_ntt_attempt_tests::bfield_basic_test_of_chu_ntt ... ok
[INFO] [stdout] test shared_math::mpolynomial::test_mpolynomials::mpolys_in_hash_set_test ... ok
[INFO] [stdout] test shared_math::ntt::fast_ntt_attempt_tests::ntt_on_empty_input ... ok
[INFO] [stdout] test shared_math::ntt::fast_ntt_attempt_tests::b_field_ntt_with_length_32 ... ok
[INFO] [stdout] test shared_math::mpolynomial::test_mpolynomials::symbolic_degree_bound_random ... ok
[INFO] [stdout] test shared_math::mpolynomial::test_mpolynomials::mul_commutative_test ... ok
[INFO] [stdout] test shared_math::ntt::fast_ntt_attempt_tests::xfield_basic_test_of_chu_ntt ... ok
[INFO] [stdout] test shared_math::ntt::fast_ntt_attempt_tests::test_ntt_noswap ... ok
[INFO] [stdout] test shared_math::ntt::fast_ntt_attempt_tests::ntt_on_input_of_length_one ... ok
[INFO] [stdout] test shared_math::other::test_other::binary_tree_properties ... ok
[INFO] [stdout] test shared_math::ntt::fast_ntt_attempt_tests::chu_ntt_b_field_prop_test ... ok
[INFO] [stdout] test shared_math::other::test_other::powers_of_two_below_test ... ok
[INFO] [stdout] test shared_math::other::test_other::indices_of_set_bits_test ... ok
[INFO] [stdout] test shared_math::other::test_other::is_power_of_two_test ... ok
[INFO] [stdout] test shared_math::other::test_other::roundup_nearest_multiple_test ... ok
[INFO] [stdout] test shared_math::other::test_other::log_2_ceil_test ... ok
[INFO] [stdout] test shared_math::other::test_other::transpose_test ... ok
[INFO] [stdout] test shared_math::polynomial::test_polynomials::add_assign_test ... ok
[INFO] [stdout] test shared_math::polynomial::test_polynomials::constant_zero_eq_constant_zero ... ok
[INFO] [stdout] test shared_math::polynomial::test_polynomials::differentiate_const ... ok
[INFO] [stdout] test shared_math::polynomial::test_polynomials::differentiate_quartic ... ok
[INFO] [stdout] test shared_math::polynomial::test_polynomials::differentiate_leibniz ... ok
[INFO] [stdout] test shared_math::polynomial::test_polynomials::equality ... ok
[INFO] [stdout] test shared_math::polynomial::test_polynomials::fast_coset_evaluate_test ... ok
[INFO] [stdout] test shared_math::polynomial::test_polynomials::differentiate_zero ... ok
[INFO] [stdout] test shared_math::polynomial::test_polynomials::fast_evaluate_test ... ok
[INFO] [stdout] test shared_math::polynomial::test_polynomials::fast_interpolate_test ... ok
[INFO] [stdout] test shared_math::polynomial::test_polynomials::fast_coset_divide_test ... ok
[INFO] [stdout] test shared_math::polynomial::test_polynomials::fast_lagrange_interpolate_test ... ok
[INFO] [stdout] test shared_math::polynomial::test_polynomials::fast_square_test ... ok
[INFO] [stdout] test shared_math::polynomial::test_polynomials::fast_multiply_test ... ok
[INFO] [stdout] test shared_math::polynomial::test_polynomials::fast_zerofier_test ... ok
[INFO] [stdout] test shared_math::ntt::fast_ntt_attempt_tests::test_compare_ntt_to_eval ... ok
[INFO] [stdout] test shared_math::polynomial::test_polynomials::get_point_on_line_tests ... ok
[INFO] [stdout] test shared_math::polynomial::test_polynomials::get_point_on_invalid_line_test - should panic ... FAILED
[INFO] [stdout] test shared_math::polynomial::test_polynomials::is_x_test ... ok
[INFO] [stdout] test shared_math::polynomial::test_polynomials::lagrange_interpolate_size_one_test ... ok
[INFO] [stdout] test shared_math::polynomial::test_polynomials::lagrange_interpolate_test ... ok
[INFO] [stdout] test shared_math::polynomial::test_polynomials::leading_coefficient_test ... ok
[INFO] [stdout] test shared_math::ntt::fast_ntt_attempt_tests::chu_ntt_x_field_prop_test ... ok
[INFO] [stdout] test shared_math::lattice::lattice_test::test_kem ... ok
[INFO] [stdout] test shared_math::polynomial::test_polynomials::mul_commutative_test ... ok
[INFO] [stdout] test shared_math::polynomial::test_polynomials::mod_pow_test ... ok
[INFO] [stdout] test shared_math::polynomial::test_polynomials::one_test ... ok
[INFO] [stdout] test shared_math::mpolynomial::test_mpolynomials::symbolic_degree_bound_prop ... ok
[INFO] [stdout] test shared_math::polynomial::test_polynomials::panic_when_one_is_not_one - should panic ... ok
[INFO] [stdout] test shared_math::polynomial::test_polynomials::polynomial_are_colinear_3_test ... ok
[INFO] [stdout] test shared_math::polynomial::test_polynomials::polynomial_are_colinear_test ... ok
[INFO] [stdout] test shared_math::polynomial::test_polynomials::polynomial_are_colinear_test_big ... ok
[INFO] [stdout] test shared_math::polynomial::test_polynomials::normalize_test ... ok
[INFO] [stdout] test shared_math::polynomial::test_polynomials::polynomial_arithmetic_division_test ... ok
[INFO] [stdout] test shared_math::polynomial::test_polynomials::polynomial_arithmetic_property_based_test_big ... ok
[INFO] [stdout] test shared_math::polynomial::test_polynomials::pol_div_bug_detection_test ... ok
[INFO] [stdout] test shared_math::polynomial::test_polynomials::polynomial_arithmetic_property_based_test ... ok
[INFO] [stdout] test shared_math::polynomial::test_polynomials::polynomial_display_test ... ok
[INFO] [stdout] test shared_math::polynomial::test_polynomials::polynomial_shift_test ... ok
[INFO] [stdout] test shared_math::polynomial::test_polynomials::property_based_slow_lagrange_interpolation_test ... ok
[INFO] [stdout] test shared_math::polynomial::test_polynomials::square_simple_test ... ok
[INFO] [stdout] test shared_math::polynomial::test_polynomials::property_based_slow_lagrange_interpolation_test_big ... ok
[INFO] [stdout] test shared_math::polynomial::test_polynomials::polynomial_divide_test ... ok
[INFO] [stdout] test shared_math::polynomial::test_polynomials::xgcd_b_field_pol_test ... ok
[INFO] [stdout] test shared_math::polynomial::test_polynomials::zero_test ... ok
[INFO] [stdout] test shared_math::polynomial::test_polynomials::zerofier_test ... ok
[INFO] [stdout] test shared_math::tip5::tip5_tests::calculate_approximation_quality ... ignored, used for calculating parameters
[INFO] [stdout] test shared_math::tip5::tip5_tests::calculate_differential_uniformity ... ignored, used for calculating parameters
[INFO] [stdout] test shared_math::mpolynomial::test_mpolynomials::pow_test ... ok
[INFO] [stdout] test shared_math::tip5::tip5_tests::get_size_test ... ok
[INFO] [stdout] test shared_math::tip5::tip5_tests::hash_varlen_test_vectors ... ok
[INFO] [stdout] test shared_math::tip5::tip5_tests::lookup_table_is_correct ... ok
[INFO] [stdout] test shared_math::tip5::tip5_tests::round_constants_are_correct ... ok
[INFO] [stdout] test shared_math::tip5::tip5_tests::sample_scalars_test ... ok
[INFO] [stdout] test shared_math::tip5::tip5_tests::test_complex_karatsuba ... ok
[INFO] [stdout] test shared_math::tip5::tip5_tests::test_complex_product ... ok
[INFO] [stdout] test shared_math::tip5::tip5_tests::test_fermat_cube_map_is_permutation ... ignored, used for calculating parameters
[INFO] [stdout] test shared_math::tip5::tip5_tests::test_linearity_of_mds ... ok
[INFO] [stdout] test shared_math::tip5::tip5_tests::test_mds_agree ... ok
[INFO] [stdout] test shared_math::tip5::tip5_tests::test_mds_circulancy ... ok
[INFO] [stdout] test shared_math::x_field_element::x_field_element_test::emojihash_test ... ok
[INFO] [stdout] test shared_math::tip5::tip5_tests::hash10_test_vectors ... ok
[INFO] [stdout] test shared_math::x_field_element::x_field_element_test::incr_decr_test ... ok
[INFO] [stdout] test shared_math::x_field_element::x_field_element_test::mul_xfe_with_bfe_pbt ... ok
[INFO] [stdout] test shared_math::x_field_element::x_field_element_test::multiplicative_inverse_of_zero - should panic ... ok
[INFO] [stdout] test shared_math::x_field_element::x_field_element_test::one_zero_test ... ok
[INFO] [stdout] test shared_math::x_field_element::x_field_element_test::uniqueness_of_consecutive_emojis_xfe ... ok
[INFO] [stdout] test shared_math::x_field_element::x_field_element_test::inverse_or_zero_xfe ... ok
[INFO] [stdout] test shared_math::x_field_element::x_field_element_test::x_field_add_test ... ok
[INFO] [stdout] test shared_math::x_field_element::x_field_element_test::x_field_into_test ... ok
[INFO] [stdout] test shared_math::x_field_element::x_field_element_test::x_field_inv_test ... ok
[INFO] [stdout] test shared_math::polynomial::test_polynomials::xgcd_x_field_pol_test ... ok
[INFO] [stdout] test shared_math::x_field_element::x_field_element_test::x_field_mod_pow_test ... ok
[INFO] [stdout] test shared_math::x_field_element::x_field_element_test::x_field_inversion_pbt ... ok
[INFO] [stdout] test shared_math::x_field_element::x_field_element_test::x_field_mul_test ... ok
[INFO] [stdout] test shared_math::x_field_element::x_field_element_test::x_field_ntt_test ... ok
[INFO] [stdout] test shared_math::polynomial::test_polynomials::fast_zerofier_pb_test ... ok
[INFO] [stdout] test shared_math::x_field_element::x_field_element_test::x_field_sub_test ... ok
[INFO] [stdout] test shared_math::x_field_element::x_field_element_test::x_field_overloaded_arithmetic_test ... ok
[INFO] [stdout] test shared_math::x_field_element::x_field_element_test::x_field_random_element_generation_test ... ok
[INFO] [stdout] test shared_math::x_field_element::x_field_element_test::x_field_xgcp_test ... ok
[INFO] [stdout] test shared_math::x_field_element::x_field_element_test::xfe_mod_pow_pbt ... ok
[INFO] [stdout] test shared_math::x_field_element::x_field_element_test::xfe_mod_pow_zero_test ... ok
[INFO] [stdout] test util_types::algebraic_hasher::algebraic_hasher_tests::sample_scalars_test ... ok
[INFO] [stdout] test util_types::algebraic_hasher::algebraic_hasher_tests::to_sequence_test ... ok
[INFO] [stdout] test util_types::algebraic_hasher::algebraic_hasher_tests::sample_indices_test ... ok
[INFO] [stdout] test shared_math::x_field_element::x_field_element_test::xfe_to_digest_to_xfe ... ok
[INFO] [stdout] test util_types::database_array::database_array_tests::panic_on_index_out_of_range_empty_test - should panic ... ok
[INFO] [stdout] test util_types::database_array::database_array_tests::init_and_default_values_test ... ok
[INFO] [stdout] test util_types::database_array::database_array_tests::panic_on_index_out_of_range_length_one_set_test - should panic ... ok
[INFO] [stdout] test util_types::database_vector::database_vector_tests::index_zero_test ... ok
[INFO] [stdout] test util_types::database_vector::database_vector_tests::batch_set_test ... ok
[INFO] [stdout] test util_types::database_vector::database_vector_tests::panic_on_index_out_of_range_empty_test - should panic ... ok
[INFO] [stdout] test util_types::database_vector::database_vector_tests::panic_on_index_out_of_range_length_one_set_test - should panic ... ok
[INFO] [stdout] test util_types::database_vector::database_vector_tests::panic_on_index_out_of_range_length_one_test - should panic ... ok
[INFO] [stdout] test util_types::database_vector::database_vector_tests::push_pop_test ... ok
[INFO] [stdout] test util_types::database_vector::database_vector_tests::overwrite_with_vec_test ... ok
[INFO] [stdout] test util_types::database_vector::database_vector_tests::restore_test ... ok
[INFO] [stdout] test util_types::merkle_tree::merkle_tree_test::build_partial_tree_from_authentication_structure_test ... ok
[INFO] [stdout] test util_types::merkle_tree::merkle_tree_test::authentication_paths_from_authentication_structure_test ... ok
[INFO] [stdout] test shared_math::polynomial::test_polynomials::square_test ... ok
[INFO] [stdout] test util_types::merkle_tree::merkle_tree_test::compute_root_of_partial_tree_test ... ok
[INFO] [stdout] test util_types::merkle_tree::merkle_tree_test::compute_root_of_incomplete_partial_tree_test - should panic ... ok
[INFO] [stdout] test util_types::merkle_tree::merkle_tree_test::fail_on_bad_specified_length_test ... ok
[INFO] [stdout] test util_types::merkle_tree::merkle_tree_test::merkle_tree_get_authentication_path_test ... ok
[INFO] [stdout] test util_types::merkle_tree::merkle_tree_test::compute_root_of_non_minimal_partial_tree_test - should panic ... ok
[INFO] [stdout] test util_types::database_vector::database_vector_tests::push_many_test ... ok
[INFO] [stdout] test util_types::merkle_tree::merkle_tree_test::merkle_tree_with_xfes_as_leafs ... ok
[INFO] [stdout] test util_types::merkle_tree::merkle_tree_test::merkle_tree_verify_authentication_structure_degenerate_test ... ok
[INFO] [stdout] test util_types::merkle_tree::merkle_tree_test::root_from_arbitrary_number_of_digests_empty_test ... ok
[INFO] [stdout] test util_types::merkle_tree::merkle_tree_test::root_from_odd_number_of_digests_test ... ok
[INFO] [stdout] test shared_math::x_field_element::x_field_element_test::x_field_division_mul_pbt ... ok
[INFO] [stdout] test util_types::merkle_tree::merkle_tree_test::verify_merkle_tree_with_duplicated_indices ... ok
[INFO] [stdout] test util_types::merkle_tree::merkle_tree_test::verify_merkle_tree_where_every_leaf_is_revealed ... ok
[INFO] [stdout] test util_types::merkle_tree::merkle_tree_test::merkle_tree_test_32 ... ok
[INFO] [stdout] test util_types::mmr::archival_mmr::mmr_test::bag_peaks_blake3_test ... ok
[INFO] [stdout] test util_types::merkle_tree::merkle_tree_test::verify_some_payload ... ok
[INFO] [stdout] test util_types::mmr::archival_mmr::mmr_test::empty_mmr_behavior_test ... ok
[INFO] [stdout] test util_types::merkle_tree::merkle_tree_test::verify_all_leaves_individually ... ok
[INFO] [stdout] test util_types::mmr::archival_mmr::mmr_test::mutate_leaf_archival_test ... ok
[INFO] [stdout] test util_types::mmr::archival_mmr::mmr_test::one_input_mmr_test ... ok
[INFO] [stdout] test util_types::mmr::archival_mmr::mmr_test::remove_last_leaf_pbt ... ok
[INFO] [stdout] test util_types::mmr::archival_mmr::mmr_test::remove_last_leaf_test ... ok
[INFO] [stdout] test util_types::mmr::archival_mmr::mmr_test::rust_leveldb_persist_test ... ok
[INFO] [stdout] test util_types::mmr::archival_mmr::mmr_test::two_input_mmr_test ... ok
[INFO] [stdout] test shared_math::mds::tests::test_rcm_circuit_into_string ... ok
[INFO] [stdout] test shared_math::polynomial::test_polynomials::fast_evaluate_pb_test ... ok
[INFO] [stdout] test shared_math::mds::tests::test_rcm_circuit ... ok
[INFO] [stdout] test util_types::mmr::archival_mmr::mmr_test::verify_against_correct_peak_test ... ok
[INFO] [stdout] test util_types::mmr::mmr_accumulator::accumulator_mmr_tests::conversion_test ... ok
[INFO] [stdout] test util_types::mmr::mmr_accumulator::accumulator_mmr_tests::get_size_test ... ok
[INFO] [stdout] test util_types::mmr::mmr_accumulator::accumulator_mmr_tests::mmra_serialization_test ... ok
[INFO] [stdout] test util_types::mmr::archival_mmr::mmr_test::variable_size_blake3_mmr_test ... ok
[INFO] [stdout] test util_types::mmr::archival_mmr::mmr_test::variable_size_tip5_mmr_test ... ok
[INFO] [stdout] test util_types::mmr::mmr_accumulator::accumulator_mmr_tests::verify_batch_update_single_append_test ... ok
[INFO] [stdout] test util_types::mmr::mmr_accumulator::accumulator_mmr_tests::verify_batch_update_single_mutate_test ... ok
[INFO] [stdout] test util_types::mmr::mmr_accumulator::accumulator_mmr_tests::verify_batch_update_two_append_test ... ok
[INFO] [stdout] test shared_math::polynomial::test_polynomials::mod_pow_arbitrary_test ... ok
[INFO] [stdout] test util_types::mmr::mmr_accumulator::accumulator_mmr_tests::verify_batch_update_two_mutate_test ... ok
[INFO] [stdout] test util_types::mmr::mmr_accumulator::accumulator_mmr_tests::test_mmr_accumulator_decode ... ok
[INFO] [stdout] test util_types::mmr::mmr_membership_proof::mmr_membership_proof_test::batch_update_from_leaf_mutation_no_change_return_value_test ... ok
[INFO] [stdout] test util_types::mmr::mmr_membership_proof::mmr_membership_proof_test::equality_and_hash_test ... ok
[INFO] [stdout] test util_types::mmr::mmr_membership_proof::mmr_membership_proof_test::get_node_indices_simple_test ... ok
[INFO] [stdout] test util_types::mmr::mmr_membership_proof::mmr_membership_proof_test::get_peak_index_simple_test ... ok
[INFO] [stdout] test util_types::mmr::mmr_membership_proof::mmr_membership_proof_test::batch_update_from_batch_leaf_mutation_total_replacement_test ... ok
[INFO] [stdout] test util_types::mmr::mmr_membership_proof::mmr_membership_proof_test::serialization_test ... ok
[INFO] [stdout] test util_types::mmr::mmr_membership_proof::mmr_membership_proof_test::update_batch_membership_proofs_from_batch_leaf_mutations_test ... ok
[INFO] [stdout] test util_types::mmr::mmr_membership_proof::mmr_membership_proof_test::update_batch_membership_proofs_from_leaf_mutations_new_test ... ok
[INFO] [stdout] test util_types::mmr::mmr_membership_proof::mmr_membership_proof_test::batch_update_from_batch_leaf_mutation_test ... ok
[INFO] [stdout] test shared_math::circuit::constraint_circuit_tests::equality_and_hash_agree_test ... ok
[INFO] [stdout] test util_types::mmr::mmr_membership_proof::mmr_membership_proof_test::update_membership_proof_from_append_simple ... ok
[INFO] [stdout] test util_types::mmr::mmr_membership_proof::mmr_membership_proof_test::update_membership_proof_from_append_big_tip5 ... ok
[INFO] [stdout] test util_types::mmr::mmr_membership_proof::mmr_membership_proof_test::update_membership_proof_from_leaf_mutation_test ... ok
[INFO] [stdout] test util_types::mmr::shared_advanced::mmr_test::get_authentication_path_node_indices_test ... ok
[INFO] [stdout] test util_types::mmr::shared_advanced::mmr_test::get_height_from_leaf_index_test ... ok
[INFO] [stdout] test util_types::mmr::shared_advanced::mmr_test::get_peak_heights_and_peak_node_indices_test ... ok
[INFO] [stdout] test shared_math::bfield_codec::tests::bfield_codec_tests::test_decode_random_negative ... ok
[INFO] [stdout] test util_types::mmr::shared_advanced::mmr_test::leaf_count_to_node_count_test ... ok
[INFO] [stdout] test util_types::mmr::shared_advanced::mmr_test::leaf_index_node_index_pbt ... ok
[INFO] [stdout] test util_types::mmr::shared_advanced::mmr_test::leaf_index_to_node_index_test ... ok
[INFO] [stdout] test util_types::mmr::shared_advanced::mmr_test::left_sibling_test ... ok
[INFO] [stdout] test util_types::mmr::shared_advanced::mmr_test::node_index_to_leaf_index_test ... ok
[INFO] [stdout] test util_types::mmr::shared_advanced::mmr_test::leftmost_ancestor_test ... ok
[INFO] [stdout] test util_types::mmr::shared_advanced::mmr_test::node_indices_added_by_append_test ... ok
[INFO] [stdout] test util_types::mmr::shared_advanced::mmr_test::right_ancestor_count_test ... ok
[INFO] [stdout] test util_types::mmr::shared_basic::mmr_test::leaf_index_to_mt_index_test ... ok
[INFO] [stdout] test util_types::mmr::shared_basic::mmr_test::peak_index_test ... ok
[INFO] [stdout] test util_types::mmr::shared_advanced::mmr_test::right_lineage_length_pbt ... ok
[INFO] [stdout] test util_types::mmr::shared_basic::mmr_test::right_lineage_length_from_leaf_index_test ... ok
[INFO] [stdout] test util_types::proof_stream_typed::proof_stream_typed_tests::enqueue_dequeue_test ... ok
[INFO] [stdout] test util_types::proof_stream_typed::proof_stream_typed_tests::prover_verifier_fiat_shamir_test ... ok
[INFO] [stdout] test util_types::storage_schema::tests::out_of_bounds_using_get_many - should panic ... ok
[INFO] [stdout] test util_types::storage_schema::tests::out_of_bounds_using_get - should panic ... ok
[INFO] [stdout] test util_types::storage_schema::tests::test_dbtcvecs_get_many ... ok
[INFO] [stdout] test util_types::storage_schema::tests::test_simple_singleton ... ok
[INFO] [stdout] test util_types::storage_schema::tests::test_two_vectors_and_singleton ... ok
[INFO] [stdout] test util_types::storage_schema::tests::test_simple_vector ... ok
[INFO] [stdout] test util_types::storage_vec::tests::get_many_ordering_of_outputs ... ok
[INFO] [stdout] test util_types::storage_vec::tests::multiple_vectors_in_one_db ... ok
[INFO] [stdout] test util_types::storage_vec::tests::panic_on_out_of_bounds_get - should panic ... ok
[INFO] [stdout] test util_types::storage_vec::tests::panic_on_out_of_bounds_get_even_though_value_exists_in_persistent_memory - should panic ... ok
[INFO] [stdout] test util_types::storage_vec::tests::panic_on_out_of_bounds_get_many - should panic ... ok
[INFO] [stdout] test util_types::storage_vec::tests::panic_on_out_of_bounds_set - should panic ... ok
[INFO] [stdout] test util_types::storage_vec::tests::panic_on_out_of_bounds_set_even_though_value_exists_in_persistent_memory - should panic ... ok
[INFO] [stdout] test util_types::storage_vec::tests::test_simple_prop ... ok
[INFO] [stdout] test utils::test_utils::has_unique_elements_test ... ok
[INFO] [stdout] test util_types::mmr::mmr_accumulator::accumulator_mmr_tests::batch_mutate_leaf_and_update_mps_test ... ok
[INFO] [stdout] test util_types::mmr::mmr_membership_proof::mmr_membership_proof_test::update_membership_proof_from_leaf_mutation_blake3_big_test ... ok
[INFO] [stdout] test util_types::mmr::archival_mmr::mmr_test::accumulator_mmr_mutate_leaf_test ... ok
[INFO] [stdout] test util_types::storage_vec::tests::delegated_vec_pbt ... ok
[INFO] [stdout] test shared_math::mpolynomial::test_mpolynomials::precalculate_exponents_memoization_test ... ok
[INFO] [stdout] test util_types::merkle_tree::merkle_tree_test::merkle_tree_verify_authentication_structure_test ... ok
[INFO] [stdout] test util_types::mmr::mmr_membership_proof::mmr_membership_proof_test::test_decode_mmr_membership_proof ... ok
[INFO] [stdout] test util_types::mmr::mmr_membership_proof::mmr_membership_proof_test::update_membership_proof_from_append_big_tests ... ok
[INFO] [stdout] test util_types::mmr::archival_mmr::mmr_test::mmr_append_test ... ok
[INFO] [stdout] test util_types::mmr::archival_mmr::mmr_test::mmr_prove_verify_leaf_mutation_test ... ok
[INFO] [stdout] test shared_math::polynomial::test_polynomials::interpolate_pb_test ... ok
[INFO] [stdout] test shared_math::polynomial::test_polynomials::fast_interpolate_pbt ... ok
[INFO] [stdout] test util_types::mmr::mmr_accumulator::accumulator_mmr_tests::verify_batch_update_pbt ... ok
[INFO] [stdout] test shared_math::ntt::fast_ntt_attempt_tests::ntt_then_intt_is_identity_operation ... ok
[INFO] [stdout] test shared_math::circuit::constraint_circuit_tests::constant_folding_pbt ... ok
[INFO] [stdout] 
[INFO] [stdout] failures:
[INFO] [stdout] 
[INFO] [stdout] ---- shared_math::polynomial::test_polynomials::get_point_on_invalid_line_test stdout ----
[INFO] [stdout] thread 'shared_math::polynomial::test_polynomials::get_point_on_invalid_line_test' panicked at src/shared_math/polynomial.rs:866:9:
[INFO] [stdout] assertion `left != right` failed: Line must not be parallel to y-axis
[INFO] [stdout]   left: BFieldElement(4294967295)
[INFO] [stdout]  right: BFieldElement(4294967295)
[INFO] [stdout] stack backtrace:
[INFO] [stdout]    0:     0x564fa5fe6386 - std::backtrace_rs::backtrace::libunwind::trace::h261606ad26a499c1
[INFO] [stdout]                                at /rustc/0e09125c6c3c2fd70d7de961bcf0e51575235fad/library/std/src/../../backtrace/src/backtrace/libunwind.rs:104:5
[INFO] [stdout]    1:     0x564fa5fe6386 - std::backtrace_rs::backtrace::trace_unsynchronized::hd183f0625477fb28
[INFO] [stdout]                                at /rustc/0e09125c6c3c2fd70d7de961bcf0e51575235fad/library/std/src/../../backtrace/src/backtrace/mod.rs:66:5
[INFO] [stdout]    2:     0x564fa5fe6386 - std::sys_common::backtrace::_print_fmt::hd7f8fef21b4eda67
[INFO] [stdout]                                at /rustc/0e09125c6c3c2fd70d7de961bcf0e51575235fad/library/std/src/sys_common/backtrace.rs:68:5
[INFO] [stdout]    3:     0x564fa5fe6386 - <std::sys_common::backtrace::_print::DisplayBacktrace as core::fmt::Display>::fmt::h623d9b51f2f453f1
[INFO] [stdout]                                at /rustc/0e09125c6c3c2fd70d7de961bcf0e51575235fad/library/std/src/sys_common/backtrace.rs:44:22
[INFO] [stdout]    4:     0x564fa6011640 - core::fmt::rt::Argument::fmt::h9f417ac76a86f368
[INFO] [stdout]                                at /rustc/0e09125c6c3c2fd70d7de961bcf0e51575235fad/library/core/src/fmt/rt.rs:142:9
[INFO] [stdout]    5:     0x564fa6011640 - core::fmt::write::hc9b6faf4ac2aeff7
[INFO] [stdout]                                at /rustc/0e09125c6c3c2fd70d7de961bcf0e51575235fad/library/core/src/fmt/mod.rs:1120:17
[INFO] [stdout]    6:     0x564fa5fe355f - std::io::Write::write_fmt::he04625a3a989fec3
[INFO] [stdout]                                at /rustc/0e09125c6c3c2fd70d7de961bcf0e51575235fad/library/std/src/io/mod.rs:1810:15
[INFO] [stdout]    7:     0x564fa5fe6164 - std::sys_common::backtrace::_print::hd5d66399c7df88a2
[INFO] [stdout]                                at /rustc/0e09125c6c3c2fd70d7de961bcf0e51575235fad/library/std/src/sys_common/backtrace.rs:47:5
[INFO] [stdout]    8:     0x564fa5fe6164 - std::sys_common::backtrace::print::he81ed2da642d37e5
[INFO] [stdout]                                at /rustc/0e09125c6c3c2fd70d7de961bcf0e51575235fad/library/std/src/sys_common/backtrace.rs:34:9
[INFO] [stdout]    9:     0x564fa5fe7ed7 - std::panicking::default_hook::{{closure}}::h85773f4fa117163d
[INFO] [stdout]   10:     0x564fa5fe7bbd - std::panicking::default_hook::h6a1694a91d09b278
[INFO] [stdout]                                at /rustc/0e09125c6c3c2fd70d7de961bcf0e51575235fad/library/std/src/panicking.rs:289:9
[INFO] [stdout]   11:     0x564fa5daa217 - <alloc::boxed::Box<F,A> as core::ops::function::Fn<Args>>::call::h616ac37fa3cd6c8f
[INFO] [stdout]                                at /rustc/0e09125c6c3c2fd70d7de961bcf0e51575235fad/library/alloc/src/boxed.rs:2029:9
[INFO] [stdout]   12:     0x564fa5daa217 - test::test_main::{{closure}}::h00d84697cefdcbb6
[INFO] [stdout]                                at /rustc/0e09125c6c3c2fd70d7de961bcf0e51575235fad/library/test/src/lib.rs:138:21
[INFO] [stdout]   13:     0x564fa5fe84f6 - <alloc::boxed::Box<F,A> as core::ops::function::Fn<Args>>::call::hcb3fe3b9bb537ba8
[INFO] [stdout]                                at /rustc/0e09125c6c3c2fd70d7de961bcf0e51575235fad/library/alloc/src/boxed.rs:2029:9
[INFO] [stdout]   14:     0x564fa5fe84f6 - std::panicking::rust_panic_with_hook::h0a7ad96e90f7145b
[INFO] [stdout]                                at /rustc/0e09125c6c3c2fd70d7de961bcf0e51575235fad/library/std/src/panicking.rs:783:13
[INFO] [stdout]   15:     0x564fa5fe8242 - std::panicking::begin_panic_handler::{{closure}}::h7919090525c6485e
[INFO] [stdout]                                at /rustc/0e09125c6c3c2fd70d7de961bcf0e51575235fad/library/std/src/panicking.rs:657:13
[INFO] [stdout]   16:     0x564fa5fe6886 - std::sys_common::backtrace::__rust_end_short_backtrace::hf3289479464f7dfe
[INFO] [stdout]                                at /rustc/0e09125c6c3c2fd70d7de961bcf0e51575235fad/library/std/src/sys_common/backtrace.rs:171:18
[INFO] [stdout]   17:     0x564fa5fe7fa0 - rust_begin_unwind
[INFO] [stdout]                                at /rustc/0e09125c6c3c2fd70d7de961bcf0e51575235fad/library/std/src/panicking.rs:645:5
[INFO] [stdout]   18:     0x564fa56d0cd5 - core::panicking::panic_fmt::hcc9f77c5c132af55
[INFO] [stdout]                                at /rustc/0e09125c6c3c2fd70d7de961bcf0e51575235fad/library/core/src/panicking.rs:72:14
[INFO] [stdout]   19:     0x564fa56d128f - core::panicking::assert_failed_inner::h9f13e27dd63c3a08
[INFO] [stdout]                                at /rustc/0e09125c6c3c2fd70d7de961bcf0e51575235fad/library/core/src/panicking.rs:337:23
[INFO] [stdout]   20:     0x564fa58fe94e - core::panicking::assert_failed::hd8ef8b8173f03ece
[INFO] [stdout]                                at /rustc/0e09125c6c3c2fd70d7de961bcf0e51575235fad/library/core/src/panicking.rs:297:5
[INFO] [stdout]   21:     0x564fa5b45479 - twenty_first::shared_math::polynomial::Polynomial<FF>::get_colinear_y::h50f931af5d1efa66
[INFO] [stdout]                                at /opt/rustwide/workdir/src/shared_math/polynomial.rs:866:9
[INFO] [stdout]   22:     0x564fa5a4730e - twenty_first::shared_math::polynomial::test_polynomials::get_point_on_invalid_line_test::h655ecc4f6e8a3754
[INFO] [stdout]                                at /opt/rustwide/workdir/src/shared_math/polynomial.rs:2827:9
[INFO] [stdout]   23:     0x564fa5a47077 - twenty_first::shared_math::polynomial::test_polynomials::get_point_on_invalid_line_test::{{closure}}::hf7a39f7191c908dd
[INFO] [stdout]                                at /opt/rustwide/workdir/src/shared_math/polynomial.rs:2823:40
[INFO] [stdout]   24:     0x564fa596af16 - core::ops::function::FnOnce::call_once::hfe54c2003423c1ed
[INFO] [stdout]                                at /rustc/0e09125c6c3c2fd70d7de961bcf0e51575235fad/library/core/src/ops/function.rs:250:5
[INFO] [stdout]   25:     0x564fa5dafaef - core::ops::function::FnOnce::call_once::hd64d26f405258157
[INFO] [stdout]                                at /rustc/0e09125c6c3c2fd70d7de961bcf0e51575235fad/library/core/src/ops/function.rs:250:5
[INFO] [stdout]   26:     0x564fa5dafaef - test::__rust_begin_short_backtrace::he21b0b7a6d731bf9
[INFO] [stdout]                                at /rustc/0e09125c6c3c2fd70d7de961bcf0e51575235fad/library/test/src/lib.rs:627:18
[INFO] [stdout]   27:     0x564fa5dae871 - test::run_test_in_process::{{closure}}::hf5c73986d7bdfde2
[INFO] [stdout]                                at /rustc/0e09125c6c3c2fd70d7de961bcf0e51575235fad/library/test/src/lib.rs:650:60
[INFO] [stdout]   28:     0x564fa5dae871 - <core::panic::unwind_safe::AssertUnwindSafe<F> as core::ops::function::FnOnce<()>>::call_once::h330011ad032aadc0
[INFO] [stdout]                                at /rustc/0e09125c6c3c2fd70d7de961bcf0e51575235fad/library/core/src/panic/unwind_safe.rs:272:9
[INFO] [stdout]   29:     0x564fa5dae871 - std::panicking::try::do_call::he61b0a958b795a41
[INFO] [stdout]                                at /rustc/0e09125c6c3c2fd70d7de961bcf0e51575235fad/library/std/src/panicking.rs:552:40
[INFO] [stdout]   30:     0x564fa5dae871 - std::panicking::try::h7309da130f906eb7
[INFO] [stdout]                                at /rustc/0e09125c6c3c2fd70d7de961bcf0e51575235fad/library/std/src/panicking.rs:516:19
[INFO] [stdout]   31:     0x564fa5dae871 - std::panic::catch_unwind::hc5c3a06fdaf0a92a
[INFO] [stdout]                                at /rustc/0e09125c6c3c2fd70d7de961bcf0e51575235fad/library/std/src/panic.rs:142:14
[INFO] [stdout]   32:     0x564fa5dae871 - test::run_test_in_process::h7e7b7c71c3324e0f
[INFO] [stdout]                                at /rustc/0e09125c6c3c2fd70d7de961bcf0e51575235fad/library/test/src/lib.rs:650:27
[INFO] [stdout]   33:     0x564fa5dae871 - test::run_test::{{closure}}::h1f509f28f5cf20b1
[INFO] [stdout]                                at /rustc/0e09125c6c3c2fd70d7de961bcf0e51575235fad/library/test/src/lib.rs:573:43
[INFO] [stdout]   34:     0x564fa5d75ba6 - test::run_test::{{closure}}::h1754218abf443f6d
[INFO] [stdout]                                at /rustc/0e09125c6c3c2fd70d7de961bcf0e51575235fad/library/test/src/lib.rs:601:41
[INFO] [stdout]   35:     0x564fa5d75ba6 - std::sys_common::backtrace::__rust_begin_short_backtrace::h2ee174b9d5954948
[INFO] [stdout]                                at /rustc/0e09125c6c3c2fd70d7de961bcf0e51575235fad/library/std/src/sys_common/backtrace.rs:155:18
[INFO] [stdout]   36:     0x564fa5d7ac07 - std::thread::Builder::spawn_unchecked_::{{closure}}::{{closure}}::hf60bee9c1a17ef09
[INFO] [stdout]                                at /rustc/0e09125c6c3c2fd70d7de961bcf0e51575235fad/library/std/src/thread/mod.rs:529:17
[INFO] [stdout]   37:     0x564fa5d7ac07 - <core::panic::unwind_safe::AssertUnwindSafe<F> as core::ops::function::FnOnce<()>>::call_once::h33d0dddec5216160
[INFO] [stdout]                                at /rustc/0e09125c6c3c2fd70d7de961bcf0e51575235fad/library/core/src/panic/unwind_safe.rs:272:9
[INFO] [stdout]   38:     0x564fa5d7ac07 - std::panicking::try::do_call::h144b3048b546f835
[INFO] [stdout]                                at /rustc/0e09125c6c3c2fd70d7de961bcf0e51575235fad/library/std/src/panicking.rs:552:40
[INFO] [stdout]   39:     0x564fa5d7ac07 - std::panicking::try::h978244d04646189f
[INFO] [stdout]                                at /rustc/0e09125c6c3c2fd70d7de961bcf0e51575235fad/library/std/src/panicking.rs:516:19
[INFO] [stdout]   40:     0x564fa5d7ac07 - std::panic::catch_unwind::hdf436369d188fe86
[INFO] [stdout]                                at /rustc/0e09125c6c3c2fd70d7de961bcf0e51575235fad/library/std/src/panic.rs:142:14
[INFO] [stdout]   41:     0x564fa5d7ac07 - std::thread::Builder::spawn_unchecked_::{{closure}}::h87329cbdd33c79ec
[INFO] [stdout]                                at /rustc/0e09125c6c3c2fd70d7de961bcf0e51575235fad/library/std/src/thread/mod.rs:528:30
[INFO] [stdout]   42:     0x564fa5d7ac07 - core::ops::function::FnOnce::call_once{{vtable.shim}}::h401abbe67897d450
[INFO] [stdout]                                at /rustc/0e09125c6c3c2fd70d7de961bcf0e51575235fad/library/core/src/ops/function.rs:250:5
[INFO] [stdout]   43:     0x564fa5fee3d5 - <alloc::boxed::Box<F,A> as core::ops::function::FnOnce<Args>>::call_once::h5d7c8f150ab9c84c
[INFO] [stdout]                                at /rustc/0e09125c6c3c2fd70d7de961bcf0e51575235fad/library/alloc/src/boxed.rs:2015:9
[INFO] [stdout]   44:     0x564fa5fee3d5 - <alloc::boxed::Box<F,A> as core::ops::function::FnOnce<Args>>::call_once::h570d5b005c242c15
[INFO] [stdout]                                at /rustc/0e09125c6c3c2fd70d7de961bcf0e51575235fad/library/alloc/src/boxed.rs:2015:9
[INFO] [stdout]   45:     0x564fa5fee3d5 - std::sys::unix::thread::Thread::new::thread_start::h36b0a20c0b2361ad
[INFO] [stdout]                                at /rustc/0e09125c6c3c2fd70d7de961bcf0e51575235fad/library/std/src/sys/unix/thread.rs:108:17
[INFO] [stdout]   46:     0x7f49b90ddac3 - <unknown>
[INFO] [stdout]   47:     0x7f49b916ebf4 - __clone
[INFO] [stdout]   48:                0x0 - <unknown>
[INFO] [stdout] note: panic did not contain expected string
[INFO] [stdout]       panic message: `"assertion `left != right` failed: Line must not be parallel to y-axis\n  left: BFieldElement(4294967295)\n right: BFieldElement(4294967295)"`,
[INFO] [stdout]  expected substring: `"assertion failed"`
[INFO] [stdout] 
[INFO] [stdout] failures:
[INFO] [stdout]     shared_math::polynomial::test_polynomials::get_point_on_invalid_line_test
[INFO] [stdout] 
[INFO] [stdout] test result: FAILED. 407 passed; 1 failed; 4 ignored; 0 measured; 0 filtered out; finished in 11.50s
[INFO] [stdout] 
[INFO] [stderr] error: test failed, to rerun pass `--lib`
[INFO] running `Command { std: "docker" "inspect" "925858c18b1e103cd7a2082a3119b3551d496e145e7975d772ac1ad4d8297aee", kill_on_drop: false }`
[INFO] running `Command { std: "docker" "rm" "-f" "925858c18b1e103cd7a2082a3119b3551d496e145e7975d772ac1ad4d8297aee", kill_on_drop: false }`
[INFO] [stdout] 925858c18b1e103cd7a2082a3119b3551d496e145e7975d772ac1ad4d8297aee
