[INFO] fetching crate turbochess 0.2.0...
[INFO] testing turbochess-0.2.0 against 1.75.0 for beta-1.76-1
[INFO] extracting crate turbochess 0.2.0 into /workspace/builds/worker-3-tc1/source
[INFO] validating manifest of crates.io crate turbochess 0.2.0 on toolchain 1.75.0
[INFO] running `Command { std: CARGO_HOME="/workspace/cargo-home" RUSTUP_HOME="/workspace/rustup-home" "/workspace/cargo-home/bin/cargo" "+1.75.0" "metadata" "--manifest-path" "Cargo.toml" "--no-deps", kill_on_drop: false }`
[INFO] started tweaking crates.io crate turbochess 0.2.0
[INFO] finished tweaking crates.io crate turbochess 0.2.0
[INFO] tweaked toml for crates.io crate turbochess 0.2.0 written to /workspace/builds/worker-3-tc1/source/Cargo.toml
[INFO] running `Command { std: CARGO_HOME="/workspace/cargo-home" RUSTUP_HOME="/workspace/rustup-home" "/workspace/cargo-home/bin/cargo" "+1.75.0" "generate-lockfile" "--manifest-path" "Cargo.toml", kill_on_drop: false }`
[INFO] running `Command { std: CARGO_HOME="/workspace/cargo-home" RUSTUP_HOME="/workspace/rustup-home" "/workspace/cargo-home/bin/cargo" "+1.75.0" "fetch" "--manifest-path" "Cargo.toml", kill_on_drop: false }`
[INFO] running `Command { std: "docker" "create" "-v" "/var/lib/crater-agent-workspace/builds/worker-3-tc1/target:/opt/rustwide/target:rw,Z" "-v" "/var/lib/crater-agent-workspace/builds/worker-3-tc1/source:/opt/rustwide/workdir:ro,Z" "-v" "/var/lib/crater-agent-workspace/cargo-home:/opt/rustwide/cargo-home:ro,Z" "-v" "/var/lib/crater-agent-workspace/rustup-home:/opt/rustwide/rustup-home:ro,Z" "-e" "SOURCE_DIR=/opt/rustwide/workdir" "-e" "CARGO_TARGET_DIR=/opt/rustwide/target" "-e" "CARGO_HOME=/opt/rustwide/cargo-home" "-e" "RUSTUP_HOME=/opt/rustwide/rustup-home" "-w" "/opt/rustwide/workdir" "-m" "1610612736" "--user" "0:0" "--network" "none" "ghcr.io/rust-lang/crates-build-env/linux@sha256:2788e3201cd34a07e3172128adcd8b3090168a8e3bcc40d7c032b9dda1df7d1c" "/opt/rustwide/cargo-home/bin/cargo" "+1.75.0" "metadata" "--no-deps" "--format-version=1", kill_on_drop: false }`
[INFO] [stdout] 83998e1eac02759f3616cc76b7ec233f5de52c030e27db69fe26f79df4be92f0
[INFO] running `Command { std: "docker" "start" "-a" "83998e1eac02759f3616cc76b7ec233f5de52c030e27db69fe26f79df4be92f0", kill_on_drop: false }`
[INFO] running `Command { std: "docker" "inspect" "83998e1eac02759f3616cc76b7ec233f5de52c030e27db69fe26f79df4be92f0", kill_on_drop: false }`
[INFO] running `Command { std: "docker" "rm" "-f" "83998e1eac02759f3616cc76b7ec233f5de52c030e27db69fe26f79df4be92f0", kill_on_drop: false }`
[INFO] [stdout] 83998e1eac02759f3616cc76b7ec233f5de52c030e27db69fe26f79df4be92f0
[INFO] running `Command { std: "docker" "create" "-v" "/var/lib/crater-agent-workspace/builds/worker-3-tc1/target:/opt/rustwide/target:rw,Z" "-v" "/var/lib/crater-agent-workspace/builds/worker-3-tc1/source:/opt/rustwide/workdir:ro,Z" "-v" "/var/lib/crater-agent-workspace/cargo-home:/opt/rustwide/cargo-home:ro,Z" "-v" "/var/lib/crater-agent-workspace/rustup-home:/opt/rustwide/rustup-home:ro,Z" "-e" "SOURCE_DIR=/opt/rustwide/workdir" "-e" "CARGO_TARGET_DIR=/opt/rustwide/target" "-e" "CARGO_INCREMENTAL=0" "-e" "RUST_BACKTRACE=full" "-e" "RUSTFLAGS=--cap-lints=warn" "-e" "RUSTDOCFLAGS=--cap-lints=warn" "-e" "CARGO_HOME=/opt/rustwide/cargo-home" "-e" "RUSTUP_HOME=/opt/rustwide/rustup-home" "-w" "/opt/rustwide/workdir" "-m" "1610612736" "--user" "0:0" "--network" "none" "ghcr.io/rust-lang/crates-build-env/linux@sha256:2788e3201cd34a07e3172128adcd8b3090168a8e3bcc40d7c032b9dda1df7d1c" "/opt/rustwide/cargo-home/bin/cargo" "+1.75.0" "build" "--frozen" "--message-format=json", kill_on_drop: false }`
[INFO] [stdout] 7dab621a106dfc3bef6e369789b317ad2c747a65c6c02ea0934b6b537b54c127
[INFO] running `Command { std: "docker" "start" "-a" "7dab621a106dfc3bef6e369789b317ad2c747a65c6c02ea0934b6b537b54c127", kill_on_drop: false }`
[INFO] [stderr]    Compiling turbochess v0.2.0 (/opt/rustwide/workdir)
[INFO] [stdout] warning: unused import: `std::io::Write`
[INFO] [stdout]  --> src/lookup.rs:1:5
[INFO] [stdout]   |
[INFO] [stdout] 1 | use std::io::Write;
[INFO] [stdout]   |     ^^^^^^^^^^^^^^
[INFO] [stdout]   |
[INFO] [stdout]   = note: `#[warn(unused_imports)]` on by default
[INFO] [stdout] 
[INFO] [stdout] 
[INFO] [stdout] warning: unused imports: `fs::File`, `thread`
[INFO] [stdout]  --> src/lookup.rs:2:11
[INFO] [stdout]   |
[INFO] [stdout] 2 | use std::{fs::File, thread};
[INFO] [stdout]   |           ^^^^^^^^  ^^^^^^
[INFO] [stdout] 
[INFO] [stdout] 
[INFO] [stdout] warning: unused import: `std::str::FromStr`
[INFO] [stdout]  --> src/testing.rs:2:5
[INFO] [stdout]   |
[INFO] [stdout] 2 | use std::str::FromStr;
[INFO] [stdout]   |     ^^^^^^^^^^^^^^^^^
[INFO] [stdout] 
[INFO] [stdout] 
[INFO] [stdout] warning: unused import: `std::time::Instant`
[INFO] [stdout]  --> src/testing.rs:3:5
[INFO] [stdout]   |
[INFO] [stdout] 3 | use std::time::Instant;
[INFO] [stdout]   |     ^^^^^^^^^^^^^^^^^^
[INFO] [stdout] 
[INFO] [stdout] 
[INFO] [stdout] warning: unused macro definition: `test_perft`
[INFO] [stdout]   --> src/testing.rs:68:14
[INFO] [stdout]    |
[INFO] [stdout] 68 | macro_rules! test_perft {
[INFO] [stdout]    |              ^^^^^^^^^^
[INFO] [stdout]    |
[INFO] [stdout]    = note: `#[warn(unused_macros)]` on by default
[INFO] [stdout] 
[INFO] [stdout] 
[INFO] [stdout] warning: value assigned to `b1` is never read
[INFO] [stdout]    --> src/lib.rs:652:17
[INFO] [stdout]     |
[INFO] [stdout] 652 |         let mut b1 = 0u64;
[INFO] [stdout]     |                 ^^
[INFO] [stdout]     |
[INFO] [stdout]     = help: maybe it is overwritten before being read?
[INFO] [stdout]     = note: `#[warn(unused_assignments)]` on by default
[INFO] [stdout] 
[INFO] [stdout] 
[INFO] [stdout] warning: value assigned to `s` is never read
[INFO] [stdout]    --> src/lib.rs:653:17
[INFO] [stdout]     |
[INFO] [stdout] 653 |         let mut s = 0usize;
[INFO] [stdout]     |                 ^
[INFO] [stdout]     |
[INFO] [stdout]     = help: maybe it is overwritten before being read?
[INFO] [stdout] 
[INFO] [stdout] 
[INFO] [stdout] warning: value assigned to `check_count` is never read
[INFO] [stdout]    --> src/lib.rs:695:17
[INFO] [stdout]     |
[INFO] [stdout] 695 |         let mut check_count = 0;
[INFO] [stdout]     |                 ^^^^^^^^^^^
[INFO] [stdout]     |
[INFO] [stdout]     = help: maybe it is overwritten before being read?
[INFO] [stdout] 
[INFO] [stdout] 
[INFO] [stdout] warning: value assigned to `b1` is never read
[INFO] [stdout]    --> src/lib.rs:700:17
[INFO] [stdout]     |
[INFO] [stdout] 700 |         let mut b1 = 0u64;
[INFO] [stdout]     |                 ^^
[INFO] [stdout]     |
[INFO] [stdout]     = help: maybe it is overwritten before being read?
[INFO] [stdout] 
[INFO] [stdout] 
[INFO] [stdout] warning: value assigned to `b2` is never read
[INFO] [stdout]    --> src/lib.rs:701:17
[INFO] [stdout]     |
[INFO] [stdout] 701 |         let mut b2 = 0u64;
[INFO] [stdout]     |                 ^^
[INFO] [stdout]     |
[INFO] [stdout]     = help: maybe it is overwritten before being read?
[INFO] [stdout] 
[INFO] [stdout] 
[INFO] [stdout] warning: value assigned to `s` is never read
[INFO] [stdout]    --> src/lib.rs:702:17
[INFO] [stdout]     |
[INFO] [stdout] 702 |         let mut s = 0usize;
[INFO] [stdout]     |                 ^
[INFO] [stdout]     |
[INFO] [stdout]     = help: maybe it is overwritten before being read?
[INFO] [stdout] 
[INFO] [stdout] 
[INFO] [stdout] warning: value assigned to `b1` is never read
[INFO] [stdout]    --> src/lib.rs:813:17
[INFO] [stdout]     |
[INFO] [stdout] 813 |         let mut b1 = 0u64;
[INFO] [stdout]     |                 ^^
[INFO] [stdout]     |
[INFO] [stdout]     = help: maybe it is overwritten before being read?
[INFO] [stdout] 
[INFO] [stdout] 
[INFO] [stdout] warning: value assigned to `b2` is never read
[INFO] [stdout]    --> src/lib.rs:814:17
[INFO] [stdout]     |
[INFO] [stdout] 814 |         let mut b2 = 0u64;
[INFO] [stdout]     |                 ^^
[INFO] [stdout]     |
[INFO] [stdout]     = help: maybe it is overwritten before being read?
[INFO] [stdout] 
[INFO] [stdout] 
[INFO] [stdout] warning: value assigned to `b3` is never read
[INFO] [stdout]    --> src/lib.rs:815:17
[INFO] [stdout]     |
[INFO] [stdout] 815 |         let mut b3 = 0u64;
[INFO] [stdout]     |                 ^^
[INFO] [stdout]     |
[INFO] [stdout]     = help: maybe it is overwritten before being read?
[INFO] [stdout] 
[INFO] [stdout] 
[INFO] [stdout] warning: function `attacks` is never used
[INFO] [stdout]       --> src/lookup.rs:116457:14
[INFO] [stdout]        |
[INFO] [stdout] 116457 | pub const fn attacks(sq: usize, p: usize, occupancy: u64) -> u64 {
[INFO] [stdout]        |              ^^^^^^^
[INFO] [stdout]        |
[INFO] [stdout]        = note: `#[warn(dead_code)]` on by default
[INFO] [stdout] 
[INFO] [stdout] 
[INFO] [stdout] warning: function `pawn_attacks` is never used
[INFO] [stdout]       --> src/lookup.rs:116473:14
[INFO] [stdout]        |
[INFO] [stdout] 116473 | pub const fn pawn_attacks(sq: usize, color: usize) -> u64 {
[INFO] [stdout]        |              ^^^^^^^^^^^^
[INFO] [stdout] 
[INFO] [stdout] 
[INFO] [stdout] warning: function `pawn_attacks_bb` is never used
[INFO] [stdout]       --> src/lookup.rs:116477:14
[INFO] [stdout]        |
[INFO] [stdout] 116477 | pub const fn pawn_attacks_bb(bb: u64, color: usize) -> u64 {
[INFO] [stdout]        |              ^^^^^^^^^^^^^^^
[INFO] [stdout] 
[INFO] [stdout] 
[INFO] [stdout] warning: constant `WHITE_00` is never used
[INFO] [stdout]       --> src/lookup.rs:116486:11
[INFO] [stdout]        |
[INFO] [stdout] 116486 | pub const WHITE_00: u64 = 0x90;
[INFO] [stdout]        |           ^^^^^^^^
[INFO] [stdout] 
[INFO] [stdout] 
[INFO] [stdout] warning: constant `BLACK_00` is never used
[INFO] [stdout]       --> src/lookup.rs:116487:11
[INFO] [stdout]        |
[INFO] [stdout] 116487 | pub const BLACK_00: u64 = 0x9000000000000000;
[INFO] [stdout]        |           ^^^^^^^^
[INFO] [stdout] 
[INFO] [stdout] 
[INFO] [stdout] warning: constant `WHITE_000` is never used
[INFO] [stdout]       --> src/lookup.rs:116488:11
[INFO] [stdout]        |
[INFO] [stdout] 116488 | pub const WHITE_000: u64 = 0x11;
[INFO] [stdout]        |           ^^^^^^^^^
[INFO] [stdout] 
[INFO] [stdout] 
[INFO] [stdout] warning: constant `BLACK_000` is never used
[INFO] [stdout]       --> src/lookup.rs:116489:11
[INFO] [stdout]        |
[INFO] [stdout] 116489 | pub const BLACK_000: u64 = 0x1100000000000000;
[INFO] [stdout]        |           ^^^^^^^^^
[INFO] [stdout] 
[INFO] [stdout] 
[INFO] [stdout] warning: function `oo_mask` is never used
[INFO] [stdout]       --> src/lookup.rs:116495:8
[INFO] [stdout]        |
[INFO] [stdout] 116495 | pub fn oo_mask(color: usize) -> u64 {
[INFO] [stdout]        |        ^^^^^^^
[INFO] [stdout] 
[INFO] [stdout] 
[INFO] [stdout] warning: function `ooo_mask` is never used
[INFO] [stdout]       --> src/lookup.rs:116502:8
[INFO] [stdout]        |
[INFO] [stdout] 116502 | pub fn ooo_mask(color: usize) -> u64 {
[INFO] [stdout]        |        ^^^^^^^^
[INFO] [stdout] 
[INFO] [stdout] 
[INFO] [stdout] warning: function `perft` is never used
[INFO] [stdout]  --> src/testing.rs:5:8
[INFO] [stdout]   |
[INFO] [stdout] 5 | pub fn perft(mut pos: Position, depth: usize) -> i64 {
[INFO] [stdout]   |        ^^^^^
[INFO] [stdout] 
[INFO] [stdout] 
[INFO] [stdout] warning: function `perft_complete` is never used
[INFO] [stdout]   --> src/testing.rs:19:8
[INFO] [stdout]    |
[INFO] [stdout] 19 | pub fn perft_complete(
[INFO] [stdout]    |        ^^^^^^^^^^^^^^
[INFO] [stdout] 
[INFO] [stdout] 
[INFO] [stdout] warning: function `perft_divide` is never used
[INFO] [stdout]   --> src/testing.rs:52:8
[INFO] [stdout]    |
[INFO] [stdout] 52 | pub fn perft_divide(mut pos: Position, depth: usize) -> i64 {
[INFO] [stdout]    |        ^^^^^^^^^^^^
[INFO] [stdout] 
[INFO] [stdout] 
[INFO] [stdout] warning: 26 warnings emitted
[INFO] [stdout] 
[INFO] [stdout] 
[INFO] [stderr]     Finished dev [unoptimized + debuginfo] target(s) in 0.55s
[INFO] running `Command { std: "docker" "inspect" "7dab621a106dfc3bef6e369789b317ad2c747a65c6c02ea0934b6b537b54c127", kill_on_drop: false }`
[INFO] running `Command { std: "docker" "rm" "-f" "7dab621a106dfc3bef6e369789b317ad2c747a65c6c02ea0934b6b537b54c127", kill_on_drop: false }`
[INFO] [stdout] 7dab621a106dfc3bef6e369789b317ad2c747a65c6c02ea0934b6b537b54c127
[INFO] running `Command { std: "docker" "create" "-v" "/var/lib/crater-agent-workspace/builds/worker-3-tc1/target:/opt/rustwide/target:rw,Z" "-v" "/var/lib/crater-agent-workspace/builds/worker-3-tc1/source:/opt/rustwide/workdir:ro,Z" "-v" "/var/lib/crater-agent-workspace/cargo-home:/opt/rustwide/cargo-home:ro,Z" "-v" "/var/lib/crater-agent-workspace/rustup-home:/opt/rustwide/rustup-home:ro,Z" "-e" "SOURCE_DIR=/opt/rustwide/workdir" "-e" "CARGO_TARGET_DIR=/opt/rustwide/target" "-e" "CARGO_INCREMENTAL=0" "-e" "RUST_BACKTRACE=full" "-e" "RUSTFLAGS=--cap-lints=warn" "-e" "RUSTDOCFLAGS=--cap-lints=warn" "-e" "CARGO_HOME=/opt/rustwide/cargo-home" "-e" "RUSTUP_HOME=/opt/rustwide/rustup-home" "-w" "/opt/rustwide/workdir" "-m" "1610612736" "--user" "0:0" "--network" "none" "ghcr.io/rust-lang/crates-build-env/linux@sha256:2788e3201cd34a07e3172128adcd8b3090168a8e3bcc40d7c032b9dda1df7d1c" "/opt/rustwide/cargo-home/bin/cargo" "+1.75.0" "test" "--frozen" "--no-run" "--message-format=json", kill_on_drop: false }`
[INFO] [stdout] 06b214603295b6d3eb73eb136c805d80761d7061894b4e346cfa54f0052b72e6
[INFO] running `Command { std: "docker" "start" "-a" "06b214603295b6d3eb73eb136c805d80761d7061894b4e346cfa54f0052b72e6", kill_on_drop: false }`
[INFO] [stdout] warning: unused import: `std::io::Write`
[INFO] [stdout]  --> src/lookup.rs:1:5
[INFO] [stdout]   |
[INFO] [stdout] 1 | use std::io::Write;
[INFO] [stdout]   |     ^^^^^^^^^^^^^^
[INFO] [stdout]   |
[INFO] [stdout]   = note: `#[warn(unused_imports)]` on by default
[INFO] [stdout] 
[INFO] [stdout] 
[INFO] [stdout] warning: unused imports: `fs::File`, `thread`
[INFO] [stdout]  --> src/lookup.rs:2:11
[INFO] [stdout]   |
[INFO] [stdout] 2 | use std::{fs::File, thread};
[INFO] [stdout]   |           ^^^^^^^^  ^^^^^^
[INFO] [stdout] 
[INFO] [stdout] 
[INFO] [stdout] warning: unused import: `std::str::FromStr`
[INFO] [stdout]  --> src/testing.rs:2:5
[INFO] [stdout]   |
[INFO] [stdout] 2 | use std::str::FromStr;
[INFO] [stdout]   |     ^^^^^^^^^^^^^^^^^
[INFO] [stdout] 
[INFO] [stdout] 
[INFO] [stdout] warning: unused import: `std::time::Instant`
[INFO] [stdout]  --> src/testing.rs:3:5
[INFO] [stdout]   |
[INFO] [stdout] 3 | use std::time::Instant;
[INFO] [stdout]   |     ^^^^^^^^^^^^^^^^^^
[INFO] [stdout] 
[INFO] [stdout] 
[INFO] [stdout] warning: unused macro definition: `test_perft`
[INFO] [stdout]   --> src/testing.rs:68:14
[INFO] [stdout]    |
[INFO] [stdout] 68 | macro_rules! test_perft {
[INFO] [stdout]    |              ^^^^^^^^^^
[INFO] [stdout]    |
[INFO] [stdout]    = note: `#[warn(unused_macros)]` on by default
[INFO] [stdout] 
[INFO] [stdout] 
[INFO] [stdout] warning: value assigned to `b1` is never read
[INFO] [stdout]    --> src/lib.rs:652:17
[INFO] [stdout]     |
[INFO] [stdout] 652 |         let mut b1 = 0u64;
[INFO] [stdout]     |                 ^^
[INFO] [stdout]     |
[INFO] [stdout]     = help: maybe it is overwritten before being read?
[INFO] [stdout]     = note: `#[warn(unused_assignments)]` on by default
[INFO] [stdout] 
[INFO] [stdout] 
[INFO] [stdout] warning: value assigned to `s` is never read
[INFO] [stdout]    --> src/lib.rs:653:17
[INFO] [stdout]     |
[INFO] [stdout] 653 |         let mut s = 0usize;
[INFO] [stdout]     |                 ^
[INFO] [stdout]     |
[INFO] [stdout]     = help: maybe it is overwritten before being read?
[INFO] [stdout] 
[INFO] [stdout] 
[INFO] [stdout] warning: value assigned to `check_count` is never read
[INFO] [stdout]    --> src/lib.rs:695:17
[INFO] [stdout]     |
[INFO] [stdout] 695 |         let mut check_count = 0;
[INFO] [stdout]     |                 ^^^^^^^^^^^
[INFO] [stdout]     |
[INFO] [stdout]     = help: maybe it is overwritten before being read?
[INFO] [stdout] 
[INFO] [stdout] 
[INFO] [stdout] warning: value assigned to `b1` is never read
[INFO] [stdout]    --> src/lib.rs:700:17
[INFO] [stdout]     |
[INFO] [stdout] 700 |         let mut b1 = 0u64;
[INFO] [stdout]     |                 ^^
[INFO] [stdout]     |
[INFO] [stdout]     = help: maybe it is overwritten before being read?
[INFO] [stdout] 
[INFO] [stdout] 
[INFO] [stdout] warning: value assigned to `b2` is never read
[INFO] [stdout]    --> src/lib.rs:701:17
[INFO] [stdout]     |
[INFO] [stdout] 701 |         let mut b2 = 0u64;
[INFO] [stdout]     |                 ^^
[INFO] [stdout]     |
[INFO] [stdout]     = help: maybe it is overwritten before being read?
[INFO] [stdout] 
[INFO] [stdout] 
[INFO] [stdout] warning: value assigned to `s` is never read
[INFO] [stdout]    --> src/lib.rs:702:17
[INFO] [stdout]     |
[INFO] [stdout] 702 |         let mut s = 0usize;
[INFO] [stdout]     |                 ^
[INFO] [stdout]     |
[INFO] [stdout]     = help: maybe it is overwritten before being read?
[INFO] [stdout] 
[INFO] [stdout] 
[INFO] [stdout] warning: value assigned to `b1` is never read
[INFO] [stdout]    --> src/lib.rs:813:17
[INFO] [stdout]     |
[INFO] [stdout] 813 |         let mut b1 = 0u64;
[INFO] [stdout]     |                 ^^
[INFO] [stdout]     |
[INFO] [stdout]     = help: maybe it is overwritten before being read?
[INFO] [stdout] 
[INFO] [stdout] 
[INFO] [stdout] warning: value assigned to `b2` is never read
[INFO] [stdout]    --> src/lib.rs:814:17
[INFO] [stdout]     |
[INFO] [stdout] 814 |         let mut b2 = 0u64;
[INFO] [stdout]     |                 ^^
[INFO] [stdout]     |
[INFO] [stdout]     = help: maybe it is overwritten before being read?
[INFO] [stdout] 
[INFO] [stdout] 
[INFO] [stdout] warning: value assigned to `b3` is never read
[INFO] [stdout]    --> src/lib.rs:815:17
[INFO] [stdout]     |
[INFO] [stdout] 815 |         let mut b3 = 0u64;
[INFO] [stdout]     |                 ^^
[INFO] [stdout]     |
[INFO] [stdout]     = help: maybe it is overwritten before being read?
[INFO] [stdout] 
[INFO] [stdout] 
[INFO] [stdout] warning: function `attacks` is never used
[INFO] [stdout]       --> src/lookup.rs:116457:14
[INFO] [stdout]        |
[INFO] [stdout] 116457 | pub const fn attacks(sq: usize, p: usize, occupancy: u64) -> u64 {
[INFO] [stdout]        |              ^^^^^^^
[INFO] [stdout]        |
[INFO] [stdout]        = note: `#[warn(dead_code)]` on by default
[INFO] [stdout] 
[INFO] [stdout] 
[INFO] [stdout] warning: function `pawn_attacks` is never used
[INFO] [stdout]       --> src/lookup.rs:116473:14
[INFO] [stdout]        |
[INFO] [stdout] 116473 | pub const fn pawn_attacks(sq: usize, color: usize) -> u64 {
[INFO] [stdout]        |              ^^^^^^^^^^^^
[INFO] [stdout] 
[INFO] [stdout] 
[INFO] [stdout] warning: function `pawn_attacks_bb` is never used
[INFO] [stdout]       --> src/lookup.rs:116477:14
[INFO] [stdout]        |
[INFO] [stdout] 116477 | pub const fn pawn_attacks_bb(bb: u64, color: usize) -> u64 {
[INFO] [stdout]        |              ^^^^^^^^^^^^^^^
[INFO] [stdout] 
[INFO] [stdout] 
[INFO] [stdout] warning: constant `WHITE_00` is never used
[INFO] [stdout]       --> src/lookup.rs:116486:11
[INFO] [stdout]        |
[INFO] [stdout] 116486 | pub const WHITE_00: u64 = 0x90;
[INFO] [stdout]        |           ^^^^^^^^
[INFO] [stdout] 
[INFO] [stdout] 
[INFO] [stdout] warning: constant `BLACK_00` is never used
[INFO] [stdout]       --> src/lookup.rs:116487:11
[INFO] [stdout]        |
[INFO] [stdout] 116487 | pub const BLACK_00: u64 = 0x9000000000000000;
[INFO] [stdout]        |           ^^^^^^^^
[INFO] [stdout] 
[INFO] [stdout] 
[INFO] [stdout] warning: constant `WHITE_000` is never used
[INFO] [stdout]       --> src/lookup.rs:116488:11
[INFO] [stdout]        |
[INFO] [stdout] 116488 | pub const WHITE_000: u64 = 0x11;
[INFO] [stdout]        |           ^^^^^^^^^
[INFO] [stdout] 
[INFO] [stdout] 
[INFO] [stdout] warning: constant `BLACK_000` is never used
[INFO] [stdout]       --> src/lookup.rs:116489:11
[INFO] [stdout]        |
[INFO] [stdout] 116489 | pub const BLACK_000: u64 = 0x1100000000000000;
[INFO] [stdout]        |           ^^^^^^^^^
[INFO] [stdout] 
[INFO] [stdout] 
[INFO] [stdout] warning: function `oo_mask` is never used
[INFO] [stdout]       --> src/lookup.rs:116495:8
[INFO] [stdout]        |
[INFO] [stdout] 116495 | pub fn oo_mask(color: usize) -> u64 {
[INFO] [stdout]        |        ^^^^^^^
[INFO] [stdout] 
[INFO] [stdout] 
[INFO] [stdout] warning: function `ooo_mask` is never used
[INFO] [stdout]       --> src/lookup.rs:116502:8
[INFO] [stdout]        |
[INFO] [stdout] 116502 | pub fn ooo_mask(color: usize) -> u64 {
[INFO] [stdout]        |        ^^^^^^^^
[INFO] [stdout] 
[INFO] [stdout] 
[INFO] [stdout] warning: function `perft` is never used
[INFO] [stdout]  --> src/testing.rs:5:8
[INFO] [stdout]   |
[INFO] [stdout] 5 | pub fn perft(mut pos: Position, depth: usize) -> i64 {
[INFO] [stdout]   |        ^^^^^
[INFO] [stdout] 
[INFO] [stdout] 
[INFO] [stdout] warning: function `perft_complete` is never used
[INFO] [stdout]   --> src/testing.rs:19:8
[INFO] [stdout]    |
[INFO] [stdout] 19 | pub fn perft_complete(
[INFO] [stdout]    |        ^^^^^^^^^^^^^^
[INFO] [stdout] 
[INFO] [stdout] 
[INFO] [stdout] warning: function `perft_divide` is never used
[INFO] [stdout]   --> src/testing.rs:52:8
[INFO] [stdout]    |
[INFO] [stdout] 52 | pub fn perft_divide(mut pos: Position, depth: usize) -> i64 {
[INFO] [stdout]    |        ^^^^^^^^^^^^
[INFO] [stdout] 
[INFO] [stdout] 
[INFO] [stderr]    Compiling turbochess v0.2.0 (/opt/rustwide/workdir)
[INFO] [stdout] warning: 26 warnings emitted
[INFO] [stdout] 
[INFO] [stdout] 
[INFO] [stdout] warning: unused import: `std::io::Write`
[INFO] [stdout]  --> src/lookup.rs:1:5
[INFO] [stdout]   |
[INFO] [stdout] 1 | use std::io::Write;
[INFO] [stdout]   |     ^^^^^^^^^^^^^^
[INFO] [stdout]   |
[INFO] [stdout]   = note: `#[warn(unused_imports)]` on by default
[INFO] [stdout] 
[INFO] [stdout] 
[INFO] [stdout] warning: unused imports: `fs::File`, `thread`
[INFO] [stdout]  --> src/lookup.rs:2:11
[INFO] [stdout]   |
[INFO] [stdout] 2 | use std::{fs::File, thread};
[INFO] [stdout]   |           ^^^^^^^^  ^^^^^^
[INFO] [stdout] 
[INFO] [stdout] 
[INFO] [stdout] warning: variable does not need to be mutable
[INFO] [stdout]   --> src/testing.rs:99:9
[INFO] [stdout]    |
[INFO] [stdout] 99 |     let mut pos =
[INFO] [stdout]    |         ----^^^
[INFO] [stdout]    |         |
[INFO] [stdout]    |         help: remove this `mut`
[INFO] [stdout]    |
[INFO] [stdout]    = note: `#[warn(unused_mut)]` on by default
[INFO] [stdout] 
[INFO] [stdout] 
[INFO] [stdout] warning: value assigned to `b1` is never read
[INFO] [stdout]    --> src/lib.rs:652:17
[INFO] [stdout]     |
[INFO] [stdout] 652 |         let mut b1 = 0u64;
[INFO] [stdout]     |                 ^^
[INFO] [stdout]     |
[INFO] [stdout]     = help: maybe it is overwritten before being read?
[INFO] [stdout]     = note: `#[warn(unused_assignments)]` on by default
[INFO] [stdout] 
[INFO] [stdout] 
[INFO] [stdout] warning: value assigned to `s` is never read
[INFO] [stdout]    --> src/lib.rs:653:17
[INFO] [stdout]     |
[INFO] [stdout] 653 |         let mut s = 0usize;
[INFO] [stdout]     |                 ^
[INFO] [stdout]     |
[INFO] [stdout]     = help: maybe it is overwritten before being read?
[INFO] [stdout] 
[INFO] [stdout] 
[INFO] [stdout] warning: value assigned to `check_count` is never read
[INFO] [stdout]    --> src/lib.rs:695:17
[INFO] [stdout]     |
[INFO] [stdout] 695 |         let mut check_count = 0;
[INFO] [stdout]     |                 ^^^^^^^^^^^
[INFO] [stdout]     |
[INFO] [stdout]     = help: maybe it is overwritten before being read?
[INFO] [stdout] 
[INFO] [stdout] 
[INFO] [stdout] warning: value assigned to `b1` is never read
[INFO] [stdout]    --> src/lib.rs:700:17
[INFO] [stdout]     |
[INFO] [stdout] 700 |         let mut b1 = 0u64;
[INFO] [stdout]     |                 ^^
[INFO] [stdout]     |
[INFO] [stdout]     = help: maybe it is overwritten before being read?
[INFO] [stdout] 
[INFO] [stdout] 
[INFO] [stdout] warning: value assigned to `b2` is never read
[INFO] [stdout]    --> src/lib.rs:701:17
[INFO] [stdout]     |
[INFO] [stdout] 701 |         let mut b2 = 0u64;
[INFO] [stdout]     |                 ^^
[INFO] [stdout]     |
[INFO] [stdout]     = help: maybe it is overwritten before being read?
[INFO] [stdout] 
[INFO] [stdout] 
[INFO] [stdout] warning: value assigned to `s` is never read
[INFO] [stdout]    --> src/lib.rs:702:17
[INFO] [stdout]     |
[INFO] [stdout] 702 |         let mut s = 0usize;
[INFO] [stdout]     |                 ^
[INFO] [stdout]     |
[INFO] [stdout]     = help: maybe it is overwritten before being read?
[INFO] [stdout] 
[INFO] [stdout] 
[INFO] [stdout] warning: value assigned to `b1` is never read
[INFO] [stdout]    --> src/lib.rs:813:17
[INFO] [stdout]     |
[INFO] [stdout] 813 |         let mut b1 = 0u64;
[INFO] [stdout]     |                 ^^
[INFO] [stdout]     |
[INFO] [stdout]     = help: maybe it is overwritten before being read?
[INFO] [stdout] 
[INFO] [stdout] 
[INFO] [stdout] warning: value assigned to `b2` is never read
[INFO] [stdout]    --> src/lib.rs:814:17
[INFO] [stdout]     |
[INFO] [stdout] 814 |         let mut b2 = 0u64;
[INFO] [stdout]     |                 ^^
[INFO] [stdout]     |
[INFO] [stdout]     = help: maybe it is overwritten before being read?
[INFO] [stdout] 
[INFO] [stdout] 
[INFO] [stdout] warning: value assigned to `b3` is never read
[INFO] [stdout]    --> src/lib.rs:815:17
[INFO] [stdout]     |
[INFO] [stdout] 815 |         let mut b3 = 0u64;
[INFO] [stdout]     |                 ^^
[INFO] [stdout]     |
[INFO] [stdout]     = help: maybe it is overwritten before being read?
[INFO] [stdout] 
[INFO] [stdout] 
[INFO] [stdout] warning: function `attacks` is never used
[INFO] [stdout]       --> src/lookup.rs:116457:14
[INFO] [stdout]        |
[INFO] [stdout] 116457 | pub const fn attacks(sq: usize, p: usize, occupancy: u64) -> u64 {
[INFO] [stdout]        |              ^^^^^^^
[INFO] [stdout]        |
[INFO] [stdout]        = note: `#[warn(dead_code)]` on by default
[INFO] [stdout] 
[INFO] [stdout] 
[INFO] [stdout] warning: function `pawn_attacks` is never used
[INFO] [stdout]       --> src/lookup.rs:116473:14
[INFO] [stdout]        |
[INFO] [stdout] 116473 | pub const fn pawn_attacks(sq: usize, color: usize) -> u64 {
[INFO] [stdout]        |              ^^^^^^^^^^^^
[INFO] [stdout] 
[INFO] [stdout] 
[INFO] [stdout] warning: function `pawn_attacks_bb` is never used
[INFO] [stdout]       --> src/lookup.rs:116477:14
[INFO] [stdout]        |
[INFO] [stdout] 116477 | pub const fn pawn_attacks_bb(bb: u64, color: usize) -> u64 {
[INFO] [stdout]        |              ^^^^^^^^^^^^^^^
[INFO] [stdout] 
[INFO] [stdout] 
[INFO] [stdout] warning: constant `WHITE_00` is never used
[INFO] [stdout]       --> src/lookup.rs:116486:11
[INFO] [stdout]        |
[INFO] [stdout] 116486 | pub const WHITE_00: u64 = 0x90;
[INFO] [stdout]        |           ^^^^^^^^
[INFO] [stdout] 
[INFO] [stdout] 
[INFO] [stdout] warning: constant `BLACK_00` is never used
[INFO] [stdout]       --> src/lookup.rs:116487:11
[INFO] [stdout]        |
[INFO] [stdout] 116487 | pub const BLACK_00: u64 = 0x9000000000000000;
[INFO] [stdout]        |           ^^^^^^^^
[INFO] [stdout] 
[INFO] [stdout] 
[INFO] [stdout] warning: constant `WHITE_000` is never used
[INFO] [stdout]       --> src/lookup.rs:116488:11
[INFO] [stdout]        |
[INFO] [stdout] 116488 | pub const WHITE_000: u64 = 0x11;
[INFO] [stdout]        |           ^^^^^^^^^
[INFO] [stdout] 
[INFO] [stdout] 
[INFO] [stdout] warning: constant `BLACK_000` is never used
[INFO] [stdout]       --> src/lookup.rs:116489:11
[INFO] [stdout]        |
[INFO] [stdout] 116489 | pub const BLACK_000: u64 = 0x1100000000000000;
[INFO] [stdout]        |           ^^^^^^^^^
[INFO] [stdout] 
[INFO] [stdout] 
[INFO] [stdout] warning: function `oo_mask` is never used
[INFO] [stdout]       --> src/lookup.rs:116495:8
[INFO] [stdout]        |
[INFO] [stdout] 116495 | pub fn oo_mask(color: usize) -> u64 {
[INFO] [stdout]        |        ^^^^^^^
[INFO] [stdout] 
[INFO] [stdout] 
[INFO] [stdout] warning: function `ooo_mask` is never used
[INFO] [stdout]       --> src/lookup.rs:116502:8
[INFO] [stdout]        |
[INFO] [stdout] 116502 | pub fn ooo_mask(color: usize) -> u64 {
[INFO] [stdout]        |        ^^^^^^^^
[INFO] [stdout] 
[INFO] [stdout] 
[INFO] [stdout] warning: function `perft_complete` is never used
[INFO] [stdout]   --> src/testing.rs:19:8
[INFO] [stdout]    |
[INFO] [stdout] 19 | pub fn perft_complete(
[INFO] [stdout]    |        ^^^^^^^^^^^^^^
[INFO] [stdout] 
[INFO] [stdout] 
[INFO] [stdout] warning: 22 warnings emitted
[INFO] [stdout] 
[INFO] [stdout] 
[INFO] [stderr]     Finished test [unoptimized + debuginfo] target(s) in 0.63s
[INFO] running `Command { std: "docker" "inspect" "06b214603295b6d3eb73eb136c805d80761d7061894b4e346cfa54f0052b72e6", kill_on_drop: false }`
[INFO] running `Command { std: "docker" "rm" "-f" "06b214603295b6d3eb73eb136c805d80761d7061894b4e346cfa54f0052b72e6", kill_on_drop: false }`
[INFO] [stdout] 06b214603295b6d3eb73eb136c805d80761d7061894b4e346cfa54f0052b72e6
[INFO] running `Command { std: "docker" "create" "-v" "/var/lib/crater-agent-workspace/builds/worker-3-tc1/target:/opt/rustwide/target:rw,Z" "-v" "/var/lib/crater-agent-workspace/builds/worker-3-tc1/source:/opt/rustwide/workdir:ro,Z" "-v" "/var/lib/crater-agent-workspace/cargo-home:/opt/rustwide/cargo-home:ro,Z" "-v" "/var/lib/crater-agent-workspace/rustup-home:/opt/rustwide/rustup-home:ro,Z" "-e" "SOURCE_DIR=/opt/rustwide/workdir" "-e" "CARGO_TARGET_DIR=/opt/rustwide/target" "-e" "CARGO_INCREMENTAL=0" "-e" "RUST_BACKTRACE=full" "-e" "RUSTFLAGS=--cap-lints=warn" "-e" "RUSTDOCFLAGS=--cap-lints=warn" "-e" "CARGO_HOME=/opt/rustwide/cargo-home" "-e" "RUSTUP_HOME=/opt/rustwide/rustup-home" "-w" "/opt/rustwide/workdir" "-m" "1610612736" "--user" "0:0" "--network" "none" "ghcr.io/rust-lang/crates-build-env/linux@sha256:2788e3201cd34a07e3172128adcd8b3090168a8e3bcc40d7c032b9dda1df7d1c" "/opt/rustwide/cargo-home/bin/cargo" "+1.75.0" "test" "--frozen", kill_on_drop: false }`
[INFO] [stdout] 013fd7519b918aa2210dcbcc30be3bf7ca5b0363c634534b75b9d5f322bbb33b
[INFO] running `Command { std: "docker" "start" "-a" "013fd7519b918aa2210dcbcc30be3bf7ca5b0363c634534b75b9d5f322bbb33b", kill_on_drop: false }`
[INFO] [stderr] warning: unused import: `std::io::Write`
[INFO] [stderr]  --> src/lookup.rs:1:5
[INFO] [stderr]   |
[INFO] [stderr] 1 | use std::io::Write;
[INFO] [stderr]   |     ^^^^^^^^^^^^^^
[INFO] [stderr]   |
[INFO] [stderr]   = note: `#[warn(unused_imports)]` on by default
[INFO] [stderr] 
[INFO] [stderr] warning: unused imports: `fs::File`, `thread`
[INFO] [stderr]  --> src/lookup.rs:2:11
[INFO] [stderr]   |
[INFO] [stderr] 2 | use std::{fs::File, thread};
[INFO] [stderr]   |           ^^^^^^^^  ^^^^^^
[INFO] [stderr] 
[INFO] [stderr] warning: unused import: `std::str::FromStr`
[INFO] [stderr]  --> src/testing.rs:2:5
[INFO] [stderr]   |
[INFO] [stderr] 2 | use std::str::FromStr;
[INFO] [stderr]   |     ^^^^^^^^^^^^^^^^^
[INFO] [stderr] 
[INFO] [stderr] warning: unused import: `std::time::Instant`
[INFO] [stderr]  --> src/testing.rs:3:5
[INFO] [stderr]   |
[INFO] [stderr] 3 | use std::time::Instant;
[INFO] [stderr]   |     ^^^^^^^^^^^^^^^^^^
[INFO] [stderr] 
[INFO] [stderr] warning: unused macro definition: `test_perft`
[INFO] [stderr]   --> src/testing.rs:68:14
[INFO] [stderr]    |
[INFO] [stderr] 68 | macro_rules! test_perft {
[INFO] [stderr]    |              ^^^^^^^^^^
[INFO] [stderr]    |
[INFO] [stderr]    = note: `#[warn(unused_macros)]` on by default
[INFO] [stderr] 
[INFO] [stderr] warning: value assigned to `b1` is never read
[INFO] [stderr]    --> src/lib.rs:652:17
[INFO] [stderr]     |
[INFO] [stderr] 652 |         let mut b1 = 0u64;
[INFO] [stderr]     |                 ^^
[INFO] [stderr]     |
[INFO] [stderr]     = help: maybe it is overwritten before being read?
[INFO] [stderr]     = note: `#[warn(unused_assignments)]` on by default
[INFO] [stderr] 
[INFO] [stderr] warning: value assigned to `s` is never read
[INFO] [stderr]    --> src/lib.rs:653:17
[INFO] [stderr]     |
[INFO] [stderr] 653 |         let mut s = 0usize;
[INFO] [stderr]     |                 ^
[INFO] [stderr]     |
[INFO] [stderr]     = help: maybe it is overwritten before being read?
[INFO] [stderr] 
[INFO] [stderr] warning: value assigned to `check_count` is never read
[INFO] [stderr]    --> src/lib.rs:695:17
[INFO] [stderr]     |
[INFO] [stderr] 695 |         let mut check_count = 0;
[INFO] [stderr]     |                 ^^^^^^^^^^^
[INFO] [stderr]     |
[INFO] [stderr]     = help: maybe it is overwritten before being read?
[INFO] [stderr] 
[INFO] [stderr] warning: value assigned to `b1` is never read
[INFO] [stderr]    --> src/lib.rs:700:17
[INFO] [stderr]     |
[INFO] [stderr] 700 |         let mut b1 = 0u64;
[INFO] [stderr]     |                 ^^
[INFO] [stderr]     |
[INFO] [stderr]     = help: maybe it is overwritten before being read?
[INFO] [stderr] 
[INFO] [stderr] warning: value assigned to `b2` is never read
[INFO] [stderr]    --> src/lib.rs:701:17
[INFO] [stderr]     |
[INFO] [stderr] 701 |         let mut b2 = 0u64;
[INFO] [stderr]     |                 ^^
[INFO] [stderr]     |
[INFO] [stderr]     = help: maybe it is overwritten before being read?
[INFO] [stderr] 
[INFO] [stderr] warning: value assigned to `s` is never read
[INFO] [stderr]    --> src/lib.rs:702:17
[INFO] [stderr]     |
[INFO] [stderr] 702 |         let mut s = 0usize;
[INFO] [stderr]     |                 ^
[INFO] [stderr]     |
[INFO] [stderr]     = help: maybe it is overwritten before being read?
[INFO] [stderr] 
[INFO] [stderr] warning: value assigned to `b1` is never read
[INFO] [stderr]    --> src/lib.rs:813:17
[INFO] [stderr]     |
[INFO] [stderr] 813 |         let mut b1 = 0u64;
[INFO] [stderr]     |                 ^^
[INFO] [stderr]     |
[INFO] [stderr]     = help: maybe it is overwritten before being read?
[INFO] [stderr] 
[INFO] [stderr] warning: value assigned to `b2` is never read
[INFO] [stderr]    --> src/lib.rs:814:17
[INFO] [stderr]     |
[INFO] [stderr] 814 |         let mut b2 = 0u64;
[INFO] [stderr]     |                 ^^
[INFO] [stderr]     |
[INFO] [stderr]     = help: maybe it is overwritten before being read?
[INFO] [stderr] 
[INFO] [stderr] warning: value assigned to `b3` is never read
[INFO] [stderr]    --> src/lib.rs:815:17
[INFO] [stderr]     |
[INFO] [stderr] 815 |         let mut b3 = 0u64;
[INFO] [stderr]     |                 ^^
[INFO] [stderr]     |
[INFO] [stderr]     = help: maybe it is overwritten before being read?
[INFO] [stderr] 
[INFO] [stderr] warning: function `attacks` is never used
[INFO] [stderr]       --> src/lookup.rs:116457:14
[INFO] [stderr]        |
[INFO] [stderr] 116457 | pub const fn attacks(sq: usize, p: usize, occupancy: u64) -> u64 {
[INFO] [stderr]        |              ^^^^^^^
[INFO] [stderr]        |
[INFO] [stderr]        = note: `#[warn(dead_code)]` on by default
[INFO] [stderr] 
[INFO] [stderr] warning: function `pawn_attacks` is never used
[INFO] [stderr]       --> src/lookup.rs:116473:14
[INFO] [stderr]        |
[INFO] [stderr] 116473 | pub const fn pawn_attacks(sq: usize, color: usize) -> u64 {
[INFO] [stderr]        |              ^^^^^^^^^^^^
[INFO] [stderr] 
[INFO] [stderr] warning: function `pawn_attacks_bb` is never used
[INFO] [stderr]       --> src/lookup.rs:116477:14
[INFO] [stderr]        |
[INFO] [stderr] 116477 | pub const fn pawn_attacks_bb(bb: u64, color: usize) -> u64 {
[INFO] [stderr]        |              ^^^^^^^^^^^^^^^
[INFO] [stderr] 
[INFO] [stderr] warning: constant `WHITE_00` is never used
[INFO] [stderr]       --> src/lookup.rs:116486:11
[INFO] [stderr]        |
[INFO] [stderr] 116486 | pub const WHITE_00: u64 = 0x90;
[INFO] [stderr]        |           ^^^^^^^^
[INFO] [stderr] 
[INFO] [stderr] warning: constant `BLACK_00` is never used
[INFO] [stderr]       --> src/lookup.rs:116487:11
[INFO] [stderr]        |
[INFO] [stderr] 116487 | pub const BLACK_00: u64 = 0x9000000000000000;
[INFO] [stderr]        |           ^^^^^^^^
[INFO] [stderr] 
[INFO] [stderr] warning: constant `WHITE_000` is never used
[INFO] [stderr]       --> src/lookup.rs:116488:11
[INFO] [stderr]        |
[INFO] [stderr] 116488 | pub const WHITE_000: u64 = 0x11;
[INFO] [stderr]        |           ^^^^^^^^^
[INFO] [stderr] 
[INFO] [stderr] warning: constant `BLACK_000` is never used
[INFO] [stderr]       --> src/lookup.rs:116489:11
[INFO] [stderr]        |
[INFO] [stderr] 116489 | pub const BLACK_000: u64 = 0x1100000000000000;
[INFO] [stderr]        |           ^^^^^^^^^
[INFO] [stderr] 
[INFO] [stderr] warning: function `oo_mask` is never used
[INFO] [stderr]       --> src/lookup.rs:116495:8
[INFO] [stderr]        |
[INFO] [stderr] 116495 | pub fn oo_mask(color: usize) -> u64 {
[INFO] [stderr]        |        ^^^^^^^
[INFO] [stderr] 
[INFO] [stderr] warning: function `ooo_mask` is never used
[INFO] [stderr]       --> src/lookup.rs:116502:8
[INFO] [stderr]        |
[INFO] [stderr] 116502 | pub fn ooo_mask(color: usize) -> u64 {
[INFO] [stderr]        |        ^^^^^^^^
[INFO] [stderr] 
[INFO] [stderr] warning: function `perft` is never used
[INFO] [stderr]  --> src/testing.rs:5:8
[INFO] [stderr]   |
[INFO] [stderr] 5 | pub fn perft(mut pos: Position, depth: usize) -> i64 {
[INFO] [stderr]   |        ^^^^^
[INFO] [stderr] 
[INFO] [stderr] warning: function `perft_complete` is never used
[INFO] [stderr]   --> src/testing.rs:19:8
[INFO] [stderr]    |
[INFO] [stderr] 19 | pub fn perft_complete(
[INFO] [stderr]    |        ^^^^^^^^^^^^^^
[INFO] [stderr] 
[INFO] [stderr] warning: function `perft_divide` is never used
[INFO] [stderr]   --> src/testing.rs:52:8
[INFO] [stderr]    |
[INFO] [stderr] 52 | pub fn perft_divide(mut pos: Position, depth: usize) -> i64 {
[INFO] [stderr]    |        ^^^^^^^^^^^^
[INFO] [stderr] 
[INFO] [stderr] warning: `turbochess` (lib) generated 26 warnings (run `cargo fix --lib -p turbochess` to apply 4 suggestions)
[INFO] [stderr] warning: variable does not need to be mutable
[INFO] [stderr]   --> src/testing.rs:99:9
[INFO] [stderr]    |
[INFO] [stderr] 99 |     let mut pos =
[INFO] [stderr]    |         ----^^^
[INFO] [stderr]    |         |
[INFO] [stderr]    |         help: remove this `mut`
[INFO] [stderr]    |
[INFO] [stderr]    = note: `#[warn(unused_mut)]` on by default
[INFO] [stderr] 
[INFO] [stderr] warning: `turbochess` (lib test) generated 22 warnings (21 duplicates) (run `cargo fix --lib -p turbochess --tests` to apply 1 suggestion)
[INFO] [stderr]     Finished test [unoptimized + debuginfo] target(s) in 0.00s
[INFO] [stderr]      Running unittests src/lib.rs (/opt/rustwide/target/debug/deps/turbochess-8c9f169c0465adf7)
[INFO] [stdout] 
[INFO] [stdout] running 3 tests
[INFO] [stdout] test testing::test_movegen ... ok
[INFO] [stdout] test testing::perft_tests ... FAILED
[INFO] [stdout] test testing::perft_test ... FAILED
[INFO] [stdout] 
[INFO] [stdout] failures:
[INFO] [stdout] 
[INFO] [stdout] ---- testing::perft_tests stdout ----
[INFO] [stdout] thread 'testing::perft_tests' panicked at src/types.rs:104:9:
[INFO] [stdout] index out of bounds: the len is 218 but the index is 218
[INFO] [stdout] stack backtrace:
[INFO] [stdout]    0:     0x563c28e32edc - std::backtrace_rs::backtrace::libunwind::trace::ha637c64ce894333a
[INFO] [stdout]                                at /rustc/82e1608dfa6e0b5569232559e3d385fea5a93112/library/std/src/../../backtrace/src/backtrace/libunwind.rs:104:5
[INFO] [stdout]    1:     0x563c28e32edc - std::backtrace_rs::backtrace::trace_unsynchronized::h47f62dea28e0c88d
[INFO] [stdout]                                at /rustc/82e1608dfa6e0b5569232559e3d385fea5a93112/library/std/src/../../backtrace/src/backtrace/mod.rs:66:5
[INFO] [stdout]    2:     0x563c28e32edc - std::sys_common::backtrace::_print_fmt::h9eef0abe20ede486
[INFO] [stdout]                                at /rustc/82e1608dfa6e0b5569232559e3d385fea5a93112/library/std/src/sys_common/backtrace.rs:67:5
[INFO] [stdout]    3:     0x563c28e32edc - <std::sys_common::backtrace::_print::DisplayBacktrace as core::fmt::Display>::fmt::hed7f999df88cc644
[INFO] [stdout]                                at /rustc/82e1608dfa6e0b5569232559e3d385fea5a93112/library/std/src/sys_common/backtrace.rs:44:22
[INFO] [stdout]    4:     0x563c28e5ca20 - core::fmt::rt::Argument::fmt::h1539a9308b8d058d
[INFO] [stdout]                                at /rustc/82e1608dfa6e0b5569232559e3d385fea5a93112/library/core/src/fmt/rt.rs:142:9
[INFO] [stdout]    5:     0x563c28e5ca20 - core::fmt::write::h3a39390d8560d9c9
[INFO] [stdout]                                at /rustc/82e1608dfa6e0b5569232559e3d385fea5a93112/library/core/src/fmt/mod.rs:1120:17
[INFO] [stdout]    6:     0x563c28e3088f - std::io::Write::write_fmt::h040b369f3a0f9cbc
[INFO] [stdout]                                at /rustc/82e1608dfa6e0b5569232559e3d385fea5a93112/library/std/src/io/mod.rs:1762:15
[INFO] [stdout]    7:     0x563c28e32cc4 - std::sys_common::backtrace::_print::h894006fb5c6f3d45
[INFO] [stdout]                                at /rustc/82e1608dfa6e0b5569232559e3d385fea5a93112/library/std/src/sys_common/backtrace.rs:47:5
[INFO] [stdout]    8:     0x563c28e32cc4 - std::sys_common::backtrace::print::h23a2d212c6fff936
[INFO] [stdout]                                at /rustc/82e1608dfa6e0b5569232559e3d385fea5a93112/library/std/src/sys_common/backtrace.rs:34:9
[INFO] [stdout]    9:     0x563c28e34987 - std::panicking::default_hook::{{closure}}::h8a1d2ee00185001a
[INFO] [stdout]   10:     0x563c28e34673 - std::panicking::default_hook::h6038f2eba384e475
[INFO] [stdout]                                at /rustc/82e1608dfa6e0b5569232559e3d385fea5a93112/library/std/src/panicking.rs:289:9
[INFO] [stdout]   11:     0x563c28e05087 - <alloc::boxed::Box<F,A> as core::ops::function::Fn<Args>>::call::h0ad024c9bdc6d768
[INFO] [stdout]                                at /rustc/82e1608dfa6e0b5569232559e3d385fea5a93112/library/alloc/src/boxed.rs:2021:9
[INFO] [stdout]   12:     0x563c28e05087 - test::test_main::{{closure}}::h7500b54257359db6
[INFO] [stdout]                                at /rustc/82e1608dfa6e0b5569232559e3d385fea5a93112/library/test/src/lib.rs:138:21
[INFO] [stdout]   13:     0x563c28e34f98 - <alloc::boxed::Box<F,A> as core::ops::function::Fn<Args>>::call::h1f8f335eaa9cfaee
[INFO] [stdout]                                at /rustc/82e1608dfa6e0b5569232559e3d385fea5a93112/library/alloc/src/boxed.rs:2021:9
[INFO] [stdout]   14:     0x563c28e34f98 - std::panicking::rust_panic_with_hook::h2b5517d590cab22e
[INFO] [stdout]                                at /rustc/82e1608dfa6e0b5569232559e3d385fea5a93112/library/std/src/panicking.rs:783:13
[INFO] [stdout]   15:     0x563c28e34cee - std::panicking::begin_panic_handler::{{closure}}::h233112c06e0ef43e
[INFO] [stdout]                                at /rustc/82e1608dfa6e0b5569232559e3d385fea5a93112/library/std/src/panicking.rs:657:13
[INFO] [stdout]   16:     0x563c28e333a6 - std::sys_common::backtrace::__rust_end_short_backtrace::h6e893f24d7ebbff8
[INFO] [stdout]                                at /rustc/82e1608dfa6e0b5569232559e3d385fea5a93112/library/std/src/sys_common/backtrace.rs:170:18
[INFO] [stdout]   17:     0x563c28e34a52 - rust_begin_unwind
[INFO] [stdout]                                at /rustc/82e1608dfa6e0b5569232559e3d385fea5a93112/library/std/src/panicking.rs:645:5
[INFO] [stdout]   18:     0x563c28dadcf5 - core::panicking::panic_fmt::hbf0e066aabfa482c
[INFO] [stdout]                                at /rustc/82e1608dfa6e0b5569232559e3d385fea5a93112/library/core/src/panicking.rs:72:14
[INFO] [stdout]   19:     0x563c28dadeb2 - core::panicking::panic_bounds_check::h326a19b32dc06d6d
[INFO] [stdout]                                at /rustc/82e1608dfa6e0b5569232559e3d385fea5a93112/library/core/src/panicking.rs:190:5
[INFO] [stdout]   20:     0x563c28dd09ec - turbochess::types::MoveList::add::h708881ba4a335288
[INFO] [stdout]                                at /opt/rustwide/workdir/src/types.rs:104:9
[INFO] [stdout]   21:     0x563c28dd0adb - turbochess::types::MoveList::extend::h6d62e195894e4353
[INFO] [stdout]                                at /opt/rustwide/workdir/src/types.rs:116:13
[INFO] [stdout]   22:     0x563c28db4fad - turbochess::Position::legal::h2d7abaa953db99cc
[INFO] [stdout]                                at /opt/rustwide/workdir/src/lib.rs:1166:29
[INFO] [stdout]   23:     0x563c28db4fad - turbochess::testing::perft::hff64c799ae68f8be
[INFO] [stdout]                                at /opt/rustwide/workdir/src/testing.rs:9:17
[INFO] [stdout]   24:     0x563c28db8328 - turbochess::testing::perft::hff64c799ae68f8be
[INFO] [stdout]                                at /opt/rustwide/workdir/src/testing.rs:13:18
[INFO] [stdout]   25:     0x563c28dc332a - turbochess::testing::perft_tests::h73e0a584c88e370f
[INFO] [stdout]                                at /opt/rustwide/workdir/src/testing.rs:122:5
[INFO] [stdout]   26:     0x563c28dc3257 - turbochess::testing::perft_tests::{{closure}}::hfbfadd17e47c7435
[INFO] [stdout]                                at /opt/rustwide/workdir/src/testing.rs:120:17
[INFO] [stdout]   27:     0x563c28daeee6 - core::ops::function::FnOnce::call_once::hed0dfd3318353cb0
[INFO] [stdout]                                at /rustc/82e1608dfa6e0b5569232559e3d385fea5a93112/library/core/src/ops/function.rs:250:5
[INFO] [stdout]   28:     0x563c28e0a6df - core::ops::function::FnOnce::call_once::h2b5d431d5046312d
[INFO] [stdout]                                at /rustc/82e1608dfa6e0b5569232559e3d385fea5a93112/library/core/src/ops/function.rs:250:5
[INFO] [stdout]   29:     0x563c28e0a6df - test::__rust_begin_short_backtrace::h7714669af176e207
[INFO] [stdout]                                at /rustc/82e1608dfa6e0b5569232559e3d385fea5a93112/library/test/src/lib.rs:628:18
[INFO] [stdout]   30:     0x563c28e096f5 - test::run_test_in_process::{{closure}}::h85218797dcbcec12
[INFO] [stdout]                                at /rustc/82e1608dfa6e0b5569232559e3d385fea5a93112/library/test/src/lib.rs:651:60
[INFO] [stdout]   31:     0x563c28e096f5 - <core::panic::unwind_safe::AssertUnwindSafe<F> as core::ops::function::FnOnce<()>>::call_once::h76c106ea31c14d7b
[INFO] [stdout]                                at /rustc/82e1608dfa6e0b5569232559e3d385fea5a93112/library/core/src/panic/unwind_safe.rs:272:9
[INFO] [stdout]   32:     0x563c28e096f5 - std::panicking::try::do_call::h3bd5d0f6620ee946
[INFO] [stdout]                                at /rustc/82e1608dfa6e0b5569232559e3d385fea5a93112/library/std/src/panicking.rs:552:40
[INFO] [stdout]   33:     0x563c28e096f5 - std::panicking::try::h232e535e4744fe31
[INFO] [stdout]                                at /rustc/82e1608dfa6e0b5569232559e3d385fea5a93112/library/std/src/panicking.rs:516:19
[INFO] [stdout]   34:     0x563c28e096f5 - std::panic::catch_unwind::h3ce3bd6ca8dbac68
[INFO] [stdout]                                at /rustc/82e1608dfa6e0b5569232559e3d385fea5a93112/library/std/src/panic.rs:142:14
[INFO] [stdout]   35:     0x563c28e096f5 - test::run_test_in_process::hc97b257c9621286a
[INFO] [stdout]                                at /rustc/82e1608dfa6e0b5569232559e3d385fea5a93112/library/test/src/lib.rs:651:27
[INFO] [stdout]   36:     0x563c28e096f5 - test::run_test::{{closure}}::h2aa798823a438d38
[INFO] [stdout]                                at /rustc/82e1608dfa6e0b5569232559e3d385fea5a93112/library/test/src/lib.rs:574:43
[INFO] [stdout]   37:     0x563c28dd19b6 - test::run_test::{{closure}}::h87d231c78fb59832
[INFO] [stdout]                                at /rustc/82e1608dfa6e0b5569232559e3d385fea5a93112/library/test/src/lib.rs:602:41
[INFO] [stdout]   38:     0x563c28dd19b6 - std::sys_common::backtrace::__rust_begin_short_backtrace::he6df152596625789
[INFO] [stdout]                                at /rustc/82e1608dfa6e0b5569232559e3d385fea5a93112/library/std/src/sys_common/backtrace.rs:154:18
[INFO] [stdout]   39:     0x563c28dd6a67 - std::thread::Builder::spawn_unchecked_::{{closure}}::{{closure}}::ha94be15d1e0acf36
[INFO] [stdout]                                at /rustc/82e1608dfa6e0b5569232559e3d385fea5a93112/library/std/src/thread/mod.rs:529:17
[INFO] [stdout]   40:     0x563c28dd6a67 - <core::panic::unwind_safe::AssertUnwindSafe<F> as core::ops::function::FnOnce<()>>::call_once::h9dc6bd6372f16606
[INFO] [stdout]                                at /rustc/82e1608dfa6e0b5569232559e3d385fea5a93112/library/core/src/panic/unwind_safe.rs:272:9
[INFO] [stdout]   41:     0x563c28dd6a67 - std::panicking::try::do_call::h9057517f80303cd4
[INFO] [stdout]                                at /rustc/82e1608dfa6e0b5569232559e3d385fea5a93112/library/std/src/panicking.rs:552:40
[INFO] [stdout]   42:     0x563c28dd6a67 - std::panicking::try::he3a30b11ee45340c
[INFO] [stdout]                                at /rustc/82e1608dfa6e0b5569232559e3d385fea5a93112/library/std/src/panicking.rs:516:19
[INFO] [stdout]   43:     0x563c28dd6a67 - std::panic::catch_unwind::h410458cfd3528b8b
[INFO] [stdout]                                at /rustc/82e1608dfa6e0b5569232559e3d385fea5a93112/library/std/src/panic.rs:142:14
[INFO] [stdout]   44:     0x563c28dd6a67 - std::thread::Builder::spawn_unchecked_::{{closure}}::h72ac3bdb567b737b
[INFO] [stdout]                                at /rustc/82e1608dfa6e0b5569232559e3d385fea5a93112/library/std/src/thread/mod.rs:528:30
[INFO] [stdout]   45:     0x563c28dd6a67 - core::ops::function::FnOnce::call_once{{vtable.shim}}::h38f34da3654a8344
[INFO] [stdout]                                at /rustc/82e1608dfa6e0b5569232559e3d385fea5a93112/library/core/src/ops/function.rs:250:5
[INFO] [stdout]   46:     0x563c28e39a25 - <alloc::boxed::Box<F,A> as core::ops::function::FnOnce<Args>>::call_once::hc7eafaff61e32df9
[INFO] [stdout]                                at /rustc/82e1608dfa6e0b5569232559e3d385fea5a93112/library/alloc/src/boxed.rs:2007:9
[INFO] [stdout]   47:     0x563c28e39a25 - <alloc::boxed::Box<F,A> as core::ops::function::FnOnce<Args>>::call_once::h6ba4a5de48dd2304
[INFO] [stdout]                                at /rustc/82e1608dfa6e0b5569232559e3d385fea5a93112/library/alloc/src/boxed.rs:2007:9
[INFO] [stdout]   48:     0x563c28e39a25 - std::sys::unix::thread::Thread::new::thread_start::he469335aef763e45
[INFO] [stdout]                                at /rustc/82e1608dfa6e0b5569232559e3d385fea5a93112/library/std/src/sys/unix/thread.rs:108:17
[INFO] [stdout]   49:     0x7fd33204fac3 - <unknown>
[INFO] [stdout]   50:     0x7fd3320e0bf4 - __clone
[INFO] [stdout]   51:                0x0 - <unknown>
[INFO] [stdout] 
[INFO] [stdout] ---- testing::perft_test stdout ----
[INFO] [stdout] thread 'testing::perft_test' panicked at src/types.rs:104:9:
[INFO] [stdout] index out of bounds: the len is 218 but the index is 218
[INFO] [stdout] stack backtrace:
[INFO] [stdout]    0:     0x563c28e32edc - std::backtrace_rs::backtrace::libunwind::trace::ha637c64ce894333a
[INFO] [stdout]                                at /rustc/82e1608dfa6e0b5569232559e3d385fea5a93112/library/std/src/../../backtrace/src/backtrace/libunwind.rs:104:5
[INFO] [stdout]    1:     0x563c28e32edc - std::backtrace_rs::backtrace::trace_unsynchronized::h47f62dea28e0c88d
[INFO] [stdout]                                at /rustc/82e1608dfa6e0b5569232559e3d385fea5a93112/library/std/src/../../backtrace/src/backtrace/mod.rs:66:5
[INFO] [stdout]    2:     0x563c28e32edc - std::sys_common::backtrace::_print_fmt::h9eef0abe20ede486
[INFO] [stdout]                                at /rustc/82e1608dfa6e0b5569232559e3d385fea5a93112/library/std/src/sys_common/backtrace.rs:67:5
[INFO] [stdout]    3:     0x563c28e32edc - <std::sys_common::backtrace::_print::DisplayBacktrace as core::fmt::Display>::fmt::hed7f999df88cc644
[INFO] [stdout]                                at /rustc/82e1608dfa6e0b5569232559e3d385fea5a93112/library/std/src/sys_common/backtrace.rs:44:22
[INFO] [stdout]    4:     0x563c28e5ca20 - core::fmt::rt::Argument::fmt::h1539a9308b8d058d
[INFO] [stdout]                                at /rustc/82e1608dfa6e0b5569232559e3d385fea5a93112/library/core/src/fmt/rt.rs:142:9
[INFO] [stdout]    5:     0x563c28e5ca20 - core::fmt::write::h3a39390d8560d9c9
[INFO] [stdout]                                at /rustc/82e1608dfa6e0b5569232559e3d385fea5a93112/library/core/src/fmt/mod.rs:1120:17
[INFO] [stdout]    6:     0x563c28e3088f - std::io::Write::write_fmt::h040b369f3a0f9cbc
[INFO] [stdout]                                at /rustc/82e1608dfa6e0b5569232559e3d385fea5a93112/library/std/src/io/mod.rs:1762:15
[INFO] [stdout]    7:     0x563c28e32cc4 - std::sys_common::backtrace::_print::h894006fb5c6f3d45
[INFO] [stdout]                                at /rustc/82e1608dfa6e0b5569232559e3d385fea5a93112/library/std/src/sys_common/backtrace.rs:47:5
[INFO] [stdout]    8:     0x563c28e32cc4 - std::sys_common::backtrace::print::h23a2d212c6fff936
[INFO] [stdout]                                at /rustc/82e1608dfa6e0b5569232559e3d385fea5a93112/library/std/src/sys_common/backtrace.rs:34:9
[INFO] [stdout]    9:     0x563c28e34987 - std::panicking::default_hook::{{closure}}::h8a1d2ee00185001a
[INFO] [stdout]   10:     0x563c28e34673 - std::panicking::default_hook::h6038f2eba384e475
[INFO] [stdout]                                at /rustc/82e1608dfa6e0b5569232559e3d385fea5a93112/library/std/src/panicking.rs:289:9
[INFO] [stdout]   11:     0x563c28e05087 - <alloc::boxed::Box<F,A> as core::ops::function::Fn<Args>>::call::h0ad024c9bdc6d768
[INFO] [stdout]                                at /rustc/82e1608dfa6e0b5569232559e3d385fea5a93112/library/alloc/src/boxed.rs:2021:9
[INFO] [stdout]   12:     0x563c28e05087 - test::test_main::{{closure}}::h7500b54257359db6
[INFO] [stdout]                                at /rustc/82e1608dfa6e0b5569232559e3d385fea5a93112/library/test/src/lib.rs:138:21
[INFO] [stdout]   13:     0x563c28e34f98 - <alloc::boxed::Box<F,A> as core::ops::function::Fn<Args>>::call::h1f8f335eaa9cfaee
[INFO] [stdout]                                at /rustc/82e1608dfa6e0b5569232559e3d385fea5a93112/library/alloc/src/boxed.rs:2021:9
[INFO] [stdout]   14:     0x563c28e34f98 - std::panicking::rust_panic_with_hook::h2b5517d590cab22e
[INFO] [stdout]                                at /rustc/82e1608dfa6e0b5569232559e3d385fea5a93112/library/std/src/panicking.rs:783:13
[INFO] [stdout]   15:     0x563c28e34cee - std::panicking::begin_panic_handler::{{closure}}::h233112c06e0ef43e
[INFO] [stdout]                                at /rustc/82e1608dfa6e0b5569232559e3d385fea5a93112/library/std/src/panicking.rs:657:13
[INFO] [stdout]   16:     0x563c28e333a6 - std::sys_common::backtrace::__rust_end_short_backtrace::h6e893f24d7ebbff8
[INFO] [stdout]                                at /rustc/82e1608dfa6e0b5569232559e3d385fea5a93112/library/std/src/sys_common/backtrace.rs:170:18
[INFO] [stdout]   17:     0x563c28e34a52 - rust_begin_unwind
[INFO] [stdout]                                at /rustc/82e1608dfa6e0b5569232559e3d385fea5a93112/library/std/src/panicking.rs:645:5
[INFO] [stdout]   18:     0x563c28dadcf5 - core::panicking::panic_fmt::hbf0e066aabfa482c
[INFO] [stdout]                                at /rustc/82e1608dfa6e0b5569232559e3d385fea5a93112/library/core/src/panicking.rs:72:14
[INFO] [stdout]   19:     0x563c28dadeb2 - core::panicking::panic_bounds_check::h326a19b32dc06d6d
[INFO] [stdout]                                at /rustc/82e1608dfa6e0b5569232559e3d385fea5a93112/library/core/src/panicking.rs:190:5
[INFO] [stdout]   20:     0x563c28dd09ec - turbochess::types::MoveList::add::h708881ba4a335288
[INFO] [stdout]                                at /opt/rustwide/workdir/src/types.rs:104:9
[INFO] [stdout]   21:     0x563c28dd0adb - turbochess::types::MoveList::extend::h6d62e195894e4353
[INFO] [stdout]                                at /opt/rustwide/workdir/src/types.rs:116:13
[INFO] [stdout]   22:     0x563c28db4fad - turbochess::Position::legal::h2d7abaa953db99cc
[INFO] [stdout]                                at /opt/rustwide/workdir/src/lib.rs:1166:29
[INFO] [stdout]   23:     0x563c28db4fad - turbochess::testing::perft::hff64c799ae68f8be
[INFO] [stdout]                                at /opt/rustwide/workdir/src/testing.rs:9:17
[INFO] [stdout]   24:     0x563c28db8328 - turbochess::testing::perft::hff64c799ae68f8be
[INFO] [stdout]                                at /opt/rustwide/workdir/src/testing.rs:13:18
[INFO] [stdout]   25:     0x563c28db8328 - turbochess::testing::perft::hff64c799ae68f8be
[INFO] [stdout]                                at /opt/rustwide/workdir/src/testing.rs:13:18
[INFO] [stdout]   26:     0x563c28dbeedc - turbochess::testing::perft_divide::h35df0b44a295085e
[INFO] [stdout]                                at /opt/rustwide/workdir/src/testing.rs:60:19
[INFO] [stdout]   27:     0x563c28dc2ffc - turbochess::testing::perft_test::h9f76fb514fb0de81
[INFO] [stdout]                                at /opt/rustwide/workdir/src/testing.rs:105:17
[INFO] [stdout]   28:     0x563c28dc2f37 - turbochess::testing::perft_test::{{closure}}::h7580acf152902319
[INFO] [stdout]                                at /opt/rustwide/workdir/src/testing.rs:98:16
[INFO] [stdout]   29:     0x563c28daee86 - core::ops::function::FnOnce::call_once::hcdc536f97496eca0
[INFO] [stdout]                                at /rustc/82e1608dfa6e0b5569232559e3d385fea5a93112/library/core/src/ops/function.rs:250:5
[INFO] [stdout]   30:     0x563c28e0a6df - core::ops::function::FnOnce::call_once::h2b5d431d5046312d
[INFO] [stdout]                                at /rustc/82e1608dfa6e0b5569232559e3d385fea5a93112/library/core/src/ops/function.rs:250:5
[INFO] [stdout]   31:     0x563c28e0a6df - test::__rust_begin_short_backtrace::h7714669af176e207
[INFO] [stdout]                                at /rustc/82e1608dfa6e0b5569232559e3d385fea5a93112/library/test/src/lib.rs:628:18
[INFO] [stdout]   32:     0x563c28e096f5 - test::run_test_in_process::{{closure}}::h85218797dcbcec12
[INFO] [stdout]                                at /rustc/82e1608dfa6e0b5569232559e3d385fea5a93112/library/test/src/lib.rs:651:60
[INFO] [stdout]   33:     0x563c28e096f5 - <core::panic::unwind_safe::AssertUnwindSafe<F> as core::ops::function::FnOnce<()>>::call_once::h76c106ea31c14d7b
[INFO] [stdout]                                at /rustc/82e1608dfa6e0b5569232559e3d385fea5a93112/library/core/src/panic/unwind_safe.rs:272:9
[INFO] [stdout]   34:     0x563c28e096f5 - std::panicking::try::do_call::h3bd5d0f6620ee946
[INFO] [stdout]                                at /rustc/82e1608dfa6e0b5569232559e3d385fea5a93112/library/std/src/panicking.rs:552:40
[INFO] [stdout]   35:     0x563c28e096f5 - std::panicking::try::h232e535e4744fe31
[INFO] [stdout]                                at /rustc/82e1608dfa6e0b5569232559e3d385fea5a93112/library/std/src/panicking.rs:516:19
[INFO] [stdout]   36:     0x563c28e096f5 - std::panic::catch_unwind::h3ce3bd6ca8dbac68
[INFO] [stdout]                                at /rustc/82e1608dfa6e0b5569232559e3d385fea5a93112/library/std/src/panic.rs:142:14
[INFO] [stdout]   37:     0x563c28e096f5 - test::run_test_in_process::hc97b257c9621286a
[INFO] [stdout]                                at /rustc/82e1608dfa6e0b5569232559e3d385fea5a93112/library/test/src/lib.rs:651:27
[INFO] [stdout]   38:     0x563c28e096f5 - test::run_test::{{closure}}::h2aa798823a438d38
[INFO] [stdout]                                at /rustc/82e1608dfa6e0b5569232559e3d385fea5a93112/library/test/src/lib.rs:574:43
[INFO] [stdout]   39:     0x563c28dd19b6 - test::run_test::{{closure}}::h87d231c78fb59832
[INFO] [stdout]                                at /rustc/82e1608dfa6e0b5569232559e3d385fea5a93112/library/test/src/lib.rs:602:41
[INFO] [stdout]   40:     0x563c28dd19b6 - std::sys_common::backtrace::__rust_begin_short_backtrace::he6df152596625789
[INFO] [stdout]                                at /rustc/82e1608dfa6e0b5569232559e3d385fea5a93112/library/std/src/sys_common/backtrace.rs:154:18
[INFO] [stdout]   41:     0x563c28dd6a67 - std::thread::Builder::spawn_unchecked_::{{closure}}::{{closure}}::ha94be15d1e0acf36
[INFO] [stdout]                                at /rustc/82e1608dfa6e0b5569232559e3d385fea5a93112/library/std/src/thread/mod.rs:529:17
[INFO] [stdout]   42:     0x563c28dd6a67 - <core::panic::unwind_safe::AssertUnwindSafe<F> as core::ops::function::FnOnce<()>>::call_once::h9dc6bd6372f16606
[INFO] [stdout]                                at /rustc/82e1608dfa6e0b5569232559e3d385fea5a93112/library/core/src/panic/unwind_safe.rs:272:9
[INFO] [stdout]   43:     0x563c28dd6a67 - std::panicking::try::do_call::h9057517f80303cd4
[INFO] [stdout]                                at /rustc/82e1608dfa6e0b5569232559e3d385fea5a93112/library/std/src/panicking.rs:552:40
[INFO] [stdout]   44:     0x563c28dd6a67 - std::panicking::try::he3a30b11ee45340c
[INFO] [stdout]                                at /rustc/82e1608dfa6e0b5569232559e3d385fea5a93112/library/std/src/panicking.rs:516:19
[INFO] [stdout]   45:     0x563c28dd6a67 - std::panic::catch_unwind::h410458cfd3528b8b
[INFO] [stdout]                                at /rustc/82e1608dfa6e0b5569232559e3d385fea5a93112/library/std/src/panic.rs:142:14
[INFO] [stdout]   46:     0x563c28dd6a67 - std::thread::Builder::spawn_unchecked_::{{closure}}::h72ac3bdb567b737b
[INFO] [stdout]                                at /rustc/82e1608dfa6e0b5569232559e3d385fea5a93112/library/std/src/thread/mod.rs:528:30
[INFO] [stdout]   47:     0x563c28dd6a67 - core::ops::function::FnOnce::call_once{{vtable.shim}}::h38f34da3654a8344
[INFO] [stdout]                                at /rustc/82e1608dfa6e0b5569232559e3d385fea5a93112/library/core/src/ops/function.rs:250:5
[INFO] [stdout]   48:     0x563c28e39a25 - <alloc::boxed::Box<F,A> as core::ops::function::FnOnce<Args>>::call_once::hc7eafaff61e32df9
[INFO] [stdout]                                at /rustc/82e1608dfa6e0b5569232559e3d385fea5a93112/library/alloc/src/boxed.rs:2007:9
[INFO] [stdout]   49:     0x563c28e39a25 - <alloc::boxed::Box<F,A> as core::ops::function::FnOnce<Args>>::call_once::h6ba4a5de48dd2304
[INFO] [stdout]                                at /rustc/82e1608dfa6e0b5569232559e3d385fea5a93112/library/alloc/src/boxed.rs:2007:9
[INFO] [stdout]   50:     0x563c28e39a25 - std::sys::unix::thread::Thread::new::thread_start::he469335aef763e45
[INFO] [stdout]                                at /rustc/82e1608dfa6e0b5569232559e3d385fea5a93112/library/std/src/sys/unix/thread.rs:108:17
[INFO] [stdout]   51:     0x7fd33204fac3 - <unknown>
[INFO] [stdout]   52:     0x7fd3320e0bf4 - __clone
[INFO] [stdout]   53:                0x0 - <unknown>
[INFO] [stdout] 
[INFO] [stdout] 
[INFO] [stdout] failures:
[INFO] [stdout]     testing::perft_test
[INFO] [stdout]     testing::perft_tests
[INFO] [stdout] 
[INFO] [stdout] test result: FAILED. 1 passed; 2 failed; 0 ignored; 0 measured; 0 filtered out; finished in 2.61s
[INFO] [stdout] 
[INFO] [stderr] error: test failed, to rerun pass `--lib`
[INFO] running `Command { std: "docker" "inspect" "013fd7519b918aa2210dcbcc30be3bf7ca5b0363c634534b75b9d5f322bbb33b", kill_on_drop: false }`
[INFO] running `Command { std: "docker" "rm" "-f" "013fd7519b918aa2210dcbcc30be3bf7ca5b0363c634534b75b9d5f322bbb33b", kill_on_drop: false }`
[INFO] [stdout] 013fd7519b918aa2210dcbcc30be3bf7ca5b0363c634534b75b9d5f322bbb33b
