[INFO] fetching crate turbo-crates-testing-proc-macros 0.0.2...
[INFO] testing turbo-crates-testing-proc-macros-0.0.2 against 1.75.0 for beta-1.76-1
[INFO] extracting crate turbo-crates-testing-proc-macros 0.0.2 into /workspace/builds/worker-5-tc1/source
[INFO] validating manifest of crates.io crate turbo-crates-testing-proc-macros 0.0.2 on toolchain 1.75.0
[INFO] running `Command { std: CARGO_HOME="/workspace/cargo-home" RUSTUP_HOME="/workspace/rustup-home" "/workspace/cargo-home/bin/cargo" "+1.75.0" "metadata" "--manifest-path" "Cargo.toml" "--no-deps", kill_on_drop: false }`
[INFO] started tweaking crates.io crate turbo-crates-testing-proc-macros 0.0.2
[INFO] finished tweaking crates.io crate turbo-crates-testing-proc-macros 0.0.2
[INFO] tweaked toml for crates.io crate turbo-crates-testing-proc-macros 0.0.2 written to /workspace/builds/worker-5-tc1/source/Cargo.toml
[INFO] running `Command { std: CARGO_HOME="/workspace/cargo-home" RUSTUP_HOME="/workspace/rustup-home" "/workspace/cargo-home/bin/cargo" "+1.75.0" "generate-lockfile" "--manifest-path" "Cargo.toml", kill_on_drop: false }`
[INFO] [stderr]     Updating crates.io index
[INFO] running `Command { std: CARGO_HOME="/workspace/cargo-home" RUSTUP_HOME="/workspace/rustup-home" "/workspace/cargo-home/bin/cargo" "+1.75.0" "fetch" "--manifest-path" "Cargo.toml", kill_on_drop: false }`
[INFO] running `Command { std: "docker" "create" "-v" "/var/lib/crater-agent-workspace/builds/worker-5-tc1/target:/opt/rustwide/target:rw,Z" "-v" "/var/lib/crater-agent-workspace/builds/worker-5-tc1/source:/opt/rustwide/workdir:ro,Z" "-v" "/var/lib/crater-agent-workspace/cargo-home:/opt/rustwide/cargo-home:ro,Z" "-v" "/var/lib/crater-agent-workspace/rustup-home:/opt/rustwide/rustup-home:ro,Z" "-e" "SOURCE_DIR=/opt/rustwide/workdir" "-e" "CARGO_TARGET_DIR=/opt/rustwide/target" "-e" "CARGO_HOME=/opt/rustwide/cargo-home" "-e" "RUSTUP_HOME=/opt/rustwide/rustup-home" "-w" "/opt/rustwide/workdir" "-m" "1610612736" "--user" "0:0" "--network" "none" "ghcr.io/rust-lang/crates-build-env/linux@sha256:2788e3201cd34a07e3172128adcd8b3090168a8e3bcc40d7c032b9dda1df7d1c" "/opt/rustwide/cargo-home/bin/cargo" "+1.75.0" "metadata" "--no-deps" "--format-version=1", kill_on_drop: false }`
[INFO] [stdout] 5dc5a442bddcbf27c465acbc7449021ccdeebe50785fbbc01abe22fdc0f55dc9
[INFO] running `Command { std: "docker" "start" "-a" "5dc5a442bddcbf27c465acbc7449021ccdeebe50785fbbc01abe22fdc0f55dc9", kill_on_drop: false }`
[INFO] running `Command { std: "docker" "inspect" "5dc5a442bddcbf27c465acbc7449021ccdeebe50785fbbc01abe22fdc0f55dc9", kill_on_drop: false }`
[INFO] running `Command { std: "docker" "rm" "-f" "5dc5a442bddcbf27c465acbc7449021ccdeebe50785fbbc01abe22fdc0f55dc9", kill_on_drop: false }`
[INFO] [stdout] 5dc5a442bddcbf27c465acbc7449021ccdeebe50785fbbc01abe22fdc0f55dc9
[INFO] running `Command { std: "docker" "create" "-v" "/var/lib/crater-agent-workspace/builds/worker-5-tc1/target:/opt/rustwide/target:rw,Z" "-v" "/var/lib/crater-agent-workspace/builds/worker-5-tc1/source:/opt/rustwide/workdir:ro,Z" "-v" "/var/lib/crater-agent-workspace/cargo-home:/opt/rustwide/cargo-home:ro,Z" "-v" "/var/lib/crater-agent-workspace/rustup-home:/opt/rustwide/rustup-home:ro,Z" "-e" "SOURCE_DIR=/opt/rustwide/workdir" "-e" "CARGO_TARGET_DIR=/opt/rustwide/target" "-e" "CARGO_INCREMENTAL=0" "-e" "RUST_BACKTRACE=full" "-e" "RUSTFLAGS=--cap-lints=warn" "-e" "RUSTDOCFLAGS=--cap-lints=warn" "-e" "CARGO_HOME=/opt/rustwide/cargo-home" "-e" "RUSTUP_HOME=/opt/rustwide/rustup-home" "-w" "/opt/rustwide/workdir" "-m" "1610612736" "--user" "0:0" "--network" "none" "ghcr.io/rust-lang/crates-build-env/linux@sha256:2788e3201cd34a07e3172128adcd8b3090168a8e3bcc40d7c032b9dda1df7d1c" "/opt/rustwide/cargo-home/bin/cargo" "+1.75.0" "build" "--frozen" "--message-format=json", kill_on_drop: false }`
[INFO] [stdout] a7b8b0653a2f9effa26d6ab305f3a276568a263e27326b90a3e358c99205fc55
[INFO] running `Command { std: "docker" "start" "-a" "a7b8b0653a2f9effa26d6ab305f3a276568a263e27326b90a3e358c99205fc55", kill_on_drop: false }`
[INFO] [stderr]    Compiling proc-macro2 v1.0.75
[INFO] [stderr]    Compiling unicode-ident v1.0.12
[INFO] [stderr]    Compiling once_cell v1.19.0
[INFO] [stderr]    Compiling quote v1.0.35
[INFO] [stderr]    Compiling syn v2.0.48
[INFO] [stderr]    Compiling turbo-crates-testing-proc-macros v0.0.2 (/opt/rustwide/workdir)
[INFO] [stderr]     Finished dev [unoptimized + debuginfo] target(s) in 5.72s
[INFO] running `Command { std: "docker" "inspect" "a7b8b0653a2f9effa26d6ab305f3a276568a263e27326b90a3e358c99205fc55", kill_on_drop: false }`
[INFO] running `Command { std: "docker" "rm" "-f" "a7b8b0653a2f9effa26d6ab305f3a276568a263e27326b90a3e358c99205fc55", kill_on_drop: false }`
[INFO] [stdout] a7b8b0653a2f9effa26d6ab305f3a276568a263e27326b90a3e358c99205fc55
[INFO] running `Command { std: "docker" "create" "-v" "/var/lib/crater-agent-workspace/builds/worker-5-tc1/target:/opt/rustwide/target:rw,Z" "-v" "/var/lib/crater-agent-workspace/builds/worker-5-tc1/source:/opt/rustwide/workdir:ro,Z" "-v" "/var/lib/crater-agent-workspace/cargo-home:/opt/rustwide/cargo-home:ro,Z" "-v" "/var/lib/crater-agent-workspace/rustup-home:/opt/rustwide/rustup-home:ro,Z" "-e" "SOURCE_DIR=/opt/rustwide/workdir" "-e" "CARGO_TARGET_DIR=/opt/rustwide/target" "-e" "CARGO_INCREMENTAL=0" "-e" "RUST_BACKTRACE=full" "-e" "RUSTFLAGS=--cap-lints=warn" "-e" "RUSTDOCFLAGS=--cap-lints=warn" "-e" "CARGO_HOME=/opt/rustwide/cargo-home" "-e" "RUSTUP_HOME=/opt/rustwide/rustup-home" "-w" "/opt/rustwide/workdir" "-m" "1610612736" "--user" "0:0" "--network" "none" "ghcr.io/rust-lang/crates-build-env/linux@sha256:2788e3201cd34a07e3172128adcd8b3090168a8e3bcc40d7c032b9dda1df7d1c" "/opt/rustwide/cargo-home/bin/cargo" "+1.75.0" "test" "--frozen" "--no-run" "--message-format=json", kill_on_drop: false }`
[INFO] [stdout] 7247e41b89895d695e846dfbbb2170381b295eaf4557a18821e5e5665625b1c9
[INFO] running `Command { std: "docker" "start" "-a" "7247e41b89895d695e846dfbbb2170381b295eaf4557a18821e5e5665625b1c9", kill_on_drop: false }`
[INFO] [stderr]    Compiling turbo-crates-testing-proc-macros v0.0.2 (/opt/rustwide/workdir)
[INFO] [stderr]     Finished test [unoptimized + debuginfo] target(s) in 0.73s
[INFO] running `Command { std: "docker" "inspect" "7247e41b89895d695e846dfbbb2170381b295eaf4557a18821e5e5665625b1c9", kill_on_drop: false }`
[INFO] running `Command { std: "docker" "rm" "-f" "7247e41b89895d695e846dfbbb2170381b295eaf4557a18821e5e5665625b1c9", kill_on_drop: false }`
[INFO] [stdout] 7247e41b89895d695e846dfbbb2170381b295eaf4557a18821e5e5665625b1c9
[INFO] running `Command { std: "docker" "create" "-v" "/var/lib/crater-agent-workspace/builds/worker-5-tc1/target:/opt/rustwide/target:rw,Z" "-v" "/var/lib/crater-agent-workspace/builds/worker-5-tc1/source:/opt/rustwide/workdir:ro,Z" "-v" "/var/lib/crater-agent-workspace/cargo-home:/opt/rustwide/cargo-home:ro,Z" "-v" "/var/lib/crater-agent-workspace/rustup-home:/opt/rustwide/rustup-home:ro,Z" "-e" "SOURCE_DIR=/opt/rustwide/workdir" "-e" "CARGO_TARGET_DIR=/opt/rustwide/target" "-e" "CARGO_INCREMENTAL=0" "-e" "RUST_BACKTRACE=full" "-e" "RUSTFLAGS=--cap-lints=warn" "-e" "RUSTDOCFLAGS=--cap-lints=warn" "-e" "CARGO_HOME=/opt/rustwide/cargo-home" "-e" "RUSTUP_HOME=/opt/rustwide/rustup-home" "-w" "/opt/rustwide/workdir" "-m" "1610612736" "--user" "0:0" "--network" "none" "ghcr.io/rust-lang/crates-build-env/linux@sha256:2788e3201cd34a07e3172128adcd8b3090168a8e3bcc40d7c032b9dda1df7d1c" "/opt/rustwide/cargo-home/bin/cargo" "+1.75.0" "test" "--frozen", kill_on_drop: false }`
[INFO] [stdout] 957e26c39efe6cfec6fc32e69cb18903b46bbd6055db25d47669b9faef2beb17
[INFO] running `Command { std: "docker" "start" "-a" "957e26c39efe6cfec6fc32e69cb18903b46bbd6055db25d47669b9faef2beb17", kill_on_drop: false }`
[INFO] [stderr]     Finished test [unoptimized + debuginfo] target(s) in 0.01s
[INFO] [stderr]      Running unittests src/lib.rs (/opt/rustwide/target/debug/deps/turbo_crates_testing_proc_macros-a45dc61c2e9646b6)
[INFO] [stderr]    Doc-tests turbo-crates-testing-proc-macros
[INFO] [stdout] 
[INFO] [stdout] running 0 tests
[INFO] [stdout] 
[INFO] [stdout] test result: ok. 0 passed; 0 failed; 0 ignored; 0 measured; 0 filtered out; finished in 0.00s
[INFO] [stdout] 
[INFO] [stdout] 
[INFO] [stdout] running 1 test
[INFO] [stdout] test src/lib.rs - safe_tests (line 20) ... FAILED
[INFO] [stdout] 
[INFO] [stdout] failures:
[INFO] [stdout] 
[INFO] [stdout] ---- src/lib.rs - safe_tests (line 20) stdout ----
[INFO] [stdout] error: cannot find attribute `safe_tests` in this scope
[INFO] [stdout]  --> src/lib.rs:21:3
[INFO] [stdout]   |
[INFO] [stdout] 3 | #[safe_tests]
[INFO] [stdout]   |   ^^^^^^^^^^
[INFO] [stdout]   |
[INFO] [stdout] help: consider importing this attribute macro
[INFO] [stdout]   |
[INFO] [stdout] 2 + use turbo_crates_testing_proc_macros::safe_tests;
[INFO] [stdout]   |
[INFO] [stdout] 
[INFO] [stdout] error: cannot find attribute `safe_test` in this scope
[INFO] [stdout]  --> src/lib.rs:25:7
[INFO] [stdout]   |
[INFO] [stdout] 7 |     #[safe_test]
[INFO] [stdout]   |       ^^^^^^^^^
[INFO] [stdout]   |
[INFO] [stdout] help: consider importing this attribute macro
[INFO] [stdout]   |
[INFO] [stdout] 5 +     use turbo_crates_testing_proc_macros::safe_test;
[INFO] [stdout]   |
[INFO] [stdout] 
[INFO] [stdout] error: cannot find attribute `safe_test` in this scope
[INFO] [stdout]   --> src/lib.rs:32:7
[INFO] [stdout]    |
[INFO] [stdout] 14 |     #[safe_test]
[INFO] [stdout]    |       ^^^^^^^^^
[INFO] [stdout]    |
[INFO] [stdout] help: consider importing this attribute macro
[INFO] [stdout]    |
[INFO] [stdout] 5  +     use turbo_crates_testing_proc_macros::safe_test;
[INFO] [stdout]    |
[INFO] [stdout] 
[INFO] [stdout] error: aborting due to 3 previous errors
[INFO] [stdout] 
[INFO] [stdout] Couldn't compile the test.
[INFO] [stdout] 
[INFO] [stdout] failures:
[INFO] [stdout]     src/lib.rs - safe_tests (line 20)
[INFO] [stdout] 
[INFO] [stdout] test result: FAILED. 0 passed; 1 failed; 0 ignored; 0 measured; 0 filtered out; finished in 0.08s
[INFO] [stdout] 
[INFO] [stderr] error: doctest failed, to rerun pass `--doc`
[INFO] running `Command { std: "docker" "inspect" "957e26c39efe6cfec6fc32e69cb18903b46bbd6055db25d47669b9faef2beb17", kill_on_drop: false }`
[INFO] running `Command { std: "docker" "rm" "-f" "957e26c39efe6cfec6fc32e69cb18903b46bbd6055db25d47669b9faef2beb17", kill_on_drop: false }`
[INFO] [stdout] 957e26c39efe6cfec6fc32e69cb18903b46bbd6055db25d47669b9faef2beb17
[INFO] testing turbo-crates-testing-proc-macros-0.0.2 against beta-2023-12-22 for beta-1.76-1
[INFO] extracting crate turbo-crates-testing-proc-macros 0.0.2 into /workspace/builds/worker-5-tc2/source
[INFO] validating manifest of crates.io crate turbo-crates-testing-proc-macros 0.0.2 on toolchain beta-2023-12-22
[INFO] running `Command { std: CARGO_HOME="/workspace/cargo-home" RUSTUP_HOME="/workspace/rustup-home" "/workspace/cargo-home/bin/cargo" "+beta-2023-12-22" "metadata" "--manifest-path" "Cargo.toml" "--no-deps", kill_on_drop: false }`
[INFO] started tweaking crates.io crate turbo-crates-testing-proc-macros 0.0.2
[INFO] finished tweaking crates.io crate turbo-crates-testing-proc-macros 0.0.2
[INFO] tweaked toml for crates.io crate turbo-crates-testing-proc-macros 0.0.2 written to /workspace/builds/worker-5-tc2/source/Cargo.toml
[INFO] running `Command { std: CARGO_HOME="/workspace/cargo-home" RUSTUP_HOME="/workspace/rustup-home" "/workspace/cargo-home/bin/cargo" "+beta-2023-12-22" "generate-lockfile" "--manifest-path" "Cargo.toml", kill_on_drop: false }`
[INFO] [stderr]     Updating crates.io index
[INFO] running `Command { std: CARGO_HOME="/workspace/cargo-home" RUSTUP_HOME="/workspace/rustup-home" "/workspace/cargo-home/bin/cargo" "+beta-2023-12-22" "fetch" "--manifest-path" "Cargo.toml", kill_on_drop: false }`
[INFO] running `Command { std: "docker" "create" "-v" "/var/lib/crater-agent-workspace/builds/worker-5-tc2/target:/opt/rustwide/target:rw,Z" "-v" "/var/lib/crater-agent-workspace/builds/worker-5-tc2/source:/opt/rustwide/workdir:ro,Z" "-v" "/var/lib/crater-agent-workspace/cargo-home:/opt/rustwide/cargo-home:ro,Z" "-v" "/var/lib/crater-agent-workspace/rustup-home:/opt/rustwide/rustup-home:ro,Z" "-e" "SOURCE_DIR=/opt/rustwide/workdir" "-e" "CARGO_TARGET_DIR=/opt/rustwide/target" "-e" "CARGO_HOME=/opt/rustwide/cargo-home" "-e" "RUSTUP_HOME=/opt/rustwide/rustup-home" "-w" "/opt/rustwide/workdir" "-m" "1610612736" "--user" "0:0" "--network" "none" "ghcr.io/rust-lang/crates-build-env/linux@sha256:2788e3201cd34a07e3172128adcd8b3090168a8e3bcc40d7c032b9dda1df7d1c" "/opt/rustwide/cargo-home/bin/cargo" "+beta-2023-12-22" "metadata" "--no-deps" "--format-version=1", kill_on_drop: false }`
[INFO] [stdout] c955eb044787bcdfba6e8fd552f4d9b4d6a6a830dde5b10800a4063d6c1ee701
[INFO] running `Command { std: "docker" "start" "-a" "c955eb044787bcdfba6e8fd552f4d9b4d6a6a830dde5b10800a4063d6c1ee701", kill_on_drop: false }`
[INFO] running `Command { std: "docker" "inspect" "c955eb044787bcdfba6e8fd552f4d9b4d6a6a830dde5b10800a4063d6c1ee701", kill_on_drop: false }`
[INFO] running `Command { std: "docker" "rm" "-f" "c955eb044787bcdfba6e8fd552f4d9b4d6a6a830dde5b10800a4063d6c1ee701", kill_on_drop: false }`
[INFO] [stdout] c955eb044787bcdfba6e8fd552f4d9b4d6a6a830dde5b10800a4063d6c1ee701
[INFO] running `Command { std: "docker" "create" "-v" "/var/lib/crater-agent-workspace/builds/worker-5-tc2/target:/opt/rustwide/target:rw,Z" "-v" "/var/lib/crater-agent-workspace/builds/worker-5-tc2/source:/opt/rustwide/workdir:ro,Z" "-v" "/var/lib/crater-agent-workspace/cargo-home:/opt/rustwide/cargo-home:ro,Z" "-v" "/var/lib/crater-agent-workspace/rustup-home:/opt/rustwide/rustup-home:ro,Z" "-e" "SOURCE_DIR=/opt/rustwide/workdir" "-e" "CARGO_TARGET_DIR=/opt/rustwide/target" "-e" "CARGO_INCREMENTAL=0" "-e" "RUST_BACKTRACE=full" "-e" "RUSTFLAGS=--cap-lints=warn" "-e" "RUSTDOCFLAGS=--cap-lints=warn" "-e" "CARGO_HOME=/opt/rustwide/cargo-home" "-e" "RUSTUP_HOME=/opt/rustwide/rustup-home" "-w" "/opt/rustwide/workdir" "-m" "1610612736" "--user" "0:0" "--network" "none" "ghcr.io/rust-lang/crates-build-env/linux@sha256:2788e3201cd34a07e3172128adcd8b3090168a8e3bcc40d7c032b9dda1df7d1c" "/opt/rustwide/cargo-home/bin/cargo" "+beta-2023-12-22" "build" "--frozen" "--message-format=json", kill_on_drop: false }`
[INFO] [stdout] 6878214b2084ade2d3ce4776250e88104595e329f4dc9249a4d2fd3d428f82c2
[INFO] running `Command { std: "docker" "start" "-a" "6878214b2084ade2d3ce4776250e88104595e329f4dc9249a4d2fd3d428f82c2", kill_on_drop: false }`
[INFO] [stderr]    Compiling proc-macro2 v1.0.75
[INFO] [stderr]    Compiling unicode-ident v1.0.12
[INFO] [stderr]    Compiling once_cell v1.19.0
[INFO] [stderr]    Compiling quote v1.0.35
[INFO] [stderr]    Compiling syn v2.0.48
[INFO] [stderr]    Compiling turbo-crates-testing-proc-macros v0.0.2 (/opt/rustwide/workdir)
[INFO] [stderr]     Finished dev [unoptimized + debuginfo] target(s) in 5.83s
[INFO] running `Command { std: "docker" "inspect" "6878214b2084ade2d3ce4776250e88104595e329f4dc9249a4d2fd3d428f82c2", kill_on_drop: false }`
[INFO] running `Command { std: "docker" "rm" "-f" "6878214b2084ade2d3ce4776250e88104595e329f4dc9249a4d2fd3d428f82c2", kill_on_drop: false }`
[INFO] [stdout] 6878214b2084ade2d3ce4776250e88104595e329f4dc9249a4d2fd3d428f82c2
[INFO] running `Command { std: "docker" "create" "-v" "/var/lib/crater-agent-workspace/builds/worker-5-tc2/target:/opt/rustwide/target:rw,Z" "-v" "/var/lib/crater-agent-workspace/builds/worker-5-tc2/source:/opt/rustwide/workdir:ro,Z" "-v" "/var/lib/crater-agent-workspace/cargo-home:/opt/rustwide/cargo-home:ro,Z" "-v" "/var/lib/crater-agent-workspace/rustup-home:/opt/rustwide/rustup-home:ro,Z" "-e" "SOURCE_DIR=/opt/rustwide/workdir" "-e" "CARGO_TARGET_DIR=/opt/rustwide/target" "-e" "CARGO_INCREMENTAL=0" "-e" "RUST_BACKTRACE=full" "-e" "RUSTFLAGS=--cap-lints=warn" "-e" "RUSTDOCFLAGS=--cap-lints=warn" "-e" "CARGO_HOME=/opt/rustwide/cargo-home" "-e" "RUSTUP_HOME=/opt/rustwide/rustup-home" "-w" "/opt/rustwide/workdir" "-m" "1610612736" "--user" "0:0" "--network" "none" "ghcr.io/rust-lang/crates-build-env/linux@sha256:2788e3201cd34a07e3172128adcd8b3090168a8e3bcc40d7c032b9dda1df7d1c" "/opt/rustwide/cargo-home/bin/cargo" "+beta-2023-12-22" "test" "--frozen" "--no-run" "--message-format=json", kill_on_drop: false }`
[INFO] [stdout] a2b40d9642125d9e0564db9f632b4460bedeead8a3a1eccc047fc13236fe9ea5
[INFO] running `Command { std: "docker" "start" "-a" "a2b40d9642125d9e0564db9f632b4460bedeead8a3a1eccc047fc13236fe9ea5", kill_on_drop: false }`
[INFO] [stderr]    Compiling turbo-crates-testing-proc-macros v0.0.2 (/opt/rustwide/workdir)
[INFO] [stderr]     Finished test [unoptimized + debuginfo] target(s) in 0.43s
[INFO] running `Command { std: "docker" "inspect" "a2b40d9642125d9e0564db9f632b4460bedeead8a3a1eccc047fc13236fe9ea5", kill_on_drop: false }`
[INFO] running `Command { std: "docker" "rm" "-f" "a2b40d9642125d9e0564db9f632b4460bedeead8a3a1eccc047fc13236fe9ea5", kill_on_drop: false }`
[INFO] [stdout] a2b40d9642125d9e0564db9f632b4460bedeead8a3a1eccc047fc13236fe9ea5
[INFO] running `Command { std: "docker" "create" "-v" "/var/lib/crater-agent-workspace/builds/worker-5-tc2/target:/opt/rustwide/target:rw,Z" "-v" "/var/lib/crater-agent-workspace/builds/worker-5-tc2/source:/opt/rustwide/workdir:ro,Z" "-v" "/var/lib/crater-agent-workspace/cargo-home:/opt/rustwide/cargo-home:ro,Z" "-v" "/var/lib/crater-agent-workspace/rustup-home:/opt/rustwide/rustup-home:ro,Z" "-e" "SOURCE_DIR=/opt/rustwide/workdir" "-e" "CARGO_TARGET_DIR=/opt/rustwide/target" "-e" "CARGO_INCREMENTAL=0" "-e" "RUST_BACKTRACE=full" "-e" "RUSTFLAGS=--cap-lints=warn" "-e" "RUSTDOCFLAGS=--cap-lints=warn" "-e" "CARGO_HOME=/opt/rustwide/cargo-home" "-e" "RUSTUP_HOME=/opt/rustwide/rustup-home" "-w" "/opt/rustwide/workdir" "-m" "1610612736" "--user" "0:0" "--network" "none" "ghcr.io/rust-lang/crates-build-env/linux@sha256:2788e3201cd34a07e3172128adcd8b3090168a8e3bcc40d7c032b9dda1df7d1c" "/opt/rustwide/cargo-home/bin/cargo" "+beta-2023-12-22" "test" "--frozen", kill_on_drop: false }`
[INFO] [stdout] a583bc75b18d489d7d9cca05ec93ee4b4311c0e32951d7dcf69b3b67728e7978
[INFO] running `Command { std: "docker" "start" "-a" "a583bc75b18d489d7d9cca05ec93ee4b4311c0e32951d7dcf69b3b67728e7978", kill_on_drop: false }`
[INFO] [stderr]     Finished test [unoptimized + debuginfo] target(s) in 0.02s
[INFO] [stderr]      Running unittests src/lib.rs (/opt/rustwide/target/debug/deps/turbo_crates_testing_proc_macros-8d2bb3f267338e8e)
[INFO] [stdout] 
[INFO] [stdout] running 0 tests
[INFO] [stdout] 
[INFO] [stderr]    Doc-tests turbo-crates-testing-proc-macros
[INFO] [stdout] test result: ok. 0 passed; 0 failed; 0 ignored; 0 measured; 0 filtered out; finished in 0.00s
[INFO] [stdout] 
[INFO] [stdout] 
[INFO] [stdout] running 1 test
[INFO] [stdout] test src/lib.rs - safe_tests (line 20) ... FAILED
[INFO] [stdout] 
[INFO] [stdout] failures:
[INFO] [stdout] 
[INFO] [stdout] ---- src/lib.rs - safe_tests (line 20) stdout ----
[INFO] [stdout] error: cannot find attribute `safe_tests` in this scope
[INFO] [stdout]  --> src/lib.rs:21:3
[INFO] [stdout]   |
[INFO] [stdout] 3 | #[safe_tests]
[INFO] [stdout]   |   ^^^^^^^^^^
[INFO] [stdout]   |
[INFO] [stdout] help: consider importing this attribute macro
[INFO] [stdout]   |
[INFO] [stdout] 2 + use turbo_crates_testing_proc_macros::safe_tests;
[INFO] [stdout]   |
[INFO] [stdout] 
[INFO] [stdout] error: cannot find attribute `safe_test` in this scope
[INFO] [stdout]  --> src/lib.rs:25:7
[INFO] [stdout]   |
[INFO] [stdout] 7 |     #[safe_test]
[INFO] [stdout]   |       ^^^^^^^^^
[INFO] [stdout]   |
[INFO] [stdout] help: consider importing this attribute macro
[INFO] [stdout]   |
[INFO] [stdout] 5 +     use turbo_crates_testing_proc_macros::safe_test;
[INFO] [stdout]   |
[INFO] [stdout] 
[INFO] [stdout] error: cannot find attribute `safe_test` in this scope
[INFO] [stdout]   --> src/lib.rs:32:7
[INFO] [stdout]    |
[INFO] [stdout] 14 |     #[safe_test]
[INFO] [stdout]    |       ^^^^^^^^^
[INFO] [stdout]    |
[INFO] [stdout] help: consider importing this attribute macro
[INFO] [stdout]    |
[INFO] [stdout] 5  +     use turbo_crates_testing_proc_macros::safe_test;
[INFO] [stdout]    |
[INFO] [stdout] 
[INFO] [stdout] error: aborting due to 3 previous errors
[INFO] [stdout] 
[INFO] [stdout] Couldn't compile the test.
[INFO] [stdout] 
[INFO] [stdout] failures:
[INFO] [stdout]     src/lib.rs - safe_tests (line 20)
[INFO] [stdout] 
[INFO] [stdout] test result: FAILED. 0 passed; 1 failed; 0 ignored; 0 measured; 0 filtered out; finished in 0.07s
[INFO] [stdout] 
[INFO] [stderr] error: doctest failed, to rerun pass `--doc`
[INFO] running `Command { std: "docker" "inspect" "a583bc75b18d489d7d9cca05ec93ee4b4311c0e32951d7dcf69b3b67728e7978", kill_on_drop: false }`
[INFO] running `Command { std: "docker" "rm" "-f" "a583bc75b18d489d7d9cca05ec93ee4b4311c0e32951d7dcf69b3b67728e7978", kill_on_drop: false }`
[INFO] [stdout] a583bc75b18d489d7d9cca05ec93ee4b4311c0e32951d7dcf69b3b67728e7978
