[INFO] fetching crate tuig-ui 0.0.5...
[INFO] testing tuig-ui-0.0.5 against 1.75.0 for beta-1.76-1
[INFO] extracting crate tuig-ui 0.0.5 into /workspace/builds/worker-6-tc1/source
[INFO] validating manifest of crates.io crate tuig-ui 0.0.5 on toolchain 1.75.0
[INFO] running `Command { std: CARGO_HOME="/workspace/cargo-home" RUSTUP_HOME="/workspace/rustup-home" "/workspace/cargo-home/bin/cargo" "+1.75.0" "metadata" "--manifest-path" "Cargo.toml" "--no-deps", kill_on_drop: false }`
[INFO] started tweaking crates.io crate tuig-ui 0.0.5
[INFO] finished tweaking crates.io crate tuig-ui 0.0.5
[INFO] tweaked toml for crates.io crate tuig-ui 0.0.5 written to /workspace/builds/worker-6-tc1/source/Cargo.toml
[INFO] crate crates.io crate tuig-ui 0.0.5 already has a lockfile, it will not be regenerated
[INFO] running `Command { std: CARGO_HOME="/workspace/cargo-home" RUSTUP_HOME="/workspace/rustup-home" "/workspace/cargo-home/bin/cargo" "+1.75.0" "fetch" "--manifest-path" "Cargo.toml", kill_on_drop: false }`
[INFO] [stderr]     Updating crates.io index
[INFO] [stderr]  Downloading crates ...
[INFO] [stderr]   Downloaded tuig-pm v0.0.5
[INFO] [stderr]   Downloaded tuig-iosys v0.0.5
[INFO] running `Command { std: "docker" "create" "-v" "/var/lib/crater-agent-workspace/builds/worker-6-tc1/target:/opt/rustwide/target:rw,Z" "-v" "/var/lib/crater-agent-workspace/builds/worker-6-tc1/source:/opt/rustwide/workdir:ro,Z" "-v" "/var/lib/crater-agent-workspace/cargo-home:/opt/rustwide/cargo-home:ro,Z" "-v" "/var/lib/crater-agent-workspace/rustup-home:/opt/rustwide/rustup-home:ro,Z" "-e" "SOURCE_DIR=/opt/rustwide/workdir" "-e" "CARGO_TARGET_DIR=/opt/rustwide/target" "-e" "CARGO_HOME=/opt/rustwide/cargo-home" "-e" "RUSTUP_HOME=/opt/rustwide/rustup-home" "-w" "/opt/rustwide/workdir" "-m" "1610612736" "--user" "0:0" "--network" "none" "ghcr.io/rust-lang/crates-build-env/linux@sha256:2788e3201cd34a07e3172128adcd8b3090168a8e3bcc40d7c032b9dda1df7d1c" "/opt/rustwide/cargo-home/bin/cargo" "+1.75.0" "metadata" "--no-deps" "--format-version=1", kill_on_drop: false }`
[INFO] [stdout] 49d07d40fff0a853f98f25c798afa0c65e93cbeb5ddbdf40989c9efa1491ff69
[INFO] running `Command { std: "docker" "start" "-a" "49d07d40fff0a853f98f25c798afa0c65e93cbeb5ddbdf40989c9efa1491ff69", kill_on_drop: false }`
[INFO] running `Command { std: "docker" "inspect" "49d07d40fff0a853f98f25c798afa0c65e93cbeb5ddbdf40989c9efa1491ff69", kill_on_drop: false }`
[INFO] running `Command { std: "docker" "rm" "-f" "49d07d40fff0a853f98f25c798afa0c65e93cbeb5ddbdf40989c9efa1491ff69", kill_on_drop: false }`
[INFO] [stdout] 49d07d40fff0a853f98f25c798afa0c65e93cbeb5ddbdf40989c9efa1491ff69
[INFO] running `Command { std: "docker" "create" "-v" "/var/lib/crater-agent-workspace/builds/worker-6-tc1/target:/opt/rustwide/target:rw,Z" "-v" "/var/lib/crater-agent-workspace/builds/worker-6-tc1/source:/opt/rustwide/workdir:ro,Z" "-v" "/var/lib/crater-agent-workspace/cargo-home:/opt/rustwide/cargo-home:ro,Z" "-v" "/var/lib/crater-agent-workspace/rustup-home:/opt/rustwide/rustup-home:ro,Z" "-e" "SOURCE_DIR=/opt/rustwide/workdir" "-e" "CARGO_TARGET_DIR=/opt/rustwide/target" "-e" "CARGO_INCREMENTAL=0" "-e" "RUST_BACKTRACE=full" "-e" "RUSTFLAGS=--cap-lints=warn" "-e" "RUSTDOCFLAGS=--cap-lints=warn" "-e" "CARGO_HOME=/opt/rustwide/cargo-home" "-e" "RUSTUP_HOME=/opt/rustwide/rustup-home" "-w" "/opt/rustwide/workdir" "-m" "1610612736" "--user" "0:0" "--network" "none" "ghcr.io/rust-lang/crates-build-env/linux@sha256:2788e3201cd34a07e3172128adcd8b3090168a8e3bcc40d7c032b9dda1df7d1c" "/opt/rustwide/cargo-home/bin/cargo" "+1.75.0" "build" "--frozen" "--message-format=json", kill_on_drop: false }`
[INFO] [stdout] 257d1bf10b208ca3f41f3ad936015b9d5d192d12072cea71ad08467d91eb1872
[INFO] running `Command { std: "docker" "start" "-a" "257d1bf10b208ca3f41f3ad936015b9d5d192d12072cea71ad08467d91eb1872", kill_on_drop: false }`
[INFO] [stderr]    Compiling semver v1.0.20
[INFO] [stderr]    Compiling either v1.9.0
[INFO] [stderr]    Compiling syn v2.0.38
[INFO] [stderr]    Compiling itertools v0.10.5
[INFO] [stderr]    Compiling rustc_version v0.4.0
[INFO] [stderr]    Compiling tuig-pm v0.0.5
[INFO] [stderr]    Compiling tuig-iosys v0.0.5
[INFO] [stderr]    Compiling tuig-ui v0.0.5 (/opt/rustwide/workdir)
[INFO] [stderr]     Finished dev [unoptimized + debuginfo] target(s) in 2.68s
[INFO] running `Command { std: "docker" "inspect" "257d1bf10b208ca3f41f3ad936015b9d5d192d12072cea71ad08467d91eb1872", kill_on_drop: false }`
[INFO] running `Command { std: "docker" "rm" "-f" "257d1bf10b208ca3f41f3ad936015b9d5d192d12072cea71ad08467d91eb1872", kill_on_drop: false }`
[INFO] [stdout] 257d1bf10b208ca3f41f3ad936015b9d5d192d12072cea71ad08467d91eb1872
[INFO] running `Command { std: "docker" "create" "-v" "/var/lib/crater-agent-workspace/builds/worker-6-tc1/target:/opt/rustwide/target:rw,Z" "-v" "/var/lib/crater-agent-workspace/builds/worker-6-tc1/source:/opt/rustwide/workdir:ro,Z" "-v" "/var/lib/crater-agent-workspace/cargo-home:/opt/rustwide/cargo-home:ro,Z" "-v" "/var/lib/crater-agent-workspace/rustup-home:/opt/rustwide/rustup-home:ro,Z" "-e" "SOURCE_DIR=/opt/rustwide/workdir" "-e" "CARGO_TARGET_DIR=/opt/rustwide/target" "-e" "CARGO_INCREMENTAL=0" "-e" "RUST_BACKTRACE=full" "-e" "RUSTFLAGS=--cap-lints=warn" "-e" "RUSTDOCFLAGS=--cap-lints=warn" "-e" "CARGO_HOME=/opt/rustwide/cargo-home" "-e" "RUSTUP_HOME=/opt/rustwide/rustup-home" "-w" "/opt/rustwide/workdir" "-m" "1610612736" "--user" "0:0" "--network" "none" "ghcr.io/rust-lang/crates-build-env/linux@sha256:2788e3201cd34a07e3172128adcd8b3090168a8e3bcc40d7c032b9dda1df7d1c" "/opt/rustwide/cargo-home/bin/cargo" "+1.75.0" "test" "--frozen" "--no-run" "--message-format=json", kill_on_drop: false }`
[INFO] [stdout] 531e9274bafee52af935e922d5d605243308115cf8f02b6f93a546ff91ffc9d2
[INFO] running `Command { std: "docker" "start" "-a" "531e9274bafee52af935e922d5d605243308115cf8f02b6f93a546ff91ffc9d2", kill_on_drop: false }`
[INFO] [stderr]    Compiling tuig-ui v0.0.5 (/opt/rustwide/workdir)
[INFO] [stderr]     Finished test [unoptimized + debuginfo] target(s) in 1.20s
[INFO] running `Command { std: "docker" "inspect" "531e9274bafee52af935e922d5d605243308115cf8f02b6f93a546ff91ffc9d2", kill_on_drop: false }`
[INFO] running `Command { std: "docker" "rm" "-f" "531e9274bafee52af935e922d5d605243308115cf8f02b6f93a546ff91ffc9d2", kill_on_drop: false }`
[INFO] [stdout] 531e9274bafee52af935e922d5d605243308115cf8f02b6f93a546ff91ffc9d2
[INFO] running `Command { std: "docker" "create" "-v" "/var/lib/crater-agent-workspace/builds/worker-6-tc1/target:/opt/rustwide/target:rw,Z" "-v" "/var/lib/crater-agent-workspace/builds/worker-6-tc1/source:/opt/rustwide/workdir:ro,Z" "-v" "/var/lib/crater-agent-workspace/cargo-home:/opt/rustwide/cargo-home:ro,Z" "-v" "/var/lib/crater-agent-workspace/rustup-home:/opt/rustwide/rustup-home:ro,Z" "-e" "SOURCE_DIR=/opt/rustwide/workdir" "-e" "CARGO_TARGET_DIR=/opt/rustwide/target" "-e" "CARGO_INCREMENTAL=0" "-e" "RUST_BACKTRACE=full" "-e" "RUSTFLAGS=--cap-lints=warn" "-e" "RUSTDOCFLAGS=--cap-lints=warn" "-e" "CARGO_HOME=/opt/rustwide/cargo-home" "-e" "RUSTUP_HOME=/opt/rustwide/rustup-home" "-w" "/opt/rustwide/workdir" "-m" "1610612736" "--user" "0:0" "--network" "none" "ghcr.io/rust-lang/crates-build-env/linux@sha256:2788e3201cd34a07e3172128adcd8b3090168a8e3bcc40d7c032b9dda1df7d1c" "/opt/rustwide/cargo-home/bin/cargo" "+1.75.0" "test" "--frozen", kill_on_drop: false }`
[INFO] [stdout] b27982fc268f7078db09729e990e02b06e6fb5081c3405ada23a9013047c3df3
[INFO] running `Command { std: "docker" "start" "-a" "b27982fc268f7078db09729e990e02b06e6fb5081c3405ada23a9013047c3df3", kill_on_drop: false }`
[INFO] [stderr]     Finished test [unoptimized + debuginfo] target(s) in 0.01s
[INFO] [stderr]      Running unittests src/lib.rs (/opt/rustwide/target/debug/deps/tuig_ui-74a10936ff4252ff)
[INFO] [stdout] 
[INFO] [stdout] running 102 tests
[INFO] [stdout] test attachments::text_input::test::autocomplete_goes_away_after_keypress ... ok
[INFO] [stdout] test attachments::text_input::test::autocomplete_render_correct ... ok
[INFO] [stdout] test attachments::text_input::test::blank_renders_prompt ... ok
[INFO] [stdout] test attachments::text_input::test::autocomplete_clipped_shows_gray_dots ... ok
[INFO] [stdout] test attachments::text_input::test::autocomplete_barely_unclipped_shows_white_dots ... ok
[INFO] [stdout] test attachments::text_input::test::cursor_move_doesnt_select_history ... ok
[INFO] [stdout] test attachments::text_input::test::down_restores_current_line ... ok
[INFO] [stdout] test attachments::text_input::test::empty_renders_nothing ... ok
[INFO] [stdout] test attachments::text_input::test::enter_selects_history_and_submits ... ok
[INFO] [stdout] test attachments::text_input::test::end_moves_cursor ... ok
[INFO] [stdout] test attachments::text_input::test::home_moves_cursor ... ok
[INFO] [stdout] test attachments::text_input::test::left_arrow_moves_cursor ... ok
[INFO] [stdout] test attachments::text_input::test::overflow_with_cursor_at_end_shows_last ... ok
[INFO] [stdout] test attachments::text_input::test::overflow_with_cursor_at_beginning_shows_beginning ... ok
[INFO] [stdout] test attachments::text_input::test::overflow_with_cursor_just_before_end_shows_last ... ok
[INFO] [stdout] test attachments::text_input::test::overflow_with_cursor_in_middle_shows_middle ... ok
[INFO] [stdout] test attachments::text_input::test::store_alone_adds_to_history ... ok
[INFO] [stdout] test attachments::text_input::test::text_rendered_on_keypress ... ok
[INFO] [stdout] test attachments::text_input::test::press_tab_triggers_autocomplete ... ok
[INFO] [stdout] test attachments::text_input::test::overflow_with_cursor_near_end_shows_last ... ok
[INFO] [stdout] test attachments::text_input::test::overflow_with_cursor_near_beginning_shows_beginning ... ok
[INFO] [stdout] test attachments::text_input::test::press_enter_returns_input_text_when_cursor_not_at_end ... ok
[INFO] [stdout] test attachments::text_input::test::submit_alone_doesnt_add_to_history ... ok
[INFO] [stdout] test attachments::text_input::test::text_typed_is_rendered ... ok
[INFO] [stdout] test attachments::text_input::test::typing_selects_history ... ok
[INFO] [stdout] test attachments::text_input::test::right_arrow_moves_cursor ... ok
[INFO] [stdout] test inputstate::test::other_press_ignored ... ok
[INFO] [stdout] test attachments::text_input::test::press_enter_returns_input_text ... ok
[INFO] [stdout] test attachments::textbox::test::blank_textbox_renders_nothing ... ok
[INFO] [stdout] test inputstate::test::other_action_ignored ... ok
[INFO] [stdout] test inputstate::test::other_press_action_ignored ... ok
[INFO] [stdout] test attachments::textbox::test::basic_textbox_renders_right ... ok
[INFO] [stdout] test attachments::textbox::test::textbox_positioning_works ... ok
[INFO] [stdout] test inputstate::test::other_release_action_ignored ... ok
[INFO] [stdout] test inputstate::test::press_Left_Alt ... ok
[INFO] [stdout] test inputstate::test::press_Left_Ctrl ... ok
[INFO] [stdout] test attachments::textbox::test::textbox_linefill_carries_formatting ... ok
[INFO] [stdout] test inputstate::test::press_Left_Shift ... ok
[INFO] [stdout] test inputstate::test::press_Left_Alt_action ... ok
[INFO] [stdout] test inputstate::test::press_Left_Ctrl_action ... ok
[INFO] [stdout] test attachments::textbox::test::textbox_scroll_bottom_moves_view ... ok
[INFO] [stdout] test inputstate::test::press_Left_Shift_action ... ok
[INFO] [stdout] test inputstate::test::other_release_ignored ... ok
[INFO] [stdout] test inputstate::test::press_Right_Ctrl_action ... ok
[INFO] [stdout] test attachments::textbox::test::textbox_scroll_moves_view ... ok
[INFO] [stdout] test inputstate::test::press_Right_Super_action ... ok
[INFO] [stdout] test inputstate::test::press_Right_Alt ... ok
[INFO] [stdout] test inputstate::test::press_Right_Alt_action ... ok
[INFO] [stdout] test inputstate::test::press_Right_Ctrl ... ok
[INFO] [stdout] test inputstate::test::release_Left_Alt ... ok
[INFO] [stdout] test inputstate::test::release_Left_Alt_action ... ok
[INFO] [stdout] test inputstate::test::release_Left_Ctrl ... ok
[INFO] [stdout] test inputstate::test::press_Left_Super ... ok
[INFO] [stdout] test inputstate::test::press_Right_Shift ... ok
[INFO] [stdout] test inputstate::test::press_Right_Shift_action ... ok
[INFO] [stdout] test inputstate::test::press_Left_Super_action ... ok
[INFO] [stdout] test inputstate::test::press_Right_Super ... ok
[INFO] [stdout] test attachments::textbox::test::textbox_size_truncates ... ok
[INFO] [stdout] test attachments::textbox::test::textbox_wrap_carries_formatting ... ok
[INFO] [stdout] test inputstate::test::release_Left_Ctrl_action ... ok
[INFO] [stdout] test inputstate::test::release_Left_Shift ... ok
[INFO] [stdout] test inputstate::test::release_Left_Shift_action ... ok
[INFO] [stdout] test inputstate::test::release_Left_Super ... ok
[INFO] [stdout] test attachments::textbox::test::textbox_wraps_words_and_overwrites ... ok
[INFO] [stdout] test inputstate::test::release_Left_Super_action ... ok
[INFO] [stdout] test inputstate::test::release_Right_Alt ... ok
[INFO] [stdout] test inputstate::test::release_Right_Alt_action ... ok
[INFO] [stdout] test inputstate::test::release_Right_Ctrl ... ok
[INFO] [stdout] test inputstate::test::release_Right_Ctrl_action ... ok
[INFO] [stdout] test inputstate::test::release_Right_Shift ... ok
[INFO] [stdout] test inputstate::test::release_Right_Shift_action ... ok
[INFO] [stdout] test inputstate::test::release_Right_Super ... ok
[INFO] [stdout] test inputstate::test::release_Right_Super_action ... ok
[INFO] [stdout] test splitters::statics::test::plain_star_returns_original ... ok
[INFO] [stdout] test splitters::statics::test::slice_left_and_right ... ok
[INFO] [stdout] test splitters::statics::test::slice_left_and_right_presep ... ok
[INFO] [stdout] test splitters::statics::test::slice_left_and_right_sep0 ... ok
[INFO] [stdout] test splitters::statics::test::slice_left_and_right_sep1 ... ok
[INFO] [stdout] test splitters::statics::test::slice_left_and_right_sep2 ... ok
[INFO] [stdout] test splitters::statics::test::separator_fills_separations ... ok
[INFO] [stdout] test splitters::statics::test::slice_off_left_sep0 ... ok
[INFO] [stdout] test splitters::statics::test::slice_off_right_presep ... ok
[INFO] [stdout] test splitters::statics::test::slice_off_right_sep0 ... ok
[INFO] [stdout] test splitters::statics::test::slice_off_right ... ok
[INFO] [stdout] test splitters::statics::test::slice_off_left_sep1 ... ok
[INFO] [stdout] test splitters::statics::test::slice_off_left_presep ... ok
[INFO] [stdout] test splitters::statics::test::slice_off_right_sep1 ... ok
[INFO] [stdout] test splitters::statics::test::split_just_enough_plus_presep_fails ... ok
[INFO] [stdout] test splitters::statics::test::split_just_enough_plus_sep1_fails ... ok
[INFO] [stdout] test splitters::statics::test::split_just_enough_succeeds ... ok
[INFO] [stdout] test splitters::statics::test::split_just_more_fails ... ok
[INFO] [stdout] test splitters::statics::test::split_star_just_more_fails ... ok
[INFO] [stdout] test view::test::get_cell_inbounds ... ok
[INFO] [stdout] test view::test::get_cell_mut_outside ... ok
[INFO] [stdout] test view::test::get_cell_outside ... ok
[INFO] [stdout] test splitters::statics::test::slice_off_left ... ok
[INFO] [stdout] test splitters::statics::test::split_just_enough_plus_sep0_fails ... ok
[INFO] [stdout] test view::test::get_row_inbounds ... ok
[INFO] [stdout] test view::test::get_row_mut_outside ... ok
[INFO] [stdout] test view::test::get_row_outside ... ok
[INFO] [stdout] test view::test::set_cell_inbounds ... ok
[INFO] [stdout] test view::test::set_row_inbounds ... ok
[INFO] [stdout] 
[INFO] [stdout] test result: ok. 102 passed; 0 failed; 0 ignored; 0 measured; 0 filtered out; finished in 0.01s
[INFO] [stdout] 
[INFO] [stderr]    Doc-tests tuig-ui
[INFO] [stdout] 
[INFO] [stdout] running 4 tests
[INFO] [stdout] test src/macros.rs - macros::cols (line 15) ... ignored
[INFO] [stdout] test src/macros.rs - macros::cols (line 30) ... ignored
[INFO] [stdout] test src/macros.rs - macros::cols (line 7) ... ignored
[INFO] [stdout] test src/attachments/text_input.rs - attachments::text_input::TextInput (line 27) - compile ... FAILED
[INFO] [stdout] 
[INFO] [stdout] failures:
[INFO] [stdout] 
[INFO] [stdout] ---- src/attachments/text_input.rs - attachments::text_input::TextInput (line 27) stdout ----
[INFO] [stdout] error[E0061]: this function takes 1 argument but 0 arguments were supplied
[INFO] [stdout]    --> src/attachments/text_input.rs:31:1
[INFO] [stdout]     |
[INFO] [stdout] 7   | Region::empty();
[INFO] [stdout]     | ^^^^^^^^^^^^^-- an argument of type `tuig_iosys::action::Action` is missing
[INFO] [stdout]     |
[INFO] [stdout] note: associated function defined here
[INFO] [stdout]    --> /opt/rustwide/workdir/src/region.rs:130:12
[INFO] [stdout]     |
[INFO] [stdout] 130 |     pub fn empty(input: Action) -> Self {
[INFO] [stdout]     |            ^^^^^
[INFO] [stdout] help: provide the argument
[INFO] [stdout]     |
[INFO] [stdout] 7   | Region::empty(/* tuig_iosys::action::Action */);
[INFO] [stdout]     |              ~~~~~~~~~~~~~~~~~~~~~~~~~~~~~~~~~~
[INFO] [stdout] 
[INFO] [stdout] error: aborting due to previous error
[INFO] [stdout] 
[INFO] [stdout] For more information about this error, try `rustc --explain E0061`.
[INFO] [stdout] Couldn't compile the test.
[INFO] [stdout] 
[INFO] [stdout] failures:
[INFO] [stdout]     src/attachments/text_input.rs - attachments::text_input::TextInput (line 27)
[INFO] [stdout] 
[INFO] [stdout] test result: FAILED. 0 passed; 1 failed; 3 ignored; 0 measured; 0 filtered out; finished in 0.04s
[INFO] [stdout] 
[INFO] [stderr] error: doctest failed, to rerun pass `--doc`
[INFO] running `Command { std: "docker" "inspect" "b27982fc268f7078db09729e990e02b06e6fb5081c3405ada23a9013047c3df3", kill_on_drop: false }`
[INFO] running `Command { std: "docker" "rm" "-f" "b27982fc268f7078db09729e990e02b06e6fb5081c3405ada23a9013047c3df3", kill_on_drop: false }`
[INFO] [stdout] b27982fc268f7078db09729e990e02b06e6fb5081c3405ada23a9013047c3df3
