[INFO] fetching crate tui_lib 0.1.7...
[INFO] testing tui_lib-0.1.7 against 1.75.0 for beta-1.76-1
[INFO] extracting crate tui_lib 0.1.7 into /workspace/builds/worker-1-tc1/source
[INFO] validating manifest of crates.io crate tui_lib 0.1.7 on toolchain 1.75.0
[INFO] running `Command { std: CARGO_HOME="/workspace/cargo-home" RUSTUP_HOME="/workspace/rustup-home" "/workspace/cargo-home/bin/cargo" "+1.75.0" "metadata" "--manifest-path" "Cargo.toml" "--no-deps", kill_on_drop: false }`
[INFO] removed /workspace/builds/worker-1-tc1/source/.cargo/config.toml
[INFO] started tweaking crates.io crate tui_lib 0.1.7
[INFO] finished tweaking crates.io crate tui_lib 0.1.7
[INFO] tweaked toml for crates.io crate tui_lib 0.1.7 written to /workspace/builds/worker-1-tc1/source/Cargo.toml
[INFO] running `Command { std: CARGO_HOME="/workspace/cargo-home" RUSTUP_HOME="/workspace/rustup-home" "/workspace/cargo-home/bin/cargo" "+1.75.0" "generate-lockfile" "--manifest-path" "Cargo.toml", kill_on_drop: false }`
[INFO] running `Command { std: CARGO_HOME="/workspace/cargo-home" RUSTUP_HOME="/workspace/rustup-home" "/workspace/cargo-home/bin/cargo" "+1.75.0" "fetch" "--manifest-path" "Cargo.toml", kill_on_drop: false }`
[INFO] running `Command { std: "docker" "create" "-v" "/var/lib/crater-agent-workspace/builds/worker-1-tc1/target:/opt/rustwide/target:rw,Z" "-v" "/var/lib/crater-agent-workspace/builds/worker-1-tc1/source:/opt/rustwide/workdir:ro,Z" "-v" "/var/lib/crater-agent-workspace/cargo-home:/opt/rustwide/cargo-home:ro,Z" "-v" "/var/lib/crater-agent-workspace/rustup-home:/opt/rustwide/rustup-home:ro,Z" "-e" "SOURCE_DIR=/opt/rustwide/workdir" "-e" "CARGO_TARGET_DIR=/opt/rustwide/target" "-e" "CARGO_HOME=/opt/rustwide/cargo-home" "-e" "RUSTUP_HOME=/opt/rustwide/rustup-home" "-w" "/opt/rustwide/workdir" "-m" "1610612736" "--user" "0:0" "--network" "none" "ghcr.io/rust-lang/crates-build-env/linux@sha256:2788e3201cd34a07e3172128adcd8b3090168a8e3bcc40d7c032b9dda1df7d1c" "/opt/rustwide/cargo-home/bin/cargo" "+1.75.0" "metadata" "--no-deps" "--format-version=1", kill_on_drop: false }`
[INFO] [stdout] 62671609ae11d8a58ac5aed49391c48c9c5cbbaeb538b10a7797ee1715e84829
[INFO] running `Command { std: "docker" "start" "-a" "62671609ae11d8a58ac5aed49391c48c9c5cbbaeb538b10a7797ee1715e84829", kill_on_drop: false }`
[INFO] running `Command { std: "docker" "inspect" "62671609ae11d8a58ac5aed49391c48c9c5cbbaeb538b10a7797ee1715e84829", kill_on_drop: false }`
[INFO] running `Command { std: "docker" "rm" "-f" "62671609ae11d8a58ac5aed49391c48c9c5cbbaeb538b10a7797ee1715e84829", kill_on_drop: false }`
[INFO] [stdout] 62671609ae11d8a58ac5aed49391c48c9c5cbbaeb538b10a7797ee1715e84829
[INFO] running `Command { std: "docker" "create" "-v" "/var/lib/crater-agent-workspace/builds/worker-1-tc1/target:/opt/rustwide/target:rw,Z" "-v" "/var/lib/crater-agent-workspace/builds/worker-1-tc1/source:/opt/rustwide/workdir:ro,Z" "-v" "/var/lib/crater-agent-workspace/cargo-home:/opt/rustwide/cargo-home:ro,Z" "-v" "/var/lib/crater-agent-workspace/rustup-home:/opt/rustwide/rustup-home:ro,Z" "-e" "SOURCE_DIR=/opt/rustwide/workdir" "-e" "CARGO_TARGET_DIR=/opt/rustwide/target" "-e" "CARGO_INCREMENTAL=0" "-e" "RUST_BACKTRACE=full" "-e" "RUSTFLAGS=--cap-lints=warn" "-e" "RUSTDOCFLAGS=--cap-lints=warn" "-e" "CARGO_HOME=/opt/rustwide/cargo-home" "-e" "RUSTUP_HOME=/opt/rustwide/rustup-home" "-w" "/opt/rustwide/workdir" "-m" "1610612736" "--user" "0:0" "--network" "none" "ghcr.io/rust-lang/crates-build-env/linux@sha256:2788e3201cd34a07e3172128adcd8b3090168a8e3bcc40d7c032b9dda1df7d1c" "/opt/rustwide/cargo-home/bin/cargo" "+1.75.0" "build" "--frozen" "--message-format=json", kill_on_drop: false }`
[INFO] [stdout] 6a7f674a15ac55ea494652c34a9cd550114127a84a8660e7ff4d3f7195d8b3c2
[INFO] running `Command { std: "docker" "start" "-a" "6a7f674a15ac55ea494652c34a9cd550114127a84a8660e7ff4d3f7195d8b3c2", kill_on_drop: false }`
[INFO] [stderr]    Compiling tui_lib v0.1.7 (/opt/rustwide/workdir)
[INFO] [stderr]     Finished dev [unoptimized + debuginfo] target(s) in 0.17s
[INFO] running `Command { std: "docker" "inspect" "6a7f674a15ac55ea494652c34a9cd550114127a84a8660e7ff4d3f7195d8b3c2", kill_on_drop: false }`
[INFO] running `Command { std: "docker" "rm" "-f" "6a7f674a15ac55ea494652c34a9cd550114127a84a8660e7ff4d3f7195d8b3c2", kill_on_drop: false }`
[INFO] [stdout] 6a7f674a15ac55ea494652c34a9cd550114127a84a8660e7ff4d3f7195d8b3c2
[INFO] running `Command { std: "docker" "create" "-v" "/var/lib/crater-agent-workspace/builds/worker-1-tc1/target:/opt/rustwide/target:rw,Z" "-v" "/var/lib/crater-agent-workspace/builds/worker-1-tc1/source:/opt/rustwide/workdir:ro,Z" "-v" "/var/lib/crater-agent-workspace/cargo-home:/opt/rustwide/cargo-home:ro,Z" "-v" "/var/lib/crater-agent-workspace/rustup-home:/opt/rustwide/rustup-home:ro,Z" "-e" "SOURCE_DIR=/opt/rustwide/workdir" "-e" "CARGO_TARGET_DIR=/opt/rustwide/target" "-e" "CARGO_INCREMENTAL=0" "-e" "RUST_BACKTRACE=full" "-e" "RUSTFLAGS=--cap-lints=warn" "-e" "RUSTDOCFLAGS=--cap-lints=warn" "-e" "CARGO_HOME=/opt/rustwide/cargo-home" "-e" "RUSTUP_HOME=/opt/rustwide/rustup-home" "-w" "/opt/rustwide/workdir" "-m" "1610612736" "--user" "0:0" "--network" "none" "ghcr.io/rust-lang/crates-build-env/linux@sha256:2788e3201cd34a07e3172128adcd8b3090168a8e3bcc40d7c032b9dda1df7d1c" "/opt/rustwide/cargo-home/bin/cargo" "+1.75.0" "test" "--frozen" "--no-run" "--message-format=json", kill_on_drop: false }`
[INFO] [stdout] 1ab4e87d23343dcc22be2bde71346e09cc4ef2c94cd3c406f99676f643640e9d
[INFO] running `Command { std: "docker" "start" "-a" "1ab4e87d23343dcc22be2bde71346e09cc4ef2c94cd3c406f99676f643640e9d", kill_on_drop: false }`
[INFO] [stderr]    Compiling tui_lib v0.1.7 (/opt/rustwide/workdir)
[INFO] [stderr]     Finished test [unoptimized + debuginfo] target(s) in 0.32s
[INFO] running `Command { std: "docker" "inspect" "1ab4e87d23343dcc22be2bde71346e09cc4ef2c94cd3c406f99676f643640e9d", kill_on_drop: false }`
[INFO] running `Command { std: "docker" "rm" "-f" "1ab4e87d23343dcc22be2bde71346e09cc4ef2c94cd3c406f99676f643640e9d", kill_on_drop: false }`
[INFO] [stdout] 1ab4e87d23343dcc22be2bde71346e09cc4ef2c94cd3c406f99676f643640e9d
[INFO] running `Command { std: "docker" "create" "-v" "/var/lib/crater-agent-workspace/builds/worker-1-tc1/target:/opt/rustwide/target:rw,Z" "-v" "/var/lib/crater-agent-workspace/builds/worker-1-tc1/source:/opt/rustwide/workdir:ro,Z" "-v" "/var/lib/crater-agent-workspace/cargo-home:/opt/rustwide/cargo-home:ro,Z" "-v" "/var/lib/crater-agent-workspace/rustup-home:/opt/rustwide/rustup-home:ro,Z" "-e" "SOURCE_DIR=/opt/rustwide/workdir" "-e" "CARGO_TARGET_DIR=/opt/rustwide/target" "-e" "CARGO_INCREMENTAL=0" "-e" "RUST_BACKTRACE=full" "-e" "RUSTFLAGS=--cap-lints=warn" "-e" "RUSTDOCFLAGS=--cap-lints=warn" "-e" "CARGO_HOME=/opt/rustwide/cargo-home" "-e" "RUSTUP_HOME=/opt/rustwide/rustup-home" "-w" "/opt/rustwide/workdir" "-m" "1610612736" "--user" "0:0" "--network" "none" "ghcr.io/rust-lang/crates-build-env/linux@sha256:2788e3201cd34a07e3172128adcd8b3090168a8e3bcc40d7c032b9dda1df7d1c" "/opt/rustwide/cargo-home/bin/cargo" "+1.75.0" "test" "--frozen", kill_on_drop: false }`
[INFO] [stdout] 6b8252a77d4e3435258920d82ed524c6def9b0c5187c6a72529507dcf375287e
[INFO] running `Command { std: "docker" "start" "-a" "6b8252a77d4e3435258920d82ed524c6def9b0c5187c6a72529507dcf375287e", kill_on_drop: false }`
[INFO] [stderr]     Finished test [unoptimized + debuginfo] target(s) in 0.00s
[INFO] [stderr]      Running unittests src/lib.rs (/opt/rustwide/target/debug/deps/tui_lib-40bdfedaa4efe32c)
[INFO] [stdout] 
[INFO] [stdout] running 9 tests
[INFO] [stdout] test tui_terminal_tests::test_font_settings_restore ... FAILED
[INFO] [stdout] test tui_terminal_tests::test_restore_cursor_position ... FAILED
[INFO] [stdout] test tui_terminal_tests::test_set_cursor_position ... FAILED
[INFO] [stdout] test tui_terminal_tests::test_shift_cursor_backwards ... FAILED
[INFO] [stdout] test tui_terminal_tests::test_shift_cursor_down ... FAILED
[INFO] [stdout] test tui_terminal_tests::test_shift_cursor_forwards ... FAILED
[INFO] [stdout] test tui_terminal_tests::test_shift_cursor_next ... FAILED
[INFO] [stdout] test tui_terminal_tests::test_shift_cursor_previous ... FAILED
[INFO] [stdout] test tui_terminal_tests::test_shift_cursor_up ... FAILED
[INFO] [stdout] 
[INFO] [stdout] failures:
[INFO] [stdout] 
[INFO] [stdout] ---- tui_terminal_tests::test_font_settings_restore stdout ----
[INFO] [stdout] Error: "Unable to Create Tui Terminal"
[INFO] [stdout] 
[INFO] [stdout] ---- tui_terminal_tests::test_restore_cursor_position stdout ----
[INFO] [stdout] Error: "Unable To Create TuiTerminal"
[INFO] [stdout] 
[INFO] [stdout] ---- tui_terminal_tests::test_set_cursor_position stdout ----
[INFO] [stdout] Error: "Unable To Create TuiTerminal"
[INFO] [stdout] 
[INFO] [stdout] ---- tui_terminal_tests::test_shift_cursor_backwards stdout ----
[INFO] [stdout] Error: "Unable To Create TuiTerminal"
[INFO] [stdout] 
[INFO] [stdout] ---- tui_terminal_tests::test_shift_cursor_down stdout ----
[INFO] [stdout] Error: "Unable to Create Tui Terminal"
[INFO] [stdout] 
[INFO] [stdout] ---- tui_terminal_tests::test_shift_cursor_forwards stdout ----
[INFO] [stdout] Error: "Unable To Create TuiTerminal"
[INFO] [stdout] 
[INFO] [stdout] ---- tui_terminal_tests::test_shift_cursor_next stdout ----
[INFO] [stdout] Error: "Unable To Create TuiTerminal"
[INFO] [stdout] 
[INFO] [stdout] ---- tui_terminal_tests::test_shift_cursor_previous stdout ----
[INFO] [stdout] Error: "Unable To Create TuiTerminal"
[INFO] [stdout] 
[INFO] [stdout] ---- tui_terminal_tests::test_shift_cursor_up stdout ----
[INFO] [stdout] Error: "Unable To Create TuiTerminal"
[INFO] [stdout] 
[INFO] [stdout] 
[INFO] [stdout] failures:
[INFO] [stdout]     tui_terminal_tests::test_font_settings_restore
[INFO] [stdout]     tui_terminal_tests::test_restore_cursor_position
[INFO] [stdout]     tui_terminal_tests::test_set_cursor_position
[INFO] [stdout]     tui_terminal_tests::test_shift_cursor_backwards
[INFO] [stdout]     tui_terminal_tests::test_shift_cursor_down
[INFO] [stdout]     tui_terminal_tests::test_shift_cursor_forwards
[INFO] [stdout]     tui_terminal_tests::test_shift_cursor_next
[INFO] [stdout]     tui_terminal_tests::test_shift_cursor_previous
[INFO] [stdout]     tui_terminal_tests::test_shift_cursor_up
[INFO] [stdout] 
[INFO] [stdout] test result: FAILED. 0 passed; 9 failed; 0 ignored; 0 measured; 0 filtered out; finished in 0.00s
[INFO] [stdout] 
[INFO] [stderr] error: test failed, to rerun pass `--lib`
[INFO] running `Command { std: "docker" "inspect" "6b8252a77d4e3435258920d82ed524c6def9b0c5187c6a72529507dcf375287e", kill_on_drop: false }`
[INFO] running `Command { std: "docker" "rm" "-f" "6b8252a77d4e3435258920d82ed524c6def9b0c5187c6a72529507dcf375287e", kill_on_drop: false }`
[INFO] [stdout] 6b8252a77d4e3435258920d82ed524c6def9b0c5187c6a72529507dcf375287e
[INFO] testing tui_lib-0.1.7 against beta-2023-12-22 for beta-1.76-1
[INFO] extracting crate tui_lib 0.1.7 into /workspace/builds/worker-1-tc2/source
[INFO] validating manifest of crates.io crate tui_lib 0.1.7 on toolchain beta-2023-12-22
[INFO] running `Command { std: CARGO_HOME="/workspace/cargo-home" RUSTUP_HOME="/workspace/rustup-home" "/workspace/cargo-home/bin/cargo" "+beta-2023-12-22" "metadata" "--manifest-path" "Cargo.toml" "--no-deps", kill_on_drop: false }`
[INFO] removed /workspace/builds/worker-1-tc2/source/.cargo/config.toml
[INFO] started tweaking crates.io crate tui_lib 0.1.7
[INFO] finished tweaking crates.io crate tui_lib 0.1.7
[INFO] tweaked toml for crates.io crate tui_lib 0.1.7 written to /workspace/builds/worker-1-tc2/source/Cargo.toml
[INFO] running `Command { std: CARGO_HOME="/workspace/cargo-home" RUSTUP_HOME="/workspace/rustup-home" "/workspace/cargo-home/bin/cargo" "+beta-2023-12-22" "generate-lockfile" "--manifest-path" "Cargo.toml", kill_on_drop: false }`
[INFO] running `Command { std: CARGO_HOME="/workspace/cargo-home" RUSTUP_HOME="/workspace/rustup-home" "/workspace/cargo-home/bin/cargo" "+beta-2023-12-22" "fetch" "--manifest-path" "Cargo.toml", kill_on_drop: false }`
[INFO] running `Command { std: "docker" "create" "-v" "/var/lib/crater-agent-workspace/builds/worker-1-tc2/target:/opt/rustwide/target:rw,Z" "-v" "/var/lib/crater-agent-workspace/builds/worker-1-tc2/source:/opt/rustwide/workdir:ro,Z" "-v" "/var/lib/crater-agent-workspace/cargo-home:/opt/rustwide/cargo-home:ro,Z" "-v" "/var/lib/crater-agent-workspace/rustup-home:/opt/rustwide/rustup-home:ro,Z" "-e" "SOURCE_DIR=/opt/rustwide/workdir" "-e" "CARGO_TARGET_DIR=/opt/rustwide/target" "-e" "CARGO_HOME=/opt/rustwide/cargo-home" "-e" "RUSTUP_HOME=/opt/rustwide/rustup-home" "-w" "/opt/rustwide/workdir" "-m" "1610612736" "--user" "0:0" "--network" "none" "ghcr.io/rust-lang/crates-build-env/linux@sha256:2788e3201cd34a07e3172128adcd8b3090168a8e3bcc40d7c032b9dda1df7d1c" "/opt/rustwide/cargo-home/bin/cargo" "+beta-2023-12-22" "metadata" "--no-deps" "--format-version=1", kill_on_drop: false }`
[INFO] [stdout] 15902b234fa1a63ce93fb6f0120ebf7cd56180906c71891aa4b8820bfe5e792d
[INFO] running `Command { std: "docker" "start" "-a" "15902b234fa1a63ce93fb6f0120ebf7cd56180906c71891aa4b8820bfe5e792d", kill_on_drop: false }`
[INFO] running `Command { std: "docker" "inspect" "15902b234fa1a63ce93fb6f0120ebf7cd56180906c71891aa4b8820bfe5e792d", kill_on_drop: false }`
[INFO] running `Command { std: "docker" "rm" "-f" "15902b234fa1a63ce93fb6f0120ebf7cd56180906c71891aa4b8820bfe5e792d", kill_on_drop: false }`
[INFO] [stdout] 15902b234fa1a63ce93fb6f0120ebf7cd56180906c71891aa4b8820bfe5e792d
[INFO] running `Command { std: "docker" "create" "-v" "/var/lib/crater-agent-workspace/builds/worker-1-tc2/target:/opt/rustwide/target:rw,Z" "-v" "/var/lib/crater-agent-workspace/builds/worker-1-tc2/source:/opt/rustwide/workdir:ro,Z" "-v" "/var/lib/crater-agent-workspace/cargo-home:/opt/rustwide/cargo-home:ro,Z" "-v" "/var/lib/crater-agent-workspace/rustup-home:/opt/rustwide/rustup-home:ro,Z" "-e" "SOURCE_DIR=/opt/rustwide/workdir" "-e" "CARGO_TARGET_DIR=/opt/rustwide/target" "-e" "CARGO_INCREMENTAL=0" "-e" "RUST_BACKTRACE=full" "-e" "RUSTFLAGS=--cap-lints=warn" "-e" "RUSTDOCFLAGS=--cap-lints=warn" "-e" "CARGO_HOME=/opt/rustwide/cargo-home" "-e" "RUSTUP_HOME=/opt/rustwide/rustup-home" "-w" "/opt/rustwide/workdir" "-m" "1610612736" "--user" "0:0" "--network" "none" "ghcr.io/rust-lang/crates-build-env/linux@sha256:2788e3201cd34a07e3172128adcd8b3090168a8e3bcc40d7c032b9dda1df7d1c" "/opt/rustwide/cargo-home/bin/cargo" "+beta-2023-12-22" "build" "--frozen" "--message-format=json", kill_on_drop: false }`
[INFO] [stdout] af0128f0360b60fa31f1be25c20a1e2cbac3663a4fcc5b76389d8ba7f624bd69
[INFO] running `Command { std: "docker" "start" "-a" "af0128f0360b60fa31f1be25c20a1e2cbac3663a4fcc5b76389d8ba7f624bd69", kill_on_drop: false }`
[INFO] [stderr]    Compiling tui_lib v0.1.7 (/opt/rustwide/workdir)
[INFO] [stderr]     Finished dev [unoptimized + debuginfo] target(s) in 0.17s
[INFO] running `Command { std: "docker" "inspect" "af0128f0360b60fa31f1be25c20a1e2cbac3663a4fcc5b76389d8ba7f624bd69", kill_on_drop: false }`
[INFO] running `Command { std: "docker" "rm" "-f" "af0128f0360b60fa31f1be25c20a1e2cbac3663a4fcc5b76389d8ba7f624bd69", kill_on_drop: false }`
[INFO] [stdout] af0128f0360b60fa31f1be25c20a1e2cbac3663a4fcc5b76389d8ba7f624bd69
[INFO] running `Command { std: "docker" "create" "-v" "/var/lib/crater-agent-workspace/builds/worker-1-tc2/target:/opt/rustwide/target:rw,Z" "-v" "/var/lib/crater-agent-workspace/builds/worker-1-tc2/source:/opt/rustwide/workdir:ro,Z" "-v" "/var/lib/crater-agent-workspace/cargo-home:/opt/rustwide/cargo-home:ro,Z" "-v" "/var/lib/crater-agent-workspace/rustup-home:/opt/rustwide/rustup-home:ro,Z" "-e" "SOURCE_DIR=/opt/rustwide/workdir" "-e" "CARGO_TARGET_DIR=/opt/rustwide/target" "-e" "CARGO_INCREMENTAL=0" "-e" "RUST_BACKTRACE=full" "-e" "RUSTFLAGS=--cap-lints=warn" "-e" "RUSTDOCFLAGS=--cap-lints=warn" "-e" "CARGO_HOME=/opt/rustwide/cargo-home" "-e" "RUSTUP_HOME=/opt/rustwide/rustup-home" "-w" "/opt/rustwide/workdir" "-m" "1610612736" "--user" "0:0" "--network" "none" "ghcr.io/rust-lang/crates-build-env/linux@sha256:2788e3201cd34a07e3172128adcd8b3090168a8e3bcc40d7c032b9dda1df7d1c" "/opt/rustwide/cargo-home/bin/cargo" "+beta-2023-12-22" "test" "--frozen" "--no-run" "--message-format=json", kill_on_drop: false }`
[INFO] [stdout] 5aff13ca1e13ea3f122f797a5d2838cfda77a6e8810c0ca0371c89a93c9e9b4e
[INFO] running `Command { std: "docker" "start" "-a" "5aff13ca1e13ea3f122f797a5d2838cfda77a6e8810c0ca0371c89a93c9e9b4e", kill_on_drop: false }`
[INFO] [stderr]    Compiling tui_lib v0.1.7 (/opt/rustwide/workdir)
[INFO] [stderr]     Finished test [unoptimized + debuginfo] target(s) in 0.32s
[INFO] running `Command { std: "docker" "inspect" "5aff13ca1e13ea3f122f797a5d2838cfda77a6e8810c0ca0371c89a93c9e9b4e", kill_on_drop: false }`
[INFO] running `Command { std: "docker" "rm" "-f" "5aff13ca1e13ea3f122f797a5d2838cfda77a6e8810c0ca0371c89a93c9e9b4e", kill_on_drop: false }`
[INFO] [stdout] 5aff13ca1e13ea3f122f797a5d2838cfda77a6e8810c0ca0371c89a93c9e9b4e
[INFO] running `Command { std: "docker" "create" "-v" "/var/lib/crater-agent-workspace/builds/worker-1-tc2/target:/opt/rustwide/target:rw,Z" "-v" "/var/lib/crater-agent-workspace/builds/worker-1-tc2/source:/opt/rustwide/workdir:ro,Z" "-v" "/var/lib/crater-agent-workspace/cargo-home:/opt/rustwide/cargo-home:ro,Z" "-v" "/var/lib/crater-agent-workspace/rustup-home:/opt/rustwide/rustup-home:ro,Z" "-e" "SOURCE_DIR=/opt/rustwide/workdir" "-e" "CARGO_TARGET_DIR=/opt/rustwide/target" "-e" "CARGO_INCREMENTAL=0" "-e" "RUST_BACKTRACE=full" "-e" "RUSTFLAGS=--cap-lints=warn" "-e" "RUSTDOCFLAGS=--cap-lints=warn" "-e" "CARGO_HOME=/opt/rustwide/cargo-home" "-e" "RUSTUP_HOME=/opt/rustwide/rustup-home" "-w" "/opt/rustwide/workdir" "-m" "1610612736" "--user" "0:0" "--network" "none" "ghcr.io/rust-lang/crates-build-env/linux@sha256:2788e3201cd34a07e3172128adcd8b3090168a8e3bcc40d7c032b9dda1df7d1c" "/opt/rustwide/cargo-home/bin/cargo" "+beta-2023-12-22" "test" "--frozen", kill_on_drop: false }`
[INFO] [stdout] b32520e9dee74642bd58de41040a280ac54a15e3ea7e401cd8a59303cf31cb70
[INFO] running `Command { std: "docker" "start" "-a" "b32520e9dee74642bd58de41040a280ac54a15e3ea7e401cd8a59303cf31cb70", kill_on_drop: false }`
[INFO] [stderr]     Finished test [unoptimized + debuginfo] target(s) in 0.00s
[INFO] [stderr]      Running unittests src/lib.rs (/opt/rustwide/target/debug/deps/tui_lib-2596357f37b6027e)
[INFO] [stdout] 
[INFO] [stdout] running 9 tests
[INFO] [stdout] test tui_terminal_tests::test_font_settings_restore ... FAILED
[INFO] [stdout] test tui_terminal_tests::test_set_cursor_position ... FAILED
[INFO] [stdout] test tui_terminal_tests::test_shift_cursor_backwards ... FAILED
[INFO] [stdout] test tui_terminal_tests::test_restore_cursor_position ... FAILED
[INFO] [stdout] test tui_terminal_tests::test_shift_cursor_down ... FAILED
[INFO] [stdout] test tui_terminal_tests::test_shift_cursor_forwards ... FAILED
[INFO] [stdout] test tui_terminal_tests::test_shift_cursor_next ... FAILED
[INFO] [stdout] test tui_terminal_tests::test_shift_cursor_previous ... FAILED
[INFO] [stdout] test tui_terminal_tests::test_shift_cursor_up ... FAILED
[INFO] [stdout] 
[INFO] [stdout] failures:
[INFO] [stdout] 
[INFO] [stdout] ---- tui_terminal_tests::test_font_settings_restore stdout ----
[INFO] [stdout] Error: "Unable to Create Tui Terminal"
[INFO] [stdout] 
[INFO] [stdout] ---- tui_terminal_tests::test_set_cursor_position stdout ----
[INFO] [stdout] Error: "Unable To Create TuiTerminal"
[INFO] [stdout] 
[INFO] [stdout] ---- tui_terminal_tests::test_shift_cursor_backwards stdout ----
[INFO] [stdout] Error: "Unable To Create TuiTerminal"
[INFO] [stdout] 
[INFO] [stdout] ---- tui_terminal_tests::test_restore_cursor_position stdout ----
[INFO] [stdout] Error: "Unable To Create TuiTerminal"
[INFO] [stdout] 
[INFO] [stdout] ---- tui_terminal_tests::test_shift_cursor_down stdout ----
[INFO] [stdout] Error: "Unable to Create Tui Terminal"
[INFO] [stdout] 
[INFO] [stdout] ---- tui_terminal_tests::test_shift_cursor_forwards stdout ----
[INFO] [stdout] Error: "Unable To Create TuiTerminal"
[INFO] [stdout] 
[INFO] [stdout] ---- tui_terminal_tests::test_shift_cursor_next stdout ----
[INFO] [stdout] Error: "Unable To Create TuiTerminal"
[INFO] [stdout] 
[INFO] [stdout] ---- tui_terminal_tests::test_shift_cursor_previous stdout ----
[INFO] [stdout] Error: "Unable To Create TuiTerminal"
[INFO] [stdout] 
[INFO] [stdout] ---- tui_terminal_tests::test_shift_cursor_up stdout ----
[INFO] [stdout] Error: "Unable To Create TuiTerminal"
[INFO] [stdout] 
[INFO] [stdout] 
[INFO] [stdout] failures:
[INFO] [stdout]     tui_terminal_tests::test_font_settings_restore
[INFO] [stdout]     tui_terminal_tests::test_restore_cursor_position
[INFO] [stdout]     tui_terminal_tests::test_set_cursor_position
[INFO] [stdout]     tui_terminal_tests::test_shift_cursor_backwards
[INFO] [stdout]     tui_terminal_tests::test_shift_cursor_down
[INFO] [stdout]     tui_terminal_tests::test_shift_cursor_forwards
[INFO] [stdout]     tui_terminal_tests::test_shift_cursor_next
[INFO] [stdout]     tui_terminal_tests::test_shift_cursor_previous
[INFO] [stdout]     tui_terminal_tests::test_shift_cursor_up
[INFO] [stdout] 
[INFO] [stdout] test result: FAILED. 0 passed; 9 failed; 0 ignored; 0 measured; 0 filtered out; finished in 0.00s
[INFO] [stdout] 
[INFO] [stderr] error: test failed, to rerun pass `--lib`
[INFO] running `Command { std: "docker" "inspect" "b32520e9dee74642bd58de41040a280ac54a15e3ea7e401cd8a59303cf31cb70", kill_on_drop: false }`
[INFO] running `Command { std: "docker" "rm" "-f" "b32520e9dee74642bd58de41040a280ac54a15e3ea7e401cd8a59303cf31cb70", kill_on_drop: false }`
[INFO] [stdout] b32520e9dee74642bd58de41040a280ac54a15e3ea7e401cd8a59303cf31cb70
