[INFO] fetching crate tui-file-dialog 0.1.0...
[INFO] testing tui-file-dialog-0.1.0 against 1.75.0 for beta-1.76-1
[INFO] extracting crate tui-file-dialog 0.1.0 into /workspace/builds/worker-2-tc1/source
[INFO] validating manifest of crates.io crate tui-file-dialog 0.1.0 on toolchain 1.75.0
[INFO] running `Command { std: CARGO_HOME="/workspace/cargo-home" RUSTUP_HOME="/workspace/rustup-home" "/workspace/cargo-home/bin/cargo" "+1.75.0" "metadata" "--manifest-path" "Cargo.toml" "--no-deps", kill_on_drop: false }`
[INFO] removed /workspace/builds/worker-2-tc1/source/rust-toolchain
[INFO] started tweaking crates.io crate tui-file-dialog 0.1.0
[INFO] removed 0 missing examples
[INFO] finished tweaking crates.io crate tui-file-dialog 0.1.0
[INFO] tweaked toml for crates.io crate tui-file-dialog 0.1.0 written to /workspace/builds/worker-2-tc1/source/Cargo.toml
[INFO] crate crates.io crate tui-file-dialog 0.1.0 already has a lockfile, it will not be regenerated
[INFO] running `Command { std: CARGO_HOME="/workspace/cargo-home" RUSTUP_HOME="/workspace/rustup-home" "/workspace/cargo-home/bin/cargo" "+1.75.0" "fetch" "--manifest-path" "Cargo.toml", kill_on_drop: false }`
[INFO] running `Command { std: "docker" "create" "-v" "/var/lib/crater-agent-workspace/builds/worker-2-tc1/target:/opt/rustwide/target:rw,Z" "-v" "/var/lib/crater-agent-workspace/builds/worker-2-tc1/source:/opt/rustwide/workdir:ro,Z" "-v" "/var/lib/crater-agent-workspace/cargo-home:/opt/rustwide/cargo-home:ro,Z" "-v" "/var/lib/crater-agent-workspace/rustup-home:/opt/rustwide/rustup-home:ro,Z" "-e" "SOURCE_DIR=/opt/rustwide/workdir" "-e" "CARGO_TARGET_DIR=/opt/rustwide/target" "-e" "CARGO_HOME=/opt/rustwide/cargo-home" "-e" "RUSTUP_HOME=/opt/rustwide/rustup-home" "-w" "/opt/rustwide/workdir" "-m" "1610612736" "--user" "0:0" "--network" "none" "ghcr.io/rust-lang/crates-build-env/linux@sha256:2788e3201cd34a07e3172128adcd8b3090168a8e3bcc40d7c032b9dda1df7d1c" "/opt/rustwide/cargo-home/bin/cargo" "+1.75.0" "metadata" "--no-deps" "--format-version=1", kill_on_drop: false }`
[INFO] [stdout] 9e874e70e1889fc790e4c96b3af84b77d7d1cf87a73d06550dc8d3e5b6f2468a
[INFO] running `Command { std: "docker" "start" "-a" "9e874e70e1889fc790e4c96b3af84b77d7d1cf87a73d06550dc8d3e5b6f2468a", kill_on_drop: false }`
[INFO] running `Command { std: "docker" "inspect" "9e874e70e1889fc790e4c96b3af84b77d7d1cf87a73d06550dc8d3e5b6f2468a", kill_on_drop: false }`
[INFO] running `Command { std: "docker" "rm" "-f" "9e874e70e1889fc790e4c96b3af84b77d7d1cf87a73d06550dc8d3e5b6f2468a", kill_on_drop: false }`
[INFO] [stdout] 9e874e70e1889fc790e4c96b3af84b77d7d1cf87a73d06550dc8d3e5b6f2468a
[INFO] running `Command { std: "docker" "create" "-v" "/var/lib/crater-agent-workspace/builds/worker-2-tc1/target:/opt/rustwide/target:rw,Z" "-v" "/var/lib/crater-agent-workspace/builds/worker-2-tc1/source:/opt/rustwide/workdir:ro,Z" "-v" "/var/lib/crater-agent-workspace/cargo-home:/opt/rustwide/cargo-home:ro,Z" "-v" "/var/lib/crater-agent-workspace/rustup-home:/opt/rustwide/rustup-home:ro,Z" "-e" "SOURCE_DIR=/opt/rustwide/workdir" "-e" "CARGO_TARGET_DIR=/opt/rustwide/target" "-e" "CARGO_INCREMENTAL=0" "-e" "RUST_BACKTRACE=full" "-e" "RUSTFLAGS=--cap-lints=warn" "-e" "RUSTDOCFLAGS=--cap-lints=warn" "-e" "CARGO_HOME=/opt/rustwide/cargo-home" "-e" "RUSTUP_HOME=/opt/rustwide/rustup-home" "-w" "/opt/rustwide/workdir" "-m" "1610612736" "--user" "0:0" "--network" "none" "ghcr.io/rust-lang/crates-build-env/linux@sha256:2788e3201cd34a07e3172128adcd8b3090168a8e3bcc40d7c032b9dda1df7d1c" "/opt/rustwide/cargo-home/bin/cargo" "+1.75.0" "build" "--frozen" "--message-format=json", kill_on_drop: false }`
[INFO] [stdout] 903f8b79b83cf8baec4036ab2a09a5b3ec5d8c107a72e527615980d2dcae3fd4
[INFO] running `Command { std: "docker" "start" "-a" "903f8b79b83cf8baec4036ab2a09a5b3ec5d8c107a72e527615980d2dcae3fd4", kill_on_drop: false }`
[INFO] [stderr]    Compiling libc v0.2.147
[INFO] [stderr]    Compiling autocfg v1.1.0
[INFO] [stderr]    Compiling signal-hook v0.3.15
[INFO] [stderr]    Compiling parking_lot_core v0.9.8
[INFO] [stderr]    Compiling log v0.4.19
[INFO] [stderr]    Compiling scopeguard v1.1.0
[INFO] [stderr]    Compiling cfg-if v1.0.0
[INFO] [stderr]    Compiling smallvec v1.11.0
[INFO] [stderr]    Compiling bitflags v1.3.2
[INFO] [stderr]    Compiling cassowary v0.3.0
[INFO] [stderr]    Compiling unicode-segmentation v1.10.1
[INFO] [stderr]    Compiling unicode-width v0.1.10
[INFO] [stderr]    Compiling lock_api v0.4.10
[INFO] [stderr]    Compiling signal-hook-registry v1.4.1
[INFO] [stderr]    Compiling mio v0.8.8
[INFO] [stderr]    Compiling parking_lot v0.12.1
[INFO] [stderr]    Compiling signal-hook-mio v0.2.3
[INFO] [stderr]    Compiling crossterm v0.25.0
[INFO] [stderr]    Compiling crossterm v0.26.1
[INFO] [stderr]    Compiling tui v0.19.0
[INFO] [stderr]    Compiling tui-file-dialog v0.1.0 (/opt/rustwide/workdir)
[INFO] [stderr]     Finished dev [unoptimized + debuginfo] target(s) in 2.25s
[INFO] running `Command { std: "docker" "inspect" "903f8b79b83cf8baec4036ab2a09a5b3ec5d8c107a72e527615980d2dcae3fd4", kill_on_drop: false }`
[INFO] running `Command { std: "docker" "rm" "-f" "903f8b79b83cf8baec4036ab2a09a5b3ec5d8c107a72e527615980d2dcae3fd4", kill_on_drop: false }`
[INFO] [stdout] 903f8b79b83cf8baec4036ab2a09a5b3ec5d8c107a72e527615980d2dcae3fd4
[INFO] running `Command { std: "docker" "create" "-v" "/var/lib/crater-agent-workspace/builds/worker-2-tc1/target:/opt/rustwide/target:rw,Z" "-v" "/var/lib/crater-agent-workspace/builds/worker-2-tc1/source:/opt/rustwide/workdir:ro,Z" "-v" "/var/lib/crater-agent-workspace/cargo-home:/opt/rustwide/cargo-home:ro,Z" "-v" "/var/lib/crater-agent-workspace/rustup-home:/opt/rustwide/rustup-home:ro,Z" "-e" "SOURCE_DIR=/opt/rustwide/workdir" "-e" "CARGO_TARGET_DIR=/opt/rustwide/target" "-e" "CARGO_INCREMENTAL=0" "-e" "RUST_BACKTRACE=full" "-e" "RUSTFLAGS=--cap-lints=warn" "-e" "RUSTDOCFLAGS=--cap-lints=warn" "-e" "CARGO_HOME=/opt/rustwide/cargo-home" "-e" "RUSTUP_HOME=/opt/rustwide/rustup-home" "-w" "/opt/rustwide/workdir" "-m" "1610612736" "--user" "0:0" "--network" "none" "ghcr.io/rust-lang/crates-build-env/linux@sha256:2788e3201cd34a07e3172128adcd8b3090168a8e3bcc40d7c032b9dda1df7d1c" "/opt/rustwide/cargo-home/bin/cargo" "+1.75.0" "test" "--frozen" "--no-run" "--message-format=json", kill_on_drop: false }`
[INFO] [stdout] 8fe0ed33003f4b07b61ea3c45f05f04a4406cbe3cca096def4964a2796c35bd9
[INFO] running `Command { std: "docker" "start" "-a" "8fe0ed33003f4b07b61ea3c45f05f04a4406cbe3cca096def4964a2796c35bd9", kill_on_drop: false }`
[INFO] [stderr]    Compiling tui-file-dialog v0.1.0 (/opt/rustwide/workdir)
[INFO] [stderr]     Finished test [unoptimized + debuginfo] target(s) in 0.69s
[INFO] running `Command { std: "docker" "inspect" "8fe0ed33003f4b07b61ea3c45f05f04a4406cbe3cca096def4964a2796c35bd9", kill_on_drop: false }`
[INFO] running `Command { std: "docker" "rm" "-f" "8fe0ed33003f4b07b61ea3c45f05f04a4406cbe3cca096def4964a2796c35bd9", kill_on_drop: false }`
[INFO] [stdout] 8fe0ed33003f4b07b61ea3c45f05f04a4406cbe3cca096def4964a2796c35bd9
[INFO] running `Command { std: "docker" "create" "-v" "/var/lib/crater-agent-workspace/builds/worker-2-tc1/target:/opt/rustwide/target:rw,Z" "-v" "/var/lib/crater-agent-workspace/builds/worker-2-tc1/source:/opt/rustwide/workdir:ro,Z" "-v" "/var/lib/crater-agent-workspace/cargo-home:/opt/rustwide/cargo-home:ro,Z" "-v" "/var/lib/crater-agent-workspace/rustup-home:/opt/rustwide/rustup-home:ro,Z" "-e" "SOURCE_DIR=/opt/rustwide/workdir" "-e" "CARGO_TARGET_DIR=/opt/rustwide/target" "-e" "CARGO_INCREMENTAL=0" "-e" "RUST_BACKTRACE=full" "-e" "RUSTFLAGS=--cap-lints=warn" "-e" "RUSTDOCFLAGS=--cap-lints=warn" "-e" "CARGO_HOME=/opt/rustwide/cargo-home" "-e" "RUSTUP_HOME=/opt/rustwide/rustup-home" "-w" "/opt/rustwide/workdir" "-m" "1610612736" "--user" "0:0" "--network" "none" "ghcr.io/rust-lang/crates-build-env/linux@sha256:2788e3201cd34a07e3172128adcd8b3090168a8e3bcc40d7c032b9dda1df7d1c" "/opt/rustwide/cargo-home/bin/cargo" "+1.75.0" "test" "--frozen", kill_on_drop: false }`
[INFO] [stdout] 39e7055631c4d7f7a709fb20bfd44d1be2df725240b63531e04e69255aba996f
[INFO] running `Command { std: "docker" "start" "-a" "39e7055631c4d7f7a709fb20bfd44d1be2df725240b63531e04e69255aba996f", kill_on_drop: false }`
[INFO] [stderr]     Finished test [unoptimized + debuginfo] target(s) in 0.01s
[INFO] [stderr]      Running unittests src/lib.rs (/opt/rustwide/target/debug/deps/tui_file_dialog-4ee4d398b8fc9a1c)
[INFO] [stdout] 
[INFO] [stdout] running 0 tests
[INFO] [stdout] 
[INFO] [stdout] test result: ok. 0 passed; 0 failed; 0 ignored; 0 measured; 0 filtered out; finished in 0.00s
[INFO] [stdout] 
[INFO] [stderr]    Doc-tests tui-file-dialog
[INFO] [stdout] 
[INFO] [stdout] running 5 tests
[INFO] [stdout] test src/lib.rs - bind_keys (line 313) ... ignored
[INFO] [stdout] test src/lib.rs - (line 7) ... FAILED
[INFO] [stdout] test src/lib.rs - (line 54) ... FAILED
[INFO] [stdout] test src/lib.rs - (line 28) ... FAILED
[INFO] [stdout] test src/lib.rs - (line 15) ... ok
[INFO] [stdout] 
[INFO] [stdout] failures:
[INFO] [stdout] 
[INFO] [stdout] ---- src/lib.rs - (line 7) stdout ----
[INFO] [stdout] error: expected one of `!`, `.`, `::`, `;`, `?`, `{`, `}`, or an operator, found `run`
[INFO] [stdout]  --> src/lib.rs:8:7
[INFO] [stdout]   |
[INFO] [stdout] 3 | cargo run --example demo
[INFO] [stdout]   |       ^^^ expected one of 8 possible tokens
[INFO] [stdout] 
[INFO] [stdout] error: aborting due to previous error
[INFO] [stdout] 
[INFO] [stdout] Couldn't compile the test.
[INFO] [stdout] ---- src/lib.rs - (line 54) stdout ----
[INFO] [stdout] error[E0405]: cannot find trait `Backend` in this scope
[INFO] [stdout]  --> src/lib.rs:55:10
[INFO] [stdout]   |
[INFO] [stdout] 3 | fn ui<B: Backend>(f: &mut Frame<B>, app: &mut App) {
[INFO] [stdout]   |          ^^^^^^^ not found in this scope
[INFO] [stdout]   |
[INFO] [stdout] help: consider importing this trait
[INFO] [stdout]   |
[INFO] [stdout] 2 + use tui::backend::Backend;
[INFO] [stdout]   |
[INFO] [stdout] 
[INFO] [stdout] error[E0412]: cannot find type `Frame` in this scope
[INFO] [stdout]  --> src/lib.rs:55:27
[INFO] [stdout]   |
[INFO] [stdout] 3 | fn ui<B: Backend>(f: &mut Frame<B>, app: &mut App) {
[INFO] [stdout]   |                           ^^^^^ not found in this scope
[INFO] [stdout]   |
[INFO] [stdout] help: consider importing this struct
[INFO] [stdout]   |
[INFO] [stdout] 2 + use tui::Frame;
[INFO] [stdout]   |
[INFO] [stdout] 
[INFO] [stdout] error[E0412]: cannot find type `App` in this scope
[INFO] [stdout]  --> src/lib.rs:55:47
[INFO] [stdout]   |
[INFO] [stdout] 3 | fn ui<B: Backend>(f: &mut Frame<B>, app: &mut App) {
[INFO] [stdout]   |                                               ^^^ not found in this scope
[INFO] [stdout] 
[INFO] [stdout] error: aborting due to 3 previous errors
[INFO] [stdout] 
[INFO] [stdout] Some errors have detailed explanations: E0405, E0412.
[INFO] [stdout] For more information about an error, try `rustc --explain E0405`.
[INFO] [stdout] Couldn't compile the test.
[INFO] [stdout] ---- src/lib.rs - (line 28) stdout ----
[INFO] [stdout] error[E0405]: cannot find trait `Backend` in this scope
[INFO] [stdout]  --> src/lib.rs:32:15
[INFO] [stdout]   |
[INFO] [stdout] 7 | fn run_app<B: Backend>(terminal: &mut Terminal<B>, mut app: App) -> io::Result<()> {
[INFO] [stdout]   |               ^^^^^^^ not found in this scope
[INFO] [stdout]   |
[INFO] [stdout] help: consider importing this trait
[INFO] [stdout]   |
[INFO] [stdout] 2 + use tui::backend::Backend;
[INFO] [stdout]   |
[INFO] [stdout] 
[INFO] [stdout] error[E0412]: cannot find type `Terminal` in this scope
[INFO] [stdout]  --> src/lib.rs:32:39
[INFO] [stdout]   |
[INFO] [stdout] 7 | fn run_app<B: Backend>(terminal: &mut Terminal<B>, mut app: App) -> io::Result<()> {
[INFO] [stdout]   |                                       ^^^^^^^^ not found in this scope
[INFO] [stdout]   |
[INFO] [stdout] help: consider importing this struct
[INFO] [stdout]   |
[INFO] [stdout] 2 + use tui::Terminal;
[INFO] [stdout]   |
[INFO] [stdout] 
[INFO] [stdout] error[E0412]: cannot find type `App` in this scope
[INFO] [stdout]  --> src/lib.rs:32:61
[INFO] [stdout]   |
[INFO] [stdout] 7 | fn run_app<B: Backend>(terminal: &mut Terminal<B>, mut app: App) -> io::Result<()> {
[INFO] [stdout]   |                                                             ^^^ not found in this scope
[INFO] [stdout] 
[INFO] [stdout] error[E0433]: failed to resolve: use of undeclared crate or module `io`
[INFO] [stdout]  --> src/lib.rs:32:69
[INFO] [stdout]   |
[INFO] [stdout] 7 | fn run_app<B: Backend>(terminal: &mut Terminal<B>, mut app: App) -> io::Result<()> {
[INFO] [stdout]   |                                                                     ^^ use of undeclared crate or module `io`
[INFO] [stdout]   |
[INFO] [stdout] help: a builtin type with a similar name exists
[INFO] [stdout]   |
[INFO] [stdout] 7 | fn run_app<B: Backend>(terminal: &mut Terminal<B>, mut app: App) -> i8::Result<()> {
[INFO] [stdout]   |                                                                     ~~
[INFO] [stdout] help: consider importing this module
[INFO] [stdout]   |
[INFO] [stdout] 2 + use std::io;
[INFO] [stdout]   |
[INFO] [stdout] 
[INFO] [stdout] error[E0433]: failed to resolve: use of undeclared crate or module `event`
[INFO] [stdout]   --> src/lib.rs:40:38
[INFO] [stdout]    |
[INFO] [stdout] 15 |             if let Event::Key(key) = event::read()? {
[INFO] [stdout]    |                                      ^^^^^ use of undeclared crate or module `event`
[INFO] [stdout]    |
[INFO] [stdout] help: consider importing this module
[INFO] [stdout]    |
[INFO] [stdout] 2  + use crossterm::event;
[INFO] [stdout]    |
[INFO] [stdout] 
[INFO] [stdout] error[E0433]: failed to resolve: use of undeclared type `Event`
[INFO] [stdout]   --> src/lib.rs:40:20
[INFO] [stdout]    |
[INFO] [stdout] 15 |             if let Event::Key(key) = event::read()? {
[INFO] [stdout]    |                    ^^^^^ use of undeclared type `Event`
[INFO] [stdout]    |
[INFO] [stdout] help: consider importing this enum
[INFO] [stdout]    |
[INFO] [stdout] 2  + use crossterm::event::Event;
[INFO] [stdout]    |
[INFO] [stdout] 
[INFO] [stdout] error[E0433]: failed to resolve: use of undeclared type `KeyCode`
[INFO] [stdout]   --> src/lib.rs:42:21
[INFO] [stdout]    |
[INFO] [stdout] 17 |                     KeyCode::Char('q') => {
[INFO] [stdout]    |                     ^^^^^^^ use of undeclared type `KeyCode`
[INFO] [stdout]    |
[INFO] [stdout] help: consider importing this enum
[INFO] [stdout]    |
[INFO] [stdout] 2  + use crossterm::event::KeyCode;
[INFO] [stdout]    |
[INFO] [stdout] 
[INFO] [stdout] error[E0425]: cannot find function `ui` in this scope
[INFO] [stdout]  --> src/lib.rs:34:27
[INFO] [stdout]   |
[INFO] [stdout] 9 |         terminal.draw(|f| ui(f, &mut app))?;
[INFO] [stdout]   |                           ^^ not found in this scope
[INFO] [stdout] 
[INFO] [stdout] error: aborting due to 8 previous errors
[INFO] [stdout] 
[INFO] [stdout] Some errors have detailed explanations: E0405, E0412, E0425, E0433.
[INFO] [stdout] For more information about an error, try `rustc --explain E0405`.
[INFO] [stdout] Couldn't compile the test.
[INFO] [stdout] 
[INFO] [stdout] failures:
[INFO] [stdout]     src/lib.rs - (line 28)
[INFO] [stdout]     src/lib.rs - (line 54)
[INFO] [stdout]     src/lib.rs - (line 7)
[INFO] [stdout] 
[INFO] [stdout] test result: FAILED. 1 passed; 3 failed; 1 ignored; 0 measured; 0 filtered out; finished in 0.14s
[INFO] [stdout] 
[INFO] [stderr] error: doctest failed, to rerun pass `--doc`
[INFO] running `Command { std: "docker" "inspect" "39e7055631c4d7f7a709fb20bfd44d1be2df725240b63531e04e69255aba996f", kill_on_drop: false }`
[INFO] running `Command { std: "docker" "rm" "-f" "39e7055631c4d7f7a709fb20bfd44d1be2df725240b63531e04e69255aba996f", kill_on_drop: false }`
[INFO] [stdout] 39e7055631c4d7f7a709fb20bfd44d1be2df725240b63531e04e69255aba996f
[INFO] testing tui-file-dialog-0.1.0 against beta-2023-12-22 for beta-1.76-1
[INFO] extracting crate tui-file-dialog 0.1.0 into /workspace/builds/worker-2-tc2/source
[INFO] validating manifest of crates.io crate tui-file-dialog 0.1.0 on toolchain beta-2023-12-22
[INFO] running `Command { std: CARGO_HOME="/workspace/cargo-home" RUSTUP_HOME="/workspace/rustup-home" "/workspace/cargo-home/bin/cargo" "+beta-2023-12-22" "metadata" "--manifest-path" "Cargo.toml" "--no-deps", kill_on_drop: false }`
[INFO] removed /workspace/builds/worker-2-tc2/source/rust-toolchain
[INFO] started tweaking crates.io crate tui-file-dialog 0.1.0
[INFO] removed 0 missing examples
[INFO] finished tweaking crates.io crate tui-file-dialog 0.1.0
[INFO] tweaked toml for crates.io crate tui-file-dialog 0.1.0 written to /workspace/builds/worker-2-tc2/source/Cargo.toml
[INFO] crate crates.io crate tui-file-dialog 0.1.0 already has a lockfile, it will not be regenerated
[INFO] running `Command { std: CARGO_HOME="/workspace/cargo-home" RUSTUP_HOME="/workspace/rustup-home" "/workspace/cargo-home/bin/cargo" "+beta-2023-12-22" "fetch" "--manifest-path" "Cargo.toml", kill_on_drop: false }`
[INFO] running `Command { std: "docker" "create" "-v" "/var/lib/crater-agent-workspace/builds/worker-2-tc2/target:/opt/rustwide/target:rw,Z" "-v" "/var/lib/crater-agent-workspace/builds/worker-2-tc2/source:/opt/rustwide/workdir:ro,Z" "-v" "/var/lib/crater-agent-workspace/cargo-home:/opt/rustwide/cargo-home:ro,Z" "-v" "/var/lib/crater-agent-workspace/rustup-home:/opt/rustwide/rustup-home:ro,Z" "-e" "SOURCE_DIR=/opt/rustwide/workdir" "-e" "CARGO_TARGET_DIR=/opt/rustwide/target" "-e" "CARGO_HOME=/opt/rustwide/cargo-home" "-e" "RUSTUP_HOME=/opt/rustwide/rustup-home" "-w" "/opt/rustwide/workdir" "-m" "1610612736" "--user" "0:0" "--network" "none" "ghcr.io/rust-lang/crates-build-env/linux@sha256:2788e3201cd34a07e3172128adcd8b3090168a8e3bcc40d7c032b9dda1df7d1c" "/opt/rustwide/cargo-home/bin/cargo" "+beta-2023-12-22" "metadata" "--no-deps" "--format-version=1", kill_on_drop: false }`
[INFO] [stdout] ee0d4b27399bd528978d0bd3e5340cee3dc72e78f1ed59cdbcee9baacf190d7d
[INFO] running `Command { std: "docker" "start" "-a" "ee0d4b27399bd528978d0bd3e5340cee3dc72e78f1ed59cdbcee9baacf190d7d", kill_on_drop: false }`
[INFO] running `Command { std: "docker" "inspect" "ee0d4b27399bd528978d0bd3e5340cee3dc72e78f1ed59cdbcee9baacf190d7d", kill_on_drop: false }`
[INFO] running `Command { std: "docker" "rm" "-f" "ee0d4b27399bd528978d0bd3e5340cee3dc72e78f1ed59cdbcee9baacf190d7d", kill_on_drop: false }`
[INFO] [stdout] ee0d4b27399bd528978d0bd3e5340cee3dc72e78f1ed59cdbcee9baacf190d7d
[INFO] running `Command { std: "docker" "create" "-v" "/var/lib/crater-agent-workspace/builds/worker-2-tc2/target:/opt/rustwide/target:rw,Z" "-v" "/var/lib/crater-agent-workspace/builds/worker-2-tc2/source:/opt/rustwide/workdir:ro,Z" "-v" "/var/lib/crater-agent-workspace/cargo-home:/opt/rustwide/cargo-home:ro,Z" "-v" "/var/lib/crater-agent-workspace/rustup-home:/opt/rustwide/rustup-home:ro,Z" "-e" "SOURCE_DIR=/opt/rustwide/workdir" "-e" "CARGO_TARGET_DIR=/opt/rustwide/target" "-e" "CARGO_INCREMENTAL=0" "-e" "RUST_BACKTRACE=full" "-e" "RUSTFLAGS=--cap-lints=warn" "-e" "RUSTDOCFLAGS=--cap-lints=warn" "-e" "CARGO_HOME=/opt/rustwide/cargo-home" "-e" "RUSTUP_HOME=/opt/rustwide/rustup-home" "-w" "/opt/rustwide/workdir" "-m" "1610612736" "--user" "0:0" "--network" "none" "ghcr.io/rust-lang/crates-build-env/linux@sha256:2788e3201cd34a07e3172128adcd8b3090168a8e3bcc40d7c032b9dda1df7d1c" "/opt/rustwide/cargo-home/bin/cargo" "+beta-2023-12-22" "build" "--frozen" "--message-format=json", kill_on_drop: false }`
[INFO] [stdout] 98ba9811da6f3c1f7df76187cb9ef49e759be2eef6c8b70586bb1e44caa47b02
[INFO] running `Command { std: "docker" "start" "-a" "98ba9811da6f3c1f7df76187cb9ef49e759be2eef6c8b70586bb1e44caa47b02", kill_on_drop: false }`
[INFO] [stderr]    Compiling libc v0.2.147
[INFO] [stderr]    Compiling autocfg v1.1.0
[INFO] [stderr]    Compiling signal-hook v0.3.15
[INFO] [stderr]    Compiling parking_lot_core v0.9.8
[INFO] [stderr]    Compiling scopeguard v1.1.0
[INFO] [stderr]    Compiling smallvec v1.11.0
[INFO] [stderr]    Compiling log v0.4.19
[INFO] [stderr]    Compiling cfg-if v1.0.0
[INFO] [stderr]    Compiling bitflags v1.3.2
[INFO] [stderr]    Compiling cassowary v0.3.0
[INFO] [stderr]    Compiling unicode-width v0.1.10
[INFO] [stderr]    Compiling unicode-segmentation v1.10.1
[INFO] [stderr]    Compiling lock_api v0.4.10
[INFO] [stderr]    Compiling signal-hook-registry v1.4.1
[INFO] [stderr]    Compiling mio v0.8.8
[INFO] [stderr]    Compiling parking_lot v0.12.1
[INFO] [stderr]    Compiling signal-hook-mio v0.2.3
[INFO] [stderr]    Compiling crossterm v0.25.0
[INFO] [stderr]    Compiling crossterm v0.26.1
[INFO] [stderr]    Compiling tui v0.19.0
[INFO] [stderr]    Compiling tui-file-dialog v0.1.0 (/opt/rustwide/workdir)
[INFO] [stderr]     Finished dev [unoptimized + debuginfo] target(s) in 2.85s
[INFO] running `Command { std: "docker" "inspect" "98ba9811da6f3c1f7df76187cb9ef49e759be2eef6c8b70586bb1e44caa47b02", kill_on_drop: false }`
[INFO] running `Command { std: "docker" "rm" "-f" "98ba9811da6f3c1f7df76187cb9ef49e759be2eef6c8b70586bb1e44caa47b02", kill_on_drop: false }`
[INFO] [stdout] 98ba9811da6f3c1f7df76187cb9ef49e759be2eef6c8b70586bb1e44caa47b02
[INFO] running `Command { std: "docker" "create" "-v" "/var/lib/crater-agent-workspace/builds/worker-2-tc2/target:/opt/rustwide/target:rw,Z" "-v" "/var/lib/crater-agent-workspace/builds/worker-2-tc2/source:/opt/rustwide/workdir:ro,Z" "-v" "/var/lib/crater-agent-workspace/cargo-home:/opt/rustwide/cargo-home:ro,Z" "-v" "/var/lib/crater-agent-workspace/rustup-home:/opt/rustwide/rustup-home:ro,Z" "-e" "SOURCE_DIR=/opt/rustwide/workdir" "-e" "CARGO_TARGET_DIR=/opt/rustwide/target" "-e" "CARGO_INCREMENTAL=0" "-e" "RUST_BACKTRACE=full" "-e" "RUSTFLAGS=--cap-lints=warn" "-e" "RUSTDOCFLAGS=--cap-lints=warn" "-e" "CARGO_HOME=/opt/rustwide/cargo-home" "-e" "RUSTUP_HOME=/opt/rustwide/rustup-home" "-w" "/opt/rustwide/workdir" "-m" "1610612736" "--user" "0:0" "--network" "none" "ghcr.io/rust-lang/crates-build-env/linux@sha256:2788e3201cd34a07e3172128adcd8b3090168a8e3bcc40d7c032b9dda1df7d1c" "/opt/rustwide/cargo-home/bin/cargo" "+beta-2023-12-22" "test" "--frozen" "--no-run" "--message-format=json", kill_on_drop: false }`
[INFO] [stdout] 70c0ff963f3d2addd64d49b0a7abffb5d78ab5469d52b1a66c484556bcbb555e
[INFO] running `Command { std: "docker" "start" "-a" "70c0ff963f3d2addd64d49b0a7abffb5d78ab5469d52b1a66c484556bcbb555e", kill_on_drop: false }`
[INFO] [stderr]    Compiling tui-file-dialog v0.1.0 (/opt/rustwide/workdir)
[INFO] [stderr]     Finished test [unoptimized + debuginfo] target(s) in 0.47s
[INFO] running `Command { std: "docker" "inspect" "70c0ff963f3d2addd64d49b0a7abffb5d78ab5469d52b1a66c484556bcbb555e", kill_on_drop: false }`
[INFO] running `Command { std: "docker" "rm" "-f" "70c0ff963f3d2addd64d49b0a7abffb5d78ab5469d52b1a66c484556bcbb555e", kill_on_drop: false }`
[INFO] [stdout] 70c0ff963f3d2addd64d49b0a7abffb5d78ab5469d52b1a66c484556bcbb555e
[INFO] running `Command { std: "docker" "create" "-v" "/var/lib/crater-agent-workspace/builds/worker-2-tc2/target:/opt/rustwide/target:rw,Z" "-v" "/var/lib/crater-agent-workspace/builds/worker-2-tc2/source:/opt/rustwide/workdir:ro,Z" "-v" "/var/lib/crater-agent-workspace/cargo-home:/opt/rustwide/cargo-home:ro,Z" "-v" "/var/lib/crater-agent-workspace/rustup-home:/opt/rustwide/rustup-home:ro,Z" "-e" "SOURCE_DIR=/opt/rustwide/workdir" "-e" "CARGO_TARGET_DIR=/opt/rustwide/target" "-e" "CARGO_INCREMENTAL=0" "-e" "RUST_BACKTRACE=full" "-e" "RUSTFLAGS=--cap-lints=warn" "-e" "RUSTDOCFLAGS=--cap-lints=warn" "-e" "CARGO_HOME=/opt/rustwide/cargo-home" "-e" "RUSTUP_HOME=/opt/rustwide/rustup-home" "-w" "/opt/rustwide/workdir" "-m" "1610612736" "--user" "0:0" "--network" "none" "ghcr.io/rust-lang/crates-build-env/linux@sha256:2788e3201cd34a07e3172128adcd8b3090168a8e3bcc40d7c032b9dda1df7d1c" "/opt/rustwide/cargo-home/bin/cargo" "+beta-2023-12-22" "test" "--frozen", kill_on_drop: false }`
[INFO] [stdout] f59e908e7aaf75cc13f5aa1fd7a3ff489565138ccc8e6e0d6a6b1dd4b77dc214
[INFO] running `Command { std: "docker" "start" "-a" "f59e908e7aaf75cc13f5aa1fd7a3ff489565138ccc8e6e0d6a6b1dd4b77dc214", kill_on_drop: false }`
[INFO] [stderr]     Finished test [unoptimized + debuginfo] target(s) in 0.02s
[INFO] [stderr]      Running unittests src/lib.rs (/opt/rustwide/target/debug/deps/tui_file_dialog-85f63d254f4d5425)
[INFO] [stdout] 
[INFO] [stdout] running 0 tests
[INFO] [stdout] 
[INFO] [stdout] test result: ok. 0 passed; 0 failed; 0 ignored; 0 measured; 0 filtered out; finished in 0.00s
[INFO] [stdout] 
[INFO] [stderr]    Doc-tests tui-file-dialog
[INFO] [stdout] 
[INFO] [stdout] running 5 tests
[INFO] [stdout] test src/lib.rs - bind_keys (line 313) ... ignored
[INFO] [stdout] test src/lib.rs - (line 7) ... FAILED
[INFO] [stdout] test src/lib.rs - (line 54) ... FAILED
[INFO] [stdout] test src/lib.rs - (line 28) ... FAILED
[INFO] [stdout] test src/lib.rs - (line 15) ... ok
[INFO] [stdout] 
[INFO] [stdout] failures:
[INFO] [stdout] 
[INFO] [stdout] ---- src/lib.rs - (line 7) stdout ----
[INFO] [stdout] error: expected one of `!`, `.`, `::`, `;`, `?`, `{`, `}`, or an operator, found `run`
[INFO] [stdout]  --> src/lib.rs:8:7
[INFO] [stdout]   |
[INFO] [stdout] 3 | cargo run --example demo
[INFO] [stdout]   |       ^^^ expected one of 8 possible tokens
[INFO] [stdout] 
[INFO] [stdout] error: aborting due to 1 previous error
[INFO] [stdout] 
[INFO] [stdout] Couldn't compile the test.
[INFO] [stdout] ---- src/lib.rs - (line 54) stdout ----
[INFO] [stdout] error[E0405]: cannot find trait `Backend` in this scope
[INFO] [stdout]  --> src/lib.rs:55:10
[INFO] [stdout]   |
[INFO] [stdout] 3 | fn ui<B: Backend>(f: &mut Frame<B>, app: &mut App) {
[INFO] [stdout]   |          ^^^^^^^ not found in this scope
[INFO] [stdout]   |
[INFO] [stdout] help: consider importing this trait
[INFO] [stdout]   |
[INFO] [stdout] 2 + use tui::backend::Backend;
[INFO] [stdout]   |
[INFO] [stdout] 
[INFO] [stdout] error[E0412]: cannot find type `Frame` in this scope
[INFO] [stdout]  --> src/lib.rs:55:27
[INFO] [stdout]   |
[INFO] [stdout] 3 | fn ui<B: Backend>(f: &mut Frame<B>, app: &mut App) {
[INFO] [stdout]   |                           ^^^^^ not found in this scope
[INFO] [stdout]   |
[INFO] [stdout] help: consider importing this struct
[INFO] [stdout]   |
[INFO] [stdout] 2 + use tui::Frame;
[INFO] [stdout]   |
[INFO] [stdout] 
[INFO] [stdout] error[E0412]: cannot find type `App` in this scope
[INFO] [stdout]  --> src/lib.rs:55:47
[INFO] [stdout]   |
[INFO] [stdout] 3 | fn ui<B: Backend>(f: &mut Frame<B>, app: &mut App) {
[INFO] [stdout]   |                                               ^^^ not found in this scope
[INFO] [stdout] 
[INFO] [stdout] error: aborting due to 3 previous errors
[INFO] [stdout] 
[INFO] [stdout] Some errors have detailed explanations: E0405, E0412.
[INFO] [stdout] For more information about an error, try `rustc --explain E0405`.
[INFO] [stdout] Couldn't compile the test.
[INFO] [stdout] ---- src/lib.rs - (line 28) stdout ----
[INFO] [stdout] error[E0405]: cannot find trait `Backend` in this scope
[INFO] [stdout]  --> src/lib.rs:32:15
[INFO] [stdout]   |
[INFO] [stdout] 7 | fn run_app<B: Backend>(terminal: &mut Terminal<B>, mut app: App) -> io::Result<()> {
[INFO] [stdout]   |               ^^^^^^^ not found in this scope
[INFO] [stdout]   |
[INFO] [stdout] help: consider importing this trait
[INFO] [stdout]   |
[INFO] [stdout] 2 + use tui::backend::Backend;
[INFO] [stdout]   |
[INFO] [stdout] 
[INFO] [stdout] error[E0412]: cannot find type `Terminal` in this scope
[INFO] [stdout]  --> src/lib.rs:32:39
[INFO] [stdout]   |
[INFO] [stdout] 7 | fn run_app<B: Backend>(terminal: &mut Terminal<B>, mut app: App) -> io::Result<()> {
[INFO] [stdout]   |                                       ^^^^^^^^ not found in this scope
[INFO] [stdout]   |
[INFO] [stdout] help: consider importing this struct
[INFO] [stdout]   |
[INFO] [stdout] 2 + use tui::Terminal;
[INFO] [stdout]   |
[INFO] [stdout] 
[INFO] [stdout] error[E0412]: cannot find type `App` in this scope
[INFO] [stdout]  --> src/lib.rs:32:61
[INFO] [stdout]   |
[INFO] [stdout] 7 | fn run_app<B: Backend>(terminal: &mut Terminal<B>, mut app: App) -> io::Result<()> {
[INFO] [stdout]   |                                                             ^^^ not found in this scope
[INFO] [stdout] 
[INFO] [stdout] error[E0433]: failed to resolve: use of undeclared crate or module `io`
[INFO] [stdout]  --> src/lib.rs:32:69
[INFO] [stdout]   |
[INFO] [stdout] 7 | fn run_app<B: Backend>(terminal: &mut Terminal<B>, mut app: App) -> io::Result<()> {
[INFO] [stdout]   |                                                                     ^^ use of undeclared crate or module `io`
[INFO] [stdout]   |
[INFO] [stdout] help: a builtin type with a similar name exists
[INFO] [stdout]   |
[INFO] [stdout] 7 | fn run_app<B: Backend>(terminal: &mut Terminal<B>, mut app: App) -> i8::Result<()> {
[INFO] [stdout]   |                                                                     ~~
[INFO] [stdout] help: consider importing this module
[INFO] [stdout]   |
[INFO] [stdout] 2 + use std::io;
[INFO] [stdout]   |
[INFO] [stdout] 
[INFO] [stdout] error[E0433]: failed to resolve: use of undeclared crate or module `event`
[INFO] [stdout]   --> src/lib.rs:40:38
[INFO] [stdout]    |
[INFO] [stdout] 15 |             if let Event::Key(key) = event::read()? {
[INFO] [stdout]    |                                      ^^^^^ use of undeclared crate or module `event`
[INFO] [stdout]    |
[INFO] [stdout] help: consider importing this module
[INFO] [stdout]    |
[INFO] [stdout] 2  + use crossterm::event;
[INFO] [stdout]    |
[INFO] [stdout] 
[INFO] [stdout] error[E0433]: failed to resolve: use of undeclared type `Event`
[INFO] [stdout]   --> src/lib.rs:40:20
[INFO] [stdout]    |
[INFO] [stdout] 15 |             if let Event::Key(key) = event::read()? {
[INFO] [stdout]    |                    ^^^^^ use of undeclared type `Event`
[INFO] [stdout]    |
[INFO] [stdout] help: consider importing this enum
[INFO] [stdout]    |
[INFO] [stdout] 2  + use crossterm::event::Event;
[INFO] [stdout]    |
[INFO] [stdout] 
[INFO] [stdout] error[E0433]: failed to resolve: use of undeclared type `KeyCode`
[INFO] [stdout]   --> src/lib.rs:42:21
[INFO] [stdout]    |
[INFO] [stdout] 17 |                     KeyCode::Char('q') => {
[INFO] [stdout]    |                     ^^^^^^^ use of undeclared type `KeyCode`
[INFO] [stdout]    |
[INFO] [stdout] help: consider importing this enum
[INFO] [stdout]    |
[INFO] [stdout] 2  + use crossterm::event::KeyCode;
[INFO] [stdout]    |
[INFO] [stdout] 
[INFO] [stdout] error[E0425]: cannot find function `ui` in this scope
[INFO] [stdout]  --> src/lib.rs:34:27
[INFO] [stdout]   |
[INFO] [stdout] 9 |         terminal.draw(|f| ui(f, &mut app))?;
[INFO] [stdout]   |                           ^^ not found in this scope
[INFO] [stdout] 
[INFO] [stdout] error: aborting due to 8 previous errors
[INFO] [stdout] 
[INFO] [stdout] Some errors have detailed explanations: E0405, E0412, E0425, E0433.
[INFO] [stdout] For more information about an error, try `rustc --explain E0405`.
[INFO] [stdout] Couldn't compile the test.
[INFO] [stdout] 
[INFO] [stdout] failures:
[INFO] [stdout]     src/lib.rs - (line 28)
[INFO] [stdout]     src/lib.rs - (line 54)
[INFO] [stdout]     src/lib.rs - (line 7)
[INFO] [stdout] 
[INFO] [stdout] test result: FAILED. 1 passed; 3 failed; 1 ignored; 0 measured; 0 filtered out; finished in 0.13s
[INFO] [stdout] 
[INFO] [stderr] error: doctest failed, to rerun pass `--doc`
[INFO] running `Command { std: "docker" "inspect" "f59e908e7aaf75cc13f5aa1fd7a3ff489565138ccc8e6e0d6a6b1dd4b77dc214", kill_on_drop: false }`
[INFO] running `Command { std: "docker" "rm" "-f" "f59e908e7aaf75cc13f5aa1fd7a3ff489565138ccc8e6e0d6a6b1dd4b77dc214", kill_on_drop: false }`
[INFO] [stdout] f59e908e7aaf75cc13f5aa1fd7a3ff489565138ccc8e6e0d6a6b1dd4b77dc214
