[INFO] fetching crate ttf2mesh-sys 0.1.3...
[INFO] testing ttf2mesh-sys-0.1.3 against 1.75.0 for beta-1.76-1
[INFO] extracting crate ttf2mesh-sys 0.1.3 into /workspace/builds/worker-6-tc1/source
[INFO] validating manifest of crates.io crate ttf2mesh-sys 0.1.3 on toolchain 1.75.0
[INFO] running `Command { std: CARGO_HOME="/workspace/cargo-home" RUSTUP_HOME="/workspace/rustup-home" "/workspace/cargo-home/bin/cargo" "+1.75.0" "metadata" "--manifest-path" "Cargo.toml" "--no-deps", kill_on_drop: false }`
[INFO] started tweaking crates.io crate ttf2mesh-sys 0.1.3
[INFO] finished tweaking crates.io crate ttf2mesh-sys 0.1.3
[INFO] tweaked toml for crates.io crate ttf2mesh-sys 0.1.3 written to /workspace/builds/worker-6-tc1/source/Cargo.toml
[INFO] running `Command { std: CARGO_HOME="/workspace/cargo-home" RUSTUP_HOME="/workspace/rustup-home" "/workspace/cargo-home/bin/cargo" "+1.75.0" "generate-lockfile" "--manifest-path" "Cargo.toml", kill_on_drop: false }`
[INFO] [stderr]     Updating crates.io index
[INFO] running `Command { std: CARGO_HOME="/workspace/cargo-home" RUSTUP_HOME="/workspace/rustup-home" "/workspace/cargo-home/bin/cargo" "+1.75.0" "fetch" "--manifest-path" "Cargo.toml", kill_on_drop: false }`
[INFO] running `Command { std: "docker" "create" "-v" "/var/lib/crater-agent-workspace/builds/worker-6-tc1/target:/opt/rustwide/target:rw,Z" "-v" "/var/lib/crater-agent-workspace/builds/worker-6-tc1/source:/opt/rustwide/workdir:ro,Z" "-v" "/var/lib/crater-agent-workspace/cargo-home:/opt/rustwide/cargo-home:ro,Z" "-v" "/var/lib/crater-agent-workspace/rustup-home:/opt/rustwide/rustup-home:ro,Z" "-e" "SOURCE_DIR=/opt/rustwide/workdir" "-e" "CARGO_TARGET_DIR=/opt/rustwide/target" "-e" "CARGO_HOME=/opt/rustwide/cargo-home" "-e" "RUSTUP_HOME=/opt/rustwide/rustup-home" "-w" "/opt/rustwide/workdir" "-m" "1610612736" "--user" "0:0" "--network" "none" "ghcr.io/rust-lang/crates-build-env/linux@sha256:2788e3201cd34a07e3172128adcd8b3090168a8e3bcc40d7c032b9dda1df7d1c" "/opt/rustwide/cargo-home/bin/cargo" "+1.75.0" "metadata" "--no-deps" "--format-version=1", kill_on_drop: false }`
[INFO] [stdout] d129de39f9f81e2d2f0501ca23c81085b4b38ba30615182bcba2889fff1b464d
[INFO] running `Command { std: "docker" "start" "-a" "d129de39f9f81e2d2f0501ca23c81085b4b38ba30615182bcba2889fff1b464d", kill_on_drop: false }`
[INFO] running `Command { std: "docker" "inspect" "d129de39f9f81e2d2f0501ca23c81085b4b38ba30615182bcba2889fff1b464d", kill_on_drop: false }`
[INFO] running `Command { std: "docker" "rm" "-f" "d129de39f9f81e2d2f0501ca23c81085b4b38ba30615182bcba2889fff1b464d", kill_on_drop: false }`
[INFO] [stdout] d129de39f9f81e2d2f0501ca23c81085b4b38ba30615182bcba2889fff1b464d
[INFO] running `Command { std: "docker" "create" "-v" "/var/lib/crater-agent-workspace/builds/worker-6-tc1/target:/opt/rustwide/target:rw,Z" "-v" "/var/lib/crater-agent-workspace/builds/worker-6-tc1/source:/opt/rustwide/workdir:ro,Z" "-v" "/var/lib/crater-agent-workspace/cargo-home:/opt/rustwide/cargo-home:ro,Z" "-v" "/var/lib/crater-agent-workspace/rustup-home:/opt/rustwide/rustup-home:ro,Z" "-e" "SOURCE_DIR=/opt/rustwide/workdir" "-e" "CARGO_TARGET_DIR=/opt/rustwide/target" "-e" "CARGO_INCREMENTAL=0" "-e" "RUST_BACKTRACE=full" "-e" "RUSTFLAGS=--cap-lints=warn" "-e" "RUSTDOCFLAGS=--cap-lints=warn" "-e" "CARGO_HOME=/opt/rustwide/cargo-home" "-e" "RUSTUP_HOME=/opt/rustwide/rustup-home" "-w" "/opt/rustwide/workdir" "-m" "1610612736" "--user" "0:0" "--network" "none" "ghcr.io/rust-lang/crates-build-env/linux@sha256:2788e3201cd34a07e3172128adcd8b3090168a8e3bcc40d7c032b9dda1df7d1c" "/opt/rustwide/cargo-home/bin/cargo" "+1.75.0" "build" "--frozen" "--message-format=json", kill_on_drop: false }`
[INFO] [stdout] c35353cee3614fc0bc4534f937965a8db0c86c270696a2e33b8e265eae4365bc
[INFO] running `Command { std: "docker" "start" "-a" "c35353cee3614fc0bc4534f937965a8db0c86c270696a2e33b8e265eae4365bc", kill_on_drop: false }`
[INFO] [stderr]    Compiling proc-macro2 v1.0.75
[INFO] [stderr]    Compiling glob v0.3.1
[INFO] [stderr]    Compiling libc v0.2.151
[INFO] [stderr]    Compiling prettyplease v0.2.16
[INFO] [stderr]    Compiling rustix v0.38.28
[INFO] [stderr]    Compiling linux-raw-sys v0.4.12
[INFO] [stderr]    Compiling bitflags v2.4.1
[INFO] [stderr]    Compiling regex-syntax v0.8.2
[INFO] [stderr]    Compiling cfg-if v1.0.0
[INFO] [stderr]    Compiling minimal-lexical v0.2.1
[INFO] [stderr]    Compiling memchr v2.7.1
[INFO] [stderr]    Compiling clang-sys v1.7.0
[INFO] [stderr]    Compiling libloading v0.8.1
[INFO] [stderr]    Compiling either v1.9.0
[INFO] [stderr]    Compiling home v0.5.9
[INFO] [stderr]    Compiling bindgen v0.69.1
[INFO] [stderr]    Compiling nom v7.1.3
[INFO] [stderr]    Compiling rustc-hash v1.1.0
[INFO] [stderr]    Compiling quote v1.0.35
[INFO] [stderr]    Compiling log v0.4.20
[INFO] [stderr]    Compiling lazy_static v1.4.0
[INFO] [stderr]    Compiling lazycell v1.3.0
[INFO] [stderr]    Compiling peeking_take_while v0.1.2
[INFO] [stderr]    Compiling syn v2.0.48
[INFO] [stderr]    Compiling shlex v1.2.0
[INFO] [stderr]    Compiling cc v1.0.83
[INFO] [stderr]    Compiling regex-automata v0.4.3
[INFO] [stderr]    Compiling which v4.4.2
[INFO] [stderr]    Compiling cexpr v0.6.0
[INFO] [stderr]    Compiling regex v1.10.2
[INFO] [stderr]    Compiling ttf2mesh-sys v0.1.3 (/opt/rustwide/workdir)
[INFO] [stderr] warning: ttf2mesh-sys@0.1.3: ttf2mesh/ttf2mesh.c: In function 'herons_area_p':
[INFO] [stderr] warning: ttf2mesh-sys@0.1.3: ttf2mesh/ttf2mesh.c:2159:12: warning: 'herons_area_v' reading 8 bytes from a region of size 4 [-Wstringop-overread]
[INFO] [stderr] warning: ttf2mesh-sys@0.1.3:  2159 |     return herons_area_v(&a->x, &b->x, &c->x);
[INFO] [stderr] warning: ttf2mesh-sys@0.1.3:       |            ^~~~~~~~~~~~~~~~~~~~~~~~~~~~~~~~~~
[INFO] [stderr] warning: ttf2mesh-sys@0.1.3: ttf2mesh/ttf2mesh.c:2159:12: note: referencing argument 1 of type 'const float *'
[INFO] [stderr] warning: ttf2mesh-sys@0.1.3: ttf2mesh/ttf2mesh.c:2159:12: warning: 'herons_area_v' reading 8 bytes from a region of size 4 [-Wstringop-overread]
[INFO] [stderr] warning: ttf2mesh-sys@0.1.3: ttf2mesh/ttf2mesh.c:2159:12: note: referencing argument 2 of type 'const float *'
[INFO] [stderr] warning: ttf2mesh-sys@0.1.3: ttf2mesh/ttf2mesh.c:2159:12: warning: 'herons_area_v' reading 8 bytes from a region of size 4 [-Wstringop-overread]
[INFO] [stderr] warning: ttf2mesh-sys@0.1.3: ttf2mesh/ttf2mesh.c:2159:12: note: referencing argument 3 of type 'const float *'
[INFO] [stderr] warning: ttf2mesh-sys@0.1.3: ttf2mesh/ttf2mesh.c:2148:23: note: in a call to function 'herons_area_v'
[INFO] [stderr] warning: ttf2mesh-sys@0.1.3:  2148 | static __inline float herons_area_v(const float v1[2], const float v2[2], const float v3[2])
[INFO] [stderr] warning: ttf2mesh-sys@0.1.3:       |                       ^~~~~~~~~~~~~
[INFO] [stderr] warning: ttf2mesh-sys@0.1.3: ttf2mesh/ttf2mesh.c: In function 'ttf_outline_contour_info':
[INFO] [stderr] warning: ttf2mesh-sys@0.1.3: ttf2mesh/ttf2mesh.c:2480:19: warning: 'ttf_outline_evenodd_base' reading 8 bytes from a region of size 4 [-Wstringop-overread]
[INFO] [stderr] warning: ttf2mesh-sys@0.1.3:  2480 |         int res = ttf_outline_evenodd_base(outline, &outline->cont[contour].pt[test_point].x, i, &dist);
[INFO] [stderr] warning: ttf2mesh-sys@0.1.3:       |                   ^~~~~~~~~~~~~~~~~~~~~~~~~~~~~~~~~~~~~~~~~~~~~~~~~~~~~~~~~~~~~~~~~~~~~~~~~~~~~~~~~~~~~
[INFO] [stderr] warning: ttf2mesh-sys@0.1.3: ttf2mesh/ttf2mesh.c:2480:19: note: referencing argument 2 of type 'const float *'
[INFO] [stderr] warning: ttf2mesh-sys@0.1.3: ttf2mesh/ttf2mesh.c:2404:5: note: in a call to function 'ttf_outline_evenodd_base'
[INFO] [stderr] warning: ttf2mesh-sys@0.1.3:  2404 | int ttf_outline_evenodd_base(const ttf_outline_t *outline, const float point[2], int contour, float *dist)
[INFO] [stderr] warning: ttf2mesh-sys@0.1.3:       |     ^~~~~~~~~~~~~~~~~~~~~~~~
[INFO] [stderr] warning: ttf2mesh-sys@0.1.3: ttf2mesh/ttf2mesh.c: In function 'optimize':
[INFO] [stderr] warning: ttf2mesh-sys@0.1.3: ttf2mesh/ttf2mesh.c:3199:47: warning: 'calc_circumcircle' reading 8 bytes from a region of size 4 [-Wstringop-overread]
[INFO] [stderr] warning: ttf2mesh-sys@0.1.3:  3199 |     if (e->tr[0]->cc.radius == 0.0f) done1 &= calc_circumcircle(&e->v1->x, &o0->x, &e->v2->x, &e->tr[0]->cc);
[INFO] [stderr] warning: ttf2mesh-sys@0.1.3:       |                                               ^~~~~~~~~~~~~~~~~~~~~~~~~~~~~~~~~~~~~~~~~~~~~~~~~~~~~~~~~~~~~~
[INFO] [stderr] warning: ttf2mesh-sys@0.1.3: ttf2mesh/ttf2mesh.c:3199:47: note: referencing argument 1 of type 'const float *'
[INFO] [stderr] warning: ttf2mesh-sys@0.1.3: ttf2mesh/ttf2mesh.c:3199:47: warning: 'calc_circumcircle' reading 8 bytes from a region of size 4 [-Wstringop-overread]
[INFO] [stderr] warning: ttf2mesh-sys@0.1.3: ttf2mesh/ttf2mesh.c:3199:47: note: referencing argument 2 of type 'const float *'
[INFO] [stderr] warning: ttf2mesh-sys@0.1.3: ttf2mesh/ttf2mesh.c:3199:47: warning: 'calc_circumcircle' reading 8 bytes from a region of size 4 [-Wstringop-overread]
[INFO] [stderr] warning: ttf2mesh-sys@0.1.3: ttf2mesh/ttf2mesh.c:3199:47: note: referencing argument 3 of type 'const float *'
[INFO] [stderr] warning: ttf2mesh-sys@0.1.3: ttf2mesh/ttf2mesh.c:3151:13: note: in a call to function 'calc_circumcircle'
[INFO] [stderr] warning: ttf2mesh-sys@0.1.3:  3151 | static bool calc_circumcircle(const float A[2], const float B[2], const float C[2], mcc_t *cc)
[INFO] [stderr] warning: ttf2mesh-sys@0.1.3:       |             ^~~~~~~~~~~~~~~~~
[INFO] [stderr] warning: ttf2mesh-sys@0.1.3: ttf2mesh/ttf2mesh.c:3200:47: warning: 'calc_circumcircle' reading 8 bytes from a region of size 4 [-Wstringop-overread]
[INFO] [stderr] warning: ttf2mesh-sys@0.1.3:  3200 |     if (e->tr[1]->cc.radius == 0.0f) done1 &= calc_circumcircle(&e->v1->x, &o1->x, &e->v2->x, &e->tr[1]->cc);
[INFO] [stderr] warning: ttf2mesh-sys@0.1.3:       |                                               ^~~~~~~~~~~~~~~~~~~~~~~~~~~~~~~~~~~~~~~~~~~~~~~~~~~~~~~~~~~~~~
[INFO] [stderr] warning: ttf2mesh-sys@0.1.3: ttf2mesh/ttf2mesh.c:3200:47: note: referencing argument 1 of type 'const float *'
[INFO] [stderr] warning: ttf2mesh-sys@0.1.3: ttf2mesh/ttf2mesh.c:3200:47: warning: 'calc_circumcircle' reading 8 bytes from a region of size 4 [-Wstringop-overread]
[INFO] [stderr] warning: ttf2mesh-sys@0.1.3: ttf2mesh/ttf2mesh.c:3200:47: note: referencing argument 2 of type 'const float *'
[INFO] [stderr] warning: ttf2mesh-sys@0.1.3: ttf2mesh/ttf2mesh.c:3200:47: warning: 'calc_circumcircle' reading 8 bytes from a region of size 4 [-Wstringop-overread]
[INFO] [stderr] warning: ttf2mesh-sys@0.1.3: ttf2mesh/ttf2mesh.c:3200:47: note: referencing argument 3 of type 'const float *'
[INFO] [stderr] warning: ttf2mesh-sys@0.1.3: ttf2mesh/ttf2mesh.c:3151:13: note: in a call to function 'calc_circumcircle'
[INFO] [stderr] warning: ttf2mesh-sys@0.1.3:  3151 | static bool calc_circumcircle(const float A[2], const float B[2], const float C[2], mcc_t *cc)
[INFO] [stderr] warning: ttf2mesh-sys@0.1.3:       |             ^~~~~~~~~~~~~~~~~
[INFO] [stderr] warning: ttf2mesh-sys@0.1.3: ttf2mesh/ttf2mesh.c:3203:47: warning: 'calc_circumcircle' reading 8 bytes from a region of size 4 [-Wstringop-overread]
[INFO] [stderr] warning: ttf2mesh-sys@0.1.3:  3203 |     if (e->alt_cc[0].radius == 0.0f) done2 &= calc_circumcircle(&o0->x, &e->v1->x, &o1->x, &e->alt_cc[0]);
[INFO] [stderr] warning: ttf2mesh-sys@0.1.3:       |                                               ^~~~~~~~~~~~~~~~~~~~~~~~~~~~~~~~~~~~~~~~~~~~~~~~~~~~~~~~~~~
[INFO] [stderr] warning: ttf2mesh-sys@0.1.3: ttf2mesh/ttf2mesh.c:3203:47: note: referencing argument 1 of type 'const float *'
[INFO] [stderr] warning: ttf2mesh-sys@0.1.3: ttf2mesh/ttf2mesh.c:3203:47: warning: 'calc_circumcircle' reading 8 bytes from a region of size 4 [-Wstringop-overread]
[INFO] [stderr] warning: ttf2mesh-sys@0.1.3: ttf2mesh/ttf2mesh.c:3203:47: note: referencing argument 2 of type 'const float *'
[INFO] [stderr] warning: ttf2mesh-sys@0.1.3: ttf2mesh/ttf2mesh.c:3203:47: warning: 'calc_circumcircle' reading 8 bytes from a region of size 4 [-Wstringop-overread]
[INFO] [stderr] warning: ttf2mesh-sys@0.1.3: ttf2mesh/ttf2mesh.c:3203:47: note: referencing argument 3 of type 'const float *'
[INFO] [stderr] warning: ttf2mesh-sys@0.1.3: ttf2mesh/ttf2mesh.c:3151:13: note: in a call to function 'calc_circumcircle'
[INFO] [stderr] warning: ttf2mesh-sys@0.1.3:  3151 | static bool calc_circumcircle(const float A[2], const float B[2], const float C[2], mcc_t *cc)
[INFO] [stderr] warning: ttf2mesh-sys@0.1.3:       |             ^~~~~~~~~~~~~~~~~
[INFO] [stderr] warning: ttf2mesh-sys@0.1.3: ttf2mesh/ttf2mesh.c:3204:47: warning: 'calc_circumcircle' reading 8 bytes from a region of size 4 [-Wstringop-overread]
[INFO] [stderr] warning: ttf2mesh-sys@0.1.3:  3204 |     if (e->alt_cc[1].radius == 0.0f) done2 &= calc_circumcircle(&o0->x, &e->v2->x, &o1->x, &e->alt_cc[1]);
[INFO] [stderr] warning: ttf2mesh-sys@0.1.3:       |                                               ^~~~~~~~~~~~~~~~~~~~~~~~~~~~~~~~~~~~~~~~~~~~~~~~~~~~~~~~~~~
[INFO] [stderr] warning: ttf2mesh-sys@0.1.3: ttf2mesh/ttf2mesh.c:3204:47: note: referencing argument 1 of type 'const float *'
[INFO] [stderr] warning: ttf2mesh-sys@0.1.3: ttf2mesh/ttf2mesh.c:3204:47: warning: 'calc_circumcircle' reading 8 bytes from a region of size 4 [-Wstringop-overread]
[INFO] [stderr] warning: ttf2mesh-sys@0.1.3: ttf2mesh/ttf2mesh.c:3204:47: note: referencing argument 2 of type 'const float *'
[INFO] [stderr] warning: ttf2mesh-sys@0.1.3: ttf2mesh/ttf2mesh.c:3204:47: warning: 'calc_circumcircle' reading 8 bytes from a region of size 4 [-Wstringop-overread]
[INFO] [stderr] warning: ttf2mesh-sys@0.1.3: ttf2mesh/ttf2mesh.c:3204:47: note: referencing argument 3 of type 'const float *'
[INFO] [stderr] warning: ttf2mesh-sys@0.1.3: ttf2mesh/ttf2mesh.c:3151:13: note: in a call to function 'calc_circumcircle'
[INFO] [stderr] warning: ttf2mesh-sys@0.1.3:  3151 | static bool calc_circumcircle(const float A[2], const float B[2], const float C[2], mcc_t *cc)
[INFO] [stderr] warning: ttf2mesh-sys@0.1.3:       |             ^~~~~~~~~~~~~~~~~
[INFO] [stderr]     Finished dev [unoptimized + debuginfo] target(s) in 11.75s
[INFO] running `Command { std: "docker" "inspect" "c35353cee3614fc0bc4534f937965a8db0c86c270696a2e33b8e265eae4365bc", kill_on_drop: false }`
[INFO] running `Command { std: "docker" "rm" "-f" "c35353cee3614fc0bc4534f937965a8db0c86c270696a2e33b8e265eae4365bc", kill_on_drop: false }`
[INFO] [stdout] c35353cee3614fc0bc4534f937965a8db0c86c270696a2e33b8e265eae4365bc
[INFO] running `Command { std: "docker" "create" "-v" "/var/lib/crater-agent-workspace/builds/worker-6-tc1/target:/opt/rustwide/target:rw,Z" "-v" "/var/lib/crater-agent-workspace/builds/worker-6-tc1/source:/opt/rustwide/workdir:ro,Z" "-v" "/var/lib/crater-agent-workspace/cargo-home:/opt/rustwide/cargo-home:ro,Z" "-v" "/var/lib/crater-agent-workspace/rustup-home:/opt/rustwide/rustup-home:ro,Z" "-e" "SOURCE_DIR=/opt/rustwide/workdir" "-e" "CARGO_TARGET_DIR=/opt/rustwide/target" "-e" "CARGO_INCREMENTAL=0" "-e" "RUST_BACKTRACE=full" "-e" "RUSTFLAGS=--cap-lints=warn" "-e" "RUSTDOCFLAGS=--cap-lints=warn" "-e" "CARGO_HOME=/opt/rustwide/cargo-home" "-e" "RUSTUP_HOME=/opt/rustwide/rustup-home" "-w" "/opt/rustwide/workdir" "-m" "1610612736" "--user" "0:0" "--network" "none" "ghcr.io/rust-lang/crates-build-env/linux@sha256:2788e3201cd34a07e3172128adcd8b3090168a8e3bcc40d7c032b9dda1df7d1c" "/opt/rustwide/cargo-home/bin/cargo" "+1.75.0" "test" "--frozen" "--no-run" "--message-format=json", kill_on_drop: false }`
[INFO] [stdout] 541f5a6d53ebfeb53f8400bfc2be5408f2addfddf6094bb969b7b69ad3aac38b
[INFO] running `Command { std: "docker" "start" "-a" "541f5a6d53ebfeb53f8400bfc2be5408f2addfddf6094bb969b7b69ad3aac38b", kill_on_drop: false }`
[INFO] [stderr] warning: ttf2mesh-sys@0.1.3: ttf2mesh/ttf2mesh.c: In function 'herons_area_p':
[INFO] [stderr] warning: ttf2mesh-sys@0.1.3: ttf2mesh/ttf2mesh.c:2159:12: warning: 'herons_area_v' reading 8 bytes from a region of size 4 [-Wstringop-overread]
[INFO] [stderr] warning: ttf2mesh-sys@0.1.3:  2159 |     return herons_area_v(&a->x, &b->x, &c->x);
[INFO] [stderr] warning: ttf2mesh-sys@0.1.3:       |            ^~~~~~~~~~~~~~~~~~~~~~~~~~~~~~~~~~
[INFO] [stderr] warning: ttf2mesh-sys@0.1.3: ttf2mesh/ttf2mesh.c:2159:12: note: referencing argument 1 of type 'const float *'
[INFO] [stderr] warning: ttf2mesh-sys@0.1.3: ttf2mesh/ttf2mesh.c:2159:12: warning: 'herons_area_v' reading 8 bytes from a region of size 4 [-Wstringop-overread]
[INFO] [stderr] warning: ttf2mesh-sys@0.1.3: ttf2mesh/ttf2mesh.c:2159:12: note: referencing argument 2 of type 'const float *'
[INFO] [stderr] warning: ttf2mesh-sys@0.1.3: ttf2mesh/ttf2mesh.c:2159:12: warning: 'herons_area_v' reading 8 bytes from a region of size 4 [-Wstringop-overread]
[INFO] [stderr] warning: ttf2mesh-sys@0.1.3: ttf2mesh/ttf2mesh.c:2159:12: note: referencing argument 3 of type 'const float *'
[INFO] [stderr] warning: ttf2mesh-sys@0.1.3: ttf2mesh/ttf2mesh.c:2148:23: note: in a call to function 'herons_area_v'
[INFO] [stderr] warning: ttf2mesh-sys@0.1.3:  2148 | static __inline float herons_area_v(const float v1[2], const float v2[2], const float v3[2])
[INFO] [stderr] warning: ttf2mesh-sys@0.1.3:       |                       ^~~~~~~~~~~~~
[INFO] [stderr] warning: ttf2mesh-sys@0.1.3: ttf2mesh/ttf2mesh.c: In function 'ttf_outline_contour_info':
[INFO] [stderr] warning: ttf2mesh-sys@0.1.3: ttf2mesh/ttf2mesh.c:2480:19: warning: 'ttf_outline_evenodd_base' reading 8 bytes from a region of size 4 [-Wstringop-overread]
[INFO] [stderr] warning: ttf2mesh-sys@0.1.3:  2480 |         int res = ttf_outline_evenodd_base(outline, &outline->cont[contour].pt[test_point].x, i, &dist);
[INFO] [stderr] warning: ttf2mesh-sys@0.1.3:       |                   ^~~~~~~~~~~~~~~~~~~~~~~~~~~~~~~~~~~~~~~~~~~~~~~~~~~~~~~~~~~~~~~~~~~~~~~~~~~~~~~~~~~~~
[INFO] [stderr] warning: ttf2mesh-sys@0.1.3: ttf2mesh/ttf2mesh.c:2480:19: note: referencing argument 2 of type 'const float *'
[INFO] [stderr] warning: ttf2mesh-sys@0.1.3: ttf2mesh/ttf2mesh.c:2404:5: note: in a call to function 'ttf_outline_evenodd_base'
[INFO] [stderr] warning: ttf2mesh-sys@0.1.3:  2404 | int ttf_outline_evenodd_base(const ttf_outline_t *outline, const float point[2], int contour, float *dist)
[INFO] [stderr] warning: ttf2mesh-sys@0.1.3:       |     ^~~~~~~~~~~~~~~~~~~~~~~~
[INFO] [stderr] warning: ttf2mesh-sys@0.1.3: ttf2mesh/ttf2mesh.c: In function 'optimize':
[INFO] [stderr] warning: ttf2mesh-sys@0.1.3: ttf2mesh/ttf2mesh.c:3199:47: warning: 'calc_circumcircle' reading 8 bytes from a region of size 4 [-Wstringop-overread]
[INFO] [stderr] warning: ttf2mesh-sys@0.1.3:  3199 |     if (e->tr[0]->cc.radius == 0.0f) done1 &= calc_circumcircle(&e->v1->x, &o0->x, &e->v2->x, &e->tr[0]->cc);
[INFO] [stderr] warning: ttf2mesh-sys@0.1.3:       |                                               ^~~~~~~~~~~~~~~~~~~~~~~~~~~~~~~~~~~~~~~~~~~~~~~~~~~~~~~~~~~~~~
[INFO] [stderr] warning: ttf2mesh-sys@0.1.3: ttf2mesh/ttf2mesh.c:3199:47: note: referencing argument 1 of type 'const float *'
[INFO] [stderr] warning: ttf2mesh-sys@0.1.3: ttf2mesh/ttf2mesh.c:3199:47: warning: 'calc_circumcircle' reading 8 bytes from a region of size 4 [-Wstringop-overread]
[INFO] [stderr] warning: ttf2mesh-sys@0.1.3: ttf2mesh/ttf2mesh.c:3199:47: note: referencing argument 2 of type 'const float *'
[INFO] [stderr] warning: ttf2mesh-sys@0.1.3: ttf2mesh/ttf2mesh.c:3199:47: warning: 'calc_circumcircle' reading 8 bytes from a region of size 4 [-Wstringop-overread]
[INFO] [stderr] warning: ttf2mesh-sys@0.1.3: ttf2mesh/ttf2mesh.c:3199:47: note: referencing argument 3 of type 'const float *'
[INFO] [stderr] warning: ttf2mesh-sys@0.1.3: ttf2mesh/ttf2mesh.c:3151:13: note: in a call to function 'calc_circumcircle'
[INFO] [stderr] warning: ttf2mesh-sys@0.1.3:  3151 | static bool calc_circumcircle(const float A[2], const float B[2], const float C[2], mcc_t *cc)
[INFO] [stderr] warning: ttf2mesh-sys@0.1.3:       |             ^~~~~~~~~~~~~~~~~
[INFO] [stderr] warning: ttf2mesh-sys@0.1.3: ttf2mesh/ttf2mesh.c:3200:47: warning: 'calc_circumcircle' reading 8 bytes from a region of size 4 [-Wstringop-overread]
[INFO] [stderr] warning: ttf2mesh-sys@0.1.3:  3200 |     if (e->tr[1]->cc.radius == 0.0f) done1 &= calc_circumcircle(&e->v1->x, &o1->x, &e->v2->x, &e->tr[1]->cc);
[INFO] [stderr] warning: ttf2mesh-sys@0.1.3:       |                                               ^~~~~~~~~~~~~~~~~~~~~~~~~~~~~~~~~~~~~~~~~~~~~~~~~~~~~~~~~~~~~~
[INFO] [stderr] warning: ttf2mesh-sys@0.1.3: ttf2mesh/ttf2mesh.c:3200:47: note: referencing argument 1 of type 'const float *'
[INFO] [stderr] warning: ttf2mesh-sys@0.1.3: ttf2mesh/ttf2mesh.c:3200:47: warning: 'calc_circumcircle' reading 8 bytes from a region of size 4 [-Wstringop-overread]
[INFO] [stderr] warning: ttf2mesh-sys@0.1.3: ttf2mesh/ttf2mesh.c:3200:47: note: referencing argument 2 of type 'const float *'
[INFO] [stderr] warning: ttf2mesh-sys@0.1.3: ttf2mesh/ttf2mesh.c:3200:47: warning: 'calc_circumcircle' reading 8 bytes from a region of size 4 [-Wstringop-overread]
[INFO] [stderr] warning: ttf2mesh-sys@0.1.3: ttf2mesh/ttf2mesh.c:3200:47: note: referencing argument 3 of type 'const float *'
[INFO] [stderr] warning: ttf2mesh-sys@0.1.3: ttf2mesh/ttf2mesh.c:3151:13: note: in a call to function 'calc_circumcircle'
[INFO] [stderr] warning: ttf2mesh-sys@0.1.3:  3151 | static bool calc_circumcircle(const float A[2], const float B[2], const float C[2], mcc_t *cc)
[INFO] [stderr] warning: ttf2mesh-sys@0.1.3:       |             ^~~~~~~~~~~~~~~~~
[INFO] [stderr] warning: ttf2mesh-sys@0.1.3: ttf2mesh/ttf2mesh.c:3203:47: warning: 'calc_circumcircle' reading 8 bytes from a region of size 4 [-Wstringop-overread]
[INFO] [stderr] warning: ttf2mesh-sys@0.1.3:  3203 |     if (e->alt_cc[0].radius == 0.0f) done2 &= calc_circumcircle(&o0->x, &e->v1->x, &o1->x, &e->alt_cc[0]);
[INFO] [stderr] warning: ttf2mesh-sys@0.1.3:       |                                               ^~~~~~~~~~~~~~~~~~~~~~~~~~~~~~~~~~~~~~~~~~~~~~~~~~~~~~~~~~~
[INFO] [stderr] warning: ttf2mesh-sys@0.1.3: ttf2mesh/ttf2mesh.c:3203:47: note: referencing argument 1 of type 'const float *'
[INFO] [stderr] warning: ttf2mesh-sys@0.1.3: ttf2mesh/ttf2mesh.c:3203:47: warning: 'calc_circumcircle' reading 8 bytes from a region of size 4 [-Wstringop-overread]
[INFO] [stderr] warning: ttf2mesh-sys@0.1.3: ttf2mesh/ttf2mesh.c:3203:47: note: referencing argument 2 of type 'const float *'
[INFO] [stderr] warning: ttf2mesh-sys@0.1.3: ttf2mesh/ttf2mesh.c:3203:47: warning: 'calc_circumcircle' reading 8 bytes from a region of size 4 [-Wstringop-overread]
[INFO] [stderr] warning: ttf2mesh-sys@0.1.3: ttf2mesh/ttf2mesh.c:3203:47: note: referencing argument 3 of type 'const float *'
[INFO] [stderr] warning: ttf2mesh-sys@0.1.3: ttf2mesh/ttf2mesh.c:3151:13: note: in a call to function 'calc_circumcircle'
[INFO] [stderr] warning: ttf2mesh-sys@0.1.3:  3151 | static bool calc_circumcircle(const float A[2], const float B[2], const float C[2], mcc_t *cc)
[INFO] [stderr] warning: ttf2mesh-sys@0.1.3:       |             ^~~~~~~~~~~~~~~~~
[INFO] [stderr] warning: ttf2mesh-sys@0.1.3: ttf2mesh/ttf2mesh.c:3204:47: warning: 'calc_circumcircle' reading 8 bytes from a region of size 4 [-Wstringop-overread]
[INFO] [stderr] warning: ttf2mesh-sys@0.1.3:  3204 |     if (e->alt_cc[1].radius == 0.0f) done2 &= calc_circumcircle(&o0->x, &e->v2->x, &o1->x, &e->alt_cc[1]);
[INFO] [stderr] warning: ttf2mesh-sys@0.1.3:       |                                               ^~~~~~~~~~~~~~~~~~~~~~~~~~~~~~~~~~~~~~~~~~~~~~~~~~~~~~~~~~~
[INFO] [stderr] warning: ttf2mesh-sys@0.1.3: ttf2mesh/ttf2mesh.c:3204:47: note: referencing argument 1 of type 'const float *'
[INFO] [stderr] warning: ttf2mesh-sys@0.1.3: ttf2mesh/ttf2mesh.c:3204:47: warning: 'calc_circumcircle' reading 8 bytes from a region of size 4 [-Wstringop-overread]
[INFO] [stderr] warning: ttf2mesh-sys@0.1.3: ttf2mesh/ttf2mesh.c:3204:47: note: referencing argument 2 of type 'const float *'
[INFO] [stderr] warning: ttf2mesh-sys@0.1.3: ttf2mesh/ttf2mesh.c:3204:47: warning: 'calc_circumcircle' reading 8 bytes from a region of size 4 [-Wstringop-overread]
[INFO] [stderr] warning: ttf2mesh-sys@0.1.3: ttf2mesh/ttf2mesh.c:3204:47: note: referencing argument 3 of type 'const float *'
[INFO] [stderr] warning: ttf2mesh-sys@0.1.3: ttf2mesh/ttf2mesh.c:3151:13: note: in a call to function 'calc_circumcircle'
[INFO] [stderr] warning: ttf2mesh-sys@0.1.3:  3151 | static bool calc_circumcircle(const float A[2], const float B[2], const float C[2], mcc_t *cc)
[INFO] [stderr] warning: ttf2mesh-sys@0.1.3:       |             ^~~~~~~~~~~~~~~~~
[INFO] [stderr]    Compiling ttf2mesh-sys v0.1.3 (/opt/rustwide/workdir)
[INFO] [stderr]     Finished test [unoptimized + debuginfo] target(s) in 0.60s
[INFO] running `Command { std: "docker" "inspect" "541f5a6d53ebfeb53f8400bfc2be5408f2addfddf6094bb969b7b69ad3aac38b", kill_on_drop: false }`
[INFO] running `Command { std: "docker" "rm" "-f" "541f5a6d53ebfeb53f8400bfc2be5408f2addfddf6094bb969b7b69ad3aac38b", kill_on_drop: false }`
[INFO] [stdout] 541f5a6d53ebfeb53f8400bfc2be5408f2addfddf6094bb969b7b69ad3aac38b
[INFO] running `Command { std: "docker" "create" "-v" "/var/lib/crater-agent-workspace/builds/worker-6-tc1/target:/opt/rustwide/target:rw,Z" "-v" "/var/lib/crater-agent-workspace/builds/worker-6-tc1/source:/opt/rustwide/workdir:ro,Z" "-v" "/var/lib/crater-agent-workspace/cargo-home:/opt/rustwide/cargo-home:ro,Z" "-v" "/var/lib/crater-agent-workspace/rustup-home:/opt/rustwide/rustup-home:ro,Z" "-e" "SOURCE_DIR=/opt/rustwide/workdir" "-e" "CARGO_TARGET_DIR=/opt/rustwide/target" "-e" "CARGO_INCREMENTAL=0" "-e" "RUST_BACKTRACE=full" "-e" "RUSTFLAGS=--cap-lints=warn" "-e" "RUSTDOCFLAGS=--cap-lints=warn" "-e" "CARGO_HOME=/opt/rustwide/cargo-home" "-e" "RUSTUP_HOME=/opt/rustwide/rustup-home" "-w" "/opt/rustwide/workdir" "-m" "1610612736" "--user" "0:0" "--network" "none" "ghcr.io/rust-lang/crates-build-env/linux@sha256:2788e3201cd34a07e3172128adcd8b3090168a8e3bcc40d7c032b9dda1df7d1c" "/opt/rustwide/cargo-home/bin/cargo" "+1.75.0" "test" "--frozen", kill_on_drop: false }`
[INFO] [stdout] 361810bf4ea642271f6b13030d9f6997b197b0a68588ba89121f8eef6c24972e
[INFO] running `Command { std: "docker" "start" "-a" "361810bf4ea642271f6b13030d9f6997b197b0a68588ba89121f8eef6c24972e", kill_on_drop: false }`
[INFO] [stderr] warning: ttf2mesh-sys@0.1.3: ttf2mesh/ttf2mesh.c: In function 'herons_area_p':
[INFO] [stderr] warning: ttf2mesh-sys@0.1.3: ttf2mesh/ttf2mesh.c:2159:12: warning: 'herons_area_v' reading 8 bytes from a region of size 4 [-Wstringop-overread]
[INFO] [stderr] warning: ttf2mesh-sys@0.1.3:  2159 |     return herons_area_v(&a->x, &b->x, &c->x);
[INFO] [stderr] warning: ttf2mesh-sys@0.1.3:       |            ^~~~~~~~~~~~~~~~~~~~~~~~~~~~~~~~~~
[INFO] [stderr] warning: ttf2mesh-sys@0.1.3: ttf2mesh/ttf2mesh.c:2159:12: note: referencing argument 1 of type 'const float *'
[INFO] [stderr] warning: ttf2mesh-sys@0.1.3: ttf2mesh/ttf2mesh.c:2159:12: warning: 'herons_area_v' reading 8 bytes from a region of size 4 [-Wstringop-overread]
[INFO] [stderr] warning: ttf2mesh-sys@0.1.3: ttf2mesh/ttf2mesh.c:2159:12: note: referencing argument 2 of type 'const float *'
[INFO] [stderr] warning: ttf2mesh-sys@0.1.3: ttf2mesh/ttf2mesh.c:2159:12: warning: 'herons_area_v' reading 8 bytes from a region of size 4 [-Wstringop-overread]
[INFO] [stderr] warning: ttf2mesh-sys@0.1.3: ttf2mesh/ttf2mesh.c:2159:12: note: referencing argument 3 of type 'const float *'
[INFO] [stderr] warning: ttf2mesh-sys@0.1.3: ttf2mesh/ttf2mesh.c:2148:23: note: in a call to function 'herons_area_v'
[INFO] [stderr] warning: ttf2mesh-sys@0.1.3:  2148 | static __inline float herons_area_v(const float v1[2], const float v2[2], const float v3[2])
[INFO] [stderr] warning: ttf2mesh-sys@0.1.3:       |                       ^~~~~~~~~~~~~
[INFO] [stderr] warning: ttf2mesh-sys@0.1.3: ttf2mesh/ttf2mesh.c: In function 'ttf_outline_contour_info':
[INFO] [stderr] warning: ttf2mesh-sys@0.1.3: ttf2mesh/ttf2mesh.c:2480:19: warning: 'ttf_outline_evenodd_base' reading 8 bytes from a region of size 4 [-Wstringop-overread]
[INFO] [stderr] warning: ttf2mesh-sys@0.1.3:  2480 |         int res = ttf_outline_evenodd_base(outline, &outline->cont[contour].pt[test_point].x, i, &dist);
[INFO] [stderr] warning: ttf2mesh-sys@0.1.3:       |                   ^~~~~~~~~~~~~~~~~~~~~~~~~~~~~~~~~~~~~~~~~~~~~~~~~~~~~~~~~~~~~~~~~~~~~~~~~~~~~~~~~~~~~
[INFO] [stderr] warning: ttf2mesh-sys@0.1.3: ttf2mesh/ttf2mesh.c:2480:19: note: referencing argument 2 of type 'const float *'
[INFO] [stderr] warning: ttf2mesh-sys@0.1.3: ttf2mesh/ttf2mesh.c:2404:5: note: in a call to function 'ttf_outline_evenodd_base'
[INFO] [stderr] warning: ttf2mesh-sys@0.1.3:  2404 | int ttf_outline_evenodd_base(const ttf_outline_t *outline, const float point[2], int contour, float *dist)
[INFO] [stderr] warning: ttf2mesh-sys@0.1.3:       |     ^~~~~~~~~~~~~~~~~~~~~~~~
[INFO] [stderr] warning: ttf2mesh-sys@0.1.3: ttf2mesh/ttf2mesh.c: In function 'optimize':
[INFO] [stderr] warning: ttf2mesh-sys@0.1.3: ttf2mesh/ttf2mesh.c:3199:47: warning: 'calc_circumcircle' reading 8 bytes from a region of size 4 [-Wstringop-overread]
[INFO] [stderr] warning: ttf2mesh-sys@0.1.3:  3199 |     if (e->tr[0]->cc.radius == 0.0f) done1 &= calc_circumcircle(&e->v1->x, &o0->x, &e->v2->x, &e->tr[0]->cc);
[INFO] [stderr] warning: ttf2mesh-sys@0.1.3:       |                                               ^~~~~~~~~~~~~~~~~~~~~~~~~~~~~~~~~~~~~~~~~~~~~~~~~~~~~~~~~~~~~~
[INFO] [stderr] warning: ttf2mesh-sys@0.1.3: ttf2mesh/ttf2mesh.c:3199:47: note: referencing argument 1 of type 'const float *'
[INFO] [stderr] warning: ttf2mesh-sys@0.1.3: ttf2mesh/ttf2mesh.c:3199:47: warning: 'calc_circumcircle' reading 8 bytes from a region of size 4 [-Wstringop-overread]
[INFO] [stderr] warning: ttf2mesh-sys@0.1.3: ttf2mesh/ttf2mesh.c:3199:47: note: referencing argument 2 of type 'const float *'
[INFO] [stderr] warning: ttf2mesh-sys@0.1.3: ttf2mesh/ttf2mesh.c:3199:47: warning: 'calc_circumcircle' reading 8 bytes from a region of size 4 [-Wstringop-overread]
[INFO] [stderr] warning: ttf2mesh-sys@0.1.3: ttf2mesh/ttf2mesh.c:3199:47: note: referencing argument 3 of type 'const float *'
[INFO] [stderr] warning: ttf2mesh-sys@0.1.3: ttf2mesh/ttf2mesh.c:3151:13: note: in a call to function 'calc_circumcircle'
[INFO] [stderr] warning: ttf2mesh-sys@0.1.3:  3151 | static bool calc_circumcircle(const float A[2], const float B[2], const float C[2], mcc_t *cc)
[INFO] [stderr] warning: ttf2mesh-sys@0.1.3:       |             ^~~~~~~~~~~~~~~~~
[INFO] [stderr] warning: ttf2mesh-sys@0.1.3: ttf2mesh/ttf2mesh.c:3200:47: warning: 'calc_circumcircle' reading 8 bytes from a region of size 4 [-Wstringop-overread]
[INFO] [stderr] warning: ttf2mesh-sys@0.1.3:  3200 |     if (e->tr[1]->cc.radius == 0.0f) done1 &= calc_circumcircle(&e->v1->x, &o1->x, &e->v2->x, &e->tr[1]->cc);
[INFO] [stderr] warning: ttf2mesh-sys@0.1.3:       |                                               ^~~~~~~~~~~~~~~~~~~~~~~~~~~~~~~~~~~~~~~~~~~~~~~~~~~~~~~~~~~~~~
[INFO] [stderr] warning: ttf2mesh-sys@0.1.3: ttf2mesh/ttf2mesh.c:3200:47: note: referencing argument 1 of type 'const float *'
[INFO] [stderr] warning: ttf2mesh-sys@0.1.3: ttf2mesh/ttf2mesh.c:3200:47: warning: 'calc_circumcircle' reading 8 bytes from a region of size 4 [-Wstringop-overread]
[INFO] [stderr] warning: ttf2mesh-sys@0.1.3: ttf2mesh/ttf2mesh.c:3200:47: note: referencing argument 2 of type 'const float *'
[INFO] [stderr] warning: ttf2mesh-sys@0.1.3: ttf2mesh/ttf2mesh.c:3200:47: warning: 'calc_circumcircle' reading 8 bytes from a region of size 4 [-Wstringop-overread]
[INFO] [stderr] warning: ttf2mesh-sys@0.1.3: ttf2mesh/ttf2mesh.c:3200:47: note: referencing argument 3 of type 'const float *'
[INFO] [stderr] warning: ttf2mesh-sys@0.1.3: ttf2mesh/ttf2mesh.c:3151:13: note: in a call to function 'calc_circumcircle'
[INFO] [stderr] warning: ttf2mesh-sys@0.1.3:  3151 | static bool calc_circumcircle(const float A[2], const float B[2], const float C[2], mcc_t *cc)
[INFO] [stderr] warning: ttf2mesh-sys@0.1.3:       |             ^~~~~~~~~~~~~~~~~
[INFO] [stderr] warning: ttf2mesh-sys@0.1.3: ttf2mesh/ttf2mesh.c:3203:47: warning: 'calc_circumcircle' reading 8 bytes from a region of size 4 [-Wstringop-overread]
[INFO] [stderr] warning: ttf2mesh-sys@0.1.3:  3203 |     if (e->alt_cc[0].radius == 0.0f) done2 &= calc_circumcircle(&o0->x, &e->v1->x, &o1->x, &e->alt_cc[0]);
[INFO] [stderr] warning: ttf2mesh-sys@0.1.3:       |                                               ^~~~~~~~~~~~~~~~~~~~~~~~~~~~~~~~~~~~~~~~~~~~~~~~~~~~~~~~~~~
[INFO] [stderr] warning: ttf2mesh-sys@0.1.3: ttf2mesh/ttf2mesh.c:3203:47: note: referencing argument 1 of type 'const float *'
[INFO] [stderr] warning: ttf2mesh-sys@0.1.3: ttf2mesh/ttf2mesh.c:3203:47: warning: 'calc_circumcircle' reading 8 bytes from a region of size 4 [-Wstringop-overread]
[INFO] [stderr] warning: ttf2mesh-sys@0.1.3: ttf2mesh/ttf2mesh.c:3203:47: note: referencing argument 2 of type 'const float *'
[INFO] [stderr] warning: ttf2mesh-sys@0.1.3: ttf2mesh/ttf2mesh.c:3203:47: warning: 'calc_circumcircle' reading 8 bytes from a region of size 4 [-Wstringop-overread]
[INFO] [stderr] warning: ttf2mesh-sys@0.1.3: ttf2mesh/ttf2mesh.c:3203:47: note: referencing argument 3 of type 'const float *'
[INFO] [stderr] warning: ttf2mesh-sys@0.1.3: ttf2mesh/ttf2mesh.c:3151:13: note: in a call to function 'calc_circumcircle'
[INFO] [stderr] warning: ttf2mesh-sys@0.1.3:  3151 | static bool calc_circumcircle(const float A[2], const float B[2], const float C[2], mcc_t *cc)
[INFO] [stderr] warning: ttf2mesh-sys@0.1.3:       |             ^~~~~~~~~~~~~~~~~
[INFO] [stderr] warning: ttf2mesh-sys@0.1.3: ttf2mesh/ttf2mesh.c:3204:47: warning: 'calc_circumcircle' reading 8 bytes from a region of size 4 [-Wstringop-overread]
[INFO] [stderr] warning: ttf2mesh-sys@0.1.3:  3204 |     if (e->alt_cc[1].radius == 0.0f) done2 &= calc_circumcircle(&o0->x, &e->v2->x, &o1->x, &e->alt_cc[1]);
[INFO] [stderr] warning: ttf2mesh-sys@0.1.3:       |                                               ^~~~~~~~~~~~~~~~~~~~~~~~~~~~~~~~~~~~~~~~~~~~~~~~~~~~~~~~~~~
[INFO] [stderr] warning: ttf2mesh-sys@0.1.3: ttf2mesh/ttf2mesh.c:3204:47: note: referencing argument 1 of type 'const float *'
[INFO] [stderr] warning: ttf2mesh-sys@0.1.3: ttf2mesh/ttf2mesh.c:3204:47: warning: 'calc_circumcircle' reading 8 bytes from a region of size 4 [-Wstringop-overread]
[INFO] [stderr] warning: ttf2mesh-sys@0.1.3: ttf2mesh/ttf2mesh.c:3204:47: note: referencing argument 2 of type 'const float *'
[INFO] [stderr] warning: ttf2mesh-sys@0.1.3: ttf2mesh/ttf2mesh.c:3204:47: warning: 'calc_circumcircle' reading 8 bytes from a region of size 4 [-Wstringop-overread]
[INFO] [stderr] warning: ttf2mesh-sys@0.1.3: ttf2mesh/ttf2mesh.c:3204:47: note: referencing argument 3 of type 'const float *'
[INFO] [stderr] warning: ttf2mesh-sys@0.1.3: ttf2mesh/ttf2mesh.c:3151:13: note: in a call to function 'calc_circumcircle'
[INFO] [stderr] warning: ttf2mesh-sys@0.1.3:  3151 | static bool calc_circumcircle(const float A[2], const float B[2], const float C[2], mcc_t *cc)
[INFO] [stderr] warning: ttf2mesh-sys@0.1.3:       |             ^~~~~~~~~~~~~~~~~
[INFO] [stderr]     Finished test [unoptimized + debuginfo] target(s) in 0.04s
[INFO] [stderr]      Running unittests src/lib.rs (/opt/rustwide/target/debug/deps/ttf2mesh_sys-e8cb150d87e95281)
[INFO] [stdout] 
[INFO] [stdout] running 22 tests
[INFO] [stdout] test bindgen_test_layout_ttf_file ... ok
[INFO] [stdout] test bindgen_test_layout_max_align_t ... ok
[INFO] [stdout] test bindgen_test_layout___fsid_t ... ok
[INFO] [stdout] test bindgen_test_layout_ttf_file__bindgen_ty_1__bindgen_ty_1 ... ok
[INFO] [stdout] test bindgen_test_layout_ttf_file__bindgen_ty_2__bindgen_ty_1 ... ok
[INFO] [stdout] test bindgen_test_layout___va_list_tag ... ok
[INFO] [stdout] test bindgen_test_layout_ttf_file__bindgen_ty_2 ... ok
[INFO] [stdout] test bindgen_test_layout_ttf_file__bindgen_ty_4 ... ok
[INFO] [stdout] test bindgen_test_layout_ttf_glyph ... ok
[INFO] [stdout] test bindgen_test_layout_ttf_mesh ... ok
[INFO] [stdout] test bindgen_test_layout_ttf_mesh3d ... ok
[INFO] [stdout] test bindgen_test_layout_ttf_mesh3d__bindgen_ty_1 ... ok
[INFO] [stdout] test bindgen_test_layout_ttf_mesh3d__bindgen_ty_2 ... ok
[INFO] [stdout] test bindgen_test_layout_ttf_mesh3d__bindgen_ty_3 ... ok
[INFO] [stdout] test bindgen_test_layout_ttf_mesh__bindgen_ty_1 ... ok
[INFO] [stdout] test bindgen_test_layout_ttf_file__bindgen_ty_1 ... ok
[INFO] [stdout] test bindgen_test_layout_ttf_mesh__bindgen_ty_2 ... ok
[INFO] [stdout] test bindgen_test_layout_ttf_outline__bindgen_ty_1 ... ok
[INFO] [stdout] test bindgen_test_layout_ttf_outline ... ok
[INFO] [stdout] test bindgen_test_layout_ttf_point ... ok
[INFO] [stdout] test bindgen_test_layout_unicode_bmp_range ... ok
[INFO] [stdout] test bindgen_test_layout_ttf_file__bindgen_ty_3 ... ok
[INFO] [stdout] 
[INFO] [stdout] test result: ok. 22 passed; 0 failed; 0 ignored; 0 measured; 0 filtered out; finished in 0.01s
[INFO] [stdout] 
[INFO] [stderr]    Doc-tests ttf2mesh-sys
[INFO] [stdout] 
[INFO] [stdout] running 2 tests
[INFO] [stdout] test /opt/rustwide/target/debug/build/ttf2mesh-sys-28cb722e70e0abc6/out/bindings.rs - ttf_list_match (line 23) ... FAILED
[INFO] [stdout] test /opt/rustwide/target/debug/build/ttf2mesh-sys-28cb722e70e0abc6/out/bindings.rs - ttf_list_match (line 17) ... FAILED
[INFO] [stdout] 
[INFO] [stdout] failures:
[INFO] [stdout] 
[INFO] [stdout] ---- /opt/rustwide/target/debug/build/ttf2mesh-sys-28cb722e70e0abc6/out/bindings.rs - ttf_list_match (line 23) stdout ----
[INFO] [stdout] error: expected one of `!`, `)`, `,`, `.`, `::`, `?`, `{`, or an operator, found `"The number π"`
[INFO] [stdout]  --> /opt/rustwide/target/debug/build/ttf2mesh-sys-28cb722e70e0abc6/out/bindings.rs:24:33
[INFO] [stdout]   |
[INFO] [stdout] 3 | ttf_list_match(list, "t!i!ff", L"The number π", "Times", "Courier")
[INFO] [stdout]   |                                 -^^^^^^^^^^^^^
[INFO] [stdout]   |                                 |
[INFO] [stdout]   |                                 expected one of 8 possible tokens
[INFO] [stdout]   |                                 help: missing `,`
[INFO] [stdout] 
[INFO] [stdout] error[E0425]: cannot find function `ttf_list_match` in this scope
[INFO] [stdout]  --> /opt/rustwide/target/debug/build/ttf2mesh-sys-28cb722e70e0abc6/out/bindings.rs:24:1
[INFO] [stdout]   |
[INFO] [stdout] 3 | ttf_list_match(list, "t!i!ff", L"The number π", "Times", "Courier")
[INFO] [stdout]   | ^^^^^^^^^^^^^^ not found in this scope
[INFO] [stdout]   |
[INFO] [stdout] help: consider importing this function
[INFO] [stdout]   |
[INFO] [stdout] 2 + use ttf2mesh_sys::ttf_list_match;
[INFO] [stdout]   |
[INFO] [stdout] 
[INFO] [stdout] error[E0425]: cannot find value `list` in this scope
[INFO] [stdout]  --> /opt/rustwide/target/debug/build/ttf2mesh-sys-28cb722e70e0abc6/out/bindings.rs:24:16
[INFO] [stdout]   |
[INFO] [stdout] 3 | ttf_list_match(list, "t!i!ff", L"The number π", "Times", "Courier")
[INFO] [stdout]   |                ^^^^ not found in this scope
[INFO] [stdout] 
[INFO] [stdout] error[E0425]: cannot find value `L` in this scope
[INFO] [stdout]  --> /opt/rustwide/target/debug/build/ttf2mesh-sys-28cb722e70e0abc6/out/bindings.rs:24:32
[INFO] [stdout]   |
[INFO] [stdout] 3 | ttf_list_match(list, "t!i!ff", L"The number π", "Times", "Courier")
[INFO] [stdout]   |                                ^ not found in this scope
[INFO] [stdout]   |
[INFO] [stdout] help: you might be missing a const parameter
[INFO] [stdout]   |
[INFO] [stdout] 2 | fn main() { #[allow(non_snake_case)] fn _doctest_main__opt_rustwide_target_debug_build_ttf2mesh_sys_28cb722e70e0abc6_out_bindings_rs_23_0<const L: /* Type */>() {
[INFO] [stdout]   |                                                                                                                                          +++++++++++++++++++++
[INFO] [stdout] 
[INFO] [stdout] error: aborting due to 4 previous errors
[INFO] [stdout] 
[INFO] [stdout] For more information about this error, try `rustc --explain E0425`.
[INFO] [stdout] Couldn't compile the test.
[INFO] [stdout] ---- /opt/rustwide/target/debug/build/ttf2mesh-sys-28cb722e70e0abc6/out/bindings.rs - ttf_list_match (line 17) stdout ----
[INFO] [stdout] error[E0425]: cannot find function `ttf_list_match` in this scope
[INFO] [stdout]  --> /opt/rustwide/target/debug/build/ttf2mesh-sys-28cb722e70e0abc6/out/bindings.rs:18:1
[INFO] [stdout]   |
[INFO] [stdout] 3 | ttf_list_match(list, "fb", "Courier")
[INFO] [stdout]   | ^^^^^^^^^^^^^^ not found in this scope
[INFO] [stdout]   |
[INFO] [stdout] help: consider importing this function
[INFO] [stdout]   |
[INFO] [stdout] 2 + use ttf2mesh_sys::ttf_list_match;
[INFO] [stdout]   |
[INFO] [stdout] 
[INFO] [stdout] error[E0425]: cannot find value `list` in this scope
[INFO] [stdout]  --> /opt/rustwide/target/debug/build/ttf2mesh-sys-28cb722e70e0abc6/out/bindings.rs:18:16
[INFO] [stdout]   |
[INFO] [stdout] 3 | ttf_list_match(list, "fb", "Courier")
[INFO] [stdout]   |                ^^^^ not found in this scope
[INFO] [stdout] 
[INFO] [stdout] error: aborting due to 2 previous errors
[INFO] [stdout] 
[INFO] [stdout] For more information about this error, try `rustc --explain E0425`.
[INFO] [stdout] Couldn't compile the test.
[INFO] [stdout] 
[INFO] [stdout] failures:
[INFO] [stdout]     /opt/rustwide/target/debug/build/ttf2mesh-sys-28cb722e70e0abc6/out/bindings.rs - ttf_list_match (line 17)
[INFO] [stdout]     /opt/rustwide/target/debug/build/ttf2mesh-sys-28cb722e70e0abc6/out/bindings.rs - ttf_list_match (line 23)
[INFO] [stdout] 
[INFO] [stdout] test result: FAILED. 0 passed; 2 failed; 0 ignored; 0 measured; 0 filtered out; finished in 0.06s
[INFO] [stdout] 
[INFO] [stderr] error: doctest failed, to rerun pass `--doc`
[INFO] running `Command { std: "docker" "inspect" "361810bf4ea642271f6b13030d9f6997b197b0a68588ba89121f8eef6c24972e", kill_on_drop: false }`
[INFO] running `Command { std: "docker" "rm" "-f" "361810bf4ea642271f6b13030d9f6997b197b0a68588ba89121f8eef6c24972e", kill_on_drop: false }`
[INFO] [stdout] 361810bf4ea642271f6b13030d9f6997b197b0a68588ba89121f8eef6c24972e
[INFO] testing ttf2mesh-sys-0.1.3 against beta-2023-12-22 for beta-1.76-1
[INFO] extracting crate ttf2mesh-sys 0.1.3 into /workspace/builds/worker-6-tc2/source
[INFO] validating manifest of crates.io crate ttf2mesh-sys 0.1.3 on toolchain beta-2023-12-22
[INFO] running `Command { std: CARGO_HOME="/workspace/cargo-home" RUSTUP_HOME="/workspace/rustup-home" "/workspace/cargo-home/bin/cargo" "+beta-2023-12-22" "metadata" "--manifest-path" "Cargo.toml" "--no-deps", kill_on_drop: false }`
[INFO] started tweaking crates.io crate ttf2mesh-sys 0.1.3
[INFO] finished tweaking crates.io crate ttf2mesh-sys 0.1.3
[INFO] tweaked toml for crates.io crate ttf2mesh-sys 0.1.3 written to /workspace/builds/worker-6-tc2/source/Cargo.toml
[INFO] running `Command { std: CARGO_HOME="/workspace/cargo-home" RUSTUP_HOME="/workspace/rustup-home" "/workspace/cargo-home/bin/cargo" "+beta-2023-12-22" "generate-lockfile" "--manifest-path" "Cargo.toml", kill_on_drop: false }`
[INFO] [stderr]     Updating crates.io index
[INFO] running `Command { std: CARGO_HOME="/workspace/cargo-home" RUSTUP_HOME="/workspace/rustup-home" "/workspace/cargo-home/bin/cargo" "+beta-2023-12-22" "fetch" "--manifest-path" "Cargo.toml", kill_on_drop: false }`
[INFO] running `Command { std: "docker" "create" "-v" "/var/lib/crater-agent-workspace/builds/worker-6-tc2/target:/opt/rustwide/target:rw,Z" "-v" "/var/lib/crater-agent-workspace/builds/worker-6-tc2/source:/opt/rustwide/workdir:ro,Z" "-v" "/var/lib/crater-agent-workspace/cargo-home:/opt/rustwide/cargo-home:ro,Z" "-v" "/var/lib/crater-agent-workspace/rustup-home:/opt/rustwide/rustup-home:ro,Z" "-e" "SOURCE_DIR=/opt/rustwide/workdir" "-e" "CARGO_TARGET_DIR=/opt/rustwide/target" "-e" "CARGO_HOME=/opt/rustwide/cargo-home" "-e" "RUSTUP_HOME=/opt/rustwide/rustup-home" "-w" "/opt/rustwide/workdir" "-m" "1610612736" "--user" "0:0" "--network" "none" "ghcr.io/rust-lang/crates-build-env/linux@sha256:2788e3201cd34a07e3172128adcd8b3090168a8e3bcc40d7c032b9dda1df7d1c" "/opt/rustwide/cargo-home/bin/cargo" "+beta-2023-12-22" "metadata" "--no-deps" "--format-version=1", kill_on_drop: false }`
[INFO] [stdout] 27972aa1818816e09207379272233a7852aa8e3f0afa2b487aabc91c276c6e4e
[INFO] running `Command { std: "docker" "start" "-a" "27972aa1818816e09207379272233a7852aa8e3f0afa2b487aabc91c276c6e4e", kill_on_drop: false }`
[INFO] running `Command { std: "docker" "inspect" "27972aa1818816e09207379272233a7852aa8e3f0afa2b487aabc91c276c6e4e", kill_on_drop: false }`
[INFO] running `Command { std: "docker" "rm" "-f" "27972aa1818816e09207379272233a7852aa8e3f0afa2b487aabc91c276c6e4e", kill_on_drop: false }`
[INFO] [stdout] 27972aa1818816e09207379272233a7852aa8e3f0afa2b487aabc91c276c6e4e
[INFO] running `Command { std: "docker" "create" "-v" "/var/lib/crater-agent-workspace/builds/worker-6-tc2/target:/opt/rustwide/target:rw,Z" "-v" "/var/lib/crater-agent-workspace/builds/worker-6-tc2/source:/opt/rustwide/workdir:ro,Z" "-v" "/var/lib/crater-agent-workspace/cargo-home:/opt/rustwide/cargo-home:ro,Z" "-v" "/var/lib/crater-agent-workspace/rustup-home:/opt/rustwide/rustup-home:ro,Z" "-e" "SOURCE_DIR=/opt/rustwide/workdir" "-e" "CARGO_TARGET_DIR=/opt/rustwide/target" "-e" "CARGO_INCREMENTAL=0" "-e" "RUST_BACKTRACE=full" "-e" "RUSTFLAGS=--cap-lints=warn" "-e" "RUSTDOCFLAGS=--cap-lints=warn" "-e" "CARGO_HOME=/opt/rustwide/cargo-home" "-e" "RUSTUP_HOME=/opt/rustwide/rustup-home" "-w" "/opt/rustwide/workdir" "-m" "1610612736" "--user" "0:0" "--network" "none" "ghcr.io/rust-lang/crates-build-env/linux@sha256:2788e3201cd34a07e3172128adcd8b3090168a8e3bcc40d7c032b9dda1df7d1c" "/opt/rustwide/cargo-home/bin/cargo" "+beta-2023-12-22" "build" "--frozen" "--message-format=json", kill_on_drop: false }`
[INFO] [stdout] 7ccc66b894b9c512006f8df5aa8c3af6315b8915fdca999dba7954f9dd96312c
[INFO] running `Command { std: "docker" "start" "-a" "7ccc66b894b9c512006f8df5aa8c3af6315b8915fdca999dba7954f9dd96312c", kill_on_drop: false }`
[INFO] [stderr]    Compiling proc-macro2 v1.0.75
[INFO] [stderr]    Compiling libc v0.2.151
[INFO] [stderr]    Compiling glob v0.3.1
[INFO] [stderr]    Compiling prettyplease v0.2.16
[INFO] [stderr]    Compiling rustix v0.38.28
[INFO] [stderr]    Compiling cfg-if v1.0.0
[INFO] [stderr]    Compiling minimal-lexical v0.2.1
[INFO] [stderr]    Compiling linux-raw-sys v0.4.12
[INFO] [stderr]    Compiling memchr v2.7.1
[INFO] [stderr]    Compiling regex-syntax v0.8.2
[INFO] [stderr]    Compiling bitflags v2.4.1
[INFO] [stderr]    Compiling libloading v0.8.1
[INFO] [stderr]    Compiling clang-sys v1.7.0
[INFO] [stderr]    Compiling home v0.5.9
[INFO] [stderr]    Compiling nom v7.1.3
[INFO] [stderr]    Compiling bindgen v0.69.1
[INFO] [stderr]    Compiling quote v1.0.35
[INFO] [stderr]    Compiling either v1.9.0
[INFO] [stderr]    Compiling syn v2.0.48
[INFO] [stderr]    Compiling shlex v1.2.0
[INFO] [stderr]    Compiling lazy_static v1.4.0
[INFO] [stderr]    Compiling peeking_take_while v0.1.2
[INFO] [stderr]    Compiling rustc-hash v1.1.0
[INFO] [stderr]    Compiling log v0.4.20
[INFO] [stderr]    Compiling lazycell v1.3.0
[INFO] [stderr]    Compiling cc v1.0.83
[INFO] [stderr]    Compiling cexpr v0.6.0
[INFO] [stderr]    Compiling which v4.4.2
[INFO] [stderr]    Compiling regex-automata v0.4.3
[INFO] [stderr]    Compiling regex v1.10.2
[INFO] [stderr]    Compiling ttf2mesh-sys v0.1.3 (/opt/rustwide/workdir)
[INFO] [stderr] warning: ttf2mesh-sys@0.1.3: ttf2mesh/ttf2mesh.c: In function 'herons_area_p':
[INFO] [stderr] warning: ttf2mesh-sys@0.1.3: ttf2mesh/ttf2mesh.c:2159:12: warning: 'herons_area_v' reading 8 bytes from a region of size 4 [-Wstringop-overread]
[INFO] [stderr] warning: ttf2mesh-sys@0.1.3:  2159 |     return herons_area_v(&a->x, &b->x, &c->x);
[INFO] [stderr] warning: ttf2mesh-sys@0.1.3:       |            ^~~~~~~~~~~~~~~~~~~~~~~~~~~~~~~~~~
[INFO] [stderr] warning: ttf2mesh-sys@0.1.3: ttf2mesh/ttf2mesh.c:2159:12: note: referencing argument 1 of type 'const float *'
[INFO] [stderr] warning: ttf2mesh-sys@0.1.3: ttf2mesh/ttf2mesh.c:2159:12: warning: 'herons_area_v' reading 8 bytes from a region of size 4 [-Wstringop-overread]
[INFO] [stderr] warning: ttf2mesh-sys@0.1.3: ttf2mesh/ttf2mesh.c:2159:12: note: referencing argument 2 of type 'const float *'
[INFO] [stderr] warning: ttf2mesh-sys@0.1.3: ttf2mesh/ttf2mesh.c:2159:12: warning: 'herons_area_v' reading 8 bytes from a region of size 4 [-Wstringop-overread]
[INFO] [stderr] warning: ttf2mesh-sys@0.1.3: ttf2mesh/ttf2mesh.c:2159:12: note: referencing argument 3 of type 'const float *'
[INFO] [stderr] warning: ttf2mesh-sys@0.1.3: ttf2mesh/ttf2mesh.c:2148:23: note: in a call to function 'herons_area_v'
[INFO] [stderr] warning: ttf2mesh-sys@0.1.3:  2148 | static __inline float herons_area_v(const float v1[2], const float v2[2], const float v3[2])
[INFO] [stderr] warning: ttf2mesh-sys@0.1.3:       |                       ^~~~~~~~~~~~~
[INFO] [stderr] warning: ttf2mesh-sys@0.1.3: ttf2mesh/ttf2mesh.c: In function 'ttf_outline_contour_info':
[INFO] [stderr] warning: ttf2mesh-sys@0.1.3: ttf2mesh/ttf2mesh.c:2480:19: warning: 'ttf_outline_evenodd_base' reading 8 bytes from a region of size 4 [-Wstringop-overread]
[INFO] [stderr] warning: ttf2mesh-sys@0.1.3:  2480 |         int res = ttf_outline_evenodd_base(outline, &outline->cont[contour].pt[test_point].x, i, &dist);
[INFO] [stderr] warning: ttf2mesh-sys@0.1.3:       |                   ^~~~~~~~~~~~~~~~~~~~~~~~~~~~~~~~~~~~~~~~~~~~~~~~~~~~~~~~~~~~~~~~~~~~~~~~~~~~~~~~~~~~~
[INFO] [stderr] warning: ttf2mesh-sys@0.1.3: ttf2mesh/ttf2mesh.c:2480:19: note: referencing argument 2 of type 'const float *'
[INFO] [stderr] warning: ttf2mesh-sys@0.1.3: ttf2mesh/ttf2mesh.c:2404:5: note: in a call to function 'ttf_outline_evenodd_base'
[INFO] [stderr] warning: ttf2mesh-sys@0.1.3:  2404 | int ttf_outline_evenodd_base(const ttf_outline_t *outline, const float point[2], int contour, float *dist)
[INFO] [stderr] warning: ttf2mesh-sys@0.1.3:       |     ^~~~~~~~~~~~~~~~~~~~~~~~
[INFO] [stderr] warning: ttf2mesh-sys@0.1.3: ttf2mesh/ttf2mesh.c: In function 'optimize':
[INFO] [stderr] warning: ttf2mesh-sys@0.1.3: ttf2mesh/ttf2mesh.c:3199:47: warning: 'calc_circumcircle' reading 8 bytes from a region of size 4 [-Wstringop-overread]
[INFO] [stderr] warning: ttf2mesh-sys@0.1.3:  3199 |     if (e->tr[0]->cc.radius == 0.0f) done1 &= calc_circumcircle(&e->v1->x, &o0->x, &e->v2->x, &e->tr[0]->cc);
[INFO] [stderr] warning: ttf2mesh-sys@0.1.3:       |                                               ^~~~~~~~~~~~~~~~~~~~~~~~~~~~~~~~~~~~~~~~~~~~~~~~~~~~~~~~~~~~~~
[INFO] [stderr] warning: ttf2mesh-sys@0.1.3: ttf2mesh/ttf2mesh.c:3199:47: note: referencing argument 1 of type 'const float *'
[INFO] [stderr] warning: ttf2mesh-sys@0.1.3: ttf2mesh/ttf2mesh.c:3199:47: warning: 'calc_circumcircle' reading 8 bytes from a region of size 4 [-Wstringop-overread]
[INFO] [stderr] warning: ttf2mesh-sys@0.1.3: ttf2mesh/ttf2mesh.c:3199:47: note: referencing argument 2 of type 'const float *'
[INFO] [stderr] warning: ttf2mesh-sys@0.1.3: ttf2mesh/ttf2mesh.c:3199:47: warning: 'calc_circumcircle' reading 8 bytes from a region of size 4 [-Wstringop-overread]
[INFO] [stderr] warning: ttf2mesh-sys@0.1.3: ttf2mesh/ttf2mesh.c:3199:47: note: referencing argument 3 of type 'const float *'
[INFO] [stderr] warning: ttf2mesh-sys@0.1.3: ttf2mesh/ttf2mesh.c:3151:13: note: in a call to function 'calc_circumcircle'
[INFO] [stderr] warning: ttf2mesh-sys@0.1.3:  3151 | static bool calc_circumcircle(const float A[2], const float B[2], const float C[2], mcc_t *cc)
[INFO] [stderr] warning: ttf2mesh-sys@0.1.3:       |             ^~~~~~~~~~~~~~~~~
[INFO] [stderr] warning: ttf2mesh-sys@0.1.3: ttf2mesh/ttf2mesh.c:3200:47: warning: 'calc_circumcircle' reading 8 bytes from a region of size 4 [-Wstringop-overread]
[INFO] [stderr] warning: ttf2mesh-sys@0.1.3:  3200 |     if (e->tr[1]->cc.radius == 0.0f) done1 &= calc_circumcircle(&e->v1->x, &o1->x, &e->v2->x, &e->tr[1]->cc);
[INFO] [stderr] warning: ttf2mesh-sys@0.1.3:       |                                               ^~~~~~~~~~~~~~~~~~~~~~~~~~~~~~~~~~~~~~~~~~~~~~~~~~~~~~~~~~~~~~
[INFO] [stderr] warning: ttf2mesh-sys@0.1.3: ttf2mesh/ttf2mesh.c:3200:47: note: referencing argument 1 of type 'const float *'
[INFO] [stderr] warning: ttf2mesh-sys@0.1.3: ttf2mesh/ttf2mesh.c:3200:47: warning: 'calc_circumcircle' reading 8 bytes from a region of size 4 [-Wstringop-overread]
[INFO] [stderr] warning: ttf2mesh-sys@0.1.3: ttf2mesh/ttf2mesh.c:3200:47: note: referencing argument 2 of type 'const float *'
[INFO] [stderr] warning: ttf2mesh-sys@0.1.3: ttf2mesh/ttf2mesh.c:3200:47: warning: 'calc_circumcircle' reading 8 bytes from a region of size 4 [-Wstringop-overread]
[INFO] [stderr] warning: ttf2mesh-sys@0.1.3: ttf2mesh/ttf2mesh.c:3200:47: note: referencing argument 3 of type 'const float *'
[INFO] [stderr] warning: ttf2mesh-sys@0.1.3: ttf2mesh/ttf2mesh.c:3151:13: note: in a call to function 'calc_circumcircle'
[INFO] [stderr] warning: ttf2mesh-sys@0.1.3:  3151 | static bool calc_circumcircle(const float A[2], const float B[2], const float C[2], mcc_t *cc)
[INFO] [stderr] warning: ttf2mesh-sys@0.1.3:       |             ^~~~~~~~~~~~~~~~~
[INFO] [stderr] warning: ttf2mesh-sys@0.1.3: ttf2mesh/ttf2mesh.c:3203:47: warning: 'calc_circumcircle' reading 8 bytes from a region of size 4 [-Wstringop-overread]
[INFO] [stderr] warning: ttf2mesh-sys@0.1.3:  3203 |     if (e->alt_cc[0].radius == 0.0f) done2 &= calc_circumcircle(&o0->x, &e->v1->x, &o1->x, &e->alt_cc[0]);
[INFO] [stderr] warning: ttf2mesh-sys@0.1.3:       |                                               ^~~~~~~~~~~~~~~~~~~~~~~~~~~~~~~~~~~~~~~~~~~~~~~~~~~~~~~~~~~
[INFO] [stderr] warning: ttf2mesh-sys@0.1.3: ttf2mesh/ttf2mesh.c:3203:47: note: referencing argument 1 of type 'const float *'
[INFO] [stderr] warning: ttf2mesh-sys@0.1.3: ttf2mesh/ttf2mesh.c:3203:47: warning: 'calc_circumcircle' reading 8 bytes from a region of size 4 [-Wstringop-overread]
[INFO] [stderr] warning: ttf2mesh-sys@0.1.3: ttf2mesh/ttf2mesh.c:3203:47: note: referencing argument 2 of type 'const float *'
[INFO] [stderr] warning: ttf2mesh-sys@0.1.3: ttf2mesh/ttf2mesh.c:3203:47: warning: 'calc_circumcircle' reading 8 bytes from a region of size 4 [-Wstringop-overread]
[INFO] [stderr] warning: ttf2mesh-sys@0.1.3: ttf2mesh/ttf2mesh.c:3203:47: note: referencing argument 3 of type 'const float *'
[INFO] [stderr] warning: ttf2mesh-sys@0.1.3: ttf2mesh/ttf2mesh.c:3151:13: note: in a call to function 'calc_circumcircle'
[INFO] [stderr] warning: ttf2mesh-sys@0.1.3:  3151 | static bool calc_circumcircle(const float A[2], const float B[2], const float C[2], mcc_t *cc)
[INFO] [stderr] warning: ttf2mesh-sys@0.1.3:       |             ^~~~~~~~~~~~~~~~~
[INFO] [stderr] warning: ttf2mesh-sys@0.1.3: ttf2mesh/ttf2mesh.c:3204:47: warning: 'calc_circumcircle' reading 8 bytes from a region of size 4 [-Wstringop-overread]
[INFO] [stderr] warning: ttf2mesh-sys@0.1.3:  3204 |     if (e->alt_cc[1].radius == 0.0f) done2 &= calc_circumcircle(&o0->x, &e->v2->x, &o1->x, &e->alt_cc[1]);
[INFO] [stderr] warning: ttf2mesh-sys@0.1.3:       |                                               ^~~~~~~~~~~~~~~~~~~~~~~~~~~~~~~~~~~~~~~~~~~~~~~~~~~~~~~~~~~
[INFO] [stderr] warning: ttf2mesh-sys@0.1.3: ttf2mesh/ttf2mesh.c:3204:47: note: referencing argument 1 of type 'const float *'
[INFO] [stderr] warning: ttf2mesh-sys@0.1.3: ttf2mesh/ttf2mesh.c:3204:47: warning: 'calc_circumcircle' reading 8 bytes from a region of size 4 [-Wstringop-overread]
[INFO] [stderr] warning: ttf2mesh-sys@0.1.3: ttf2mesh/ttf2mesh.c:3204:47: note: referencing argument 2 of type 'const float *'
[INFO] [stderr] warning: ttf2mesh-sys@0.1.3: ttf2mesh/ttf2mesh.c:3204:47: warning: 'calc_circumcircle' reading 8 bytes from a region of size 4 [-Wstringop-overread]
[INFO] [stderr] warning: ttf2mesh-sys@0.1.3: ttf2mesh/ttf2mesh.c:3204:47: note: referencing argument 3 of type 'const float *'
[INFO] [stderr] warning: ttf2mesh-sys@0.1.3: ttf2mesh/ttf2mesh.c:3151:13: note: in a call to function 'calc_circumcircle'
[INFO] [stderr] warning: ttf2mesh-sys@0.1.3:  3151 | static bool calc_circumcircle(const float A[2], const float B[2], const float C[2], mcc_t *cc)
[INFO] [stderr] warning: ttf2mesh-sys@0.1.3:       |             ^~~~~~~~~~~~~~~~~
[INFO] [stderr]     Finished dev [unoptimized + debuginfo] target(s) in 17.05s
[INFO] running `Command { std: "docker" "inspect" "7ccc66b894b9c512006f8df5aa8c3af6315b8915fdca999dba7954f9dd96312c", kill_on_drop: false }`
[INFO] running `Command { std: "docker" "rm" "-f" "7ccc66b894b9c512006f8df5aa8c3af6315b8915fdca999dba7954f9dd96312c", kill_on_drop: false }`
[INFO] [stdout] 7ccc66b894b9c512006f8df5aa8c3af6315b8915fdca999dba7954f9dd96312c
[INFO] running `Command { std: "docker" "create" "-v" "/var/lib/crater-agent-workspace/builds/worker-6-tc2/target:/opt/rustwide/target:rw,Z" "-v" "/var/lib/crater-agent-workspace/builds/worker-6-tc2/source:/opt/rustwide/workdir:ro,Z" "-v" "/var/lib/crater-agent-workspace/cargo-home:/opt/rustwide/cargo-home:ro,Z" "-v" "/var/lib/crater-agent-workspace/rustup-home:/opt/rustwide/rustup-home:ro,Z" "-e" "SOURCE_DIR=/opt/rustwide/workdir" "-e" "CARGO_TARGET_DIR=/opt/rustwide/target" "-e" "CARGO_INCREMENTAL=0" "-e" "RUST_BACKTRACE=full" "-e" "RUSTFLAGS=--cap-lints=warn" "-e" "RUSTDOCFLAGS=--cap-lints=warn" "-e" "CARGO_HOME=/opt/rustwide/cargo-home" "-e" "RUSTUP_HOME=/opt/rustwide/rustup-home" "-w" "/opt/rustwide/workdir" "-m" "1610612736" "--user" "0:0" "--network" "none" "ghcr.io/rust-lang/crates-build-env/linux@sha256:2788e3201cd34a07e3172128adcd8b3090168a8e3bcc40d7c032b9dda1df7d1c" "/opt/rustwide/cargo-home/bin/cargo" "+beta-2023-12-22" "test" "--frozen" "--no-run" "--message-format=json", kill_on_drop: false }`
[INFO] [stdout] 07e23e0c14cd1b5308504e317ce0437f140fc9517919f3da8ba97b11389a7e52
[INFO] running `Command { std: "docker" "start" "-a" "07e23e0c14cd1b5308504e317ce0437f140fc9517919f3da8ba97b11389a7e52", kill_on_drop: false }`
[INFO] [stderr] warning: ttf2mesh-sys@0.1.3: ttf2mesh/ttf2mesh.c: In function 'herons_area_p':
[INFO] [stderr] warning: ttf2mesh-sys@0.1.3: ttf2mesh/ttf2mesh.c:2159:12: warning: 'herons_area_v' reading 8 bytes from a region of size 4 [-Wstringop-overread]
[INFO] [stderr] warning: ttf2mesh-sys@0.1.3:  2159 |     return herons_area_v(&a->x, &b->x, &c->x);
[INFO] [stderr] warning: ttf2mesh-sys@0.1.3:       |            ^~~~~~~~~~~~~~~~~~~~~~~~~~~~~~~~~~
[INFO] [stderr] warning: ttf2mesh-sys@0.1.3: ttf2mesh/ttf2mesh.c:2159:12: note: referencing argument 1 of type 'const float *'
[INFO] [stderr] warning: ttf2mesh-sys@0.1.3: ttf2mesh/ttf2mesh.c:2159:12: warning: 'herons_area_v' reading 8 bytes from a region of size 4 [-Wstringop-overread]
[INFO] [stderr] warning: ttf2mesh-sys@0.1.3: ttf2mesh/ttf2mesh.c:2159:12: note: referencing argument 2 of type 'const float *'
[INFO] [stderr] warning: ttf2mesh-sys@0.1.3: ttf2mesh/ttf2mesh.c:2159:12: warning: 'herons_area_v' reading 8 bytes from a region of size 4 [-Wstringop-overread]
[INFO] [stderr] warning: ttf2mesh-sys@0.1.3: ttf2mesh/ttf2mesh.c:2159:12: note: referencing argument 3 of type 'const float *'
[INFO] [stderr] warning: ttf2mesh-sys@0.1.3: ttf2mesh/ttf2mesh.c:2148:23: note: in a call to function 'herons_area_v'
[INFO] [stderr] warning: ttf2mesh-sys@0.1.3:  2148 | static __inline float herons_area_v(const float v1[2], const float v2[2], const float v3[2])
[INFO] [stderr] warning: ttf2mesh-sys@0.1.3:       |                       ^~~~~~~~~~~~~
[INFO] [stderr] warning: ttf2mesh-sys@0.1.3: ttf2mesh/ttf2mesh.c: In function 'ttf_outline_contour_info':
[INFO] [stderr] warning: ttf2mesh-sys@0.1.3: ttf2mesh/ttf2mesh.c:2480:19: warning: 'ttf_outline_evenodd_base' reading 8 bytes from a region of size 4 [-Wstringop-overread]
[INFO] [stderr] warning: ttf2mesh-sys@0.1.3:  2480 |         int res = ttf_outline_evenodd_base(outline, &outline->cont[contour].pt[test_point].x, i, &dist);
[INFO] [stderr] warning: ttf2mesh-sys@0.1.3:       |                   ^~~~~~~~~~~~~~~~~~~~~~~~~~~~~~~~~~~~~~~~~~~~~~~~~~~~~~~~~~~~~~~~~~~~~~~~~~~~~~~~~~~~~
[INFO] [stderr] warning: ttf2mesh-sys@0.1.3: ttf2mesh/ttf2mesh.c:2480:19: note: referencing argument 2 of type 'const float *'
[INFO] [stderr] warning: ttf2mesh-sys@0.1.3: ttf2mesh/ttf2mesh.c:2404:5: note: in a call to function 'ttf_outline_evenodd_base'
[INFO] [stderr] warning: ttf2mesh-sys@0.1.3:  2404 | int ttf_outline_evenodd_base(const ttf_outline_t *outline, const float point[2], int contour, float *dist)
[INFO] [stderr] warning: ttf2mesh-sys@0.1.3:       |     ^~~~~~~~~~~~~~~~~~~~~~~~
[INFO] [stderr] warning: ttf2mesh-sys@0.1.3: ttf2mesh/ttf2mesh.c: In function 'optimize':
[INFO] [stderr] warning: ttf2mesh-sys@0.1.3: ttf2mesh/ttf2mesh.c:3199:47: warning: 'calc_circumcircle' reading 8 bytes from a region of size 4 [-Wstringop-overread]
[INFO] [stderr] warning: ttf2mesh-sys@0.1.3:  3199 |     if (e->tr[0]->cc.radius == 0.0f) done1 &= calc_circumcircle(&e->v1->x, &o0->x, &e->v2->x, &e->tr[0]->cc);
[INFO] [stderr] warning: ttf2mesh-sys@0.1.3:       |                                               ^~~~~~~~~~~~~~~~~~~~~~~~~~~~~~~~~~~~~~~~~~~~~~~~~~~~~~~~~~~~~~
[INFO] [stderr] warning: ttf2mesh-sys@0.1.3: ttf2mesh/ttf2mesh.c:3199:47: note: referencing argument 1 of type 'const float *'
[INFO] [stderr] warning: ttf2mesh-sys@0.1.3: ttf2mesh/ttf2mesh.c:3199:47: warning: 'calc_circumcircle' reading 8 bytes from a region of size 4 [-Wstringop-overread]
[INFO] [stderr] warning: ttf2mesh-sys@0.1.3: ttf2mesh/ttf2mesh.c:3199:47: note: referencing argument 2 of type 'const float *'
[INFO] [stderr] warning: ttf2mesh-sys@0.1.3: ttf2mesh/ttf2mesh.c:3199:47: warning: 'calc_circumcircle' reading 8 bytes from a region of size 4 [-Wstringop-overread]
[INFO] [stderr] warning: ttf2mesh-sys@0.1.3: ttf2mesh/ttf2mesh.c:3199:47: note: referencing argument 3 of type 'const float *'
[INFO] [stderr] warning: ttf2mesh-sys@0.1.3: ttf2mesh/ttf2mesh.c:3151:13: note: in a call to function 'calc_circumcircle'
[INFO] [stderr] warning: ttf2mesh-sys@0.1.3:  3151 | static bool calc_circumcircle(const float A[2], const float B[2], const float C[2], mcc_t *cc)
[INFO] [stderr] warning: ttf2mesh-sys@0.1.3:       |             ^~~~~~~~~~~~~~~~~
[INFO] [stderr] warning: ttf2mesh-sys@0.1.3: ttf2mesh/ttf2mesh.c:3200:47: warning: 'calc_circumcircle' reading 8 bytes from a region of size 4 [-Wstringop-overread]
[INFO] [stderr] warning: ttf2mesh-sys@0.1.3:  3200 |     if (e->tr[1]->cc.radius == 0.0f) done1 &= calc_circumcircle(&e->v1->x, &o1->x, &e->v2->x, &e->tr[1]->cc);
[INFO] [stderr] warning: ttf2mesh-sys@0.1.3:       |                                               ^~~~~~~~~~~~~~~~~~~~~~~~~~~~~~~~~~~~~~~~~~~~~~~~~~~~~~~~~~~~~~
[INFO] [stderr] warning: ttf2mesh-sys@0.1.3: ttf2mesh/ttf2mesh.c:3200:47: note: referencing argument 1 of type 'const float *'
[INFO] [stderr] warning: ttf2mesh-sys@0.1.3: ttf2mesh/ttf2mesh.c:3200:47: warning: 'calc_circumcircle' reading 8 bytes from a region of size 4 [-Wstringop-overread]
[INFO] [stderr] warning: ttf2mesh-sys@0.1.3: ttf2mesh/ttf2mesh.c:3200:47: note: referencing argument 2 of type 'const float *'
[INFO] [stderr] warning: ttf2mesh-sys@0.1.3: ttf2mesh/ttf2mesh.c:3200:47: warning: 'calc_circumcircle' reading 8 bytes from a region of size 4 [-Wstringop-overread]
[INFO] [stderr] warning: ttf2mesh-sys@0.1.3: ttf2mesh/ttf2mesh.c:3200:47: note: referencing argument 3 of type 'const float *'
[INFO] [stderr] warning: ttf2mesh-sys@0.1.3: ttf2mesh/ttf2mesh.c:3151:13: note: in a call to function 'calc_circumcircle'
[INFO] [stderr] warning: ttf2mesh-sys@0.1.3:  3151 | static bool calc_circumcircle(const float A[2], const float B[2], const float C[2], mcc_t *cc)
[INFO] [stderr] warning: ttf2mesh-sys@0.1.3:       |             ^~~~~~~~~~~~~~~~~
[INFO] [stderr] warning: ttf2mesh-sys@0.1.3: ttf2mesh/ttf2mesh.c:3203:47: warning: 'calc_circumcircle' reading 8 bytes from a region of size 4 [-Wstringop-overread]
[INFO] [stderr] warning: ttf2mesh-sys@0.1.3:  3203 |     if (e->alt_cc[0].radius == 0.0f) done2 &= calc_circumcircle(&o0->x, &e->v1->x, &o1->x, &e->alt_cc[0]);
[INFO] [stderr] warning: ttf2mesh-sys@0.1.3:       |                                               ^~~~~~~~~~~~~~~~~~~~~~~~~~~~~~~~~~~~~~~~~~~~~~~~~~~~~~~~~~~
[INFO] [stderr] warning: ttf2mesh-sys@0.1.3: ttf2mesh/ttf2mesh.c:3203:47: note: referencing argument 1 of type 'const float *'
[INFO] [stderr] warning: ttf2mesh-sys@0.1.3: ttf2mesh/ttf2mesh.c:3203:47: warning: 'calc_circumcircle' reading 8 bytes from a region of size 4 [-Wstringop-overread]
[INFO] [stderr] warning: ttf2mesh-sys@0.1.3: ttf2mesh/ttf2mesh.c:3203:47: note: referencing argument 2 of type 'const float *'
[INFO] [stderr] warning: ttf2mesh-sys@0.1.3: ttf2mesh/ttf2mesh.c:3203:47: warning: 'calc_circumcircle' reading 8 bytes from a region of size 4 [-Wstringop-overread]
[INFO] [stderr] warning: ttf2mesh-sys@0.1.3: ttf2mesh/ttf2mesh.c:3203:47: note: referencing argument 3 of type 'const float *'
[INFO] [stderr] warning: ttf2mesh-sys@0.1.3: ttf2mesh/ttf2mesh.c:3151:13: note: in a call to function 'calc_circumcircle'
[INFO] [stderr] warning: ttf2mesh-sys@0.1.3:  3151 | static bool calc_circumcircle(const float A[2], const float B[2], const float C[2], mcc_t *cc)
[INFO] [stderr] warning: ttf2mesh-sys@0.1.3:       |             ^~~~~~~~~~~~~~~~~
[INFO] [stderr] warning: ttf2mesh-sys@0.1.3: ttf2mesh/ttf2mesh.c:3204:47: warning: 'calc_circumcircle' reading 8 bytes from a region of size 4 [-Wstringop-overread]
[INFO] [stderr] warning: ttf2mesh-sys@0.1.3:  3204 |     if (e->alt_cc[1].radius == 0.0f) done2 &= calc_circumcircle(&o0->x, &e->v2->x, &o1->x, &e->alt_cc[1]);
[INFO] [stderr] warning: ttf2mesh-sys@0.1.3:       |                                               ^~~~~~~~~~~~~~~~~~~~~~~~~~~~~~~~~~~~~~~~~~~~~~~~~~~~~~~~~~~
[INFO] [stderr] warning: ttf2mesh-sys@0.1.3: ttf2mesh/ttf2mesh.c:3204:47: note: referencing argument 1 of type 'const float *'
[INFO] [stderr] warning: ttf2mesh-sys@0.1.3: ttf2mesh/ttf2mesh.c:3204:47: warning: 'calc_circumcircle' reading 8 bytes from a region of size 4 [-Wstringop-overread]
[INFO] [stderr] warning: ttf2mesh-sys@0.1.3: ttf2mesh/ttf2mesh.c:3204:47: note: referencing argument 2 of type 'const float *'
[INFO] [stderr] warning: ttf2mesh-sys@0.1.3: ttf2mesh/ttf2mesh.c:3204:47: warning: 'calc_circumcircle' reading 8 bytes from a region of size 4 [-Wstringop-overread]
[INFO] [stderr] warning: ttf2mesh-sys@0.1.3: ttf2mesh/ttf2mesh.c:3204:47: note: referencing argument 3 of type 'const float *'
[INFO] [stderr] warning: ttf2mesh-sys@0.1.3: ttf2mesh/ttf2mesh.c:3151:13: note: in a call to function 'calc_circumcircle'
[INFO] [stderr] warning: ttf2mesh-sys@0.1.3:  3151 | static bool calc_circumcircle(const float A[2], const float B[2], const float C[2], mcc_t *cc)
[INFO] [stderr] warning: ttf2mesh-sys@0.1.3:       |             ^~~~~~~~~~~~~~~~~
[INFO] [stderr]    Compiling ttf2mesh-sys v0.1.3 (/opt/rustwide/workdir)
[INFO] [stderr]     Finished test [unoptimized + debuginfo] target(s) in 0.62s
[INFO] running `Command { std: "docker" "inspect" "07e23e0c14cd1b5308504e317ce0437f140fc9517919f3da8ba97b11389a7e52", kill_on_drop: false }`
[INFO] running `Command { std: "docker" "rm" "-f" "07e23e0c14cd1b5308504e317ce0437f140fc9517919f3da8ba97b11389a7e52", kill_on_drop: false }`
[INFO] [stdout] 07e23e0c14cd1b5308504e317ce0437f140fc9517919f3da8ba97b11389a7e52
[INFO] running `Command { std: "docker" "create" "-v" "/var/lib/crater-agent-workspace/builds/worker-6-tc2/target:/opt/rustwide/target:rw,Z" "-v" "/var/lib/crater-agent-workspace/builds/worker-6-tc2/source:/opt/rustwide/workdir:ro,Z" "-v" "/var/lib/crater-agent-workspace/cargo-home:/opt/rustwide/cargo-home:ro,Z" "-v" "/var/lib/crater-agent-workspace/rustup-home:/opt/rustwide/rustup-home:ro,Z" "-e" "SOURCE_DIR=/opt/rustwide/workdir" "-e" "CARGO_TARGET_DIR=/opt/rustwide/target" "-e" "CARGO_INCREMENTAL=0" "-e" "RUST_BACKTRACE=full" "-e" "RUSTFLAGS=--cap-lints=warn" "-e" "RUSTDOCFLAGS=--cap-lints=warn" "-e" "CARGO_HOME=/opt/rustwide/cargo-home" "-e" "RUSTUP_HOME=/opt/rustwide/rustup-home" "-w" "/opt/rustwide/workdir" "-m" "1610612736" "--user" "0:0" "--network" "none" "ghcr.io/rust-lang/crates-build-env/linux@sha256:2788e3201cd34a07e3172128adcd8b3090168a8e3bcc40d7c032b9dda1df7d1c" "/opt/rustwide/cargo-home/bin/cargo" "+beta-2023-12-22" "test" "--frozen", kill_on_drop: false }`
[INFO] [stdout] 54e24e06c29f3603f5cb4272dd19c2fced278064f4c9539bc63299776170611d
[INFO] running `Command { std: "docker" "start" "-a" "54e24e06c29f3603f5cb4272dd19c2fced278064f4c9539bc63299776170611d", kill_on_drop: false }`
[INFO] [stderr] warning: ttf2mesh-sys@0.1.3: ttf2mesh/ttf2mesh.c: In function 'herons_area_p':
[INFO] [stderr] warning: ttf2mesh-sys@0.1.3: ttf2mesh/ttf2mesh.c:2159:12: warning: 'herons_area_v' reading 8 bytes from a region of size 4 [-Wstringop-overread]
[INFO] [stderr] warning: ttf2mesh-sys@0.1.3:  2159 |     return herons_area_v(&a->x, &b->x, &c->x);
[INFO] [stderr] warning: ttf2mesh-sys@0.1.3:       |            ^~~~~~~~~~~~~~~~~~~~~~~~~~~~~~~~~~
[INFO] [stderr] warning: ttf2mesh-sys@0.1.3: ttf2mesh/ttf2mesh.c:2159:12: note: referencing argument 1 of type 'const float *'
[INFO] [stderr] warning: ttf2mesh-sys@0.1.3: ttf2mesh/ttf2mesh.c:2159:12: warning: 'herons_area_v' reading 8 bytes from a region of size 4 [-Wstringop-overread]
[INFO] [stderr] warning: ttf2mesh-sys@0.1.3: ttf2mesh/ttf2mesh.c:2159:12: note: referencing argument 2 of type 'const float *'
[INFO] [stderr] warning: ttf2mesh-sys@0.1.3: ttf2mesh/ttf2mesh.c:2159:12: warning: 'herons_area_v' reading 8 bytes from a region of size 4 [-Wstringop-overread]
[INFO] [stderr] warning: ttf2mesh-sys@0.1.3: ttf2mesh/ttf2mesh.c:2159:12: note: referencing argument 3 of type 'const float *'
[INFO] [stderr] warning: ttf2mesh-sys@0.1.3: ttf2mesh/ttf2mesh.c:2148:23: note: in a call to function 'herons_area_v'
[INFO] [stderr] warning: ttf2mesh-sys@0.1.3:  2148 | static __inline float herons_area_v(const float v1[2], const float v2[2], const float v3[2])
[INFO] [stderr] warning: ttf2mesh-sys@0.1.3:       |                       ^~~~~~~~~~~~~
[INFO] [stderr] warning: ttf2mesh-sys@0.1.3: ttf2mesh/ttf2mesh.c: In function 'ttf_outline_contour_info':
[INFO] [stderr] warning: ttf2mesh-sys@0.1.3: ttf2mesh/ttf2mesh.c:2480:19: warning: 'ttf_outline_evenodd_base' reading 8 bytes from a region of size 4 [-Wstringop-overread]
[INFO] [stderr] warning: ttf2mesh-sys@0.1.3:  2480 |         int res = ttf_outline_evenodd_base(outline, &outline->cont[contour].pt[test_point].x, i, &dist);
[INFO] [stderr] warning: ttf2mesh-sys@0.1.3:       |                   ^~~~~~~~~~~~~~~~~~~~~~~~~~~~~~~~~~~~~~~~~~~~~~~~~~~~~~~~~~~~~~~~~~~~~~~~~~~~~~~~~~~~~
[INFO] [stderr] warning: ttf2mesh-sys@0.1.3: ttf2mesh/ttf2mesh.c:2480:19: note: referencing argument 2 of type 'const float *'
[INFO] [stderr] warning: ttf2mesh-sys@0.1.3: ttf2mesh/ttf2mesh.c:2404:5: note: in a call to function 'ttf_outline_evenodd_base'
[INFO] [stderr] warning: ttf2mesh-sys@0.1.3:  2404 | int ttf_outline_evenodd_base(const ttf_outline_t *outline, const float point[2], int contour, float *dist)
[INFO] [stderr] warning: ttf2mesh-sys@0.1.3:       |     ^~~~~~~~~~~~~~~~~~~~~~~~
[INFO] [stderr] warning: ttf2mesh-sys@0.1.3: ttf2mesh/ttf2mesh.c: In function 'optimize':
[INFO] [stderr] warning: ttf2mesh-sys@0.1.3: ttf2mesh/ttf2mesh.c:3199:47: warning: 'calc_circumcircle' reading 8 bytes from a region of size 4 [-Wstringop-overread]
[INFO] [stderr] warning: ttf2mesh-sys@0.1.3:  3199 |     if (e->tr[0]->cc.radius == 0.0f) done1 &= calc_circumcircle(&e->v1->x, &o0->x, &e->v2->x, &e->tr[0]->cc);
[INFO] [stderr] warning: ttf2mesh-sys@0.1.3:       |                                               ^~~~~~~~~~~~~~~~~~~~~~~~~~~~~~~~~~~~~~~~~~~~~~~~~~~~~~~~~~~~~~
[INFO] [stderr] warning: ttf2mesh-sys@0.1.3: ttf2mesh/ttf2mesh.c:3199:47: note: referencing argument 1 of type 'const float *'
[INFO] [stderr] warning: ttf2mesh-sys@0.1.3: ttf2mesh/ttf2mesh.c:3199:47: warning: 'calc_circumcircle' reading 8 bytes from a region of size 4 [-Wstringop-overread]
[INFO] [stderr] warning: ttf2mesh-sys@0.1.3: ttf2mesh/ttf2mesh.c:3199:47: note: referencing argument 2 of type 'const float *'
[INFO] [stderr] warning: ttf2mesh-sys@0.1.3: ttf2mesh/ttf2mesh.c:3199:47: warning: 'calc_circumcircle' reading 8 bytes from a region of size 4 [-Wstringop-overread]
[INFO] [stderr] warning: ttf2mesh-sys@0.1.3: ttf2mesh/ttf2mesh.c:3199:47: note: referencing argument 3 of type 'const float *'
[INFO] [stderr] warning: ttf2mesh-sys@0.1.3: ttf2mesh/ttf2mesh.c:3151:13: note: in a call to function 'calc_circumcircle'
[INFO] [stderr] warning: ttf2mesh-sys@0.1.3:  3151 | static bool calc_circumcircle(const float A[2], const float B[2], const float C[2], mcc_t *cc)
[INFO] [stderr] warning: ttf2mesh-sys@0.1.3:       |             ^~~~~~~~~~~~~~~~~
[INFO] [stderr] warning: ttf2mesh-sys@0.1.3: ttf2mesh/ttf2mesh.c:3200:47: warning: 'calc_circumcircle' reading 8 bytes from a region of size 4 [-Wstringop-overread]
[INFO] [stderr] warning: ttf2mesh-sys@0.1.3:  3200 |     if (e->tr[1]->cc.radius == 0.0f) done1 &= calc_circumcircle(&e->v1->x, &o1->x, &e->v2->x, &e->tr[1]->cc);
[INFO] [stderr] warning: ttf2mesh-sys@0.1.3:       |                                               ^~~~~~~~~~~~~~~~~~~~~~~~~~~~~~~~~~~~~~~~~~~~~~~~~~~~~~~~~~~~~~
[INFO] [stderr] warning: ttf2mesh-sys@0.1.3: ttf2mesh/ttf2mesh.c:3200:47: note: referencing argument 1 of type 'const float *'
[INFO] [stderr] warning: ttf2mesh-sys@0.1.3: ttf2mesh/ttf2mesh.c:3200:47: warning: 'calc_circumcircle' reading 8 bytes from a region of size 4 [-Wstringop-overread]
[INFO] [stderr] warning: ttf2mesh-sys@0.1.3: ttf2mesh/ttf2mesh.c:3200:47: note: referencing argument 2 of type 'const float *'
[INFO] [stderr] warning: ttf2mesh-sys@0.1.3: ttf2mesh/ttf2mesh.c:3200:47: warning: 'calc_circumcircle' reading 8 bytes from a region of size 4 [-Wstringop-overread]
[INFO] [stderr] warning: ttf2mesh-sys@0.1.3: ttf2mesh/ttf2mesh.c:3200:47: note: referencing argument 3 of type 'const float *'
[INFO] [stderr] warning: ttf2mesh-sys@0.1.3: ttf2mesh/ttf2mesh.c:3151:13: note: in a call to function 'calc_circumcircle'
[INFO] [stderr] warning: ttf2mesh-sys@0.1.3:  3151 | static bool calc_circumcircle(const float A[2], const float B[2], const float C[2], mcc_t *cc)
[INFO] [stderr] warning: ttf2mesh-sys@0.1.3:       |             ^~~~~~~~~~~~~~~~~
[INFO] [stderr] warning: ttf2mesh-sys@0.1.3: ttf2mesh/ttf2mesh.c:3203:47: warning: 'calc_circumcircle' reading 8 bytes from a region of size 4 [-Wstringop-overread]
[INFO] [stderr] warning: ttf2mesh-sys@0.1.3:  3203 |     if (e->alt_cc[0].radius == 0.0f) done2 &= calc_circumcircle(&o0->x, &e->v1->x, &o1->x, &e->alt_cc[0]);
[INFO] [stderr] warning: ttf2mesh-sys@0.1.3:       |                                               ^~~~~~~~~~~~~~~~~~~~~~~~~~~~~~~~~~~~~~~~~~~~~~~~~~~~~~~~~~~
[INFO] [stderr] warning: ttf2mesh-sys@0.1.3: ttf2mesh/ttf2mesh.c:3203:47: note: referencing argument 1 of type 'const float *'
[INFO] [stderr] warning: ttf2mesh-sys@0.1.3: ttf2mesh/ttf2mesh.c:3203:47: warning: 'calc_circumcircle' reading 8 bytes from a region of size 4 [-Wstringop-overread]
[INFO] [stderr] warning: ttf2mesh-sys@0.1.3: ttf2mesh/ttf2mesh.c:3203:47: note: referencing argument 2 of type 'const float *'
[INFO] [stderr] warning: ttf2mesh-sys@0.1.3: ttf2mesh/ttf2mesh.c:3203:47: warning: 'calc_circumcircle' reading 8 bytes from a region of size 4 [-Wstringop-overread]
[INFO] [stderr] warning: ttf2mesh-sys@0.1.3: ttf2mesh/ttf2mesh.c:3203:47: note: referencing argument 3 of type 'const float *'
[INFO] [stderr] warning: ttf2mesh-sys@0.1.3: ttf2mesh/ttf2mesh.c:3151:13: note: in a call to function 'calc_circumcircle'
[INFO] [stderr] warning: ttf2mesh-sys@0.1.3:  3151 | static bool calc_circumcircle(const float A[2], const float B[2], const float C[2], mcc_t *cc)
[INFO] [stderr] warning: ttf2mesh-sys@0.1.3:       |             ^~~~~~~~~~~~~~~~~
[INFO] [stderr] warning: ttf2mesh-sys@0.1.3: ttf2mesh/ttf2mesh.c:3204:47: warning: 'calc_circumcircle' reading 8 bytes from a region of size 4 [-Wstringop-overread]
[INFO] [stderr] warning: ttf2mesh-sys@0.1.3:  3204 |     if (e->alt_cc[1].radius == 0.0f) done2 &= calc_circumcircle(&o0->x, &e->v2->x, &o1->x, &e->alt_cc[1]);
[INFO] [stderr] warning: ttf2mesh-sys@0.1.3:       |                                               ^~~~~~~~~~~~~~~~~~~~~~~~~~~~~~~~~~~~~~~~~~~~~~~~~~~~~~~~~~~
[INFO] [stderr] warning: ttf2mesh-sys@0.1.3: ttf2mesh/ttf2mesh.c:3204:47: note: referencing argument 1 of type 'const float *'
[INFO] [stderr] warning: ttf2mesh-sys@0.1.3: ttf2mesh/ttf2mesh.c:3204:47: warning: 'calc_circumcircle' reading 8 bytes from a region of size 4 [-Wstringop-overread]
[INFO] [stderr] warning: ttf2mesh-sys@0.1.3: ttf2mesh/ttf2mesh.c:3204:47: note: referencing argument 2 of type 'const float *'
[INFO] [stderr] warning: ttf2mesh-sys@0.1.3: ttf2mesh/ttf2mesh.c:3204:47: warning: 'calc_circumcircle' reading 8 bytes from a region of size 4 [-Wstringop-overread]
[INFO] [stderr] warning: ttf2mesh-sys@0.1.3: ttf2mesh/ttf2mesh.c:3204:47: note: referencing argument 3 of type 'const float *'
[INFO] [stderr] warning: ttf2mesh-sys@0.1.3: ttf2mesh/ttf2mesh.c:3151:13: note: in a call to function 'calc_circumcircle'
[INFO] [stderr] warning: ttf2mesh-sys@0.1.3:  3151 | static bool calc_circumcircle(const float A[2], const float B[2], const float C[2], mcc_t *cc)
[INFO] [stderr] warning: ttf2mesh-sys@0.1.3:       |             ^~~~~~~~~~~~~~~~~
[INFO] [stderr]     Finished test [unoptimized + debuginfo] target(s) in 0.04s
[INFO] [stderr]      Running unittests src/lib.rs (/opt/rustwide/target/debug/deps/ttf2mesh_sys-001c9392c54da0d4)
[INFO] [stdout] 
[INFO] [stdout] running 22 tests
[INFO] [stdout] test bindgen_test_layout_ttf_file__bindgen_ty_1__bindgen_ty_1 ... ok
[INFO] [stdout] test bindgen_test_layout_ttf_file__bindgen_ty_1 ... ok
[INFO] [stdout] test bindgen_test_layout_ttf_file__bindgen_ty_4 ... ok
[INFO] [stdout] test bindgen_test_layout_ttf_file__bindgen_ty_3 ... ok
[INFO] [stdout] test bindgen_test_layout_ttf_glyph ... ok
[INFO] [stdout] test bindgen_test_layout_ttf_file__bindgen_ty_2__bindgen_ty_1 ... ok
[INFO] [stdout] test bindgen_test_layout___va_list_tag ... ok
[INFO] [stdout] test bindgen_test_layout_ttf_file ... ok
[INFO] [stdout] test bindgen_test_layout_max_align_t ... ok
[INFO] [stdout] test bindgen_test_layout_ttf_file__bindgen_ty_2 ... ok
[INFO] [stdout] test bindgen_test_layout_ttf_mesh3d__bindgen_ty_1 ... ok
[INFO] [stdout] test bindgen_test_layout_ttf_mesh ... ok
[INFO] [stdout] test bindgen_test_layout_ttf_mesh__bindgen_ty_1 ... ok
[INFO] [stdout] test bindgen_test_layout_ttf_mesh3d ... ok
[INFO] [stdout] test bindgen_test_layout_ttf_mesh3d__bindgen_ty_3 ... ok
[INFO] [stdout] test bindgen_test_layout_ttf_mesh3d__bindgen_ty_2 ... ok
[INFO] [stdout] test bindgen_test_layout___fsid_t ... ok
[INFO] [stdout] test bindgen_test_layout_ttf_outline__bindgen_ty_1 ... ok
[INFO] [stdout] test bindgen_test_layout_ttf_mesh__bindgen_ty_2 ... ok
[INFO] [stdout] test bindgen_test_layout_unicode_bmp_range ... ok
[INFO] [stdout] test bindgen_test_layout_ttf_point ... ok
[INFO] [stdout] test bindgen_test_layout_ttf_outline ... ok
[INFO] [stdout] 
[INFO] [stdout] test result: ok. 22 passed; 0 failed; 0 ignored; 0 measured; 0 filtered out; finished in 0.02s
[INFO] [stdout] 
[INFO] [stderr]    Doc-tests ttf2mesh-sys
[INFO] [stdout] 
[INFO] [stdout] running 2 tests
[INFO] [stdout] test /opt/rustwide/target/debug/build/ttf2mesh-sys-6b5e58756bf952a8/out/bindings.rs - ttf_list_match (line 17) ... FAILED
[INFO] [stdout] test /opt/rustwide/target/debug/build/ttf2mesh-sys-6b5e58756bf952a8/out/bindings.rs - ttf_list_match (line 23) ... FAILED
[INFO] [stdout] 
[INFO] [stdout] failures:
[INFO] [stdout] 
[INFO] [stdout] ---- /opt/rustwide/target/debug/build/ttf2mesh-sys-6b5e58756bf952a8/out/bindings.rs - ttf_list_match (line 17) stdout ----
[INFO] [stdout] error[E0425]: cannot find function `ttf_list_match` in this scope
[INFO] [stdout]  --> /opt/rustwide/target/debug/build/ttf2mesh-sys-6b5e58756bf952a8/out/bindings.rs:18:1
[INFO] [stdout]   |
[INFO] [stdout] 3 | ttf_list_match(list, "fb", "Courier")
[INFO] [stdout]   | ^^^^^^^^^^^^^^ not found in this scope
[INFO] [stdout]   |
[INFO] [stdout] help: consider importing this function
[INFO] [stdout]   |
[INFO] [stdout] 2 + use ttf2mesh_sys::ttf_list_match;
[INFO] [stdout]   |
[INFO] [stdout] 
[INFO] [stdout] error[E0425]: cannot find value `list` in this scope
[INFO] [stdout]  --> /opt/rustwide/target/debug/build/ttf2mesh-sys-6b5e58756bf952a8/out/bindings.rs:18:16
[INFO] [stdout]   |
[INFO] [stdout] 3 | ttf_list_match(list, "fb", "Courier")
[INFO] [stdout]   |                ^^^^ not found in this scope
[INFO] [stdout] 
[INFO] [stdout] error: aborting due to 2 previous errors
[INFO] [stdout] 
[INFO] [stdout] For more information about this error, try `rustc --explain E0425`.
[INFO] [stdout] Couldn't compile the test.
[INFO] [stdout] ---- /opt/rustwide/target/debug/build/ttf2mesh-sys-6b5e58756bf952a8/out/bindings.rs - ttf_list_match (line 23) stdout ----
[INFO] [stdout] error: expected one of `!`, `)`, `,`, `.`, `::`, `?`, `{`, or an operator, found `"The number π"`
[INFO] [stdout]  --> /opt/rustwide/target/debug/build/ttf2mesh-sys-6b5e58756bf952a8/out/bindings.rs:24:33
[INFO] [stdout]   |
[INFO] [stdout] 3 | ttf_list_match(list, "t!i!ff", L"The number π", "Times", "Courier")
[INFO] [stdout]   |                                 -^^^^^^^^^^^^^
[INFO] [stdout]   |                                 |
[INFO] [stdout]   |                                 expected one of 8 possible tokens
[INFO] [stdout]   |                                 help: missing `,`
[INFO] [stdout] 
[INFO] [stdout] error[E0425]: cannot find function `ttf_list_match` in this scope
[INFO] [stdout]  --> /opt/rustwide/target/debug/build/ttf2mesh-sys-6b5e58756bf952a8/out/bindings.rs:24:1
[INFO] [stdout]   |
[INFO] [stdout] 3 | ttf_list_match(list, "t!i!ff", L"The number π", "Times", "Courier")
[INFO] [stdout]   | ^^^^^^^^^^^^^^ not found in this scope
[INFO] [stdout]   |
[INFO] [stdout] help: consider importing this function
[INFO] [stdout]   |
[INFO] [stdout] 2 + use ttf2mesh_sys::ttf_list_match;
[INFO] [stdout]   |
[INFO] [stdout] 
[INFO] [stdout] error[E0425]: cannot find value `list` in this scope
[INFO] [stdout]  --> /opt/rustwide/target/debug/build/ttf2mesh-sys-6b5e58756bf952a8/out/bindings.rs:24:16
[INFO] [stdout]   |
[INFO] [stdout] 3 | ttf_list_match(list, "t!i!ff", L"The number π", "Times", "Courier")
[INFO] [stdout]   |                ^^^^ not found in this scope
[INFO] [stdout] 
[INFO] [stdout] error[E0425]: cannot find value `L` in this scope
[INFO] [stdout]  --> /opt/rustwide/target/debug/build/ttf2mesh-sys-6b5e58756bf952a8/out/bindings.rs:24:32
[INFO] [stdout]   |
[INFO] [stdout] 3 | ttf_list_match(list, "t!i!ff", L"The number π", "Times", "Courier")
[INFO] [stdout]   |                                ^ not found in this scope
[INFO] [stdout]   |
[INFO] [stdout] help: you might be missing a const parameter
[INFO] [stdout]   |
[INFO] [stdout] 2 | fn main() { #[allow(non_snake_case)] fn _doctest_main__opt_rustwide_target_debug_build_ttf2mesh_sys_6b5e58756bf952a8_out_bindings_rs_23_0<const L: /* Type */>() {
[INFO] [stdout]   |                                                                                                                                          +++++++++++++++++++++
[INFO] [stdout] 
[INFO] [stdout] error: aborting due to 4 previous errors
[INFO] [stdout] 
[INFO] [stdout] For more information about this error, try `rustc --explain E0425`.
[INFO] [stdout] Couldn't compile the test.
[INFO] [stdout] 
[INFO] [stdout] failures:
[INFO] [stdout]     /opt/rustwide/target/debug/build/ttf2mesh-sys-6b5e58756bf952a8/out/bindings.rs - ttf_list_match (line 17)
[INFO] [stdout]     /opt/rustwide/target/debug/build/ttf2mesh-sys-6b5e58756bf952a8/out/bindings.rs - ttf_list_match (line 23)
[INFO] [stdout] 
[INFO] [stdout] test result: FAILED. 0 passed; 2 failed; 0 ignored; 0 measured; 0 filtered out; finished in 0.06s
[INFO] [stdout] 
[INFO] [stderr] error: doctest failed, to rerun pass `--doc`
[INFO] running `Command { std: "docker" "inspect" "54e24e06c29f3603f5cb4272dd19c2fced278064f4c9539bc63299776170611d", kill_on_drop: false }`
[INFO] running `Command { std: "docker" "rm" "-f" "54e24e06c29f3603f5cb4272dd19c2fced278064f4c9539bc63299776170611d", kill_on_drop: false }`
[INFO] [stdout] 54e24e06c29f3603f5cb4272dd19c2fced278064f4c9539bc63299776170611d
