[INFO] fetching crate tsl2591-eh-driver 0.4.0...
[INFO] testing tsl2591-eh-driver-0.4.0 against 1.75.0 for beta-1.76-1
[INFO] extracting crate tsl2591-eh-driver 0.4.0 into /workspace/builds/worker-4-tc1/source
[INFO] validating manifest of crates.io crate tsl2591-eh-driver 0.4.0 on toolchain 1.75.0
[INFO] running `Command { std: CARGO_HOME="/workspace/cargo-home" RUSTUP_HOME="/workspace/rustup-home" "/workspace/cargo-home/bin/cargo" "+1.75.0" "metadata" "--manifest-path" "Cargo.toml" "--no-deps", kill_on_drop: false }`
[INFO] removed /workspace/builds/worker-4-tc1/source/.cargo/config.toml
[INFO] started tweaking crates.io crate tsl2591-eh-driver 0.4.0
[INFO] finished tweaking crates.io crate tsl2591-eh-driver 0.4.0
[INFO] tweaked toml for crates.io crate tsl2591-eh-driver 0.4.0 written to /workspace/builds/worker-4-tc1/source/Cargo.toml
[INFO] running `Command { std: CARGO_HOME="/workspace/cargo-home" RUSTUP_HOME="/workspace/rustup-home" "/workspace/cargo-home/bin/cargo" "+1.75.0" "generate-lockfile" "--manifest-path" "Cargo.toml", kill_on_drop: false }`
[INFO] [stderr]     Updating crates.io index
[INFO] running `Command { std: CARGO_HOME="/workspace/cargo-home" RUSTUP_HOME="/workspace/rustup-home" "/workspace/cargo-home/bin/cargo" "+1.75.0" "fetch" "--manifest-path" "Cargo.toml", kill_on_drop: false }`
[INFO] [stderr]  Downloading crates ...
[INFO] [stderr]   Downloaded embedded-hal v1.0.0-alpha.10
[INFO] running `Command { std: "docker" "create" "-v" "/var/lib/crater-agent-workspace/builds/worker-4-tc1/target:/opt/rustwide/target:rw,Z" "-v" "/var/lib/crater-agent-workspace/builds/worker-4-tc1/source:/opt/rustwide/workdir:ro,Z" "-v" "/var/lib/crater-agent-workspace/cargo-home:/opt/rustwide/cargo-home:ro,Z" "-v" "/var/lib/crater-agent-workspace/rustup-home:/opt/rustwide/rustup-home:ro,Z" "-e" "SOURCE_DIR=/opt/rustwide/workdir" "-e" "CARGO_TARGET_DIR=/opt/rustwide/target" "-e" "CARGO_HOME=/opt/rustwide/cargo-home" "-e" "RUSTUP_HOME=/opt/rustwide/rustup-home" "-w" "/opt/rustwide/workdir" "-m" "1610612736" "--user" "0:0" "--network" "none" "ghcr.io/rust-lang/crates-build-env/linux@sha256:2788e3201cd34a07e3172128adcd8b3090168a8e3bcc40d7c032b9dda1df7d1c" "/opt/rustwide/cargo-home/bin/cargo" "+1.75.0" "metadata" "--no-deps" "--format-version=1", kill_on_drop: false }`
[INFO] [stdout] 5cd3797726ef068633d3dfd30851dcc1896802d5beda42231f8ebea271d274dc
[INFO] running `Command { std: "docker" "start" "-a" "5cd3797726ef068633d3dfd30851dcc1896802d5beda42231f8ebea271d274dc", kill_on_drop: false }`
[INFO] running `Command { std: "docker" "inspect" "5cd3797726ef068633d3dfd30851dcc1896802d5beda42231f8ebea271d274dc", kill_on_drop: false }`
[INFO] running `Command { std: "docker" "rm" "-f" "5cd3797726ef068633d3dfd30851dcc1896802d5beda42231f8ebea271d274dc", kill_on_drop: false }`
[INFO] [stdout] 5cd3797726ef068633d3dfd30851dcc1896802d5beda42231f8ebea271d274dc
[INFO] running `Command { std: "docker" "create" "-v" "/var/lib/crater-agent-workspace/builds/worker-4-tc1/target:/opt/rustwide/target:rw,Z" "-v" "/var/lib/crater-agent-workspace/builds/worker-4-tc1/source:/opt/rustwide/workdir:ro,Z" "-v" "/var/lib/crater-agent-workspace/cargo-home:/opt/rustwide/cargo-home:ro,Z" "-v" "/var/lib/crater-agent-workspace/rustup-home:/opt/rustwide/rustup-home:ro,Z" "-e" "SOURCE_DIR=/opt/rustwide/workdir" "-e" "CARGO_TARGET_DIR=/opt/rustwide/target" "-e" "CARGO_INCREMENTAL=0" "-e" "RUST_BACKTRACE=full" "-e" "RUSTFLAGS=--cap-lints=warn" "-e" "RUSTDOCFLAGS=--cap-lints=warn" "-e" "CARGO_HOME=/opt/rustwide/cargo-home" "-e" "RUSTUP_HOME=/opt/rustwide/rustup-home" "-w" "/opt/rustwide/workdir" "-m" "1610612736" "--user" "0:0" "--network" "none" "ghcr.io/rust-lang/crates-build-env/linux@sha256:2788e3201cd34a07e3172128adcd8b3090168a8e3bcc40d7c032b9dda1df7d1c" "/opt/rustwide/cargo-home/bin/cargo" "+1.75.0" "build" "--frozen" "--message-format=json", kill_on_drop: false }`
[INFO] [stdout] 4574ec7e0add84ca3c8f2c313d4054bea28374bccf28aa9c880fb3a971373aed
[INFO] running `Command { std: "docker" "start" "-a" "4574ec7e0add84ca3c8f2c313d4054bea28374bccf28aa9c880fb3a971373aed", kill_on_drop: false }`
[INFO] [stderr]    Compiling embedded-hal v1.0.0-alpha.10
[INFO] [stderr]    Compiling bitfield v0.14.0
[INFO] [stderr]    Compiling tsl2591-eh-driver v0.4.0 (/opt/rustwide/workdir)
[INFO] [stdout] warning: variant `TSL2591_PERSIST_EVERY` should have an upper camel case name
[INFO] [stdout]    --> src/lib.rs:300:5
[INFO] [stdout]     |
[INFO] [stdout] 300 |     TSL2591_PERSIST_EVERY = 0x00, // Every ALS cycle generates an interrupt
[INFO] [stdout]     |     ^^^^^^^^^^^^^^^^^^^^^ help: convert the identifier to upper camel case: `Tsl2591PersistEvery`
[INFO] [stdout]     |
[INFO] [stdout]     = note: `#[warn(non_camel_case_types)]` on by default
[INFO] [stdout] 
[INFO] [stdout] 
[INFO] [stdout] warning: variant `TSL2591_PERSIST_ANY` should have an upper camel case name
[INFO] [stdout]    --> src/lib.rs:301:5
[INFO] [stdout]     |
[INFO] [stdout] 301 |     TSL2591_PERSIST_ANY = 0x01,   // Any value outside of threshold range
[INFO] [stdout]     |     ^^^^^^^^^^^^^^^^^^^ help: convert the identifier to upper camel case: `Tsl2591PersistAny`
[INFO] [stdout] 
[INFO] [stdout] 
[INFO] [stdout] warning: variant `TSL2591_PERSIST_2` should have an upper camel case name
[INFO] [stdout]    --> src/lib.rs:302:5
[INFO] [stdout]     |
[INFO] [stdout] 302 |     TSL2591_PERSIST_2 = 0x02,     // 2 consecutive values out of range
[INFO] [stdout]     |     ^^^^^^^^^^^^^^^^^ help: convert the identifier to upper camel case: `Tsl2591Persist2`
[INFO] [stdout] 
[INFO] [stdout] 
[INFO] [stdout] warning: variant `TSL2591_PERSIST_3` should have an upper camel case name
[INFO] [stdout]    --> src/lib.rs:303:5
[INFO] [stdout]     |
[INFO] [stdout] 303 |     TSL2591_PERSIST_3 = 0x03,     // 3 consecutive values out of range
[INFO] [stdout]     |     ^^^^^^^^^^^^^^^^^ help: convert the identifier to upper camel case: `Tsl2591Persist3`
[INFO] [stdout] 
[INFO] [stdout] 
[INFO] [stdout] warning: variant `TSL2591_PERSIST_5` should have an upper camel case name
[INFO] [stdout]    --> src/lib.rs:304:5
[INFO] [stdout]     |
[INFO] [stdout] 304 |     TSL2591_PERSIST_5 = 0x04,     // 5 consecutive values out of range
[INFO] [stdout]     |     ^^^^^^^^^^^^^^^^^ help: convert the identifier to upper camel case: `Tsl2591Persist5`
[INFO] [stdout] 
[INFO] [stdout] 
[INFO] [stdout] warning: variant `TSL2591_PERSIST_10` should have an upper camel case name
[INFO] [stdout]    --> src/lib.rs:305:5
[INFO] [stdout]     |
[INFO] [stdout] 305 |     TSL2591_PERSIST_10 = 0x05,    // 10 consecutive values out of range
[INFO] [stdout]     |     ^^^^^^^^^^^^^^^^^^ help: convert the identifier to upper camel case: `Tsl2591Persist10`
[INFO] [stdout] 
[INFO] [stdout] 
[INFO] [stdout] warning: variant `TSL2591_PERSIST_15` should have an upper camel case name
[INFO] [stdout]    --> src/lib.rs:306:5
[INFO] [stdout]     |
[INFO] [stdout] 306 |     TSL2591_PERSIST_15 = 0x06,    // 15 consecutive values out of range
[INFO] [stdout]     |     ^^^^^^^^^^^^^^^^^^ help: convert the identifier to upper camel case: `Tsl2591Persist15`
[INFO] [stdout] 
[INFO] [stdout] 
[INFO] [stdout] warning: variant `TSL2591_PERSIST_20` should have an upper camel case name
[INFO] [stdout]    --> src/lib.rs:307:5
[INFO] [stdout]     |
[INFO] [stdout] 307 |     TSL2591_PERSIST_20 = 0x07,    // 20 consecutive values out of range
[INFO] [stdout]     |     ^^^^^^^^^^^^^^^^^^ help: convert the identifier to upper camel case: `Tsl2591Persist20`
[INFO] [stdout] 
[INFO] [stdout] 
[INFO] [stdout] warning: variant `TSL2591_PERSIST_25` should have an upper camel case name
[INFO] [stdout]    --> src/lib.rs:308:5
[INFO] [stdout]     |
[INFO] [stdout] 308 |     TSL2591_PERSIST_25 = 0x08,    // 25 consecutive values out of range
[INFO] [stdout]     |     ^^^^^^^^^^^^^^^^^^ help: convert the identifier to upper camel case: `Tsl2591Persist25`
[INFO] [stdout] 
[INFO] [stdout] 
[INFO] [stdout] warning: variant `TSL2591_PERSIST_30` should have an upper camel case name
[INFO] [stdout]    --> src/lib.rs:309:5
[INFO] [stdout]     |
[INFO] [stdout] 309 |     TSL2591_PERSIST_30 = 0x09,    // 30 consecutive values out of range
[INFO] [stdout]     |     ^^^^^^^^^^^^^^^^^^ help: convert the identifier to upper camel case: `Tsl2591Persist30`
[INFO] [stdout] 
[INFO] [stdout] 
[INFO] [stdout] warning: variant `TSL2591_PERSIST_35` should have an upper camel case name
[INFO] [stdout]    --> src/lib.rs:310:5
[INFO] [stdout]     |
[INFO] [stdout] 310 |     TSL2591_PERSIST_35 = 0x0A,    // 35 consecutive values out of range
[INFO] [stdout]     |     ^^^^^^^^^^^^^^^^^^ help: convert the identifier to upper camel case: `Tsl2591Persist35`
[INFO] [stdout] 
[INFO] [stdout] 
[INFO] [stdout] warning: variant `TSL2591_PERSIST_40` should have an upper camel case name
[INFO] [stdout]    --> src/lib.rs:311:5
[INFO] [stdout]     |
[INFO] [stdout] 311 |     TSL2591_PERSIST_40 = 0x0B,    // 40 consecutive values out of range
[INFO] [stdout]     |     ^^^^^^^^^^^^^^^^^^ help: convert the identifier to upper camel case: `Tsl2591Persist40`
[INFO] [stdout] 
[INFO] [stdout] 
[INFO] [stdout] warning: variant `TSL2591_PERSIST_45` should have an upper camel case name
[INFO] [stdout]    --> src/lib.rs:312:5
[INFO] [stdout]     |
[INFO] [stdout] 312 |     TSL2591_PERSIST_45 = 0x0C,    // 45 consecutive values out of range
[INFO] [stdout]     |     ^^^^^^^^^^^^^^^^^^ help: convert the identifier to upper camel case: `Tsl2591Persist45`
[INFO] [stdout] 
[INFO] [stdout] 
[INFO] [stdout] warning: variant `TSL2591_PERSIST_50` should have an upper camel case name
[INFO] [stdout]    --> src/lib.rs:313:5
[INFO] [stdout]     |
[INFO] [stdout] 313 |     TSL2591_PERSIST_50 = 0x0D,    // 50 consecutive values out of range
[INFO] [stdout]     |     ^^^^^^^^^^^^^^^^^^ help: convert the identifier to upper camel case: `Tsl2591Persist50`
[INFO] [stdout] 
[INFO] [stdout] 
[INFO] [stdout] warning: variant `TSL2591_PERSIST_55` should have an upper camel case name
[INFO] [stdout]    --> src/lib.rs:314:5
[INFO] [stdout]     |
[INFO] [stdout] 314 |     TSL2591_PERSIST_55 = 0x0E,    // 55 consecutive values out of range
[INFO] [stdout]     |     ^^^^^^^^^^^^^^^^^^ help: convert the identifier to upper camel case: `Tsl2591Persist55`
[INFO] [stdout] 
[INFO] [stdout] 
[INFO] [stdout] warning: variant `TSL2591_PERSIST_60` should have an upper camel case name
[INFO] [stdout]    --> src/lib.rs:315:5
[INFO] [stdout]     |
[INFO] [stdout] 315 |     TSL2591_PERSIST_60 = 0x0F,    // 60 consecutive values out of range
[INFO] [stdout]     |     ^^^^^^^^^^^^^^^^^^ help: convert the identifier to upper camel case: `Tsl2591Persist60`
[INFO] [stdout] 
[INFO] [stdout] 
[INFO] [stdout] warning: unused variable: `delay`
[INFO] [stdout]    --> src/lib.rs:158:9
[INFO] [stdout]     |
[INFO] [stdout] 158 |         delay: &mut D,
[INFO] [stdout]     |         ^^^^^ help: if this is intentional, prefix it with an underscore: `_delay`
[INFO] [stdout]     |
[INFO] [stdout]     = note: `#[warn(unused_variables)]` on by default
[INFO] [stdout] 
[INFO] [stdout] 
[INFO] [stdout] warning: enum `PersitFilter` is never used
[INFO] [stdout]    --> src/lib.rs:297:6
[INFO] [stdout]     |
[INFO] [stdout] 297 | enum PersitFilter {
[INFO] [stdout]     |      ^^^^^^^^^^^^
[INFO] [stdout]     |
[INFO] [stdout]     = note: `#[warn(dead_code)]` on by default
[INFO] [stdout] 
[INFO] [stdout] 
[INFO] [stdout] warning: constant `TSL2591_THRESHOLD_AILTH` is never used
[INFO] [stdout]    --> src/lib.rs:279:15
[INFO] [stdout]     |
[INFO] [stdout] 279 |     pub const TSL2591_THRESHOLD_AILTH: u8 = 0x05; // ALS low threshold upper byte
[INFO] [stdout]     |               ^^^^^^^^^^^^^^^^^^^^^^^
[INFO] [stdout] 
[INFO] [stdout] 
[INFO] [stdout] warning: constant `TSL2591_THRESHOLD_AIHTL` is never used
[INFO] [stdout]    --> src/lib.rs:280:15
[INFO] [stdout]     |
[INFO] [stdout] 280 |     pub const TSL2591_THRESHOLD_AIHTL: u8 = 0x06; // ALS high threshold lower byte
[INFO] [stdout]     |               ^^^^^^^^^^^^^^^^^^^^^^^
[INFO] [stdout] 
[INFO] [stdout] 
[INFO] [stdout] warning: constant `TSL2591_THRESHOLD_AIHTH` is never used
[INFO] [stdout]    --> src/lib.rs:281:15
[INFO] [stdout]     |
[INFO] [stdout] 281 |     pub const TSL2591_THRESHOLD_AIHTH: u8 = 0x07; // ALS high threshold upper byte
[INFO] [stdout]     |               ^^^^^^^^^^^^^^^^^^^^^^^
[INFO] [stdout] 
[INFO] [stdout] 
[INFO] [stdout] warning: constant `TSL2591_THRESHOLD_NPAILTL` is never used
[INFO] [stdout]    --> src/lib.rs:282:15
[INFO] [stdout]     |
[INFO] [stdout] 282 |     pub const TSL2591_THRESHOLD_NPAILTL: u8 = 0x08; // No Persist ALS low threshold lower byte
[INFO] [stdout]     |               ^^^^^^^^^^^^^^^^^^^^^^^^^
[INFO] [stdout] 
[INFO] [stdout] 
[INFO] [stdout] warning: constant `TSL2591_THRESHOLD_NPAILTH` is never used
[INFO] [stdout]    --> src/lib.rs:283:15
[INFO] [stdout]     |
[INFO] [stdout] 283 |     pub const TSL2591_THRESHOLD_NPAILTH: u8 = 0x09; // No Persist ALS low threshold higher byte
[INFO] [stdout]     |               ^^^^^^^^^^^^^^^^^^^^^^^^^
[INFO] [stdout] 
[INFO] [stdout] 
[INFO] [stdout] warning: constant `TSL2591_THRESHOLD_NPAIHTL` is never used
[INFO] [stdout]    --> src/lib.rs:284:15
[INFO] [stdout]     |
[INFO] [stdout] 284 |     pub const TSL2591_THRESHOLD_NPAIHTL: u8 = 0x0A; // No Persist ALS high threshold lower byte
[INFO] [stdout]     |               ^^^^^^^^^^^^^^^^^^^^^^^^^
[INFO] [stdout] 
[INFO] [stdout] 
[INFO] [stdout] warning: constant `TSL2591_THRESHOLD_NPAIHTH` is never used
[INFO] [stdout]    --> src/lib.rs:285:15
[INFO] [stdout]     |
[INFO] [stdout] 285 |     pub const TSL2591_THRESHOLD_NPAIHTH: u8 = 0x0B; // No Persist ALS high threshold higher byte
[INFO] [stdout]     |               ^^^^^^^^^^^^^^^^^^^^^^^^^
[INFO] [stdout] 
[INFO] [stdout] 
[INFO] [stdout] warning: constant `TSL2591_PERSIST_FILTER` is never used
[INFO] [stdout]    --> src/lib.rs:286:15
[INFO] [stdout]     |
[INFO] [stdout] 286 |     pub const TSL2591_PERSIST_FILTER: u8 = 0x0C; // Interrupt persistence filter
[INFO] [stdout]     |               ^^^^^^^^^^^^^^^^^^^^^^
[INFO] [stdout] 
[INFO] [stdout] 
[INFO] [stdout] warning: method `NPIEN` should have a snake case name
[INFO] [stdout]    --> src/lib.rs:321:9
[INFO] [stdout]     |
[INFO] [stdout] 321 |     pub NPIEN, _: 6;
[INFO] [stdout]     |         ^^^^^ help: convert the identifier to snake case: `npien`
[INFO] [stdout]     |
[INFO] [stdout]     = note: `#[warn(non_snake_case)]` on by default
[INFO] [stdout] 
[INFO] [stdout] 
[INFO] [stdout] warning: method `SAI` should have a snake case name
[INFO] [stdout]    --> src/lib.rs:322:9
[INFO] [stdout]     |
[INFO] [stdout] 322 |     pub SAI, _: 5;
[INFO] [stdout]     |         ^^^ help: convert the identifier to snake case: `sai`
[INFO] [stdout] 
[INFO] [stdout] 
[INFO] [stdout] warning: method `RES` should have a snake case name
[INFO] [stdout]    --> src/lib.rs:323:9
[INFO] [stdout]     |
[INFO] [stdout] 323 |     pub RES, _: 4,3;
[INFO] [stdout]     |         ^^^ help: convert the identifier to snake case: `res`
[INFO] [stdout] 
[INFO] [stdout] 
[INFO] [stdout] warning: method `AEN` should have a snake case name
[INFO] [stdout]    --> src/lib.rs:324:9
[INFO] [stdout]     |
[INFO] [stdout] 324 |     pub AEN, _: 1;
[INFO] [stdout]     |         ^^^ help: convert the identifier to snake case: `aen`
[INFO] [stdout] 
[INFO] [stdout] 
[INFO] [stdout] warning: method `PON` should have a snake case name
[INFO] [stdout]    --> src/lib.rs:325:9
[INFO] [stdout]     |
[INFO] [stdout] 325 |     pub PON, _: 0;
[INFO] [stdout]     |         ^^^ help: convert the identifier to snake case: `pon`
[INFO] [stdout] 
[INFO] [stdout] 
[INFO] [stdout] warning: method `NPINTR` should have a snake case name
[INFO] [stdout]    --> src/lib.rs:331:9
[INFO] [stdout]     |
[INFO] [stdout] 331 |     pub NPINTR,_: 6,4;
[INFO] [stdout]     |         ^^^^^^ help: convert the identifier to snake case: `npintr`
[INFO] [stdout] 
[INFO] [stdout] 
[INFO] [stdout] warning: method `AINT` should have a snake case name
[INFO] [stdout]    --> src/lib.rs:332:9
[INFO] [stdout]     |
[INFO] [stdout] 332 |     pub AINT, _: 4;
[INFO] [stdout]     |         ^^^^ help: convert the identifier to snake case: `aint`
[INFO] [stdout] 
[INFO] [stdout] 
[INFO] [stdout] warning: method `RES` should have a snake case name
[INFO] [stdout]    --> src/lib.rs:333:9
[INFO] [stdout]     |
[INFO] [stdout] 333 |     pub RES, _: 3,3;
[INFO] [stdout]     |         ^^^ help: convert the identifier to snake case: `res`
[INFO] [stdout] 
[INFO] [stdout] 
[INFO] [stdout] warning: method `AVALID` should have a snake case name
[INFO] [stdout]    --> src/lib.rs:334:9
[INFO] [stdout]     |
[INFO] [stdout] 334 |     pub AVALID, _: 0;
[INFO] [stdout]     |         ^^^^^^ help: convert the identifier to snake case: `avalid`
[INFO] [stdout] 
[INFO] [stdout] 
[INFO] [stdout] warning: 35 warnings emitted
[INFO] [stdout] 
[INFO] [stdout] 
[INFO] [stderr]     Finished dev [unoptimized + debuginfo] target(s) in 0.13s
[INFO] running `Command { std: "docker" "inspect" "4574ec7e0add84ca3c8f2c313d4054bea28374bccf28aa9c880fb3a971373aed", kill_on_drop: false }`
[INFO] running `Command { std: "docker" "rm" "-f" "4574ec7e0add84ca3c8f2c313d4054bea28374bccf28aa9c880fb3a971373aed", kill_on_drop: false }`
[INFO] [stdout] 4574ec7e0add84ca3c8f2c313d4054bea28374bccf28aa9c880fb3a971373aed
[INFO] running `Command { std: "docker" "create" "-v" "/var/lib/crater-agent-workspace/builds/worker-4-tc1/target:/opt/rustwide/target:rw,Z" "-v" "/var/lib/crater-agent-workspace/builds/worker-4-tc1/source:/opt/rustwide/workdir:ro,Z" "-v" "/var/lib/crater-agent-workspace/cargo-home:/opt/rustwide/cargo-home:ro,Z" "-v" "/var/lib/crater-agent-workspace/rustup-home:/opt/rustwide/rustup-home:ro,Z" "-e" "SOURCE_DIR=/opt/rustwide/workdir" "-e" "CARGO_TARGET_DIR=/opt/rustwide/target" "-e" "CARGO_INCREMENTAL=0" "-e" "RUST_BACKTRACE=full" "-e" "RUSTFLAGS=--cap-lints=warn" "-e" "RUSTDOCFLAGS=--cap-lints=warn" "-e" "CARGO_HOME=/opt/rustwide/cargo-home" "-e" "RUSTUP_HOME=/opt/rustwide/rustup-home" "-w" "/opt/rustwide/workdir" "-m" "1610612736" "--user" "0:0" "--network" "none" "ghcr.io/rust-lang/crates-build-env/linux@sha256:2788e3201cd34a07e3172128adcd8b3090168a8e3bcc40d7c032b9dda1df7d1c" "/opt/rustwide/cargo-home/bin/cargo" "+1.75.0" "test" "--frozen" "--no-run" "--message-format=json", kill_on_drop: false }`
[INFO] [stdout] 071119bd067227414ed11081724087626a5376c3cbb666ccc5c7af76ac57e5da
[INFO] running `Command { std: "docker" "start" "-a" "071119bd067227414ed11081724087626a5376c3cbb666ccc5c7af76ac57e5da", kill_on_drop: false }`
[INFO] [stdout] warning: variant `TSL2591_PERSIST_EVERY` should have an upper camel case name
[INFO] [stdout]    --> src/lib.rs:300:5
[INFO] [stdout]     |
[INFO] [stdout] 300 |     TSL2591_PERSIST_EVERY = 0x00, // Every ALS cycle generates an interrupt
[INFO] [stdout]     |     ^^^^^^^^^^^^^^^^^^^^^ help: convert the identifier to upper camel case: `Tsl2591PersistEvery`
[INFO] [stdout]     |
[INFO] [stdout]     = note: `#[warn(non_camel_case_types)]` on by default
[INFO] [stdout] 
[INFO] [stdout] 
[INFO] [stdout] warning: variant `TSL2591_PERSIST_ANY` should have an upper camel case name
[INFO] [stdout]    --> src/lib.rs:301:5
[INFO] [stdout]     |
[INFO] [stdout] 301 |     TSL2591_PERSIST_ANY = 0x01,   // Any value outside of threshold range
[INFO] [stdout]     |     ^^^^^^^^^^^^^^^^^^^ help: convert the identifier to upper camel case: `Tsl2591PersistAny`
[INFO] [stdout] 
[INFO] [stdout] 
[INFO] [stdout] warning: variant `TSL2591_PERSIST_2` should have an upper camel case name
[INFO] [stdout]    --> src/lib.rs:302:5
[INFO] [stdout]     |
[INFO] [stdout] 302 |     TSL2591_PERSIST_2 = 0x02,     // 2 consecutive values out of range
[INFO] [stdout]     |     ^^^^^^^^^^^^^^^^^ help: convert the identifier to upper camel case: `Tsl2591Persist2`
[INFO] [stdout] 
[INFO] [stdout] 
[INFO] [stdout] warning: variant `TSL2591_PERSIST_3` should have an upper camel case name
[INFO] [stdout]    --> src/lib.rs:303:5
[INFO] [stdout]     |
[INFO] [stdout] 303 |     TSL2591_PERSIST_3 = 0x03,     // 3 consecutive values out of range
[INFO] [stdout]     |     ^^^^^^^^^^^^^^^^^ help: convert the identifier to upper camel case: `Tsl2591Persist3`
[INFO] [stdout] 
[INFO] [stdout] 
[INFO] [stdout] warning: variant `TSL2591_PERSIST_5` should have an upper camel case name
[INFO] [stdout]    --> src/lib.rs:304:5
[INFO] [stdout]     |
[INFO] [stdout] 304 |     TSL2591_PERSIST_5 = 0x04,     // 5 consecutive values out of range
[INFO] [stdout]     |     ^^^^^^^^^^^^^^^^^ help: convert the identifier to upper camel case: `Tsl2591Persist5`
[INFO] [stdout] 
[INFO] [stdout] 
[INFO] [stdout] warning: variant `TSL2591_PERSIST_10` should have an upper camel case name
[INFO] [stdout]    --> src/lib.rs:305:5
[INFO] [stdout]     |
[INFO] [stdout] 305 |     TSL2591_PERSIST_10 = 0x05,    // 10 consecutive values out of range
[INFO] [stdout]     |     ^^^^^^^^^^^^^^^^^^ help: convert the identifier to upper camel case: `Tsl2591Persist10`
[INFO] [stdout] 
[INFO] [stdout] 
[INFO] [stdout] warning: variant `TSL2591_PERSIST_15` should have an upper camel case name
[INFO] [stdout]    --> src/lib.rs:306:5
[INFO] [stdout]     |
[INFO] [stdout] 306 |     TSL2591_PERSIST_15 = 0x06,    // 15 consecutive values out of range
[INFO] [stdout]     |     ^^^^^^^^^^^^^^^^^^ help: convert the identifier to upper camel case: `Tsl2591Persist15`
[INFO] [stdout] 
[INFO] [stdout] 
[INFO] [stdout] warning: variant `TSL2591_PERSIST_20` should have an upper camel case name
[INFO] [stdout]    --> src/lib.rs:307:5
[INFO] [stdout]     |
[INFO] [stdout] 307 |     TSL2591_PERSIST_20 = 0x07,    // 20 consecutive values out of range
[INFO] [stdout]     |     ^^^^^^^^^^^^^^^^^^ help: convert the identifier to upper camel case: `Tsl2591Persist20`
[INFO] [stdout] 
[INFO] [stdout] 
[INFO] [stdout] warning: variant `TSL2591_PERSIST_25` should have an upper camel case name
[INFO] [stdout]    --> src/lib.rs:308:5
[INFO] [stdout]     |
[INFO] [stdout] 308 |     TSL2591_PERSIST_25 = 0x08,    // 25 consecutive values out of range
[INFO] [stdout]     |     ^^^^^^^^^^^^^^^^^^ help: convert the identifier to upper camel case: `Tsl2591Persist25`
[INFO] [stdout] 
[INFO] [stdout] 
[INFO] [stdout] warning: variant `TSL2591_PERSIST_30` should have an upper camel case name
[INFO] [stdout]    --> src/lib.rs:309:5
[INFO] [stdout]     |
[INFO] [stdout] 309 |     TSL2591_PERSIST_30 = 0x09,    // 30 consecutive values out of range
[INFO] [stdout]     |     ^^^^^^^^^^^^^^^^^^ help: convert the identifier to upper camel case: `Tsl2591Persist30`
[INFO] [stdout] 
[INFO] [stdout] 
[INFO] [stdout] warning: variant `TSL2591_PERSIST_35` should have an upper camel case name
[INFO] [stdout]    --> src/lib.rs:310:5
[INFO] [stdout]     |
[INFO] [stdout] 310 |     TSL2591_PERSIST_35 = 0x0A,    // 35 consecutive values out of range
[INFO] [stdout]     |     ^^^^^^^^^^^^^^^^^^ help: convert the identifier to upper camel case: `Tsl2591Persist35`
[INFO] [stdout] 
[INFO] [stdout] 
[INFO] [stdout] warning: variant `TSL2591_PERSIST_40` should have an upper camel case name
[INFO] [stdout]    --> src/lib.rs:311:5
[INFO] [stdout]     |
[INFO] [stdout] 311 |     TSL2591_PERSIST_40 = 0x0B,    // 40 consecutive values out of range
[INFO] [stdout]     |     ^^^^^^^^^^^^^^^^^^ help: convert the identifier to upper camel case: `Tsl2591Persist40`
[INFO] [stdout] 
[INFO] [stdout] 
[INFO] [stdout] warning: variant `TSL2591_PERSIST_45` should have an upper camel case name
[INFO] [stdout]    --> src/lib.rs:312:5
[INFO] [stdout]     |
[INFO] [stdout] 312 |     TSL2591_PERSIST_45 = 0x0C,    // 45 consecutive values out of range
[INFO] [stdout]     |     ^^^^^^^^^^^^^^^^^^ help: convert the identifier to upper camel case: `Tsl2591Persist45`
[INFO] [stdout] 
[INFO] [stdout] 
[INFO] [stdout] warning: variant `TSL2591_PERSIST_50` should have an upper camel case name
[INFO] [stdout]    --> src/lib.rs:313:5
[INFO] [stdout]     |
[INFO] [stdout] 313 |     TSL2591_PERSIST_50 = 0x0D,    // 50 consecutive values out of range
[INFO] [stdout]     |     ^^^^^^^^^^^^^^^^^^ help: convert the identifier to upper camel case: `Tsl2591Persist50`
[INFO] [stdout] 
[INFO] [stdout] 
[INFO] [stdout] warning: variant `TSL2591_PERSIST_55` should have an upper camel case name
[INFO] [stdout]    --> src/lib.rs:314:5
[INFO] [stdout]     |
[INFO] [stdout] 314 |     TSL2591_PERSIST_55 = 0x0E,    // 55 consecutive values out of range
[INFO] [stdout]     |     ^^^^^^^^^^^^^^^^^^ help: convert the identifier to upper camel case: `Tsl2591Persist55`
[INFO] [stdout] 
[INFO] [stdout] 
[INFO] [stdout] warning: variant `TSL2591_PERSIST_60` should have an upper camel case name
[INFO] [stdout]    --> src/lib.rs:315:5
[INFO] [stdout]     |
[INFO] [stdout] 315 |     TSL2591_PERSIST_60 = 0x0F,    // 60 consecutive values out of range
[INFO] [stdout]     |     ^^^^^^^^^^^^^^^^^^ help: convert the identifier to upper camel case: `Tsl2591Persist60`
[INFO] [stdout] 
[INFO] [stdout] 
[INFO] [stdout] warning: unused variable: `delay`
[INFO] [stdout]    --> src/lib.rs:158:9
[INFO] [stdout]     |
[INFO] [stdout] 158 |         delay: &mut D,
[INFO] [stdout]     |         ^^^^^ help: if this is intentional, prefix it with an underscore: `_delay`
[INFO] [stdout]     |
[INFO] [stdout]     = note: `#[warn(unused_variables)]` on by default
[INFO] [stdout] 
[INFO] [stdout] 
[INFO] [stdout] warning: enum `PersitFilter` is never used
[INFO] [stdout]    --> src/lib.rs:297:6
[INFO] [stdout]     |
[INFO] [stdout] 297 | enum PersitFilter {
[INFO] [stdout]     |      ^^^^^^^^^^^^
[INFO] [stdout]     |
[INFO] [stdout]     = note: `#[warn(dead_code)]` on by default
[INFO] [stdout] 
[INFO] [stdout] 
[INFO] [stdout] warning: constant `TSL2591_THRESHOLD_AILTH` is never used
[INFO] [stdout]    --> src/lib.rs:279:15
[INFO] [stdout]     |
[INFO] [stdout] 279 |     pub const TSL2591_THRESHOLD_AILTH: u8 = 0x05; // ALS low threshold upper byte
[INFO] [stdout]     |               ^^^^^^^^^^^^^^^^^^^^^^^
[INFO] [stdout] 
[INFO] [stdout] 
[INFO] [stdout] warning: constant `TSL2591_THRESHOLD_AIHTL` is never used
[INFO] [stdout]    --> src/lib.rs:280:15
[INFO] [stdout]     |
[INFO] [stdout] 280 |     pub const TSL2591_THRESHOLD_AIHTL: u8 = 0x06; // ALS high threshold lower byte
[INFO] [stdout]     |               ^^^^^^^^^^^^^^^^^^^^^^^
[INFO] [stdout] 
[INFO] [stdout] 
[INFO] [stdout] warning: constant `TSL2591_THRESHOLD_AIHTH` is never used
[INFO] [stdout]    --> src/lib.rs:281:15
[INFO] [stdout]     |
[INFO] [stdout] 281 |     pub const TSL2591_THRESHOLD_AIHTH: u8 = 0x07; // ALS high threshold upper byte
[INFO] [stdout]     |               ^^^^^^^^^^^^^^^^^^^^^^^
[INFO] [stdout] 
[INFO] [stdout] 
[INFO] [stdout] warning: constant `TSL2591_THRESHOLD_NPAILTL` is never used
[INFO] [stdout]    --> src/lib.rs:282:15
[INFO] [stdout]     |
[INFO] [stdout] 282 |     pub const TSL2591_THRESHOLD_NPAILTL: u8 = 0x08; // No Persist ALS low threshold lower byte
[INFO] [stdout]     |               ^^^^^^^^^^^^^^^^^^^^^^^^^
[INFO] [stdout] 
[INFO] [stdout] 
[INFO] [stdout] warning: constant `TSL2591_THRESHOLD_NPAILTH` is never used
[INFO] [stdout]    --> src/lib.rs:283:15
[INFO] [stdout]     |
[INFO] [stdout] 283 |     pub const TSL2591_THRESHOLD_NPAILTH: u8 = 0x09; // No Persist ALS low threshold higher byte
[INFO] [stdout]     |               ^^^^^^^^^^^^^^^^^^^^^^^^^
[INFO] [stdout] 
[INFO] [stdout] 
[INFO] [stdout] warning: constant `TSL2591_THRESHOLD_NPAIHTL` is never used
[INFO] [stdout]    --> src/lib.rs:284:15
[INFO] [stdout]     |
[INFO] [stdout] 284 |     pub const TSL2591_THRESHOLD_NPAIHTL: u8 = 0x0A; // No Persist ALS high threshold lower byte
[INFO] [stdout]     |               ^^^^^^^^^^^^^^^^^^^^^^^^^
[INFO] [stdout] 
[INFO] [stdout] 
[INFO] [stdout] warning: constant `TSL2591_THRESHOLD_NPAIHTH` is never used
[INFO] [stdout]    --> src/lib.rs:285:15
[INFO] [stdout]     |
[INFO] [stdout] 285 |     pub const TSL2591_THRESHOLD_NPAIHTH: u8 = 0x0B; // No Persist ALS high threshold higher byte
[INFO] [stdout]     |               ^^^^^^^^^^^^^^^^^^^^^^^^^
[INFO] [stdout] 
[INFO] [stdout] 
[INFO] [stdout] warning: constant `TSL2591_PERSIST_FILTER` is never used
[INFO] [stdout]    --> src/lib.rs:286:15
[INFO] [stdout]     |
[INFO] [stdout] 286 |     pub const TSL2591_PERSIST_FILTER: u8 = 0x0C; // Interrupt persistence filter
[INFO] [stdout]     |               ^^^^^^^^^^^^^^^^^^^^^^
[INFO] [stdout] 
[INFO] [stdout] 
[INFO] [stdout] warning: method `NPIEN` should have a snake case name
[INFO] [stdout]    --> src/lib.rs:321:9
[INFO] [stdout]     |
[INFO] [stdout] 321 |     pub NPIEN, _: 6;
[INFO] [stdout]     |         ^^^^^ help: convert the identifier to snake case: `npien`
[INFO] [stdout]     |
[INFO] [stdout]     = note: `#[warn(non_snake_case)]` on by default
[INFO] [stdout] 
[INFO] [stdout] 
[INFO] [stdout] warning: method `SAI` should have a snake case name
[INFO] [stdout]    --> src/lib.rs:322:9
[INFO] [stdout]     |
[INFO] [stdout] 322 |     pub SAI, _: 5;
[INFO] [stdout]     |         ^^^ help: convert the identifier to snake case: `sai`
[INFO] [stdout] 
[INFO] [stdout] 
[INFO] [stdout] warning: method `RES` should have a snake case name
[INFO] [stdout]    --> src/lib.rs:323:9
[INFO] [stdout]     |
[INFO] [stdout] 323 |     pub RES, _: 4,3;
[INFO] [stdout]     |         ^^^ help: convert the identifier to snake case: `res`
[INFO] [stdout] 
[INFO] [stdout] 
[INFO] [stdout] warning: method `AEN` should have a snake case name
[INFO] [stdout]    --> src/lib.rs:324:9
[INFO] [stdout]     |
[INFO] [stdout] 324 |     pub AEN, _: 1;
[INFO] [stdout]     |         ^^^ help: convert the identifier to snake case: `aen`
[INFO] [stdout] 
[INFO] [stdout] 
[INFO] [stdout] warning: method `PON` should have a snake case name
[INFO] [stdout]    --> src/lib.rs:325:9
[INFO] [stdout]     |
[INFO] [stdout] 325 |     pub PON, _: 0;
[INFO] [stdout]     |         ^^^ help: convert the identifier to snake case: `pon`
[INFO] [stdout] 
[INFO] [stdout] 
[INFO] [stdout] warning: method `NPINTR` should have a snake case name
[INFO] [stdout]    --> src/lib.rs:331:9
[INFO] [stdout]     |
[INFO] [stdout] 331 |     pub NPINTR,_: 6,4;
[INFO] [stdout]     |         ^^^^^^ help: convert the identifier to snake case: `npintr`
[INFO] [stdout] 
[INFO] [stdout] 
[INFO] [stdout] warning: method `AINT` should have a snake case name
[INFO] [stdout]    --> src/lib.rs:332:9
[INFO] [stdout]     |
[INFO] [stdout] 332 |     pub AINT, _: 4;
[INFO] [stdout]     |         ^^^^ help: convert the identifier to snake case: `aint`
[INFO] [stdout] 
[INFO] [stdout] 
[INFO] [stderr]    Compiling tsl2591-eh-driver v0.4.0 (/opt/rustwide/workdir)
[INFO] [stdout] warning: method `RES` should have a snake case name
[INFO] [stdout]    --> src/lib.rs:333:9
[INFO] [stdout]     |
[INFO] [stdout] 333 |     pub RES, _: 3,3;
[INFO] [stdout]     |         ^^^ help: convert the identifier to snake case: `res`
[INFO] [stdout] 
[INFO] [stdout] 
[INFO] [stdout] warning: method `AVALID` should have a snake case name
[INFO] [stdout]    --> src/lib.rs:334:9
[INFO] [stdout]     |
[INFO] [stdout] 334 |     pub AVALID, _: 0;
[INFO] [stdout]     |         ^^^^^^ help: convert the identifier to snake case: `avalid`
[INFO] [stdout] 
[INFO] [stdout] 
[INFO] [stdout] warning: 35 warnings emitted
[INFO] [stdout] 
[INFO] [stdout] 
[INFO] [stdout] warning: variant `TSL2591_PERSIST_EVERY` should have an upper camel case name
[INFO] [stdout]    --> src/lib.rs:300:5
[INFO] [stdout]     |
[INFO] [stdout] 300 |     TSL2591_PERSIST_EVERY = 0x00, // Every ALS cycle generates an interrupt
[INFO] [stdout]     |     ^^^^^^^^^^^^^^^^^^^^^ help: convert the identifier to upper camel case: `Tsl2591PersistEvery`
[INFO] [stdout]     |
[INFO] [stdout]     = note: `#[warn(non_camel_case_types)]` on by default
[INFO] [stdout] 
[INFO] [stdout] 
[INFO] [stdout] warning: variant `TSL2591_PERSIST_ANY` should have an upper camel case name
[INFO] [stdout]    --> src/lib.rs:301:5
[INFO] [stdout]     |
[INFO] [stdout] 301 |     TSL2591_PERSIST_ANY = 0x01,   // Any value outside of threshold range
[INFO] [stdout]     |     ^^^^^^^^^^^^^^^^^^^ help: convert the identifier to upper camel case: `Tsl2591PersistAny`
[INFO] [stdout] 
[INFO] [stdout] 
[INFO] [stdout] warning: variant `TSL2591_PERSIST_2` should have an upper camel case name
[INFO] [stdout]    --> src/lib.rs:302:5
[INFO] [stdout]     |
[INFO] [stdout] 302 |     TSL2591_PERSIST_2 = 0x02,     // 2 consecutive values out of range
[INFO] [stdout]     |     ^^^^^^^^^^^^^^^^^ help: convert the identifier to upper camel case: `Tsl2591Persist2`
[INFO] [stdout] 
[INFO] [stdout] 
[INFO] [stdout] warning: variant `TSL2591_PERSIST_3` should have an upper camel case name
[INFO] [stdout]    --> src/lib.rs:303:5
[INFO] [stdout]     |
[INFO] [stdout] 303 |     TSL2591_PERSIST_3 = 0x03,     // 3 consecutive values out of range
[INFO] [stdout]     |     ^^^^^^^^^^^^^^^^^ help: convert the identifier to upper camel case: `Tsl2591Persist3`
[INFO] [stdout] 
[INFO] [stdout] 
[INFO] [stdout] warning: variant `TSL2591_PERSIST_5` should have an upper camel case name
[INFO] [stdout]    --> src/lib.rs:304:5
[INFO] [stdout]     |
[INFO] [stdout] 304 |     TSL2591_PERSIST_5 = 0x04,     // 5 consecutive values out of range
[INFO] [stdout]     |     ^^^^^^^^^^^^^^^^^ help: convert the identifier to upper camel case: `Tsl2591Persist5`
[INFO] [stdout] 
[INFO] [stdout] 
[INFO] [stdout] warning: variant `TSL2591_PERSIST_10` should have an upper camel case name
[INFO] [stdout]    --> src/lib.rs:305:5
[INFO] [stdout]     |
[INFO] [stdout] 305 |     TSL2591_PERSIST_10 = 0x05,    // 10 consecutive values out of range
[INFO] [stdout]     |     ^^^^^^^^^^^^^^^^^^ help: convert the identifier to upper camel case: `Tsl2591Persist10`
[INFO] [stdout] 
[INFO] [stdout] 
[INFO] [stdout] warning: variant `TSL2591_PERSIST_15` should have an upper camel case name
[INFO] [stdout]    --> src/lib.rs:306:5
[INFO] [stdout]     |
[INFO] [stdout] 306 |     TSL2591_PERSIST_15 = 0x06,    // 15 consecutive values out of range
[INFO] [stdout]     |     ^^^^^^^^^^^^^^^^^^ help: convert the identifier to upper camel case: `Tsl2591Persist15`
[INFO] [stdout] 
[INFO] [stdout] 
[INFO] [stdout] warning: variant `TSL2591_PERSIST_20` should have an upper camel case name
[INFO] [stdout]    --> src/lib.rs:307:5
[INFO] [stdout]     |
[INFO] [stdout] 307 |     TSL2591_PERSIST_20 = 0x07,    // 20 consecutive values out of range
[INFO] [stdout]     |     ^^^^^^^^^^^^^^^^^^ help: convert the identifier to upper camel case: `Tsl2591Persist20`
[INFO] [stdout] 
[INFO] [stdout] 
[INFO] [stdout] warning: variant `TSL2591_PERSIST_25` should have an upper camel case name
[INFO] [stdout]    --> src/lib.rs:308:5
[INFO] [stdout]     |
[INFO] [stdout] 308 |     TSL2591_PERSIST_25 = 0x08,    // 25 consecutive values out of range
[INFO] [stdout]     |     ^^^^^^^^^^^^^^^^^^ help: convert the identifier to upper camel case: `Tsl2591Persist25`
[INFO] [stdout] 
[INFO] [stdout] 
[INFO] [stdout] warning: variant `TSL2591_PERSIST_30` should have an upper camel case name
[INFO] [stdout]    --> src/lib.rs:309:5
[INFO] [stdout]     |
[INFO] [stdout] 309 |     TSL2591_PERSIST_30 = 0x09,    // 30 consecutive values out of range
[INFO] [stdout]     |     ^^^^^^^^^^^^^^^^^^ help: convert the identifier to upper camel case: `Tsl2591Persist30`
[INFO] [stdout] 
[INFO] [stdout] 
[INFO] [stdout] warning: variant `TSL2591_PERSIST_35` should have an upper camel case name
[INFO] [stdout]    --> src/lib.rs:310:5
[INFO] [stdout]     |
[INFO] [stdout] 310 |     TSL2591_PERSIST_35 = 0x0A,    // 35 consecutive values out of range
[INFO] [stdout]     |     ^^^^^^^^^^^^^^^^^^ help: convert the identifier to upper camel case: `Tsl2591Persist35`
[INFO] [stdout] 
[INFO] [stdout] 
[INFO] [stdout] warning: variant `TSL2591_PERSIST_40` should have an upper camel case name
[INFO] [stdout]    --> src/lib.rs:311:5
[INFO] [stdout]     |
[INFO] [stdout] 311 |     TSL2591_PERSIST_40 = 0x0B,    // 40 consecutive values out of range
[INFO] [stdout]     |     ^^^^^^^^^^^^^^^^^^ help: convert the identifier to upper camel case: `Tsl2591Persist40`
[INFO] [stdout] 
[INFO] [stdout] 
[INFO] [stdout] warning: variant `TSL2591_PERSIST_45` should have an upper camel case name
[INFO] [stdout]    --> src/lib.rs:312:5
[INFO] [stdout]     |
[INFO] [stdout] 312 |     TSL2591_PERSIST_45 = 0x0C,    // 45 consecutive values out of range
[INFO] [stdout]     |     ^^^^^^^^^^^^^^^^^^ help: convert the identifier to upper camel case: `Tsl2591Persist45`
[INFO] [stdout] 
[INFO] [stdout] 
[INFO] [stdout] warning: variant `TSL2591_PERSIST_50` should have an upper camel case name
[INFO] [stdout]    --> src/lib.rs:313:5
[INFO] [stdout]     |
[INFO] [stdout] 313 |     TSL2591_PERSIST_50 = 0x0D,    // 50 consecutive values out of range
[INFO] [stdout]     |     ^^^^^^^^^^^^^^^^^^ help: convert the identifier to upper camel case: `Tsl2591Persist50`
[INFO] [stdout] 
[INFO] [stdout] 
[INFO] [stdout] warning: variant `TSL2591_PERSIST_55` should have an upper camel case name
[INFO] [stdout]    --> src/lib.rs:314:5
[INFO] [stdout]     |
[INFO] [stdout] 314 |     TSL2591_PERSIST_55 = 0x0E,    // 55 consecutive values out of range
[INFO] [stdout]     |     ^^^^^^^^^^^^^^^^^^ help: convert the identifier to upper camel case: `Tsl2591Persist55`
[INFO] [stdout] 
[INFO] [stdout] 
[INFO] [stdout] warning: variant `TSL2591_PERSIST_60` should have an upper camel case name
[INFO] [stdout]    --> src/lib.rs:315:5
[INFO] [stdout]     |
[INFO] [stdout] 315 |     TSL2591_PERSIST_60 = 0x0F,    // 60 consecutive values out of range
[INFO] [stdout]     |     ^^^^^^^^^^^^^^^^^^ help: convert the identifier to upper camel case: `Tsl2591Persist60`
[INFO] [stdout] 
[INFO] [stdout] 
[INFO] [stdout] warning: unused variable: `delay`
[INFO] [stdout]    --> src/lib.rs:158:9
[INFO] [stdout]     |
[INFO] [stdout] 158 |         delay: &mut D,
[INFO] [stdout]     |         ^^^^^ help: if this is intentional, prefix it with an underscore: `_delay`
[INFO] [stdout]     |
[INFO] [stdout]     = note: `#[warn(unused_variables)]` on by default
[INFO] [stdout] 
[INFO] [stdout] 
[INFO] [stdout] warning: enum `PersitFilter` is never used
[INFO] [stdout]    --> src/lib.rs:297:6
[INFO] [stdout]     |
[INFO] [stdout] 297 | enum PersitFilter {
[INFO] [stdout]     |      ^^^^^^^^^^^^
[INFO] [stdout]     |
[INFO] [stdout]     = note: `#[warn(dead_code)]` on by default
[INFO] [stdout] 
[INFO] [stdout] 
[INFO] [stdout] warning: constant `TSL2591_THRESHOLD_AILTH` is never used
[INFO] [stdout]    --> src/lib.rs:279:15
[INFO] [stdout]     |
[INFO] [stdout] 279 |     pub const TSL2591_THRESHOLD_AILTH: u8 = 0x05; // ALS low threshold upper byte
[INFO] [stdout]     |               ^^^^^^^^^^^^^^^^^^^^^^^
[INFO] [stdout] 
[INFO] [stdout] 
[INFO] [stdout] warning: constant `TSL2591_THRESHOLD_AIHTL` is never used
[INFO] [stdout]    --> src/lib.rs:280:15
[INFO] [stdout]     |
[INFO] [stdout] 280 |     pub const TSL2591_THRESHOLD_AIHTL: u8 = 0x06; // ALS high threshold lower byte
[INFO] [stdout]     |               ^^^^^^^^^^^^^^^^^^^^^^^
[INFO] [stdout] 
[INFO] [stdout] 
[INFO] [stdout] warning: constant `TSL2591_THRESHOLD_AIHTH` is never used
[INFO] [stdout]    --> src/lib.rs:281:15
[INFO] [stdout]     |
[INFO] [stdout] 281 |     pub const TSL2591_THRESHOLD_AIHTH: u8 = 0x07; // ALS high threshold upper byte
[INFO] [stdout]     |               ^^^^^^^^^^^^^^^^^^^^^^^
[INFO] [stdout] 
[INFO] [stdout] 
[INFO] [stdout] warning: constant `TSL2591_THRESHOLD_NPAILTL` is never used
[INFO] [stdout]    --> src/lib.rs:282:15
[INFO] [stdout]     |
[INFO] [stdout] 282 |     pub const TSL2591_THRESHOLD_NPAILTL: u8 = 0x08; // No Persist ALS low threshold lower byte
[INFO] [stdout]     |               ^^^^^^^^^^^^^^^^^^^^^^^^^
[INFO] [stdout] 
[INFO] [stdout] 
[INFO] [stdout] warning: constant `TSL2591_THRESHOLD_NPAILTH` is never used
[INFO] [stdout]    --> src/lib.rs:283:15
[INFO] [stdout]     |
[INFO] [stdout] 283 |     pub const TSL2591_THRESHOLD_NPAILTH: u8 = 0x09; // No Persist ALS low threshold higher byte
[INFO] [stdout]     |               ^^^^^^^^^^^^^^^^^^^^^^^^^
[INFO] [stdout] 
[INFO] [stdout] 
[INFO] [stdout] warning: constant `TSL2591_THRESHOLD_NPAIHTL` is never used
[INFO] [stdout]    --> src/lib.rs:284:15
[INFO] [stdout]     |
[INFO] [stdout] 284 |     pub const TSL2591_THRESHOLD_NPAIHTL: u8 = 0x0A; // No Persist ALS high threshold lower byte
[INFO] [stdout]     |               ^^^^^^^^^^^^^^^^^^^^^^^^^
[INFO] [stdout] 
[INFO] [stdout] 
[INFO] [stdout] warning: constant `TSL2591_THRESHOLD_NPAIHTH` is never used
[INFO] [stdout]    --> src/lib.rs:285:15
[INFO] [stdout]     |
[INFO] [stdout] 285 |     pub const TSL2591_THRESHOLD_NPAIHTH: u8 = 0x0B; // No Persist ALS high threshold higher byte
[INFO] [stdout]     |               ^^^^^^^^^^^^^^^^^^^^^^^^^
[INFO] [stdout] 
[INFO] [stdout] 
[INFO] [stdout] warning: constant `TSL2591_PERSIST_FILTER` is never used
[INFO] [stdout]    --> src/lib.rs:286:15
[INFO] [stdout]     |
[INFO] [stdout] 286 |     pub const TSL2591_PERSIST_FILTER: u8 = 0x0C; // Interrupt persistence filter
[INFO] [stdout]     |               ^^^^^^^^^^^^^^^^^^^^^^
[INFO] [stdout] 
[INFO] [stdout] 
[INFO] [stdout] warning: method `NPIEN` should have a snake case name
[INFO] [stdout]    --> src/lib.rs:321:9
[INFO] [stdout]     |
[INFO] [stdout] 321 |     pub NPIEN, _: 6;
[INFO] [stdout]     |         ^^^^^ help: convert the identifier to snake case: `npien`
[INFO] [stdout]     |
[INFO] [stdout]     = note: `#[warn(non_snake_case)]` on by default
[INFO] [stdout] 
[INFO] [stdout] 
[INFO] [stdout] warning: method `SAI` should have a snake case name
[INFO] [stdout]    --> src/lib.rs:322:9
[INFO] [stdout]     |
[INFO] [stdout] 322 |     pub SAI, _: 5;
[INFO] [stdout]     |         ^^^ help: convert the identifier to snake case: `sai`
[INFO] [stdout] 
[INFO] [stdout] 
[INFO] [stdout] warning: method `RES` should have a snake case name
[INFO] [stdout]    --> src/lib.rs:323:9
[INFO] [stdout]     |
[INFO] [stdout] 323 |     pub RES, _: 4,3;
[INFO] [stdout]     |         ^^^ help: convert the identifier to snake case: `res`
[INFO] [stdout] 
[INFO] [stdout] 
[INFO] [stdout] warning: method `AEN` should have a snake case name
[INFO] [stdout]    --> src/lib.rs:324:9
[INFO] [stdout]     |
[INFO] [stdout] 324 |     pub AEN, _: 1;
[INFO] [stdout]     |         ^^^ help: convert the identifier to snake case: `aen`
[INFO] [stdout] 
[INFO] [stdout] 
[INFO] [stdout] warning: method `PON` should have a snake case name
[INFO] [stdout]    --> src/lib.rs:325:9
[INFO] [stdout]     |
[INFO] [stdout] 325 |     pub PON, _: 0;
[INFO] [stdout]     |         ^^^ help: convert the identifier to snake case: `pon`
[INFO] [stdout] 
[INFO] [stdout] 
[INFO] [stdout] warning: method `NPINTR` should have a snake case name
[INFO] [stdout]    --> src/lib.rs:331:9
[INFO] [stdout]     |
[INFO] [stdout] 331 |     pub NPINTR,_: 6,4;
[INFO] [stdout]     |         ^^^^^^ help: convert the identifier to snake case: `npintr`
[INFO] [stdout] 
[INFO] [stdout] 
[INFO] [stdout] warning: method `AINT` should have a snake case name
[INFO] [stdout]    --> src/lib.rs:332:9
[INFO] [stdout]     |
[INFO] [stdout] 332 |     pub AINT, _: 4;
[INFO] [stdout]     |         ^^^^ help: convert the identifier to snake case: `aint`
[INFO] [stdout] 
[INFO] [stdout] 
[INFO] [stdout] warning: method `RES` should have a snake case name
[INFO] [stdout]    --> src/lib.rs:333:9
[INFO] [stdout]     |
[INFO] [stdout] 333 |     pub RES, _: 3,3;
[INFO] [stdout]     |         ^^^ help: convert the identifier to snake case: `res`
[INFO] [stdout] 
[INFO] [stdout] 
[INFO] [stdout] warning: method `AVALID` should have a snake case name
[INFO] [stdout]    --> src/lib.rs:334:9
[INFO] [stdout]     |
[INFO] [stdout] 334 |     pub AVALID, _: 0;
[INFO] [stdout]     |         ^^^^^^ help: convert the identifier to snake case: `avalid`
[INFO] [stdout] 
[INFO] [stdout] 
[INFO] [stdout] warning: 35 warnings emitted
[INFO] [stdout] 
[INFO] [stdout] 
[INFO] [stderr]     Finished test [unoptimized + debuginfo] target(s) in 0.19s
[INFO] running `Command { std: "docker" "inspect" "071119bd067227414ed11081724087626a5376c3cbb666ccc5c7af76ac57e5da", kill_on_drop: false }`
[INFO] running `Command { std: "docker" "rm" "-f" "071119bd067227414ed11081724087626a5376c3cbb666ccc5c7af76ac57e5da", kill_on_drop: false }`
[INFO] [stdout] 071119bd067227414ed11081724087626a5376c3cbb666ccc5c7af76ac57e5da
[INFO] running `Command { std: "docker" "create" "-v" "/var/lib/crater-agent-workspace/builds/worker-4-tc1/target:/opt/rustwide/target:rw,Z" "-v" "/var/lib/crater-agent-workspace/builds/worker-4-tc1/source:/opt/rustwide/workdir:ro,Z" "-v" "/var/lib/crater-agent-workspace/cargo-home:/opt/rustwide/cargo-home:ro,Z" "-v" "/var/lib/crater-agent-workspace/rustup-home:/opt/rustwide/rustup-home:ro,Z" "-e" "SOURCE_DIR=/opt/rustwide/workdir" "-e" "CARGO_TARGET_DIR=/opt/rustwide/target" "-e" "CARGO_INCREMENTAL=0" "-e" "RUST_BACKTRACE=full" "-e" "RUSTFLAGS=--cap-lints=warn" "-e" "RUSTDOCFLAGS=--cap-lints=warn" "-e" "CARGO_HOME=/opt/rustwide/cargo-home" "-e" "RUSTUP_HOME=/opt/rustwide/rustup-home" "-w" "/opt/rustwide/workdir" "-m" "1610612736" "--user" "0:0" "--network" "none" "ghcr.io/rust-lang/crates-build-env/linux@sha256:2788e3201cd34a07e3172128adcd8b3090168a8e3bcc40d7c032b9dda1df7d1c" "/opt/rustwide/cargo-home/bin/cargo" "+1.75.0" "test" "--frozen", kill_on_drop: false }`
[INFO] [stdout] 37eed0eaab3c173aa19c9bb7bcc8d5ac8bd658fdf0903ed2d2f1307c2c615af4
[INFO] running `Command { std: "docker" "start" "-a" "37eed0eaab3c173aa19c9bb7bcc8d5ac8bd658fdf0903ed2d2f1307c2c615af4", kill_on_drop: false }`
[INFO] [stderr] warning: variant `TSL2591_PERSIST_EVERY` should have an upper camel case name
[INFO] [stderr]    --> src/lib.rs:300:5
[INFO] [stderr]     |
[INFO] [stderr] 300 |     TSL2591_PERSIST_EVERY = 0x00, // Every ALS cycle generates an interrupt
[INFO] [stderr]     |     ^^^^^^^^^^^^^^^^^^^^^ help: convert the identifier to upper camel case: `Tsl2591PersistEvery`
[INFO] [stderr]     |
[INFO] [stderr]     = note: `#[warn(non_camel_case_types)]` on by default
[INFO] [stderr] 
[INFO] [stderr] warning: variant `TSL2591_PERSIST_ANY` should have an upper camel case name
[INFO] [stderr]    --> src/lib.rs:301:5
[INFO] [stderr]     |
[INFO] [stderr] 301 |     TSL2591_PERSIST_ANY = 0x01,   // Any value outside of threshold range
[INFO] [stderr]     |     ^^^^^^^^^^^^^^^^^^^ help: convert the identifier to upper camel case: `Tsl2591PersistAny`
[INFO] [stderr] 
[INFO] [stderr] warning: variant `TSL2591_PERSIST_2` should have an upper camel case name
[INFO] [stderr]    --> src/lib.rs:302:5
[INFO] [stderr]     |
[INFO] [stderr] 302 |     TSL2591_PERSIST_2 = 0x02,     // 2 consecutive values out of range
[INFO] [stderr]     |     ^^^^^^^^^^^^^^^^^ help: convert the identifier to upper camel case: `Tsl2591Persist2`
[INFO] [stderr] 
[INFO] [stderr] warning: variant `TSL2591_PERSIST_3` should have an upper camel case name
[INFO] [stderr]    --> src/lib.rs:303:5
[INFO] [stderr]     |
[INFO] [stderr] 303 |     TSL2591_PERSIST_3 = 0x03,     // 3 consecutive values out of range
[INFO] [stderr]     |     ^^^^^^^^^^^^^^^^^ help: convert the identifier to upper camel case: `Tsl2591Persist3`
[INFO] [stderr] 
[INFO] [stderr] warning: variant `TSL2591_PERSIST_5` should have an upper camel case name
[INFO] [stderr]    --> src/lib.rs:304:5
[INFO] [stderr]     |
[INFO] [stderr] 304 |     TSL2591_PERSIST_5 = 0x04,     // 5 consecutive values out of range
[INFO] [stderr]     |     ^^^^^^^^^^^^^^^^^ help: convert the identifier to upper camel case: `Tsl2591Persist5`
[INFO] [stderr] 
[INFO] [stderr] warning: variant `TSL2591_PERSIST_10` should have an upper camel case name
[INFO] [stderr]    --> src/lib.rs:305:5
[INFO] [stderr]     |
[INFO] [stderr] 305 |     TSL2591_PERSIST_10 = 0x05,    // 10 consecutive values out of range
[INFO] [stderr]     |     ^^^^^^^^^^^^^^^^^^ help: convert the identifier to upper camel case: `Tsl2591Persist10`
[INFO] [stderr] 
[INFO] [stderr] warning: variant `TSL2591_PERSIST_15` should have an upper camel case name
[INFO] [stderr]    --> src/lib.rs:306:5
[INFO] [stderr]     |
[INFO] [stderr] 306 |     TSL2591_PERSIST_15 = 0x06,    // 15 consecutive values out of range
[INFO] [stderr]     |     ^^^^^^^^^^^^^^^^^^ help: convert the identifier to upper camel case: `Tsl2591Persist15`
[INFO] [stderr] 
[INFO] [stderr] warning: variant `TSL2591_PERSIST_20` should have an upper camel case name
[INFO] [stderr]    --> src/lib.rs:307:5
[INFO] [stderr]     |
[INFO] [stderr] 307 |     TSL2591_PERSIST_20 = 0x07,    // 20 consecutive values out of range
[INFO] [stderr]     |     ^^^^^^^^^^^^^^^^^^ help: convert the identifier to upper camel case: `Tsl2591Persist20`
[INFO] [stderr] 
[INFO] [stderr] warning: variant `TSL2591_PERSIST_25` should have an upper camel case name
[INFO] [stderr]    --> src/lib.rs:308:5
[INFO] [stderr]     |
[INFO] [stderr] 308 |     TSL2591_PERSIST_25 = 0x08,    // 25 consecutive values out of range
[INFO] [stderr]     |     ^^^^^^^^^^^^^^^^^^ help: convert the identifier to upper camel case: `Tsl2591Persist25`
[INFO] [stderr] 
[INFO] [stderr] warning: variant `TSL2591_PERSIST_30` should have an upper camel case name
[INFO] [stderr]    --> src/lib.rs:309:5
[INFO] [stderr]     |
[INFO] [stderr] 309 |     TSL2591_PERSIST_30 = 0x09,    // 30 consecutive values out of range
[INFO] [stderr]     |     ^^^^^^^^^^^^^^^^^^ help: convert the identifier to upper camel case: `Tsl2591Persist30`
[INFO] [stderr] 
[INFO] [stderr] warning: variant `TSL2591_PERSIST_35` should have an upper camel case name
[INFO] [stderr]    --> src/lib.rs:310:5
[INFO] [stderr]     |
[INFO] [stderr] 310 |     TSL2591_PERSIST_35 = 0x0A,    // 35 consecutive values out of range
[INFO] [stderr]     |     ^^^^^^^^^^^^^^^^^^ help: convert the identifier to upper camel case: `Tsl2591Persist35`
[INFO] [stderr] 
[INFO] [stderr] warning: variant `TSL2591_PERSIST_40` should have an upper camel case name
[INFO] [stderr]    --> src/lib.rs:311:5
[INFO] [stderr]     |
[INFO] [stderr] 311 |     TSL2591_PERSIST_40 = 0x0B,    // 40 consecutive values out of range
[INFO] [stderr]     |     ^^^^^^^^^^^^^^^^^^ help: convert the identifier to upper camel case: `Tsl2591Persist40`
[INFO] [stderr] 
[INFO] [stderr] warning: variant `TSL2591_PERSIST_45` should have an upper camel case name
[INFO] [stderr]    --> src/lib.rs:312:5
[INFO] [stderr]     |
[INFO] [stderr] 312 |     TSL2591_PERSIST_45 = 0x0C,    // 45 consecutive values out of range
[INFO] [stderr]     |     ^^^^^^^^^^^^^^^^^^ help: convert the identifier to upper camel case: `Tsl2591Persist45`
[INFO] [stderr] 
[INFO] [stderr] warning: variant `TSL2591_PERSIST_50` should have an upper camel case name
[INFO] [stderr]    --> src/lib.rs:313:5
[INFO] [stderr]     |
[INFO] [stderr] 313 |     TSL2591_PERSIST_50 = 0x0D,    // 50 consecutive values out of range
[INFO] [stderr]     |     ^^^^^^^^^^^^^^^^^^ help: convert the identifier to upper camel case: `Tsl2591Persist50`
[INFO] [stderr] 
[INFO] [stderr] warning: variant `TSL2591_PERSIST_55` should have an upper camel case name
[INFO] [stderr]    --> src/lib.rs:314:5
[INFO] [stderr]     |
[INFO] [stderr] 314 |     TSL2591_PERSIST_55 = 0x0E,    // 55 consecutive values out of range
[INFO] [stderr]     |     ^^^^^^^^^^^^^^^^^^ help: convert the identifier to upper camel case: `Tsl2591Persist55`
[INFO] [stderr] 
[INFO] [stderr] warning: variant `TSL2591_PERSIST_60` should have an upper camel case name
[INFO] [stderr]    --> src/lib.rs:315:5
[INFO] [stderr]     |
[INFO] [stderr] 315 |     TSL2591_PERSIST_60 = 0x0F,    // 60 consecutive values out of range
[INFO] [stderr]     |     ^^^^^^^^^^^^^^^^^^ help: convert the identifier to upper camel case: `Tsl2591Persist60`
[INFO] [stderr] 
[INFO] [stderr] warning: unused variable: `delay`
[INFO] [stderr]    --> src/lib.rs:158:9
[INFO] [stderr]     |
[INFO] [stderr] 158 |         delay: &mut D,
[INFO] [stderr]     |         ^^^^^ help: if this is intentional, prefix it with an underscore: `_delay`
[INFO] [stderr]     |
[INFO] [stderr]     = note: `#[warn(unused_variables)]` on by default
[INFO] [stderr] 
[INFO] [stderr] warning: enum `PersitFilter` is never used
[INFO] [stderr]    --> src/lib.rs:297:6
[INFO] [stderr]     |
[INFO] [stderr] 297 | enum PersitFilter {
[INFO] [stderr]     |      ^^^^^^^^^^^^
[INFO] [stderr]     |
[INFO] [stderr]     = note: `#[warn(dead_code)]` on by default
[INFO] [stderr] 
[INFO] [stderr] warning: constant `TSL2591_THRESHOLD_AILTH` is never used
[INFO] [stderr]    --> src/lib.rs:279:15
[INFO] [stderr]     |
[INFO] [stderr] 279 |     pub const TSL2591_THRESHOLD_AILTH: u8 = 0x05; // ALS low threshold upper byte
[INFO] [stderr]     |               ^^^^^^^^^^^^^^^^^^^^^^^
[INFO] [stderr] 
[INFO] [stderr] warning: constant `TSL2591_THRESHOLD_AIHTL` is never used
[INFO] [stderr]    --> src/lib.rs:280:15
[INFO] [stderr]     |
[INFO] [stderr] 280 |     pub const TSL2591_THRESHOLD_AIHTL: u8 = 0x06; // ALS high threshold lower byte
[INFO] [stderr]     |               ^^^^^^^^^^^^^^^^^^^^^^^
[INFO] [stderr] 
[INFO] [stderr] warning: constant `TSL2591_THRESHOLD_AIHTH` is never used
[INFO] [stderr]    --> src/lib.rs:281:15
[INFO] [stderr]     |
[INFO] [stderr] 281 |     pub const TSL2591_THRESHOLD_AIHTH: u8 = 0x07; // ALS high threshold upper byte
[INFO] [stderr]     |               ^^^^^^^^^^^^^^^^^^^^^^^
[INFO] [stderr] 
[INFO] [stderr] warning: constant `TSL2591_THRESHOLD_NPAILTL` is never used
[INFO] [stderr]    --> src/lib.rs:282:15
[INFO] [stderr]     |
[INFO] [stderr] 282 |     pub const TSL2591_THRESHOLD_NPAILTL: u8 = 0x08; // No Persist ALS low threshold lower byte
[INFO] [stderr]     |               ^^^^^^^^^^^^^^^^^^^^^^^^^
[INFO] [stderr] 
[INFO] [stderr] warning: constant `TSL2591_THRESHOLD_NPAILTH` is never used
[INFO] [stderr]    --> src/lib.rs:283:15
[INFO] [stderr]     |
[INFO] [stderr] 283 |     pub const TSL2591_THRESHOLD_NPAILTH: u8 = 0x09; // No Persist ALS low threshold higher byte
[INFO] [stderr]     |               ^^^^^^^^^^^^^^^^^^^^^^^^^
[INFO] [stderr] 
[INFO] [stderr] warning: constant `TSL2591_THRESHOLD_NPAIHTL` is never used
[INFO] [stderr]    --> src/lib.rs:284:15
[INFO] [stderr]     |
[INFO] [stderr] 284 |     pub const TSL2591_THRESHOLD_NPAIHTL: u8 = 0x0A; // No Persist ALS high threshold lower byte
[INFO] [stderr]     |               ^^^^^^^^^^^^^^^^^^^^^^^^^
[INFO] [stderr] 
[INFO] [stderr] warning: constant `TSL2591_THRESHOLD_NPAIHTH` is never used
[INFO] [stderr]    --> src/lib.rs:285:15
[INFO] [stderr]     |
[INFO] [stderr] 285 |     pub const TSL2591_THRESHOLD_NPAIHTH: u8 = 0x0B; // No Persist ALS high threshold higher byte
[INFO] [stderr]     |               ^^^^^^^^^^^^^^^^^^^^^^^^^
[INFO] [stderr] 
[INFO] [stderr] warning: constant `TSL2591_PERSIST_FILTER` is never used
[INFO] [stderr]    --> src/lib.rs:286:15
[INFO] [stderr]     |
[INFO] [stderr] 286 |     pub const TSL2591_PERSIST_FILTER: u8 = 0x0C; // Interrupt persistence filter
[INFO] [stderr]     |               ^^^^^^^^^^^^^^^^^^^^^^
[INFO] [stderr] 
[INFO] [stderr] warning: method `NPIEN` should have a snake case name
[INFO] [stderr]    --> src/lib.rs:321:9
[INFO] [stderr]     |
[INFO] [stderr] 321 |     pub NPIEN, _: 6;
[INFO] [stderr]     |         ^^^^^ help: convert the identifier to snake case: `npien`
[INFO] [stderr]     |
[INFO] [stderr]     = note: `#[warn(non_snake_case)]` on by default
[INFO] [stderr] 
[INFO] [stderr] warning: method `SAI` should have a snake case name
[INFO] [stderr]    --> src/lib.rs:322:9
[INFO] [stderr]     |
[INFO] [stderr] 322 |     pub SAI, _: 5;
[INFO] [stderr]     |         ^^^ help: convert the identifier to snake case: `sai`
[INFO] [stderr] 
[INFO] [stderr] warning: method `RES` should have a snake case name
[INFO] [stderr]    --> src/lib.rs:323:9
[INFO] [stderr]     |
[INFO] [stderr] 323 |     pub RES, _: 4,3;
[INFO] [stderr]     |         ^^^ help: convert the identifier to snake case: `res`
[INFO] [stderr] 
[INFO] [stderr] warning: method `AEN` should have a snake case name
[INFO] [stderr]    --> src/lib.rs:324:9
[INFO] [stderr]     |
[INFO] [stderr] 324 |     pub AEN, _: 1;
[INFO] [stderr]     |         ^^^ help: convert the identifier to snake case: `aen`
[INFO] [stderr] 
[INFO] [stderr] warning: method `PON` should have a snake case name
[INFO] [stderr]    --> src/lib.rs:325:9
[INFO] [stderr]     |
[INFO] [stderr] 325 |     pub PON, _: 0;
[INFO] [stderr]     |         ^^^ help: convert the identifier to snake case: `pon`
[INFO] [stderr] 
[INFO] [stderr] warning: method `NPINTR` should have a snake case name
[INFO] [stderr]    --> src/lib.rs:331:9
[INFO] [stderr]     |
[INFO] [stderr] 331 |     pub NPINTR,_: 6,4;
[INFO] [stderr]     |         ^^^^^^ help: convert the identifier to snake case: `npintr`
[INFO] [stderr] 
[INFO] [stderr] warning: method `AINT` should have a snake case name
[INFO] [stderr]    --> src/lib.rs:332:9
[INFO] [stderr]     |
[INFO] [stderr] 332 |     pub AINT, _: 4;
[INFO] [stderr]     |         ^^^^ help: convert the identifier to snake case: `aint`
[INFO] [stderr] 
[INFO] [stderr] warning: method `RES` should have a snake case name
[INFO] [stderr]    --> src/lib.rs:333:9
[INFO] [stderr]     |
[INFO] [stderr] 333 |     pub RES, _: 3,3;
[INFO] [stderr]     |         ^^^ help: convert the identifier to snake case: `res`
[INFO] [stderr] 
[INFO] [stderr] warning: method `AVALID` should have a snake case name
[INFO] [stderr]    --> src/lib.rs:334:9
[INFO] [stderr]     |
[INFO] [stderr] 334 |     pub AVALID, _: 0;
[INFO] [stderr]     |         ^^^^^^ help: convert the identifier to snake case: `avalid`
[INFO] [stderr] 
[INFO] [stderr] warning: `tsl2591-eh-driver` (lib) generated 35 warnings (run `cargo fix --lib -p tsl2591-eh-driver` to apply 1 suggestion)
[INFO] [stderr] warning: `tsl2591-eh-driver` (lib test) generated 35 warnings (35 duplicates)
[INFO] [stderr]     Finished test [unoptimized + debuginfo] target(s) in 0.00s
[INFO] [stderr]      Running unittests src/lib.rs (/opt/rustwide/target/debug/deps/tsl2591_eh_driver-95332fb99dfe8449)
[INFO] [stdout] 
[INFO] [stdout] running 0 tests
[INFO] [stdout] 
[INFO] [stdout] test result: ok. 0 passed; 0 failed; 0 ignored; 0 measured; 0 filtered out; finished in 0.00s
[INFO] [stdout] 
[INFO] [stderr]    Doc-tests tsl2591-eh-driver
[INFO] [stderr] warning: variant `TSL2591_PERSIST_EVERY` should have an upper camel case name
[INFO] [stderr]    --> src/lib.rs:300:5
[INFO] [stderr]     |
[INFO] [stderr] 300 |     TSL2591_PERSIST_EVERY = 0x00, // Every ALS cycle generates an interrupt
[INFO] [stderr]     |     ^^^^^^^^^^^^^^^^^^^^^ help: convert the identifier to upper camel case: `Tsl2591PersistEvery`
[INFO] [stderr]     |
[INFO] [stderr]     = note: `#[warn(non_camel_case_types)]` on by default
[INFO] [stderr] 
[INFO] [stderr] warning: variant `TSL2591_PERSIST_ANY` should have an upper camel case name
[INFO] [stderr]    --> src/lib.rs:301:5
[INFO] [stderr]     |
[INFO] [stderr] 301 |     TSL2591_PERSIST_ANY = 0x01,   // Any value outside of threshold range
[INFO] [stderr]     |     ^^^^^^^^^^^^^^^^^^^ help: convert the identifier to upper camel case: `Tsl2591PersistAny`
[INFO] [stderr] 
[INFO] [stderr] warning: variant `TSL2591_PERSIST_2` should have an upper camel case name
[INFO] [stderr]    --> src/lib.rs:302:5
[INFO] [stderr]     |
[INFO] [stderr] 302 |     TSL2591_PERSIST_2 = 0x02,     // 2 consecutive values out of range
[INFO] [stderr]     |     ^^^^^^^^^^^^^^^^^ help: convert the identifier to upper camel case: `Tsl2591Persist2`
[INFO] [stderr] 
[INFO] [stderr] warning: variant `TSL2591_PERSIST_3` should have an upper camel case name
[INFO] [stderr]    --> src/lib.rs:303:5
[INFO] [stderr]     |
[INFO] [stderr] 303 |     TSL2591_PERSIST_3 = 0x03,     // 3 consecutive values out of range
[INFO] [stderr]     |     ^^^^^^^^^^^^^^^^^ help: convert the identifier to upper camel case: `Tsl2591Persist3`
[INFO] [stderr] 
[INFO] [stderr] warning: variant `TSL2591_PERSIST_5` should have an upper camel case name
[INFO] [stderr]    --> src/lib.rs:304:5
[INFO] [stderr]     |
[INFO] [stderr] 304 |     TSL2591_PERSIST_5 = 0x04,     // 5 consecutive values out of range
[INFO] [stderr]     |     ^^^^^^^^^^^^^^^^^ help: convert the identifier to upper camel case: `Tsl2591Persist5`
[INFO] [stderr] 
[INFO] [stderr] warning: variant `TSL2591_PERSIST_10` should have an upper camel case name
[INFO] [stderr]    --> src/lib.rs:305:5
[INFO] [stderr]     |
[INFO] [stderr] 305 |     TSL2591_PERSIST_10 = 0x05,    // 10 consecutive values out of range
[INFO] [stderr]     |     ^^^^^^^^^^^^^^^^^^ help: convert the identifier to upper camel case: `Tsl2591Persist10`
[INFO] [stderr] 
[INFO] [stderr] warning: variant `TSL2591_PERSIST_15` should have an upper camel case name
[INFO] [stderr]    --> src/lib.rs:306:5
[INFO] [stderr]     |
[INFO] [stderr] 306 |     TSL2591_PERSIST_15 = 0x06,    // 15 consecutive values out of range
[INFO] [stderr]     |     ^^^^^^^^^^^^^^^^^^ help: convert the identifier to upper camel case: `Tsl2591Persist15`
[INFO] [stderr] 
[INFO] [stderr] warning: variant `TSL2591_PERSIST_20` should have an upper camel case name
[INFO] [stderr]    --> src/lib.rs:307:5
[INFO] [stderr]     |
[INFO] [stderr] 307 |     TSL2591_PERSIST_20 = 0x07,    // 20 consecutive values out of range
[INFO] [stderr]     |     ^^^^^^^^^^^^^^^^^^ help: convert the identifier to upper camel case: `Tsl2591Persist20`
[INFO] [stderr] 
[INFO] [stderr] warning: variant `TSL2591_PERSIST_25` should have an upper camel case name
[INFO] [stderr]    --> src/lib.rs:308:5
[INFO] [stderr]     |
[INFO] [stderr] 308 |     TSL2591_PERSIST_25 = 0x08,    // 25 consecutive values out of range
[INFO] [stderr]     |     ^^^^^^^^^^^^^^^^^^ help: convert the identifier to upper camel case: `Tsl2591Persist25`
[INFO] [stderr] 
[INFO] [stderr] warning: variant `TSL2591_PERSIST_30` should have an upper camel case name
[INFO] [stderr]    --> src/lib.rs:309:5
[INFO] [stderr]     |
[INFO] [stderr] 309 |     TSL2591_PERSIST_30 = 0x09,    // 30 consecutive values out of range
[INFO] [stderr]     |     ^^^^^^^^^^^^^^^^^^ help: convert the identifier to upper camel case: `Tsl2591Persist30`
[INFO] [stderr] 
[INFO] [stderr] warning: variant `TSL2591_PERSIST_35` should have an upper camel case name
[INFO] [stderr]    --> src/lib.rs:310:5
[INFO] [stderr]     |
[INFO] [stderr] 310 |     TSL2591_PERSIST_35 = 0x0A,    // 35 consecutive values out of range
[INFO] [stderr]     |     ^^^^^^^^^^^^^^^^^^ help: convert the identifier to upper camel case: `Tsl2591Persist35`
[INFO] [stderr] 
[INFO] [stderr] warning: variant `TSL2591_PERSIST_40` should have an upper camel case name
[INFO] [stderr]    --> src/lib.rs:311:5
[INFO] [stderr]     |
[INFO] [stderr] 311 |     TSL2591_PERSIST_40 = 0x0B,    // 40 consecutive values out of range
[INFO] [stderr]     |     ^^^^^^^^^^^^^^^^^^ help: convert the identifier to upper camel case: `Tsl2591Persist40`
[INFO] [stderr] 
[INFO] [stderr] warning: variant `TSL2591_PERSIST_45` should have an upper camel case name
[INFO] [stderr]    --> src/lib.rs:312:5
[INFO] [stderr]     |
[INFO] [stderr] 312 |     TSL2591_PERSIST_45 = 0x0C,    // 45 consecutive values out of range
[INFO] [stderr]     |     ^^^^^^^^^^^^^^^^^^ help: convert the identifier to upper camel case: `Tsl2591Persist45`
[INFO] [stderr] 
[INFO] [stderr] warning: variant `TSL2591_PERSIST_50` should have an upper camel case name
[INFO] [stderr]    --> src/lib.rs:313:5
[INFO] [stderr]     |
[INFO] [stderr] 313 |     TSL2591_PERSIST_50 = 0x0D,    // 50 consecutive values out of range
[INFO] [stderr]     |     ^^^^^^^^^^^^^^^^^^ help: convert the identifier to upper camel case: `Tsl2591Persist50`
[INFO] [stderr] 
[INFO] [stderr] warning: variant `TSL2591_PERSIST_55` should have an upper camel case name
[INFO] [stderr]    --> src/lib.rs:314:5
[INFO] [stderr]     |
[INFO] [stderr] 314 |     TSL2591_PERSIST_55 = 0x0E,    // 55 consecutive values out of range
[INFO] [stderr]     |     ^^^^^^^^^^^^^^^^^^ help: convert the identifier to upper camel case: `Tsl2591Persist55`
[INFO] [stderr] 
[INFO] [stderr] warning: variant `TSL2591_PERSIST_60` should have an upper camel case name
[INFO] [stderr]    --> src/lib.rs:315:5
[INFO] [stderr]     |
[INFO] [stderr] 315 |     TSL2591_PERSIST_60 = 0x0F,    // 60 consecutive values out of range
[INFO] [stderr]     |     ^^^^^^^^^^^^^^^^^^ help: convert the identifier to upper camel case: `Tsl2591Persist60`
[INFO] [stderr] 
[INFO] [stderr] warning: 16 warnings emitted
[INFO] [stderr] 
[INFO] [stdout] 
[INFO] [stdout] running 1 test
[INFO] [stdout] test src/lib.rs - (line 9) ... FAILED
[INFO] [stdout] 
[INFO] [stdout] failures:
[INFO] [stdout] 
[INFO] [stdout] ---- src/lib.rs - (line 9) stdout ----
[INFO] [stdout] error: cannot find macro `iprintln` in this scope
[INFO] [stdout]  --> src/lib.rs:15:5
[INFO] [stdout]   |
[INFO] [stdout] 8 |     iprintln!(&mut cp.ITM.stim[0], "{}", test);
[INFO] [stdout]   |     ^^^^^^^^ help: a macro with a similar name exists: `eprintln`
[INFO] [stdout]  --> /rustc/82e1608dfa6e0b5569232559e3d385fea5a93112/library/std/src/macros.rs:216:1
[INFO] [stdout]   |
[INFO] [stdout]   = note: similarly named macro `eprintln` defined here
[INFO] [stdout] 
[INFO] [stdout] error[E0425]: cannot find value `t` in this scope
[INFO] [stdout]  --> src/lib.rs:10:1
[INFO] [stdout]   |
[INFO] [stdout] 3 | t.enable().unwrap();
[INFO] [stdout]   | ^ not found in this scope
[INFO] [stdout] 
[INFO] [stdout] error[E0425]: cannot find value `t` in this scope
[INFO] [stdout]  --> src/lib.rs:12:24
[INFO] [stdout]   |
[INFO] [stdout] 5 |     let (ch_0, ch_1) = t.get_channel_data(&mut delay).unwrap();
[INFO] [stdout]   |                        ^ not found in this scope
[INFO] [stdout] 
[INFO] [stdout] error[E0425]: cannot find value `delay` in this scope
[INFO] [stdout]  --> src/lib.rs:12:48
[INFO] [stdout]   |
[INFO] [stdout] 5 |     let (ch_0, ch_1) = t.get_channel_data(&mut delay).unwrap();
[INFO] [stdout]   |                                                ^^^^^ not found in this scope
[INFO] [stdout] 
[INFO] [stdout] error[E0425]: cannot find value `t` in this scope
[INFO] [stdout]  --> src/lib.rs:13:16
[INFO] [stdout]   |
[INFO] [stdout] 6 |     let test = t.calculate_lux(ch_0, ch_1).unwrap();
[INFO] [stdout]   |                ^ not found in this scope
[INFO] [stdout] 
[INFO] [stdout] error: aborting due to 5 previous errors
[INFO] [stdout] 
[INFO] [stdout] For more information about this error, try `rustc --explain E0425`.
[INFO] [stdout] Couldn't compile the test.
[INFO] [stdout] 
[INFO] [stdout] failures:
[INFO] [stdout]     src/lib.rs - (line 9)
[INFO] [stdout] 
[INFO] [stdout] test result: FAILED. 0 passed; 1 failed; 0 ignored; 0 measured; 0 filtered out; finished in 0.05s
[INFO] [stdout] 
[INFO] [stderr] error: doctest failed, to rerun pass `--doc`
[INFO] running `Command { std: "docker" "inspect" "37eed0eaab3c173aa19c9bb7bcc8d5ac8bd658fdf0903ed2d2f1307c2c615af4", kill_on_drop: false }`
[INFO] running `Command { std: "docker" "rm" "-f" "37eed0eaab3c173aa19c9bb7bcc8d5ac8bd658fdf0903ed2d2f1307c2c615af4", kill_on_drop: false }`
[INFO] [stdout] 37eed0eaab3c173aa19c9bb7bcc8d5ac8bd658fdf0903ed2d2f1307c2c615af4
[INFO] testing tsl2591-eh-driver-0.4.0 against beta-2023-12-22 for beta-1.76-1
[INFO] extracting crate tsl2591-eh-driver 0.4.0 into /workspace/builds/worker-4-tc2/source
[INFO] validating manifest of crates.io crate tsl2591-eh-driver 0.4.0 on toolchain beta-2023-12-22
[INFO] running `Command { std: CARGO_HOME="/workspace/cargo-home" RUSTUP_HOME="/workspace/rustup-home" "/workspace/cargo-home/bin/cargo" "+beta-2023-12-22" "metadata" "--manifest-path" "Cargo.toml" "--no-deps", kill_on_drop: false }`
[INFO] removed /workspace/builds/worker-4-tc2/source/.cargo/config.toml
[INFO] started tweaking crates.io crate tsl2591-eh-driver 0.4.0
[INFO] finished tweaking crates.io crate tsl2591-eh-driver 0.4.0
[INFO] tweaked toml for crates.io crate tsl2591-eh-driver 0.4.0 written to /workspace/builds/worker-4-tc2/source/Cargo.toml
[INFO] running `Command { std: CARGO_HOME="/workspace/cargo-home" RUSTUP_HOME="/workspace/rustup-home" "/workspace/cargo-home/bin/cargo" "+beta-2023-12-22" "generate-lockfile" "--manifest-path" "Cargo.toml", kill_on_drop: false }`
[INFO] [stderr]     Updating crates.io index
[INFO] running `Command { std: CARGO_HOME="/workspace/cargo-home" RUSTUP_HOME="/workspace/rustup-home" "/workspace/cargo-home/bin/cargo" "+beta-2023-12-22" "fetch" "--manifest-path" "Cargo.toml", kill_on_drop: false }`
[INFO] running `Command { std: "docker" "create" "-v" "/var/lib/crater-agent-workspace/builds/worker-4-tc2/target:/opt/rustwide/target:rw,Z" "-v" "/var/lib/crater-agent-workspace/builds/worker-4-tc2/source:/opt/rustwide/workdir:ro,Z" "-v" "/var/lib/crater-agent-workspace/cargo-home:/opt/rustwide/cargo-home:ro,Z" "-v" "/var/lib/crater-agent-workspace/rustup-home:/opt/rustwide/rustup-home:ro,Z" "-e" "SOURCE_DIR=/opt/rustwide/workdir" "-e" "CARGO_TARGET_DIR=/opt/rustwide/target" "-e" "CARGO_HOME=/opt/rustwide/cargo-home" "-e" "RUSTUP_HOME=/opt/rustwide/rustup-home" "-w" "/opt/rustwide/workdir" "-m" "1610612736" "--user" "0:0" "--network" "none" "ghcr.io/rust-lang/crates-build-env/linux@sha256:2788e3201cd34a07e3172128adcd8b3090168a8e3bcc40d7c032b9dda1df7d1c" "/opt/rustwide/cargo-home/bin/cargo" "+beta-2023-12-22" "metadata" "--no-deps" "--format-version=1", kill_on_drop: false }`
[INFO] [stdout] effe7bb28da7f465ea4f002a07d5260b04c336acfc77215e6817e51cd58c77ac
[INFO] running `Command { std: "docker" "start" "-a" "effe7bb28da7f465ea4f002a07d5260b04c336acfc77215e6817e51cd58c77ac", kill_on_drop: false }`
[INFO] running `Command { std: "docker" "inspect" "effe7bb28da7f465ea4f002a07d5260b04c336acfc77215e6817e51cd58c77ac", kill_on_drop: false }`
[INFO] running `Command { std: "docker" "rm" "-f" "effe7bb28da7f465ea4f002a07d5260b04c336acfc77215e6817e51cd58c77ac", kill_on_drop: false }`
[INFO] [stdout] effe7bb28da7f465ea4f002a07d5260b04c336acfc77215e6817e51cd58c77ac
[INFO] running `Command { std: "docker" "create" "-v" "/var/lib/crater-agent-workspace/builds/worker-4-tc2/target:/opt/rustwide/target:rw,Z" "-v" "/var/lib/crater-agent-workspace/builds/worker-4-tc2/source:/opt/rustwide/workdir:ro,Z" "-v" "/var/lib/crater-agent-workspace/cargo-home:/opt/rustwide/cargo-home:ro,Z" "-v" "/var/lib/crater-agent-workspace/rustup-home:/opt/rustwide/rustup-home:ro,Z" "-e" "SOURCE_DIR=/opt/rustwide/workdir" "-e" "CARGO_TARGET_DIR=/opt/rustwide/target" "-e" "CARGO_INCREMENTAL=0" "-e" "RUST_BACKTRACE=full" "-e" "RUSTFLAGS=--cap-lints=warn" "-e" "RUSTDOCFLAGS=--cap-lints=warn" "-e" "CARGO_HOME=/opt/rustwide/cargo-home" "-e" "RUSTUP_HOME=/opt/rustwide/rustup-home" "-w" "/opt/rustwide/workdir" "-m" "1610612736" "--user" "0:0" "--network" "none" "ghcr.io/rust-lang/crates-build-env/linux@sha256:2788e3201cd34a07e3172128adcd8b3090168a8e3bcc40d7c032b9dda1df7d1c" "/opt/rustwide/cargo-home/bin/cargo" "+beta-2023-12-22" "build" "--frozen" "--message-format=json", kill_on_drop: false }`
[INFO] [stdout] 069c596dcbbe67f232e7b48be8c4907e0eac38f751ebbfb170ebd6c00f47216e
[INFO] running `Command { std: "docker" "start" "-a" "069c596dcbbe67f232e7b48be8c4907e0eac38f751ebbfb170ebd6c00f47216e", kill_on_drop: false }`
[INFO] [stderr]    Compiling embedded-hal v1.0.0-alpha.10
[INFO] [stderr]    Compiling bitfield v0.14.0
[INFO] [stderr]    Compiling tsl2591-eh-driver v0.4.0 (/opt/rustwide/workdir)
[INFO] [stdout] warning: variant `TSL2591_PERSIST_EVERY` should have an upper camel case name
[INFO] [stdout]    --> src/lib.rs:300:5
[INFO] [stdout]     |
[INFO] [stdout] 300 |     TSL2591_PERSIST_EVERY = 0x00, // Every ALS cycle generates an interrupt
[INFO] [stdout]     |     ^^^^^^^^^^^^^^^^^^^^^ help: convert the identifier to upper camel case: `Tsl2591PersistEvery`
[INFO] [stdout]     |
[INFO] [stdout]     = note: `#[warn(non_camel_case_types)]` on by default
[INFO] [stdout] 
[INFO] [stdout] 
[INFO] [stdout] warning: variant `TSL2591_PERSIST_ANY` should have an upper camel case name
[INFO] [stdout]    --> src/lib.rs:301:5
[INFO] [stdout]     |
[INFO] [stdout] 301 |     TSL2591_PERSIST_ANY = 0x01,   // Any value outside of threshold range
[INFO] [stdout]     |     ^^^^^^^^^^^^^^^^^^^ help: convert the identifier to upper camel case: `Tsl2591PersistAny`
[INFO] [stdout] 
[INFO] [stdout] 
[INFO] [stdout] warning: variant `TSL2591_PERSIST_2` should have an upper camel case name
[INFO] [stdout]    --> src/lib.rs:302:5
[INFO] [stdout]     |
[INFO] [stdout] 302 |     TSL2591_PERSIST_2 = 0x02,     // 2 consecutive values out of range
[INFO] [stdout]     |     ^^^^^^^^^^^^^^^^^ help: convert the identifier to upper camel case: `Tsl2591Persist2`
[INFO] [stdout] 
[INFO] [stdout] 
[INFO] [stdout] warning: variant `TSL2591_PERSIST_3` should have an upper camel case name
[INFO] [stdout]    --> src/lib.rs:303:5
[INFO] [stdout]     |
[INFO] [stdout] 303 |     TSL2591_PERSIST_3 = 0x03,     // 3 consecutive values out of range
[INFO] [stdout]     |     ^^^^^^^^^^^^^^^^^ help: convert the identifier to upper camel case: `Tsl2591Persist3`
[INFO] [stdout] 
[INFO] [stdout] 
[INFO] [stdout] warning: variant `TSL2591_PERSIST_5` should have an upper camel case name
[INFO] [stdout]    --> src/lib.rs:304:5
[INFO] [stdout]     |
[INFO] [stdout] 304 |     TSL2591_PERSIST_5 = 0x04,     // 5 consecutive values out of range
[INFO] [stdout]     |     ^^^^^^^^^^^^^^^^^ help: convert the identifier to upper camel case: `Tsl2591Persist5`
[INFO] [stdout] 
[INFO] [stdout] 
[INFO] [stdout] warning: variant `TSL2591_PERSIST_10` should have an upper camel case name
[INFO] [stdout]    --> src/lib.rs:305:5
[INFO] [stdout]     |
[INFO] [stdout] 305 |     TSL2591_PERSIST_10 = 0x05,    // 10 consecutive values out of range
[INFO] [stdout]     |     ^^^^^^^^^^^^^^^^^^ help: convert the identifier to upper camel case: `Tsl2591Persist10`
[INFO] [stdout] 
[INFO] [stdout] 
[INFO] [stdout] warning: variant `TSL2591_PERSIST_15` should have an upper camel case name
[INFO] [stdout]    --> src/lib.rs:306:5
[INFO] [stdout]     |
[INFO] [stdout] 306 |     TSL2591_PERSIST_15 = 0x06,    // 15 consecutive values out of range
[INFO] [stdout]     |     ^^^^^^^^^^^^^^^^^^ help: convert the identifier to upper camel case: `Tsl2591Persist15`
[INFO] [stdout] 
[INFO] [stdout] 
[INFO] [stdout] warning: variant `TSL2591_PERSIST_20` should have an upper camel case name
[INFO] [stdout]    --> src/lib.rs:307:5
[INFO] [stdout]     |
[INFO] [stdout] 307 |     TSL2591_PERSIST_20 = 0x07,    // 20 consecutive values out of range
[INFO] [stdout]     |     ^^^^^^^^^^^^^^^^^^ help: convert the identifier to upper camel case: `Tsl2591Persist20`
[INFO] [stdout] 
[INFO] [stdout] 
[INFO] [stdout] warning: variant `TSL2591_PERSIST_25` should have an upper camel case name
[INFO] [stdout]    --> src/lib.rs:308:5
[INFO] [stdout]     |
[INFO] [stdout] 308 |     TSL2591_PERSIST_25 = 0x08,    // 25 consecutive values out of range
[INFO] [stdout]     |     ^^^^^^^^^^^^^^^^^^ help: convert the identifier to upper camel case: `Tsl2591Persist25`
[INFO] [stdout] 
[INFO] [stdout] 
[INFO] [stdout] warning: variant `TSL2591_PERSIST_30` should have an upper camel case name
[INFO] [stdout]    --> src/lib.rs:309:5
[INFO] [stdout]     |
[INFO] [stdout] 309 |     TSL2591_PERSIST_30 = 0x09,    // 30 consecutive values out of range
[INFO] [stdout]     |     ^^^^^^^^^^^^^^^^^^ help: convert the identifier to upper camel case: `Tsl2591Persist30`
[INFO] [stdout] 
[INFO] [stdout] 
[INFO] [stdout] warning: variant `TSL2591_PERSIST_35` should have an upper camel case name
[INFO] [stdout]    --> src/lib.rs:310:5
[INFO] [stdout]     |
[INFO] [stdout] 310 |     TSL2591_PERSIST_35 = 0x0A,    // 35 consecutive values out of range
[INFO] [stdout]     |     ^^^^^^^^^^^^^^^^^^ help: convert the identifier to upper camel case: `Tsl2591Persist35`
[INFO] [stdout] 
[INFO] [stdout] 
[INFO] [stdout] warning: variant `TSL2591_PERSIST_40` should have an upper camel case name
[INFO] [stdout]    --> src/lib.rs:311:5
[INFO] [stdout]     |
[INFO] [stdout] 311 |     TSL2591_PERSIST_40 = 0x0B,    // 40 consecutive values out of range
[INFO] [stdout]     |     ^^^^^^^^^^^^^^^^^^ help: convert the identifier to upper camel case: `Tsl2591Persist40`
[INFO] [stdout] 
[INFO] [stdout] 
[INFO] [stdout] warning: variant `TSL2591_PERSIST_45` should have an upper camel case name
[INFO] [stdout]    --> src/lib.rs:312:5
[INFO] [stdout]     |
[INFO] [stdout] 312 |     TSL2591_PERSIST_45 = 0x0C,    // 45 consecutive values out of range
[INFO] [stdout]     |     ^^^^^^^^^^^^^^^^^^ help: convert the identifier to upper camel case: `Tsl2591Persist45`
[INFO] [stdout] 
[INFO] [stdout] 
[INFO] [stdout] warning: variant `TSL2591_PERSIST_50` should have an upper camel case name
[INFO] [stdout]    --> src/lib.rs:313:5
[INFO] [stdout]     |
[INFO] [stdout] 313 |     TSL2591_PERSIST_50 = 0x0D,    // 50 consecutive values out of range
[INFO] [stdout]     |     ^^^^^^^^^^^^^^^^^^ help: convert the identifier to upper camel case: `Tsl2591Persist50`
[INFO] [stdout] 
[INFO] [stdout] 
[INFO] [stdout] warning: variant `TSL2591_PERSIST_55` should have an upper camel case name
[INFO] [stdout]    --> src/lib.rs:314:5
[INFO] [stdout]     |
[INFO] [stdout] 314 |     TSL2591_PERSIST_55 = 0x0E,    // 55 consecutive values out of range
[INFO] [stdout]     |     ^^^^^^^^^^^^^^^^^^ help: convert the identifier to upper camel case: `Tsl2591Persist55`
[INFO] [stdout] 
[INFO] [stdout] 
[INFO] [stdout] warning: variant `TSL2591_PERSIST_60` should have an upper camel case name
[INFO] [stdout]    --> src/lib.rs:315:5
[INFO] [stdout]     |
[INFO] [stdout] 315 |     TSL2591_PERSIST_60 = 0x0F,    // 60 consecutive values out of range
[INFO] [stdout]     |     ^^^^^^^^^^^^^^^^^^ help: convert the identifier to upper camel case: `Tsl2591Persist60`
[INFO] [stdout] 
[INFO] [stdout] 
[INFO] [stdout] warning: unused variable: `delay`
[INFO] [stdout]    --> src/lib.rs:158:9
[INFO] [stdout]     |
[INFO] [stdout] 158 |         delay: &mut D,
[INFO] [stdout]     |         ^^^^^ help: if this is intentional, prefix it with an underscore: `_delay`
[INFO] [stdout]     |
[INFO] [stdout]     = note: `#[warn(unused_variables)]` on by default
[INFO] [stdout] 
[INFO] [stdout] 
[INFO] [stdout] warning: enum `PersitFilter` is never used
[INFO] [stdout]    --> src/lib.rs:297:6
[INFO] [stdout]     |
[INFO] [stdout] 297 | enum PersitFilter {
[INFO] [stdout]     |      ^^^^^^^^^^^^
[INFO] [stdout]     |
[INFO] [stdout]     = note: `#[warn(dead_code)]` on by default
[INFO] [stdout] 
[INFO] [stdout] 
[INFO] [stdout] warning: constant `TSL2591_THRESHOLD_AILTH` is never used
[INFO] [stdout]    --> src/lib.rs:279:15
[INFO] [stdout]     |
[INFO] [stdout] 279 |     pub const TSL2591_THRESHOLD_AILTH: u8 = 0x05; // ALS low threshold upper byte
[INFO] [stdout]     |               ^^^^^^^^^^^^^^^^^^^^^^^
[INFO] [stdout] 
[INFO] [stdout] 
[INFO] [stdout] warning: constant `TSL2591_THRESHOLD_AIHTL` is never used
[INFO] [stdout]    --> src/lib.rs:280:15
[INFO] [stdout]     |
[INFO] [stdout] 280 |     pub const TSL2591_THRESHOLD_AIHTL: u8 = 0x06; // ALS high threshold lower byte
[INFO] [stdout]     |               ^^^^^^^^^^^^^^^^^^^^^^^
[INFO] [stdout] 
[INFO] [stdout] 
[INFO] [stdout] warning: constant `TSL2591_THRESHOLD_AIHTH` is never used
[INFO] [stdout]    --> src/lib.rs:281:15
[INFO] [stdout]     |
[INFO] [stdout] 281 |     pub const TSL2591_THRESHOLD_AIHTH: u8 = 0x07; // ALS high threshold upper byte
[INFO] [stdout]     |               ^^^^^^^^^^^^^^^^^^^^^^^
[INFO] [stdout] 
[INFO] [stdout] 
[INFO] [stdout] warning: constant `TSL2591_THRESHOLD_NPAILTL` is never used
[INFO] [stdout]    --> src/lib.rs:282:15
[INFO] [stdout]     |
[INFO] [stdout] 282 |     pub const TSL2591_THRESHOLD_NPAILTL: u8 = 0x08; // No Persist ALS low threshold lower byte
[INFO] [stdout]     |               ^^^^^^^^^^^^^^^^^^^^^^^^^
[INFO] [stdout] 
[INFO] [stdout] 
[INFO] [stdout] warning: constant `TSL2591_THRESHOLD_NPAILTH` is never used
[INFO] [stdout]    --> src/lib.rs:283:15
[INFO] [stdout]     |
[INFO] [stdout] 283 |     pub const TSL2591_THRESHOLD_NPAILTH: u8 = 0x09; // No Persist ALS low threshold higher byte
[INFO] [stdout]     |               ^^^^^^^^^^^^^^^^^^^^^^^^^
[INFO] [stdout] 
[INFO] [stdout] 
[INFO] [stdout] warning: constant `TSL2591_THRESHOLD_NPAIHTL` is never used
[INFO] [stdout]    --> src/lib.rs:284:15
[INFO] [stdout]     |
[INFO] [stdout] 284 |     pub const TSL2591_THRESHOLD_NPAIHTL: u8 = 0x0A; // No Persist ALS high threshold lower byte
[INFO] [stdout]     |               ^^^^^^^^^^^^^^^^^^^^^^^^^
[INFO] [stdout] 
[INFO] [stdout] 
[INFO] [stdout] warning: constant `TSL2591_THRESHOLD_NPAIHTH` is never used
[INFO] [stdout]    --> src/lib.rs:285:15
[INFO] [stdout]     |
[INFO] [stdout] 285 |     pub const TSL2591_THRESHOLD_NPAIHTH: u8 = 0x0B; // No Persist ALS high threshold higher byte
[INFO] [stdout]     |               ^^^^^^^^^^^^^^^^^^^^^^^^^
[INFO] [stdout] 
[INFO] [stdout] 
[INFO] [stdout] warning: constant `TSL2591_PERSIST_FILTER` is never used
[INFO] [stdout]    --> src/lib.rs:286:15
[INFO] [stdout]     |
[INFO] [stdout] 286 |     pub const TSL2591_PERSIST_FILTER: u8 = 0x0C; // Interrupt persistence filter
[INFO] [stdout]     |               ^^^^^^^^^^^^^^^^^^^^^^
[INFO] [stdout] 
[INFO] [stdout] 
[INFO] [stdout] warning: method `NPIEN` should have a snake case name
[INFO] [stdout]    --> src/lib.rs:321:9
[INFO] [stdout]     |
[INFO] [stdout] 321 |     pub NPIEN, _: 6;
[INFO] [stdout]     |         ^^^^^ help: convert the identifier to snake case: `npien`
[INFO] [stdout]     |
[INFO] [stdout]     = note: `#[warn(non_snake_case)]` on by default
[INFO] [stdout] 
[INFO] [stdout] 
[INFO] [stdout] warning: method `SAI` should have a snake case name
[INFO] [stdout]    --> src/lib.rs:322:9
[INFO] [stdout]     |
[INFO] [stdout] 322 |     pub SAI, _: 5;
[INFO] [stdout]     |         ^^^ help: convert the identifier to snake case: `sai`
[INFO] [stdout] 
[INFO] [stdout] 
[INFO] [stdout] warning: method `RES` should have a snake case name
[INFO] [stdout]    --> src/lib.rs:323:9
[INFO] [stdout]     |
[INFO] [stdout] 323 |     pub RES, _: 4,3;
[INFO] [stdout]     |         ^^^ help: convert the identifier to snake case: `res`
[INFO] [stdout] 
[INFO] [stdout] 
[INFO] [stdout] warning: method `AEN` should have a snake case name
[INFO] [stdout]    --> src/lib.rs:324:9
[INFO] [stdout]     |
[INFO] [stdout] 324 |     pub AEN, _: 1;
[INFO] [stdout]     |         ^^^ help: convert the identifier to snake case: `aen`
[INFO] [stdout] 
[INFO] [stdout] 
[INFO] [stdout] warning: method `PON` should have a snake case name
[INFO] [stdout]    --> src/lib.rs:325:9
[INFO] [stdout]     |
[INFO] [stdout] 325 |     pub PON, _: 0;
[INFO] [stdout]     |         ^^^ help: convert the identifier to snake case: `pon`
[INFO] [stdout] 
[INFO] [stdout] 
[INFO] [stdout] warning: method `NPINTR` should have a snake case name
[INFO] [stdout]    --> src/lib.rs:331:9
[INFO] [stdout]     |
[INFO] [stdout] 331 |     pub NPINTR,_: 6,4;
[INFO] [stdout]     |         ^^^^^^ help: convert the identifier to snake case: `npintr`
[INFO] [stdout] 
[INFO] [stdout] 
[INFO] [stdout] warning: method `AINT` should have a snake case name
[INFO] [stdout]    --> src/lib.rs:332:9
[INFO] [stdout]     |
[INFO] [stdout] 332 |     pub AINT, _: 4;
[INFO] [stdout]     |         ^^^^ help: convert the identifier to snake case: `aint`
[INFO] [stdout] 
[INFO] [stdout] 
[INFO] [stdout] warning: method `RES` should have a snake case name
[INFO] [stdout]    --> src/lib.rs:333:9
[INFO] [stdout]     |
[INFO] [stdout] 333 |     pub RES, _: 3,3;
[INFO] [stdout]     |         ^^^ help: convert the identifier to snake case: `res`
[INFO] [stdout] 
[INFO] [stdout] 
[INFO] [stdout] warning: method `AVALID` should have a snake case name
[INFO] [stdout]    --> src/lib.rs:334:9
[INFO] [stdout]     |
[INFO] [stdout] 334 |     pub AVALID, _: 0;
[INFO] [stdout]     |         ^^^^^^ help: convert the identifier to snake case: `avalid`
[INFO] [stdout] 
[INFO] [stdout] 
[INFO] [stdout] warning: 35 warnings emitted
[INFO] [stdout] 
[INFO] [stdout] 
[INFO] [stderr]     Finished dev [unoptimized + debuginfo] target(s) in 0.13s
[INFO] running `Command { std: "docker" "inspect" "069c596dcbbe67f232e7b48be8c4907e0eac38f751ebbfb170ebd6c00f47216e", kill_on_drop: false }`
[INFO] running `Command { std: "docker" "rm" "-f" "069c596dcbbe67f232e7b48be8c4907e0eac38f751ebbfb170ebd6c00f47216e", kill_on_drop: false }`
[INFO] [stdout] 069c596dcbbe67f232e7b48be8c4907e0eac38f751ebbfb170ebd6c00f47216e
[INFO] running `Command { std: "docker" "create" "-v" "/var/lib/crater-agent-workspace/builds/worker-4-tc2/target:/opt/rustwide/target:rw,Z" "-v" "/var/lib/crater-agent-workspace/builds/worker-4-tc2/source:/opt/rustwide/workdir:ro,Z" "-v" "/var/lib/crater-agent-workspace/cargo-home:/opt/rustwide/cargo-home:ro,Z" "-v" "/var/lib/crater-agent-workspace/rustup-home:/opt/rustwide/rustup-home:ro,Z" "-e" "SOURCE_DIR=/opt/rustwide/workdir" "-e" "CARGO_TARGET_DIR=/opt/rustwide/target" "-e" "CARGO_INCREMENTAL=0" "-e" "RUST_BACKTRACE=full" "-e" "RUSTFLAGS=--cap-lints=warn" "-e" "RUSTDOCFLAGS=--cap-lints=warn" "-e" "CARGO_HOME=/opt/rustwide/cargo-home" "-e" "RUSTUP_HOME=/opt/rustwide/rustup-home" "-w" "/opt/rustwide/workdir" "-m" "1610612736" "--user" "0:0" "--network" "none" "ghcr.io/rust-lang/crates-build-env/linux@sha256:2788e3201cd34a07e3172128adcd8b3090168a8e3bcc40d7c032b9dda1df7d1c" "/opt/rustwide/cargo-home/bin/cargo" "+beta-2023-12-22" "test" "--frozen" "--no-run" "--message-format=json", kill_on_drop: false }`
[INFO] [stdout] cfc7d8fe3cbc8b76209c4bf442042aab599b522b39b4a7aea69299b609d7ff37
[INFO] running `Command { std: "docker" "start" "-a" "cfc7d8fe3cbc8b76209c4bf442042aab599b522b39b4a7aea69299b609d7ff37", kill_on_drop: false }`
[INFO] [stdout] warning: variant `TSL2591_PERSIST_EVERY` should have an upper camel case name
[INFO] [stdout]    --> src/lib.rs:300:5
[INFO] [stdout]     |
[INFO] [stdout] 300 |     TSL2591_PERSIST_EVERY = 0x00, // Every ALS cycle generates an interrupt
[INFO] [stdout]     |     ^^^^^^^^^^^^^^^^^^^^^ help: convert the identifier to upper camel case: `Tsl2591PersistEvery`
[INFO] [stdout]     |
[INFO] [stdout]     = note: `#[warn(non_camel_case_types)]` on by default
[INFO] [stdout] 
[INFO] [stdout] 
[INFO] [stdout] warning: variant `TSL2591_PERSIST_ANY` should have an upper camel case name
[INFO] [stdout]    --> src/lib.rs:301:5
[INFO] [stdout]     |
[INFO] [stdout] 301 |     TSL2591_PERSIST_ANY = 0x01,   // Any value outside of threshold range
[INFO] [stdout]     |     ^^^^^^^^^^^^^^^^^^^ help: convert the identifier to upper camel case: `Tsl2591PersistAny`
[INFO] [stdout] 
[INFO] [stdout] 
[INFO] [stdout] warning: variant `TSL2591_PERSIST_2` should have an upper camel case name
[INFO] [stdout]    --> src/lib.rs:302:5
[INFO] [stdout]     |
[INFO] [stdout] 302 |     TSL2591_PERSIST_2 = 0x02,     // 2 consecutive values out of range
[INFO] [stdout]     |     ^^^^^^^^^^^^^^^^^ help: convert the identifier to upper camel case: `Tsl2591Persist2`
[INFO] [stdout] 
[INFO] [stdout] 
[INFO] [stdout] warning: variant `TSL2591_PERSIST_3` should have an upper camel case name
[INFO] [stdout]    --> src/lib.rs:303:5
[INFO] [stdout]     |
[INFO] [stdout] 303 |     TSL2591_PERSIST_3 = 0x03,     // 3 consecutive values out of range
[INFO] [stdout]     |     ^^^^^^^^^^^^^^^^^ help: convert the identifier to upper camel case: `Tsl2591Persist3`
[INFO] [stdout] 
[INFO] [stdout] 
[INFO] [stdout] warning: variant `TSL2591_PERSIST_5` should have an upper camel case name
[INFO] [stdout]    --> src/lib.rs:304:5
[INFO] [stdout]     |
[INFO] [stdout] 304 |     TSL2591_PERSIST_5 = 0x04,     // 5 consecutive values out of range
[INFO] [stdout]     |     ^^^^^^^^^^^^^^^^^ help: convert the identifier to upper camel case: `Tsl2591Persist5`
[INFO] [stdout] 
[INFO] [stdout] 
[INFO] [stdout] warning: variant `TSL2591_PERSIST_10` should have an upper camel case name
[INFO] [stdout]    --> src/lib.rs:305:5
[INFO] [stdout]     |
[INFO] [stdout] 305 |     TSL2591_PERSIST_10 = 0x05,    // 10 consecutive values out of range
[INFO] [stdout]     |     ^^^^^^^^^^^^^^^^^^ help: convert the identifier to upper camel case: `Tsl2591Persist10`
[INFO] [stdout] 
[INFO] [stdout] 
[INFO] [stdout] warning: variant `TSL2591_PERSIST_15` should have an upper camel case name
[INFO] [stdout]    --> src/lib.rs:306:5
[INFO] [stdout]     |
[INFO] [stdout] 306 |     TSL2591_PERSIST_15 = 0x06,    // 15 consecutive values out of range
[INFO] [stdout]     |     ^^^^^^^^^^^^^^^^^^ help: convert the identifier to upper camel case: `Tsl2591Persist15`
[INFO] [stdout] 
[INFO] [stdout] 
[INFO] [stdout] warning: variant `TSL2591_PERSIST_20` should have an upper camel case name
[INFO] [stdout]    --> src/lib.rs:307:5
[INFO] [stdout]     |
[INFO] [stdout] 307 |     TSL2591_PERSIST_20 = 0x07,    // 20 consecutive values out of range
[INFO] [stdout]     |     ^^^^^^^^^^^^^^^^^^ help: convert the identifier to upper camel case: `Tsl2591Persist20`
[INFO] [stdout] 
[INFO] [stdout] 
[INFO] [stdout] warning: variant `TSL2591_PERSIST_25` should have an upper camel case name
[INFO] [stdout]    --> src/lib.rs:308:5
[INFO] [stdout]     |
[INFO] [stdout] 308 |     TSL2591_PERSIST_25 = 0x08,    // 25 consecutive values out of range
[INFO] [stdout]     |     ^^^^^^^^^^^^^^^^^^ help: convert the identifier to upper camel case: `Tsl2591Persist25`
[INFO] [stdout] 
[INFO] [stdout] 
[INFO] [stdout] warning: variant `TSL2591_PERSIST_30` should have an upper camel case name
[INFO] [stdout]    --> src/lib.rs:309:5
[INFO] [stdout]     |
[INFO] [stdout] 309 |     TSL2591_PERSIST_30 = 0x09,    // 30 consecutive values out of range
[INFO] [stdout]     |     ^^^^^^^^^^^^^^^^^^ help: convert the identifier to upper camel case: `Tsl2591Persist30`
[INFO] [stdout] 
[INFO] [stdout] 
[INFO] [stdout] warning: variant `TSL2591_PERSIST_35` should have an upper camel case name
[INFO] [stdout]    --> src/lib.rs:310:5
[INFO] [stdout]     |
[INFO] [stdout] 310 |     TSL2591_PERSIST_35 = 0x0A,    // 35 consecutive values out of range
[INFO] [stdout]     |     ^^^^^^^^^^^^^^^^^^ help: convert the identifier to upper camel case: `Tsl2591Persist35`
[INFO] [stdout] 
[INFO] [stdout] 
[INFO] [stdout] warning: variant `TSL2591_PERSIST_40` should have an upper camel case name
[INFO] [stdout]    --> src/lib.rs:311:5
[INFO] [stdout]     |
[INFO] [stdout] 311 |     TSL2591_PERSIST_40 = 0x0B,    // 40 consecutive values out of range
[INFO] [stdout]     |     ^^^^^^^^^^^^^^^^^^ help: convert the identifier to upper camel case: `Tsl2591Persist40`
[INFO] [stdout] 
[INFO] [stdout] 
[INFO] [stdout] warning: variant `TSL2591_PERSIST_45` should have an upper camel case name
[INFO] [stdout]    --> src/lib.rs:312:5
[INFO] [stdout]     |
[INFO] [stdout] 312 |     TSL2591_PERSIST_45 = 0x0C,    // 45 consecutive values out of range
[INFO] [stdout]     |     ^^^^^^^^^^^^^^^^^^ help: convert the identifier to upper camel case: `Tsl2591Persist45`
[INFO] [stdout] 
[INFO] [stdout] 
[INFO] [stdout] warning: variant `TSL2591_PERSIST_50` should have an upper camel case name
[INFO] [stdout]    --> src/lib.rs:313:5
[INFO] [stdout]     |
[INFO] [stdout] 313 |     TSL2591_PERSIST_50 = 0x0D,    // 50 consecutive values out of range
[INFO] [stdout]     |     ^^^^^^^^^^^^^^^^^^ help: convert the identifier to upper camel case: `Tsl2591Persist50`
[INFO] [stdout] 
[INFO] [stdout] 
[INFO] [stdout] warning: variant `TSL2591_PERSIST_55` should have an upper camel case name
[INFO] [stdout]    --> src/lib.rs:314:5
[INFO] [stdout]     |
[INFO] [stdout] 314 |     TSL2591_PERSIST_55 = 0x0E,    // 55 consecutive values out of range
[INFO] [stdout]     |     ^^^^^^^^^^^^^^^^^^ help: convert the identifier to upper camel case: `Tsl2591Persist55`
[INFO] [stdout] 
[INFO] [stdout] 
[INFO] [stdout] warning: variant `TSL2591_PERSIST_60` should have an upper camel case name
[INFO] [stdout]    --> src/lib.rs:315:5
[INFO] [stdout]     |
[INFO] [stdout] 315 |     TSL2591_PERSIST_60 = 0x0F,    // 60 consecutive values out of range
[INFO] [stdout]     |     ^^^^^^^^^^^^^^^^^^ help: convert the identifier to upper camel case: `Tsl2591Persist60`
[INFO] [stdout] 
[INFO] [stdout] 
[INFO] [stdout] warning: unused variable: `delay`
[INFO] [stdout]    --> src/lib.rs:158:9
[INFO] [stdout]     |
[INFO] [stdout] 158 |         delay: &mut D,
[INFO] [stdout]     |         ^^^^^ help: if this is intentional, prefix it with an underscore: `_delay`
[INFO] [stdout]     |
[INFO] [stdout]     = note: `#[warn(unused_variables)]` on by default
[INFO] [stdout] 
[INFO] [stdout] 
[INFO] [stdout] warning: enum `PersitFilter` is never used
[INFO] [stdout]    --> src/lib.rs:297:6
[INFO] [stdout]     |
[INFO] [stdout] 297 | enum PersitFilter {
[INFO] [stdout]     |      ^^^^^^^^^^^^
[INFO] [stdout]     |
[INFO] [stdout]     = note: `#[warn(dead_code)]` on by default
[INFO] [stdout] 
[INFO] [stdout] 
[INFO] [stdout] warning: constant `TSL2591_THRESHOLD_AILTH` is never used
[INFO] [stdout]    --> src/lib.rs:279:15
[INFO] [stdout]     |
[INFO] [stdout] 279 |     pub const TSL2591_THRESHOLD_AILTH: u8 = 0x05; // ALS low threshold upper byte
[INFO] [stdout]     |               ^^^^^^^^^^^^^^^^^^^^^^^
[INFO] [stdout] 
[INFO] [stdout] 
[INFO] [stdout] warning: constant `TSL2591_THRESHOLD_AIHTL` is never used
[INFO] [stdout]    --> src/lib.rs:280:15
[INFO] [stdout]     |
[INFO] [stdout] 280 |     pub const TSL2591_THRESHOLD_AIHTL: u8 = 0x06; // ALS high threshold lower byte
[INFO] [stdout]     |               ^^^^^^^^^^^^^^^^^^^^^^^
[INFO] [stdout] 
[INFO] [stdout] 
[INFO] [stdout] warning: constant `TSL2591_THRESHOLD_AIHTH` is never used
[INFO] [stdout]    --> src/lib.rs:281:15
[INFO] [stdout]     |
[INFO] [stdout] 281 |     pub const TSL2591_THRESHOLD_AIHTH: u8 = 0x07; // ALS high threshold upper byte
[INFO] [stdout]     |               ^^^^^^^^^^^^^^^^^^^^^^^
[INFO] [stdout] 
[INFO] [stdout] 
[INFO] [stdout] warning: constant `TSL2591_THRESHOLD_NPAILTL` is never used
[INFO] [stdout]    --> src/lib.rs:282:15
[INFO] [stdout]     |
[INFO] [stdout] 282 |     pub const TSL2591_THRESHOLD_NPAILTL: u8 = 0x08; // No Persist ALS low threshold lower byte
[INFO] [stdout]     |               ^^^^^^^^^^^^^^^^^^^^^^^^^
[INFO] [stdout] 
[INFO] [stdout] 
[INFO] [stdout] warning: constant `TSL2591_THRESHOLD_NPAILTH` is never used
[INFO] [stdout]    --> src/lib.rs:283:15
[INFO] [stdout]     |
[INFO] [stdout] 283 |     pub const TSL2591_THRESHOLD_NPAILTH: u8 = 0x09; // No Persist ALS low threshold higher byte
[INFO] [stdout]     |               ^^^^^^^^^^^^^^^^^^^^^^^^^
[INFO] [stdout] 
[INFO] [stdout] 
[INFO] [stdout] warning: constant `TSL2591_THRESHOLD_NPAIHTL` is never used
[INFO] [stdout]    --> src/lib.rs:284:15
[INFO] [stdout]     |
[INFO] [stdout] 284 |     pub const TSL2591_THRESHOLD_NPAIHTL: u8 = 0x0A; // No Persist ALS high threshold lower byte
[INFO] [stdout]     |               ^^^^^^^^^^^^^^^^^^^^^^^^^
[INFO] [stdout] 
[INFO] [stdout] 
[INFO] [stdout] warning: constant `TSL2591_THRESHOLD_NPAIHTH` is never used
[INFO] [stdout]    --> src/lib.rs:285:15
[INFO] [stdout]     |
[INFO] [stdout] 285 |     pub const TSL2591_THRESHOLD_NPAIHTH: u8 = 0x0B; // No Persist ALS high threshold higher byte
[INFO] [stdout]     |               ^^^^^^^^^^^^^^^^^^^^^^^^^
[INFO] [stdout] 
[INFO] [stdout] 
[INFO] [stdout] warning: constant `TSL2591_PERSIST_FILTER` is never used
[INFO] [stdout]    --> src/lib.rs:286:15
[INFO] [stdout]     |
[INFO] [stdout] 286 |     pub const TSL2591_PERSIST_FILTER: u8 = 0x0C; // Interrupt persistence filter
[INFO] [stdout]     |               ^^^^^^^^^^^^^^^^^^^^^^
[INFO] [stdout] 
[INFO] [stdout] 
[INFO] [stdout] warning: method `NPIEN` should have a snake case name
[INFO] [stdout]    --> src/lib.rs:321:9
[INFO] [stdout]     |
[INFO] [stdout] 321 |     pub NPIEN, _: 6;
[INFO] [stdout]     |         ^^^^^ help: convert the identifier to snake case: `npien`
[INFO] [stdout]     |
[INFO] [stdout]     = note: `#[warn(non_snake_case)]` on by default
[INFO] [stdout] 
[INFO] [stdout] 
[INFO] [stdout] warning: method `SAI` should have a snake case name
[INFO] [stdout]    --> src/lib.rs:322:9
[INFO] [stdout]     |
[INFO] [stdout] 322 |     pub SAI, _: 5;
[INFO] [stdout]     |         ^^^ help: convert the identifier to snake case: `sai`
[INFO] [stdout] 
[INFO] [stdout] 
[INFO] [stdout] warning: method `RES` should have a snake case name
[INFO] [stdout]    --> src/lib.rs:323:9
[INFO] [stdout]     |
[INFO] [stdout] 323 |     pub RES, _: 4,3;
[INFO] [stdout]     |         ^^^ help: convert the identifier to snake case: `res`
[INFO] [stdout] 
[INFO] [stdout] 
[INFO] [stdout] warning: method `AEN` should have a snake case name
[INFO] [stdout]    --> src/lib.rs:324:9
[INFO] [stdout]     |
[INFO] [stdout] 324 |     pub AEN, _: 1;
[INFO] [stdout]     |         ^^^ help: convert the identifier to snake case: `aen`
[INFO] [stdout] 
[INFO] [stdout] 
[INFO] [stdout] warning: method `PON` should have a snake case name
[INFO] [stdout]    --> src/lib.rs:325:9
[INFO] [stdout]     |
[INFO] [stdout] 325 |     pub PON, _: 0;
[INFO] [stdout]     |         ^^^ help: convert the identifier to snake case: `pon`
[INFO] [stdout] 
[INFO] [stdout] 
[INFO] [stdout] warning: method `NPINTR` should have a snake case name
[INFO] [stdout]    --> src/lib.rs:331:9
[INFO] [stdout]     |
[INFO] [stdout] 331 |     pub NPINTR,_: 6,4;
[INFO] [stdout]     |         ^^^^^^ help: convert the identifier to snake case: `npintr`
[INFO] [stdout] 
[INFO] [stdout] 
[INFO] [stdout] warning: method `AINT` should have a snake case name
[INFO] [stdout]    --> src/lib.rs:332:9
[INFO] [stdout]     |
[INFO] [stdout] 332 |     pub AINT, _: 4;
[INFO] [stdout]     |         ^^^^ help: convert the identifier to snake case: `aint`
[INFO] [stdout] 
[INFO] [stdout] 
[INFO] [stdout] warning: method `RES` should have a snake case name
[INFO] [stdout]    --> src/lib.rs:333:9
[INFO] [stdout]     |
[INFO] [stdout] 333 |     pub RES, _: 3,3;
[INFO] [stdout]     |         ^^^ help: convert the identifier to snake case: `res`
[INFO] [stdout] 
[INFO] [stdout] 
[INFO] [stdout] warning: method `AVALID` should have a snake case name
[INFO] [stdout]    --> src/lib.rs:334:9
[INFO] [stdout]     |
[INFO] [stdout] 334 |     pub AVALID, _: 0;
[INFO] [stdout]     |         ^^^^^^ help: convert the identifier to snake case: `avalid`
[INFO] [stdout] 
[INFO] [stdout] 
[INFO] [stderr]    Compiling tsl2591-eh-driver v0.4.0 (/opt/rustwide/workdir)
[INFO] [stdout] warning: 35 warnings emitted
[INFO] [stdout] 
[INFO] [stdout] 
[INFO] [stdout] warning: variant `TSL2591_PERSIST_EVERY` should have an upper camel case name
[INFO] [stdout]    --> src/lib.rs:300:5
[INFO] [stdout]     |
[INFO] [stdout] 300 |     TSL2591_PERSIST_EVERY = 0x00, // Every ALS cycle generates an interrupt
[INFO] [stdout]     |     ^^^^^^^^^^^^^^^^^^^^^ help: convert the identifier to upper camel case: `Tsl2591PersistEvery`
[INFO] [stdout]     |
[INFO] [stdout]     = note: `#[warn(non_camel_case_types)]` on by default
[INFO] [stdout] 
[INFO] [stdout] 
[INFO] [stdout] warning: variant `TSL2591_PERSIST_ANY` should have an upper camel case name
[INFO] [stdout]    --> src/lib.rs:301:5
[INFO] [stdout]     |
[INFO] [stdout] 301 |     TSL2591_PERSIST_ANY = 0x01,   // Any value outside of threshold range
[INFO] [stdout]     |     ^^^^^^^^^^^^^^^^^^^ help: convert the identifier to upper camel case: `Tsl2591PersistAny`
[INFO] [stdout] 
[INFO] [stdout] 
[INFO] [stdout] warning: variant `TSL2591_PERSIST_2` should have an upper camel case name
[INFO] [stdout]    --> src/lib.rs:302:5
[INFO] [stdout]     |
[INFO] [stdout] 302 |     TSL2591_PERSIST_2 = 0x02,     // 2 consecutive values out of range
[INFO] [stdout]     |     ^^^^^^^^^^^^^^^^^ help: convert the identifier to upper camel case: `Tsl2591Persist2`
[INFO] [stdout] 
[INFO] [stdout] 
[INFO] [stdout] warning: variant `TSL2591_PERSIST_3` should have an upper camel case name
[INFO] [stdout]    --> src/lib.rs:303:5
[INFO] [stdout]     |
[INFO] [stdout] 303 |     TSL2591_PERSIST_3 = 0x03,     // 3 consecutive values out of range
[INFO] [stdout]     |     ^^^^^^^^^^^^^^^^^ help: convert the identifier to upper camel case: `Tsl2591Persist3`
[INFO] [stdout] 
[INFO] [stdout] 
[INFO] [stdout] warning: variant `TSL2591_PERSIST_5` should have an upper camel case name
[INFO] [stdout]    --> src/lib.rs:304:5
[INFO] [stdout]     |
[INFO] [stdout] 304 |     TSL2591_PERSIST_5 = 0x04,     // 5 consecutive values out of range
[INFO] [stdout]     |     ^^^^^^^^^^^^^^^^^ help: convert the identifier to upper camel case: `Tsl2591Persist5`
[INFO] [stdout] 
[INFO] [stdout] 
[INFO] [stdout] warning: variant `TSL2591_PERSIST_10` should have an upper camel case name
[INFO] [stdout]    --> src/lib.rs:305:5
[INFO] [stdout]     |
[INFO] [stdout] 305 |     TSL2591_PERSIST_10 = 0x05,    // 10 consecutive values out of range
[INFO] [stdout]     |     ^^^^^^^^^^^^^^^^^^ help: convert the identifier to upper camel case: `Tsl2591Persist10`
[INFO] [stdout] 
[INFO] [stdout] 
[INFO] [stdout] warning: variant `TSL2591_PERSIST_15` should have an upper camel case name
[INFO] [stdout]    --> src/lib.rs:306:5
[INFO] [stdout]     |
[INFO] [stdout] 306 |     TSL2591_PERSIST_15 = 0x06,    // 15 consecutive values out of range
[INFO] [stdout]     |     ^^^^^^^^^^^^^^^^^^ help: convert the identifier to upper camel case: `Tsl2591Persist15`
[INFO] [stdout] 
[INFO] [stdout] 
[INFO] [stdout] warning: variant `TSL2591_PERSIST_20` should have an upper camel case name
[INFO] [stdout]    --> src/lib.rs:307:5
[INFO] [stdout]     |
[INFO] [stdout] 307 |     TSL2591_PERSIST_20 = 0x07,    // 20 consecutive values out of range
[INFO] [stdout]     |     ^^^^^^^^^^^^^^^^^^ help: convert the identifier to upper camel case: `Tsl2591Persist20`
[INFO] [stdout] 
[INFO] [stdout] 
[INFO] [stdout] warning: variant `TSL2591_PERSIST_25` should have an upper camel case name
[INFO] [stdout]    --> src/lib.rs:308:5
[INFO] [stdout]     |
[INFO] [stdout] 308 |     TSL2591_PERSIST_25 = 0x08,    // 25 consecutive values out of range
[INFO] [stdout]     |     ^^^^^^^^^^^^^^^^^^ help: convert the identifier to upper camel case: `Tsl2591Persist25`
[INFO] [stdout] 
[INFO] [stdout] 
[INFO] [stdout] warning: variant `TSL2591_PERSIST_30` should have an upper camel case name
[INFO] [stdout]    --> src/lib.rs:309:5
[INFO] [stdout]     |
[INFO] [stdout] 309 |     TSL2591_PERSIST_30 = 0x09,    // 30 consecutive values out of range
[INFO] [stdout]     |     ^^^^^^^^^^^^^^^^^^ help: convert the identifier to upper camel case: `Tsl2591Persist30`
[INFO] [stdout] 
[INFO] [stdout] 
[INFO] [stdout] warning: variant `TSL2591_PERSIST_35` should have an upper camel case name
[INFO] [stdout]    --> src/lib.rs:310:5
[INFO] [stdout]     |
[INFO] [stdout] 310 |     TSL2591_PERSIST_35 = 0x0A,    // 35 consecutive values out of range
[INFO] [stdout]     |     ^^^^^^^^^^^^^^^^^^ help: convert the identifier to upper camel case: `Tsl2591Persist35`
[INFO] [stdout] 
[INFO] [stdout] 
[INFO] [stdout] warning: variant `TSL2591_PERSIST_40` should have an upper camel case name
[INFO] [stdout]    --> src/lib.rs:311:5
[INFO] [stdout]     |
[INFO] [stdout] 311 |     TSL2591_PERSIST_40 = 0x0B,    // 40 consecutive values out of range
[INFO] [stdout]     |     ^^^^^^^^^^^^^^^^^^ help: convert the identifier to upper camel case: `Tsl2591Persist40`
[INFO] [stdout] 
[INFO] [stdout] 
[INFO] [stdout] warning: variant `TSL2591_PERSIST_45` should have an upper camel case name
[INFO] [stdout]    --> src/lib.rs:312:5
[INFO] [stdout]     |
[INFO] [stdout] 312 |     TSL2591_PERSIST_45 = 0x0C,    // 45 consecutive values out of range
[INFO] [stdout]     |     ^^^^^^^^^^^^^^^^^^ help: convert the identifier to upper camel case: `Tsl2591Persist45`
[INFO] [stdout] 
[INFO] [stdout] 
[INFO] [stdout] warning: variant `TSL2591_PERSIST_50` should have an upper camel case name
[INFO] [stdout]    --> src/lib.rs:313:5
[INFO] [stdout]     |
[INFO] [stdout] 313 |     TSL2591_PERSIST_50 = 0x0D,    // 50 consecutive values out of range
[INFO] [stdout]     |     ^^^^^^^^^^^^^^^^^^ help: convert the identifier to upper camel case: `Tsl2591Persist50`
[INFO] [stdout] 
[INFO] [stdout] 
[INFO] [stdout] warning: variant `TSL2591_PERSIST_55` should have an upper camel case name
[INFO] [stdout]    --> src/lib.rs:314:5
[INFO] [stdout]     |
[INFO] [stdout] 314 |     TSL2591_PERSIST_55 = 0x0E,    // 55 consecutive values out of range
[INFO] [stdout]     |     ^^^^^^^^^^^^^^^^^^ help: convert the identifier to upper camel case: `Tsl2591Persist55`
[INFO] [stdout] 
[INFO] [stdout] 
[INFO] [stdout] warning: variant `TSL2591_PERSIST_60` should have an upper camel case name
[INFO] [stdout]    --> src/lib.rs:315:5
[INFO] [stdout]     |
[INFO] [stdout] 315 |     TSL2591_PERSIST_60 = 0x0F,    // 60 consecutive values out of range
[INFO] [stdout]     |     ^^^^^^^^^^^^^^^^^^ help: convert the identifier to upper camel case: `Tsl2591Persist60`
[INFO] [stdout] 
[INFO] [stdout] 
[INFO] [stdout] warning: unused variable: `delay`
[INFO] [stdout]    --> src/lib.rs:158:9
[INFO] [stdout]     |
[INFO] [stdout] 158 |         delay: &mut D,
[INFO] [stdout]     |         ^^^^^ help: if this is intentional, prefix it with an underscore: `_delay`
[INFO] [stdout]     |
[INFO] [stdout]     = note: `#[warn(unused_variables)]` on by default
[INFO] [stdout] 
[INFO] [stdout] 
[INFO] [stdout] warning: enum `PersitFilter` is never used
[INFO] [stdout]    --> src/lib.rs:297:6
[INFO] [stdout]     |
[INFO] [stdout] 297 | enum PersitFilter {
[INFO] [stdout]     |      ^^^^^^^^^^^^
[INFO] [stdout]     |
[INFO] [stdout]     = note: `#[warn(dead_code)]` on by default
[INFO] [stdout] 
[INFO] [stdout] 
[INFO] [stdout] warning: constant `TSL2591_THRESHOLD_AILTH` is never used
[INFO] [stdout]    --> src/lib.rs:279:15
[INFO] [stdout]     |
[INFO] [stdout] 279 |     pub const TSL2591_THRESHOLD_AILTH: u8 = 0x05; // ALS low threshold upper byte
[INFO] [stdout]     |               ^^^^^^^^^^^^^^^^^^^^^^^
[INFO] [stdout] 
[INFO] [stdout] 
[INFO] [stdout] warning: constant `TSL2591_THRESHOLD_AIHTL` is never used
[INFO] [stdout]    --> src/lib.rs:280:15
[INFO] [stdout]     |
[INFO] [stdout] 280 |     pub const TSL2591_THRESHOLD_AIHTL: u8 = 0x06; // ALS high threshold lower byte
[INFO] [stdout]     |               ^^^^^^^^^^^^^^^^^^^^^^^
[INFO] [stdout] 
[INFO] [stdout] 
[INFO] [stdout] warning: constant `TSL2591_THRESHOLD_AIHTH` is never used
[INFO] [stdout]    --> src/lib.rs:281:15
[INFO] [stdout]     |
[INFO] [stdout] 281 |     pub const TSL2591_THRESHOLD_AIHTH: u8 = 0x07; // ALS high threshold upper byte
[INFO] [stdout]     |               ^^^^^^^^^^^^^^^^^^^^^^^
[INFO] [stdout] 
[INFO] [stdout] 
[INFO] [stdout] warning: constant `TSL2591_THRESHOLD_NPAILTL` is never used
[INFO] [stdout]    --> src/lib.rs:282:15
[INFO] [stdout]     |
[INFO] [stdout] 282 |     pub const TSL2591_THRESHOLD_NPAILTL: u8 = 0x08; // No Persist ALS low threshold lower byte
[INFO] [stdout]     |               ^^^^^^^^^^^^^^^^^^^^^^^^^
[INFO] [stdout] 
[INFO] [stdout] 
[INFO] [stdout] warning: constant `TSL2591_THRESHOLD_NPAILTH` is never used
[INFO] [stdout]    --> src/lib.rs:283:15
[INFO] [stdout]     |
[INFO] [stdout] 283 |     pub const TSL2591_THRESHOLD_NPAILTH: u8 = 0x09; // No Persist ALS low threshold higher byte
[INFO] [stdout]     |               ^^^^^^^^^^^^^^^^^^^^^^^^^
[INFO] [stdout] 
[INFO] [stdout] 
[INFO] [stdout] warning: constant `TSL2591_THRESHOLD_NPAIHTL` is never used
[INFO] [stdout]    --> src/lib.rs:284:15
[INFO] [stdout]     |
[INFO] [stdout] 284 |     pub const TSL2591_THRESHOLD_NPAIHTL: u8 = 0x0A; // No Persist ALS high threshold lower byte
[INFO] [stdout]     |               ^^^^^^^^^^^^^^^^^^^^^^^^^
[INFO] [stdout] 
[INFO] [stdout] 
[INFO] [stdout] warning: constant `TSL2591_THRESHOLD_NPAIHTH` is never used
[INFO] [stdout]    --> src/lib.rs:285:15
[INFO] [stdout]     |
[INFO] [stdout] 285 |     pub const TSL2591_THRESHOLD_NPAIHTH: u8 = 0x0B; // No Persist ALS high threshold higher byte
[INFO] [stdout]     |               ^^^^^^^^^^^^^^^^^^^^^^^^^
[INFO] [stdout] 
[INFO] [stdout] 
[INFO] [stdout] warning: constant `TSL2591_PERSIST_FILTER` is never used
[INFO] [stdout]    --> src/lib.rs:286:15
[INFO] [stdout]     |
[INFO] [stdout] 286 |     pub const TSL2591_PERSIST_FILTER: u8 = 0x0C; // Interrupt persistence filter
[INFO] [stdout]     |               ^^^^^^^^^^^^^^^^^^^^^^
[INFO] [stdout] 
[INFO] [stdout] 
[INFO] [stdout] warning: method `NPIEN` should have a snake case name
[INFO] [stdout]    --> src/lib.rs:321:9
[INFO] [stdout]     |
[INFO] [stdout] 321 |     pub NPIEN, _: 6;
[INFO] [stdout]     |         ^^^^^ help: convert the identifier to snake case: `npien`
[INFO] [stdout]     |
[INFO] [stdout]     = note: `#[warn(non_snake_case)]` on by default
[INFO] [stdout] 
[INFO] [stdout] 
[INFO] [stdout] warning: method `SAI` should have a snake case name
[INFO] [stdout]    --> src/lib.rs:322:9
[INFO] [stdout]     |
[INFO] [stdout] 322 |     pub SAI, _: 5;
[INFO] [stdout]     |         ^^^ help: convert the identifier to snake case: `sai`
[INFO] [stdout] 
[INFO] [stdout] 
[INFO] [stdout] warning: method `RES` should have a snake case name
[INFO] [stdout]    --> src/lib.rs:323:9
[INFO] [stdout]     |
[INFO] [stdout] 323 |     pub RES, _: 4,3;
[INFO] [stdout]     |         ^^^ help: convert the identifier to snake case: `res`
[INFO] [stdout] 
[INFO] [stdout] 
[INFO] [stdout] warning: method `AEN` should have a snake case name
[INFO] [stdout]    --> src/lib.rs:324:9
[INFO] [stdout]     |
[INFO] [stdout] 324 |     pub AEN, _: 1;
[INFO] [stdout]     |         ^^^ help: convert the identifier to snake case: `aen`
[INFO] [stdout] 
[INFO] [stdout] 
[INFO] [stdout] warning: method `PON` should have a snake case name
[INFO] [stdout]    --> src/lib.rs:325:9
[INFO] [stdout]     |
[INFO] [stdout] 325 |     pub PON, _: 0;
[INFO] [stdout]     |         ^^^ help: convert the identifier to snake case: `pon`
[INFO] [stdout] 
[INFO] [stdout] 
[INFO] [stdout] warning: method `NPINTR` should have a snake case name
[INFO] [stdout]    --> src/lib.rs:331:9
[INFO] [stdout]     |
[INFO] [stdout] 331 |     pub NPINTR,_: 6,4;
[INFO] [stdout]     |         ^^^^^^ help: convert the identifier to snake case: `npintr`
[INFO] [stdout] 
[INFO] [stdout] 
[INFO] [stdout] warning: method `AINT` should have a snake case name
[INFO] [stdout]    --> src/lib.rs:332:9
[INFO] [stdout]     |
[INFO] [stdout] 332 |     pub AINT, _: 4;
[INFO] [stdout]     |         ^^^^ help: convert the identifier to snake case: `aint`
[INFO] [stdout] 
[INFO] [stdout] 
[INFO] [stdout] warning: method `RES` should have a snake case name
[INFO] [stdout]    --> src/lib.rs:333:9
[INFO] [stdout]     |
[INFO] [stdout] 333 |     pub RES, _: 3,3;
[INFO] [stdout]     |         ^^^ help: convert the identifier to snake case: `res`
[INFO] [stdout] 
[INFO] [stdout] 
[INFO] [stdout] warning: method `AVALID` should have a snake case name
[INFO] [stdout]    --> src/lib.rs:334:9
[INFO] [stdout]     |
[INFO] [stdout] 334 |     pub AVALID, _: 0;
[INFO] [stdout]     |         ^^^^^^ help: convert the identifier to snake case: `avalid`
[INFO] [stdout] 
[INFO] [stdout] 
[INFO] [stdout] warning: 35 warnings emitted
[INFO] [stdout] 
[INFO] [stdout] 
[INFO] [stderr]     Finished test [unoptimized + debuginfo] target(s) in 0.19s
[INFO] running `Command { std: "docker" "inspect" "cfc7d8fe3cbc8b76209c4bf442042aab599b522b39b4a7aea69299b609d7ff37", kill_on_drop: false }`
[INFO] running `Command { std: "docker" "rm" "-f" "cfc7d8fe3cbc8b76209c4bf442042aab599b522b39b4a7aea69299b609d7ff37", kill_on_drop: false }`
[INFO] [stdout] cfc7d8fe3cbc8b76209c4bf442042aab599b522b39b4a7aea69299b609d7ff37
[INFO] running `Command { std: "docker" "create" "-v" "/var/lib/crater-agent-workspace/builds/worker-4-tc2/target:/opt/rustwide/target:rw,Z" "-v" "/var/lib/crater-agent-workspace/builds/worker-4-tc2/source:/opt/rustwide/workdir:ro,Z" "-v" "/var/lib/crater-agent-workspace/cargo-home:/opt/rustwide/cargo-home:ro,Z" "-v" "/var/lib/crater-agent-workspace/rustup-home:/opt/rustwide/rustup-home:ro,Z" "-e" "SOURCE_DIR=/opt/rustwide/workdir" "-e" "CARGO_TARGET_DIR=/opt/rustwide/target" "-e" "CARGO_INCREMENTAL=0" "-e" "RUST_BACKTRACE=full" "-e" "RUSTFLAGS=--cap-lints=warn" "-e" "RUSTDOCFLAGS=--cap-lints=warn" "-e" "CARGO_HOME=/opt/rustwide/cargo-home" "-e" "RUSTUP_HOME=/opt/rustwide/rustup-home" "-w" "/opt/rustwide/workdir" "-m" "1610612736" "--user" "0:0" "--network" "none" "ghcr.io/rust-lang/crates-build-env/linux@sha256:2788e3201cd34a07e3172128adcd8b3090168a8e3bcc40d7c032b9dda1df7d1c" "/opt/rustwide/cargo-home/bin/cargo" "+beta-2023-12-22" "test" "--frozen", kill_on_drop: false }`
[INFO] [stdout] 9701ddbf32de234ee5a5831a8311eedebc849cb9fff91f67f8ee55913ebd6788
[INFO] running `Command { std: "docker" "start" "-a" "9701ddbf32de234ee5a5831a8311eedebc849cb9fff91f67f8ee55913ebd6788", kill_on_drop: false }`
[INFO] [stderr] warning: variant `TSL2591_PERSIST_EVERY` should have an upper camel case name
[INFO] [stderr]    --> src/lib.rs:300:5
[INFO] [stderr]     |
[INFO] [stderr] 300 |     TSL2591_PERSIST_EVERY = 0x00, // Every ALS cycle generates an interrupt
[INFO] [stderr]     |     ^^^^^^^^^^^^^^^^^^^^^ help: convert the identifier to upper camel case: `Tsl2591PersistEvery`
[INFO] [stderr]     |
[INFO] [stderr]     = note: `#[warn(non_camel_case_types)]` on by default
[INFO] [stderr] 
[INFO] [stderr] warning: variant `TSL2591_PERSIST_ANY` should have an upper camel case name
[INFO] [stderr]    --> src/lib.rs:301:5
[INFO] [stderr]     |
[INFO] [stderr] 301 |     TSL2591_PERSIST_ANY = 0x01,   // Any value outside of threshold range
[INFO] [stderr]     |     ^^^^^^^^^^^^^^^^^^^ help: convert the identifier to upper camel case: `Tsl2591PersistAny`
[INFO] [stderr] 
[INFO] [stderr] warning: variant `TSL2591_PERSIST_2` should have an upper camel case name
[INFO] [stderr]    --> src/lib.rs:302:5
[INFO] [stderr]     |
[INFO] [stderr] 302 |     TSL2591_PERSIST_2 = 0x02,     // 2 consecutive values out of range
[INFO] [stderr]     |     ^^^^^^^^^^^^^^^^^ help: convert the identifier to upper camel case: `Tsl2591Persist2`
[INFO] [stderr] 
[INFO] [stderr] warning: variant `TSL2591_PERSIST_3` should have an upper camel case name
[INFO] [stderr]    --> src/lib.rs:303:5
[INFO] [stderr]     |
[INFO] [stderr] 303 |     TSL2591_PERSIST_3 = 0x03,     // 3 consecutive values out of range
[INFO] [stderr]     |     ^^^^^^^^^^^^^^^^^ help: convert the identifier to upper camel case: `Tsl2591Persist3`
[INFO] [stderr] 
[INFO] [stderr] warning: variant `TSL2591_PERSIST_5` should have an upper camel case name
[INFO] [stderr]    --> src/lib.rs:304:5
[INFO] [stderr]     |
[INFO] [stderr] 304 |     TSL2591_PERSIST_5 = 0x04,     // 5 consecutive values out of range
[INFO] [stderr]     |     ^^^^^^^^^^^^^^^^^ help: convert the identifier to upper camel case: `Tsl2591Persist5`
[INFO] [stderr] 
[INFO] [stderr] warning: variant `TSL2591_PERSIST_10` should have an upper camel case name
[INFO] [stderr]    --> src/lib.rs:305:5
[INFO] [stderr]     |
[INFO] [stderr] 305 |     TSL2591_PERSIST_10 = 0x05,    // 10 consecutive values out of range
[INFO] [stderr]     |     ^^^^^^^^^^^^^^^^^^ help: convert the identifier to upper camel case: `Tsl2591Persist10`
[INFO] [stderr] 
[INFO] [stderr] warning: variant `TSL2591_PERSIST_15` should have an upper camel case name
[INFO] [stderr]    --> src/lib.rs:306:5
[INFO] [stderr]     |
[INFO] [stderr] 306 |     TSL2591_PERSIST_15 = 0x06,    // 15 consecutive values out of range
[INFO] [stderr]     |     ^^^^^^^^^^^^^^^^^^ help: convert the identifier to upper camel case: `Tsl2591Persist15`
[INFO] [stderr] 
[INFO] [stderr] warning: variant `TSL2591_PERSIST_20` should have an upper camel case name
[INFO] [stderr]    --> src/lib.rs:307:5
[INFO] [stderr]     |
[INFO] [stderr] 307 |     TSL2591_PERSIST_20 = 0x07,    // 20 consecutive values out of range
[INFO] [stderr]     |     ^^^^^^^^^^^^^^^^^^ help: convert the identifier to upper camel case: `Tsl2591Persist20`
[INFO] [stderr] 
[INFO] [stderr] warning: variant `TSL2591_PERSIST_25` should have an upper camel case name
[INFO] [stderr]    --> src/lib.rs:308:5
[INFO] [stderr]     |
[INFO] [stderr] 308 |     TSL2591_PERSIST_25 = 0x08,    // 25 consecutive values out of range
[INFO] [stderr]     |     ^^^^^^^^^^^^^^^^^^ help: convert the identifier to upper camel case: `Tsl2591Persist25`
[INFO] [stderr] 
[INFO] [stderr] warning: variant `TSL2591_PERSIST_30` should have an upper camel case name
[INFO] [stderr]    --> src/lib.rs:309:5
[INFO] [stderr]     |
[INFO] [stderr] 309 |     TSL2591_PERSIST_30 = 0x09,    // 30 consecutive values out of range
[INFO] [stderr]     |     ^^^^^^^^^^^^^^^^^^ help: convert the identifier to upper camel case: `Tsl2591Persist30`
[INFO] [stderr] 
[INFO] [stderr] warning: variant `TSL2591_PERSIST_35` should have an upper camel case name
[INFO] [stderr]    --> src/lib.rs:310:5
[INFO] [stderr]     |
[INFO] [stderr] 310 |     TSL2591_PERSIST_35 = 0x0A,    // 35 consecutive values out of range
[INFO] [stderr]     |     ^^^^^^^^^^^^^^^^^^ help: convert the identifier to upper camel case: `Tsl2591Persist35`
[INFO] [stderr] 
[INFO] [stderr] warning: variant `TSL2591_PERSIST_40` should have an upper camel case name
[INFO] [stderr]    --> src/lib.rs:311:5
[INFO] [stderr]     |
[INFO] [stderr] 311 |     TSL2591_PERSIST_40 = 0x0B,    // 40 consecutive values out of range
[INFO] [stderr]     |     ^^^^^^^^^^^^^^^^^^ help: convert the identifier to upper camel case: `Tsl2591Persist40`
[INFO] [stderr] 
[INFO] [stderr] warning: variant `TSL2591_PERSIST_45` should have an upper camel case name
[INFO] [stderr]    --> src/lib.rs:312:5
[INFO] [stderr]     |
[INFO] [stderr] 312 |     TSL2591_PERSIST_45 = 0x0C,    // 45 consecutive values out of range
[INFO] [stderr]     |     ^^^^^^^^^^^^^^^^^^ help: convert the identifier to upper camel case: `Tsl2591Persist45`
[INFO] [stderr] 
[INFO] [stderr] warning: variant `TSL2591_PERSIST_50` should have an upper camel case name
[INFO] [stderr]    --> src/lib.rs:313:5
[INFO] [stderr]     |
[INFO] [stderr] 313 |     TSL2591_PERSIST_50 = 0x0D,    // 50 consecutive values out of range
[INFO] [stderr]     |     ^^^^^^^^^^^^^^^^^^ help: convert the identifier to upper camel case: `Tsl2591Persist50`
[INFO] [stderr] 
[INFO] [stderr] warning: variant `TSL2591_PERSIST_55` should have an upper camel case name
[INFO] [stderr]    --> src/lib.rs:314:5
[INFO] [stderr]     |
[INFO] [stderr] 314 |     TSL2591_PERSIST_55 = 0x0E,    // 55 consecutive values out of range
[INFO] [stderr]     |     ^^^^^^^^^^^^^^^^^^ help: convert the identifier to upper camel case: `Tsl2591Persist55`
[INFO] [stderr] 
[INFO] [stderr] warning: variant `TSL2591_PERSIST_60` should have an upper camel case name
[INFO] [stderr]    --> src/lib.rs:315:5
[INFO] [stderr]     |
[INFO] [stderr] 315 |     TSL2591_PERSIST_60 = 0x0F,    // 60 consecutive values out of range
[INFO] [stderr]     |     ^^^^^^^^^^^^^^^^^^ help: convert the identifier to upper camel case: `Tsl2591Persist60`
[INFO] [stderr] 
[INFO] [stderr] warning: unused variable: `delay`
[INFO] [stderr]    --> src/lib.rs:158:9
[INFO] [stderr]     |
[INFO] [stderr] 158 |         delay: &mut D,
[INFO] [stderr]     |         ^^^^^ help: if this is intentional, prefix it with an underscore: `_delay`
[INFO] [stderr]     |
[INFO] [stderr]     = note: `#[warn(unused_variables)]` on by default
[INFO] [stderr] 
[INFO] [stderr] warning: enum `PersitFilter` is never used
[INFO] [stderr]    --> src/lib.rs:297:6
[INFO] [stderr]     |
[INFO] [stderr] 297 | enum PersitFilter {
[INFO] [stderr]     |      ^^^^^^^^^^^^
[INFO] [stderr]     |
[INFO] [stderr]     = note: `#[warn(dead_code)]` on by default
[INFO] [stderr] 
[INFO] [stderr] warning: constant `TSL2591_THRESHOLD_AILTH` is never used
[INFO] [stderr]    --> src/lib.rs:279:15
[INFO] [stderr]     |
[INFO] [stderr] 279 |     pub const TSL2591_THRESHOLD_AILTH: u8 = 0x05; // ALS low threshold upper byte
[INFO] [stderr]     |               ^^^^^^^^^^^^^^^^^^^^^^^
[INFO] [stderr] 
[INFO] [stderr] warning: constant `TSL2591_THRESHOLD_AIHTL` is never used
[INFO] [stderr]    --> src/lib.rs:280:15
[INFO] [stderr]     |
[INFO] [stderr] 280 |     pub const TSL2591_THRESHOLD_AIHTL: u8 = 0x06; // ALS high threshold lower byte
[INFO] [stderr]     |               ^^^^^^^^^^^^^^^^^^^^^^^
[INFO] [stderr] 
[INFO] [stderr] warning: constant `TSL2591_THRESHOLD_AIHTH` is never used
[INFO] [stderr]    --> src/lib.rs:281:15
[INFO] [stderr]     |
[INFO] [stderr] 281 |     pub const TSL2591_THRESHOLD_AIHTH: u8 = 0x07; // ALS high threshold upper byte
[INFO] [stderr]     |               ^^^^^^^^^^^^^^^^^^^^^^^
[INFO] [stderr] 
[INFO] [stderr] warning: constant `TSL2591_THRESHOLD_NPAILTL` is never used
[INFO] [stderr]    --> src/lib.rs:282:15
[INFO] [stderr]     |
[INFO] [stderr] 282 |     pub const TSL2591_THRESHOLD_NPAILTL: u8 = 0x08; // No Persist ALS low threshold lower byte
[INFO] [stderr]     |               ^^^^^^^^^^^^^^^^^^^^^^^^^
[INFO] [stderr] 
[INFO] [stderr] warning: constant `TSL2591_THRESHOLD_NPAILTH` is never used
[INFO] [stderr]    --> src/lib.rs:283:15
[INFO] [stderr]     |
[INFO] [stderr] 283 |     pub const TSL2591_THRESHOLD_NPAILTH: u8 = 0x09; // No Persist ALS low threshold higher byte
[INFO] [stderr]     |               ^^^^^^^^^^^^^^^^^^^^^^^^^
[INFO] [stderr] 
[INFO] [stderr] warning: constant `TSL2591_THRESHOLD_NPAIHTL` is never used
[INFO] [stderr]    --> src/lib.rs:284:15
[INFO] [stderr]     |
[INFO] [stderr] 284 |     pub const TSL2591_THRESHOLD_NPAIHTL: u8 = 0x0A; // No Persist ALS high threshold lower byte
[INFO] [stderr]     |               ^^^^^^^^^^^^^^^^^^^^^^^^^
[INFO] [stderr] 
[INFO] [stderr] warning: constant `TSL2591_THRESHOLD_NPAIHTH` is never used
[INFO] [stderr]    --> src/lib.rs:285:15
[INFO] [stderr]     |
[INFO] [stderr] 285 |     pub const TSL2591_THRESHOLD_NPAIHTH: u8 = 0x0B; // No Persist ALS high threshold higher byte
[INFO] [stderr]     |               ^^^^^^^^^^^^^^^^^^^^^^^^^
[INFO] [stderr] 
[INFO] [stderr] warning: constant `TSL2591_PERSIST_FILTER` is never used
[INFO] [stderr]    --> src/lib.rs:286:15
[INFO] [stderr]     |
[INFO] [stderr] 286 |     pub const TSL2591_PERSIST_FILTER: u8 = 0x0C; // Interrupt persistence filter
[INFO] [stderr]     |               ^^^^^^^^^^^^^^^^^^^^^^
[INFO] [stderr] 
[INFO] [stderr] warning: method `NPIEN` should have a snake case name
[INFO] [stderr]    --> src/lib.rs:321:9
[INFO] [stderr]     |
[INFO] [stderr] 321 |     pub NPIEN, _: 6;
[INFO] [stderr]     |         ^^^^^ help: convert the identifier to snake case: `npien`
[INFO] [stderr]     |
[INFO] [stderr]     = note: `#[warn(non_snake_case)]` on by default
[INFO] [stderr] 
[INFO] [stderr] warning: method `SAI` should have a snake case name
[INFO] [stderr]    --> src/lib.rs:322:9
[INFO] [stderr]     |
[INFO] [stderr] 322 |     pub SAI, _: 5;
[INFO] [stderr]     |         ^^^ help: convert the identifier to snake case: `sai`
[INFO] [stderr] 
[INFO] [stderr] warning: method `RES` should have a snake case name
[INFO] [stderr]    --> src/lib.rs:323:9
[INFO] [stderr]     |
[INFO] [stderr] 323 |     pub RES, _: 4,3;
[INFO] [stderr]     |         ^^^ help: convert the identifier to snake case: `res`
[INFO] [stderr] 
[INFO] [stderr] warning: method `AEN` should have a snake case name
[INFO] [stderr]    --> src/lib.rs:324:9
[INFO] [stderr]     |
[INFO] [stderr] 324 |     pub AEN, _: 1;
[INFO] [stderr]     |         ^^^ help: convert the identifier to snake case: `aen`
[INFO] [stderr] 
[INFO] [stderr] warning: method `PON` should have a snake case name
[INFO] [stderr]    --> src/lib.rs:325:9
[INFO] [stderr]     |
[INFO] [stderr] 325 |     pub PON, _: 0;
[INFO] [stderr]     |         ^^^ help: convert the identifier to snake case: `pon`
[INFO] [stderr] 
[INFO] [stderr] warning: method `NPINTR` should have a snake case name
[INFO] [stderr]    --> src/lib.rs:331:9
[INFO] [stderr]     |
[INFO] [stderr] 331 |     pub NPINTR,_: 6,4;
[INFO] [stderr]     |         ^^^^^^ help: convert the identifier to snake case: `npintr`
[INFO] [stderr] 
[INFO] [stderr] warning: method `AINT` should have a snake case name
[INFO] [stderr]    --> src/lib.rs:332:9
[INFO] [stderr]     |
[INFO] [stderr] 332 |     pub AINT, _: 4;
[INFO] [stderr]     |         ^^^^ help: convert the identifier to snake case: `aint`
[INFO] [stderr] 
[INFO] [stderr] warning: method `RES` should have a snake case name
[INFO] [stderr]    --> src/lib.rs:333:9
[INFO] [stderr]     |
[INFO] [stderr] 333 |     pub RES, _: 3,3;
[INFO] [stderr]     |         ^^^ help: convert the identifier to snake case: `res`
[INFO] [stderr] 
[INFO] [stderr] warning: method `AVALID` should have a snake case name
[INFO] [stderr]    --> src/lib.rs:334:9
[INFO] [stderr]     |
[INFO] [stderr] 334 |     pub AVALID, _: 0;
[INFO] [stderr]     |         ^^^^^^ help: convert the identifier to snake case: `avalid`
[INFO] [stderr] 
[INFO] [stderr] warning: `tsl2591-eh-driver` (lib) generated 35 warnings (run `cargo fix --lib -p tsl2591-eh-driver` to apply 1 suggestion)
[INFO] [stderr] warning: `tsl2591-eh-driver` (lib test) generated 35 warnings (35 duplicates)
[INFO] [stderr]     Finished test [unoptimized + debuginfo] target(s) in 0.00s
[INFO] [stderr]      Running unittests src/lib.rs (/opt/rustwide/target/debug/deps/tsl2591_eh_driver-12214fa34b30f1cc)
[INFO] [stdout] 
[INFO] [stdout] running 0 tests
[INFO] [stdout] 
[INFO] [stdout] test result: ok. 0 passed; 0 failed; 0 ignored; 0 measured; 0 filtered out; finished in 0.00s
[INFO] [stdout] 
[INFO] [stderr]    Doc-tests tsl2591-eh-driver
[INFO] [stderr] warning: variant `TSL2591_PERSIST_EVERY` should have an upper camel case name
[INFO] [stderr]    --> src/lib.rs:300:5
[INFO] [stderr]     |
[INFO] [stderr] 300 |     TSL2591_PERSIST_EVERY = 0x00, // Every ALS cycle generates an interrupt
[INFO] [stderr]     |     ^^^^^^^^^^^^^^^^^^^^^ help: convert the identifier to upper camel case: `Tsl2591PersistEvery`
[INFO] [stderr]     |
[INFO] [stderr]     = note: `#[warn(non_camel_case_types)]` on by default
[INFO] [stderr] 
[INFO] [stderr] warning: variant `TSL2591_PERSIST_ANY` should have an upper camel case name
[INFO] [stderr]    --> src/lib.rs:301:5
[INFO] [stderr]     |
[INFO] [stderr] 301 |     TSL2591_PERSIST_ANY = 0x01,   // Any value outside of threshold range
[INFO] [stderr]     |     ^^^^^^^^^^^^^^^^^^^ help: convert the identifier to upper camel case: `Tsl2591PersistAny`
[INFO] [stderr] 
[INFO] [stderr] warning: variant `TSL2591_PERSIST_2` should have an upper camel case name
[INFO] [stderr]    --> src/lib.rs:302:5
[INFO] [stderr]     |
[INFO] [stderr] 302 |     TSL2591_PERSIST_2 = 0x02,     // 2 consecutive values out of range
[INFO] [stderr]     |     ^^^^^^^^^^^^^^^^^ help: convert the identifier to upper camel case: `Tsl2591Persist2`
[INFO] [stderr] 
[INFO] [stderr] warning: variant `TSL2591_PERSIST_3` should have an upper camel case name
[INFO] [stderr]    --> src/lib.rs:303:5
[INFO] [stderr]     |
[INFO] [stderr] 303 |     TSL2591_PERSIST_3 = 0x03,     // 3 consecutive values out of range
[INFO] [stderr]     |     ^^^^^^^^^^^^^^^^^ help: convert the identifier to upper camel case: `Tsl2591Persist3`
[INFO] [stderr] 
[INFO] [stderr] warning: variant `TSL2591_PERSIST_5` should have an upper camel case name
[INFO] [stderr]    --> src/lib.rs:304:5
[INFO] [stderr]     |
[INFO] [stderr] 304 |     TSL2591_PERSIST_5 = 0x04,     // 5 consecutive values out of range
[INFO] [stderr]     |     ^^^^^^^^^^^^^^^^^ help: convert the identifier to upper camel case: `Tsl2591Persist5`
[INFO] [stderr] 
[INFO] [stderr] warning: variant `TSL2591_PERSIST_10` should have an upper camel case name
[INFO] [stderr]    --> src/lib.rs:305:5
[INFO] [stderr]     |
[INFO] [stderr] 305 |     TSL2591_PERSIST_10 = 0x05,    // 10 consecutive values out of range
[INFO] [stderr]     |     ^^^^^^^^^^^^^^^^^^ help: convert the identifier to upper camel case: `Tsl2591Persist10`
[INFO] [stderr] 
[INFO] [stderr] warning: variant `TSL2591_PERSIST_15` should have an upper camel case name
[INFO] [stderr]    --> src/lib.rs:306:5
[INFO] [stderr]     |
[INFO] [stderr] 306 |     TSL2591_PERSIST_15 = 0x06,    // 15 consecutive values out of range
[INFO] [stderr]     |     ^^^^^^^^^^^^^^^^^^ help: convert the identifier to upper camel case: `Tsl2591Persist15`
[INFO] [stderr] 
[INFO] [stderr] warning: variant `TSL2591_PERSIST_20` should have an upper camel case name
[INFO] [stderr]    --> src/lib.rs:307:5
[INFO] [stderr]     |
[INFO] [stderr] 307 |     TSL2591_PERSIST_20 = 0x07,    // 20 consecutive values out of range
[INFO] [stderr]     |     ^^^^^^^^^^^^^^^^^^ help: convert the identifier to upper camel case: `Tsl2591Persist20`
[INFO] [stderr] 
[INFO] [stderr] warning: variant `TSL2591_PERSIST_25` should have an upper camel case name
[INFO] [stderr]    --> src/lib.rs:308:5
[INFO] [stderr]     |
[INFO] [stderr] 308 |     TSL2591_PERSIST_25 = 0x08,    // 25 consecutive values out of range
[INFO] [stderr]     |     ^^^^^^^^^^^^^^^^^^ help: convert the identifier to upper camel case: `Tsl2591Persist25`
[INFO] [stderr] 
[INFO] [stderr] warning: variant `TSL2591_PERSIST_30` should have an upper camel case name
[INFO] [stderr]    --> src/lib.rs:309:5
[INFO] [stderr]     |
[INFO] [stderr] 309 |     TSL2591_PERSIST_30 = 0x09,    // 30 consecutive values out of range
[INFO] [stderr]     |     ^^^^^^^^^^^^^^^^^^ help: convert the identifier to upper camel case: `Tsl2591Persist30`
[INFO] [stderr] 
[INFO] [stderr] warning: variant `TSL2591_PERSIST_35` should have an upper camel case name
[INFO] [stderr]    --> src/lib.rs:310:5
[INFO] [stderr]     |
[INFO] [stderr] 310 |     TSL2591_PERSIST_35 = 0x0A,    // 35 consecutive values out of range
[INFO] [stderr]     |     ^^^^^^^^^^^^^^^^^^ help: convert the identifier to upper camel case: `Tsl2591Persist35`
[INFO] [stderr] 
[INFO] [stderr] warning: variant `TSL2591_PERSIST_40` should have an upper camel case name
[INFO] [stderr]    --> src/lib.rs:311:5
[INFO] [stderr]     |
[INFO] [stderr] 311 |     TSL2591_PERSIST_40 = 0x0B,    // 40 consecutive values out of range
[INFO] [stderr]     |     ^^^^^^^^^^^^^^^^^^ help: convert the identifier to upper camel case: `Tsl2591Persist40`
[INFO] [stderr] 
[INFO] [stderr] warning: variant `TSL2591_PERSIST_45` should have an upper camel case name
[INFO] [stderr]    --> src/lib.rs:312:5
[INFO] [stderr]     |
[INFO] [stderr] 312 |     TSL2591_PERSIST_45 = 0x0C,    // 45 consecutive values out of range
[INFO] [stderr]     |     ^^^^^^^^^^^^^^^^^^ help: convert the identifier to upper camel case: `Tsl2591Persist45`
[INFO] [stderr] 
[INFO] [stderr] warning: variant `TSL2591_PERSIST_50` should have an upper camel case name
[INFO] [stderr]    --> src/lib.rs:313:5
[INFO] [stderr]     |
[INFO] [stderr] 313 |     TSL2591_PERSIST_50 = 0x0D,    // 50 consecutive values out of range
[INFO] [stderr]     |     ^^^^^^^^^^^^^^^^^^ help: convert the identifier to upper camel case: `Tsl2591Persist50`
[INFO] [stderr] 
[INFO] [stderr] warning: variant `TSL2591_PERSIST_55` should have an upper camel case name
[INFO] [stderr]    --> src/lib.rs:314:5
[INFO] [stderr]     |
[INFO] [stderr] 314 |     TSL2591_PERSIST_55 = 0x0E,    // 55 consecutive values out of range
[INFO] [stderr]     |     ^^^^^^^^^^^^^^^^^^ help: convert the identifier to upper camel case: `Tsl2591Persist55`
[INFO] [stderr] 
[INFO] [stderr] warning: variant `TSL2591_PERSIST_60` should have an upper camel case name
[INFO] [stderr]    --> src/lib.rs:315:5
[INFO] [stderr]     |
[INFO] [stderr] 315 |     TSL2591_PERSIST_60 = 0x0F,    // 60 consecutive values out of range
[INFO] [stderr]     |     ^^^^^^^^^^^^^^^^^^ help: convert the identifier to upper camel case: `Tsl2591Persist60`
[INFO] [stderr] 
[INFO] [stderr] warning: 16 warnings emitted
[INFO] [stderr] 
[INFO] [stdout] 
[INFO] [stdout] running 1 test
[INFO] [stdout] test src/lib.rs - (line 9) ... FAILED
[INFO] [stdout] 
[INFO] [stdout] failures:
[INFO] [stdout] 
[INFO] [stdout] ---- src/lib.rs - (line 9) stdout ----
[INFO] [stdout] error: cannot find macro `iprintln` in this scope
[INFO] [stdout]  --> src/lib.rs:15:5
[INFO] [stdout]   |
[INFO] [stdout] 8 |     iprintln!(&mut cp.ITM.stim[0], "{}", test);
[INFO] [stdout]   |     ^^^^^^^^ help: a macro with a similar name exists: `eprintln`
[INFO] [stdout]  --> /rustc/0e09125c6c3c2fd70d7de961bcf0e51575235fad/library/std/src/macros.rs:216:1
[INFO] [stdout]   |
[INFO] [stdout]   = note: similarly named macro `eprintln` defined here
[INFO] [stdout] 
[INFO] [stdout] error[E0425]: cannot find value `t` in this scope
[INFO] [stdout]  --> src/lib.rs:10:1
[INFO] [stdout]   |
[INFO] [stdout] 3 | t.enable().unwrap();
[INFO] [stdout]   | ^ not found in this scope
[INFO] [stdout] 
[INFO] [stdout] error[E0425]: cannot find value `t` in this scope
[INFO] [stdout]  --> src/lib.rs:12:24
[INFO] [stdout]   |
[INFO] [stdout] 5 |     let (ch_0, ch_1) = t.get_channel_data(&mut delay).unwrap();
[INFO] [stdout]   |                        ^ not found in this scope
[INFO] [stdout] 
[INFO] [stdout] error[E0425]: cannot find value `delay` in this scope
[INFO] [stdout]  --> src/lib.rs:12:48
[INFO] [stdout]   |
[INFO] [stdout] 5 |     let (ch_0, ch_1) = t.get_channel_data(&mut delay).unwrap();
[INFO] [stdout]   |                                                ^^^^^ not found in this scope
[INFO] [stdout] 
[INFO] [stdout] error[E0425]: cannot find value `t` in this scope
[INFO] [stdout]  --> src/lib.rs:13:16
[INFO] [stdout]   |
[INFO] [stdout] 6 |     let test = t.calculate_lux(ch_0, ch_1).unwrap();
[INFO] [stdout]   |                ^ not found in this scope
[INFO] [stdout] 
[INFO] [stdout] error: aborting due to 5 previous errors
[INFO] [stdout] 
[INFO] [stdout] For more information about this error, try `rustc --explain E0425`.
[INFO] [stdout] Couldn't compile the test.
[INFO] [stdout] 
[INFO] [stdout] failures:
[INFO] [stdout]     src/lib.rs - (line 9)
[INFO] [stdout] 
[INFO] [stdout] test result: FAILED. 0 passed; 1 failed; 0 ignored; 0 measured; 0 filtered out; finished in 0.05s
[INFO] [stdout] 
[INFO] [stderr] error: doctest failed, to rerun pass `--doc`
[INFO] running `Command { std: "docker" "inspect" "9701ddbf32de234ee5a5831a8311eedebc849cb9fff91f67f8ee55913ebd6788", kill_on_drop: false }`
[INFO] running `Command { std: "docker" "rm" "-f" "9701ddbf32de234ee5a5831a8311eedebc849cb9fff91f67f8ee55913ebd6788", kill_on_drop: false }`
[INFO] [stdout] 9701ddbf32de234ee5a5831a8311eedebc849cb9fff91f67f8ee55913ebd6788
