[INFO] fetching crate ts_opentelemetry 0.20.0-beta.1...
[INFO] testing ts_opentelemetry-0.20.0-beta.1 against 1.75.0 for beta-1.76-1
[INFO] extracting crate ts_opentelemetry 0.20.0-beta.1 into /workspace/builds/worker-4-tc1/source
[INFO] validating manifest of crates.io crate ts_opentelemetry 0.20.0-beta.1 on toolchain 1.75.0
[INFO] running `Command { std: CARGO_HOME="/workspace/cargo-home" RUSTUP_HOME="/workspace/rustup-home" "/workspace/cargo-home/bin/cargo" "+1.75.0" "metadata" "--manifest-path" "Cargo.toml" "--no-deps", kill_on_drop: false }`
[INFO] started tweaking crates.io crate ts_opentelemetry 0.20.0-beta.1
[INFO] finished tweaking crates.io crate ts_opentelemetry 0.20.0-beta.1
[INFO] tweaked toml for crates.io crate ts_opentelemetry 0.20.0-beta.1 written to /workspace/builds/worker-4-tc1/source/Cargo.toml
[INFO] running `Command { std: CARGO_HOME="/workspace/cargo-home" RUSTUP_HOME="/workspace/rustup-home" "/workspace/cargo-home/bin/cargo" "+1.75.0" "generate-lockfile" "--manifest-path" "Cargo.toml", kill_on_drop: false }`
[INFO] [stderr]     Updating crates.io index
[INFO] running `Command { std: CARGO_HOME="/workspace/cargo-home" RUSTUP_HOME="/workspace/rustup-home" "/workspace/cargo-home/bin/cargo" "+1.75.0" "fetch" "--manifest-path" "Cargo.toml", kill_on_drop: false }`
[INFO] [stderr]  Downloading crates ...
[INFO] [stderr]   Downloaded ts_opentelemetry_api v0.20.0-beta.1
[INFO] [stderr]   Downloaded ts_opentelemetry_sdk v0.20.0-beta.1
[INFO] running `Command { std: "docker" "create" "-v" "/var/lib/crater-agent-workspace/builds/worker-4-tc1/target:/opt/rustwide/target:rw,Z" "-v" "/var/lib/crater-agent-workspace/builds/worker-4-tc1/source:/opt/rustwide/workdir:ro,Z" "-v" "/var/lib/crater-agent-workspace/cargo-home:/opt/rustwide/cargo-home:ro,Z" "-v" "/var/lib/crater-agent-workspace/rustup-home:/opt/rustwide/rustup-home:ro,Z" "-e" "SOURCE_DIR=/opt/rustwide/workdir" "-e" "CARGO_TARGET_DIR=/opt/rustwide/target" "-e" "CARGO_HOME=/opt/rustwide/cargo-home" "-e" "RUSTUP_HOME=/opt/rustwide/rustup-home" "-w" "/opt/rustwide/workdir" "-m" "1610612736" "--user" "0:0" "--network" "none" "ghcr.io/rust-lang/crates-build-env/linux@sha256:2788e3201cd34a07e3172128adcd8b3090168a8e3bcc40d7c032b9dda1df7d1c" "/opt/rustwide/cargo-home/bin/cargo" "+1.75.0" "metadata" "--no-deps" "--format-version=1", kill_on_drop: false }`
[INFO] [stdout] 0fdbf85d1c983dae70625c57040cdab84cd02d7c9bbb8c68bdd34e99d4206ea3
[INFO] running `Command { std: "docker" "start" "-a" "0fdbf85d1c983dae70625c57040cdab84cd02d7c9bbb8c68bdd34e99d4206ea3", kill_on_drop: false }`
[INFO] running `Command { std: "docker" "inspect" "0fdbf85d1c983dae70625c57040cdab84cd02d7c9bbb8c68bdd34e99d4206ea3", kill_on_drop: false }`
[INFO] running `Command { std: "docker" "rm" "-f" "0fdbf85d1c983dae70625c57040cdab84cd02d7c9bbb8c68bdd34e99d4206ea3", kill_on_drop: false }`
[INFO] [stdout] 0fdbf85d1c983dae70625c57040cdab84cd02d7c9bbb8c68bdd34e99d4206ea3
[INFO] running `Command { std: "docker" "create" "-v" "/var/lib/crater-agent-workspace/builds/worker-4-tc1/target:/opt/rustwide/target:rw,Z" "-v" "/var/lib/crater-agent-workspace/builds/worker-4-tc1/source:/opt/rustwide/workdir:ro,Z" "-v" "/var/lib/crater-agent-workspace/cargo-home:/opt/rustwide/cargo-home:ro,Z" "-v" "/var/lib/crater-agent-workspace/rustup-home:/opt/rustwide/rustup-home:ro,Z" "-e" "SOURCE_DIR=/opt/rustwide/workdir" "-e" "CARGO_TARGET_DIR=/opt/rustwide/target" "-e" "CARGO_INCREMENTAL=0" "-e" "RUST_BACKTRACE=full" "-e" "RUSTFLAGS=--cap-lints=warn" "-e" "RUSTDOCFLAGS=--cap-lints=warn" "-e" "CARGO_HOME=/opt/rustwide/cargo-home" "-e" "RUSTUP_HOME=/opt/rustwide/rustup-home" "-w" "/opt/rustwide/workdir" "-m" "1610612736" "--user" "0:0" "--network" "none" "ghcr.io/rust-lang/crates-build-env/linux@sha256:2788e3201cd34a07e3172128adcd8b3090168a8e3bcc40d7c032b9dda1df7d1c" "/opt/rustwide/cargo-home/bin/cargo" "+1.75.0" "build" "--frozen" "--message-format=json", kill_on_drop: false }`
[INFO] [stdout] 024e0d454d1ef51254c09ed9ce41d29ff3bfa422b1bde6caf970cef92358e319
[INFO] running `Command { std: "docker" "start" "-a" "024e0d454d1ef51254c09ed9ce41d29ff3bfa422b1bde6caf970cef92358e319", kill_on_drop: false }`
[INFO] [stderr]    Compiling slab v0.4.9
[INFO] [stderr]    Compiling futures-core v0.3.30
[INFO] [stderr]    Compiling num-traits v0.2.17
[INFO] [stderr]    Compiling indexmap v1.9.3
[INFO] [stderr]    Compiling libc v0.2.151
[INFO] [stderr]    Compiling thiserror v1.0.56
[INFO] [stderr]    Compiling futures-sink v0.3.30
[INFO] [stderr]    Compiling syn v2.0.48
[INFO] [stderr]    Compiling crossbeam-utils v0.8.18
[INFO] [stderr]    Compiling futures-task v0.3.30
[INFO] [stderr]    Compiling pin-project-lite v0.2.13
[INFO] [stderr]    Compiling async-trait v0.1.77
[INFO] [stderr]    Compiling hashbrown v0.12.3
[INFO] [stderr]    Compiling futures-channel v0.3.30
[INFO] [stderr]    Compiling once_cell v1.19.0
[INFO] [stderr]    Compiling urlencoding v2.1.3
[INFO] [stderr]    Compiling percent-encoding v2.3.1
[INFO] [stderr]    Compiling getrandom v0.2.11
[INFO] [stderr]    Compiling rand_core v0.6.4
[INFO] [stderr]    Compiling crossbeam-channel v0.5.10
[INFO] [stderr]    Compiling rand_chacha v0.3.1
[INFO] [stderr]    Compiling rand v0.8.5
[INFO] [stderr]    Compiling ordered-float v3.9.2
[INFO] [stderr]    Compiling futures-macro v0.3.30
[INFO] [stderr]    Compiling thiserror-impl v1.0.56
[INFO] [stderr]    Compiling futures-util v0.3.30
[INFO] [stderr]    Compiling futures-executor v0.3.30
[INFO] [stderr]    Compiling ts_opentelemetry_api v0.20.0-beta.1
[INFO] [stderr]    Compiling ts_opentelemetry_sdk v0.20.0-beta.1
[INFO] [stderr]    Compiling ts_opentelemetry v0.20.0-beta.1 (/opt/rustwide/workdir)
[INFO] [stderr]     Finished dev [unoptimized + debuginfo] target(s) in 6.11s
[INFO] running `Command { std: "docker" "inspect" "024e0d454d1ef51254c09ed9ce41d29ff3bfa422b1bde6caf970cef92358e319", kill_on_drop: false }`
[INFO] running `Command { std: "docker" "rm" "-f" "024e0d454d1ef51254c09ed9ce41d29ff3bfa422b1bde6caf970cef92358e319", kill_on_drop: false }`
[INFO] [stdout] 024e0d454d1ef51254c09ed9ce41d29ff3bfa422b1bde6caf970cef92358e319
[INFO] running `Command { std: "docker" "create" "-v" "/var/lib/crater-agent-workspace/builds/worker-4-tc1/target:/opt/rustwide/target:rw,Z" "-v" "/var/lib/crater-agent-workspace/builds/worker-4-tc1/source:/opt/rustwide/workdir:ro,Z" "-v" "/var/lib/crater-agent-workspace/cargo-home:/opt/rustwide/cargo-home:ro,Z" "-v" "/var/lib/crater-agent-workspace/rustup-home:/opt/rustwide/rustup-home:ro,Z" "-e" "SOURCE_DIR=/opt/rustwide/workdir" "-e" "CARGO_TARGET_DIR=/opt/rustwide/target" "-e" "CARGO_INCREMENTAL=0" "-e" "RUST_BACKTRACE=full" "-e" "RUSTFLAGS=--cap-lints=warn" "-e" "RUSTDOCFLAGS=--cap-lints=warn" "-e" "CARGO_HOME=/opt/rustwide/cargo-home" "-e" "RUSTUP_HOME=/opt/rustwide/rustup-home" "-w" "/opt/rustwide/workdir" "-m" "1610612736" "--user" "0:0" "--network" "none" "ghcr.io/rust-lang/crates-build-env/linux@sha256:2788e3201cd34a07e3172128adcd8b3090168a8e3bcc40d7c032b9dda1df7d1c" "/opt/rustwide/cargo-home/bin/cargo" "+1.75.0" "test" "--frozen" "--no-run" "--message-format=json", kill_on_drop: false }`
[INFO] [stdout] 2f1b1e9910145e4d8098c2a59963c864b577e43476bdba7f9cd83800af566638
[INFO] running `Command { std: "docker" "start" "-a" "2f1b1e9910145e4d8098c2a59963c864b577e43476bdba7f9cd83800af566638", kill_on_drop: false }`
[INFO] [stderr]    Compiling ts_opentelemetry v0.20.0-beta.1 (/opt/rustwide/workdir)
[INFO] [stderr]     Finished test [unoptimized + debuginfo] target(s) in 0.22s
[INFO] running `Command { std: "docker" "inspect" "2f1b1e9910145e4d8098c2a59963c864b577e43476bdba7f9cd83800af566638", kill_on_drop: false }`
[INFO] running `Command { std: "docker" "rm" "-f" "2f1b1e9910145e4d8098c2a59963c864b577e43476bdba7f9cd83800af566638", kill_on_drop: false }`
[INFO] [stdout] 2f1b1e9910145e4d8098c2a59963c864b577e43476bdba7f9cd83800af566638
[INFO] running `Command { std: "docker" "create" "-v" "/var/lib/crater-agent-workspace/builds/worker-4-tc1/target:/opt/rustwide/target:rw,Z" "-v" "/var/lib/crater-agent-workspace/builds/worker-4-tc1/source:/opt/rustwide/workdir:ro,Z" "-v" "/var/lib/crater-agent-workspace/cargo-home:/opt/rustwide/cargo-home:ro,Z" "-v" "/var/lib/crater-agent-workspace/rustup-home:/opt/rustwide/rustup-home:ro,Z" "-e" "SOURCE_DIR=/opt/rustwide/workdir" "-e" "CARGO_TARGET_DIR=/opt/rustwide/target" "-e" "CARGO_INCREMENTAL=0" "-e" "RUST_BACKTRACE=full" "-e" "RUSTFLAGS=--cap-lints=warn" "-e" "RUSTDOCFLAGS=--cap-lints=warn" "-e" "CARGO_HOME=/opt/rustwide/cargo-home" "-e" "RUSTUP_HOME=/opt/rustwide/rustup-home" "-w" "/opt/rustwide/workdir" "-m" "1610612736" "--user" "0:0" "--network" "none" "ghcr.io/rust-lang/crates-build-env/linux@sha256:2788e3201cd34a07e3172128adcd8b3090168a8e3bcc40d7c032b9dda1df7d1c" "/opt/rustwide/cargo-home/bin/cargo" "+1.75.0" "test" "--frozen", kill_on_drop: false }`
[INFO] [stdout] 0ba308b9a2f7354f23dac3fb206920fadf4a1e2898a185c1f9ebbabeb35ee2d1
[INFO] running `Command { std: "docker" "start" "-a" "0ba308b9a2f7354f23dac3fb206920fadf4a1e2898a185c1f9ebbabeb35ee2d1", kill_on_drop: false }`
[INFO] [stderr]     Finished test [unoptimized + debuginfo] target(s) in 0.04s
[INFO] [stderr]      Running unittests src/lib.rs (/opt/rustwide/target/debug/deps/ts_opentelemetry-98899f9cc54450e9)
[INFO] [stdout] 
[INFO] [stdout] running 0 tests
[INFO] [stdout] 
[INFO] [stdout] test result: ok. 0 passed; 0 failed; 0 ignored; 0 measured; 0 filtered out; finished in 0.00s
[INFO] [stdout] 
[INFO] [stderr]    Doc-tests ts_opentelemetry
[INFO] [stdout] 
[INFO] [stdout] running 3 tests
[INFO] [stdout] test src/lib.rs - (line 13) - compile ... FAILED
[INFO] [stdout] test src/lib.rs - (line 89) ... ok
[INFO] [stdout] test src/lib.rs - (line 53) ... ok
[INFO] [stdout] 
[INFO] [stdout] failures:
[INFO] [stdout] 
[INFO] [stdout] ---- src/lib.rs - (line 13) stdout ----
[INFO] [stdout] error[E0433]: failed to resolve: use of undeclared crate or module `ts_opentelemetry_stdout`
[INFO] [stdout]   --> src/lib.rs:26:31
[INFO] [stdout]    |
[INFO] [stdout] 16 |         .with_simple_exporter(ts_opentelemetry_stdout::SpanExporter::default())
[INFO] [stdout]    |                               ^^^^^^^^^^^^^^^^^^^^^^^ use of undeclared crate or module `ts_opentelemetry_stdout`
[INFO] [stdout]    |
[INFO] [stdout] help: there is a crate or module with a similar name
[INFO] [stdout]    |
[INFO] [stdout] 16 |         .with_simple_exporter(ts_opentelemetry_sdk::SpanExporter::default())
[INFO] [stdout]    |                               ~~~~~~~~~~~~~~~~~~~~
[INFO] [stdout] help: consider importing one of these items
[INFO] [stdout]    |
[INFO] [stdout] 2  + use ts_opentelemetry::sdk::export::trace::SpanExporter;
[INFO] [stdout]    |
[INFO] [stdout] 2  + use ts_opentelemetry_sdk::export::trace::SpanExporter;
[INFO] [stdout]    |
[INFO] [stdout] help: if you import `SpanExporter`, refer to it directly
[INFO] [stdout]    |
[INFO] [stdout] 16 -         .with_simple_exporter(ts_opentelemetry_stdout::SpanExporter::default())
[INFO] [stdout] 16 +         .with_simple_exporter(SpanExporter::default())
[INFO] [stdout]    |
[INFO] [stdout] 
[INFO] [stdout] error: aborting due to previous error
[INFO] [stdout] 
[INFO] [stdout] For more information about this error, try `rustc --explain E0433`.
[INFO] [stdout] Couldn't compile the test.
[INFO] [stdout] 
[INFO] [stdout] failures:
[INFO] [stdout]     src/lib.rs - (line 13)
[INFO] [stdout] 
[INFO] [stdout] test result: FAILED. 2 passed; 1 failed; 0 ignored; 0 measured; 0 filtered out; finished in 0.31s
[INFO] [stdout] 
[INFO] [stderr] error: doctest failed, to rerun pass `--doc`
[INFO] running `Command { std: "docker" "inspect" "0ba308b9a2f7354f23dac3fb206920fadf4a1e2898a185c1f9ebbabeb35ee2d1", kill_on_drop: false }`
[INFO] running `Command { std: "docker" "rm" "-f" "0ba308b9a2f7354f23dac3fb206920fadf4a1e2898a185c1f9ebbabeb35ee2d1", kill_on_drop: false }`
[INFO] [stdout] 0ba308b9a2f7354f23dac3fb206920fadf4a1e2898a185c1f9ebbabeb35ee2d1
