[INFO] fetching crate try-unwrap 1.0.0...
[INFO] testing try-unwrap-1.0.0 against 1.75.0 for beta-1.76-1
[INFO] extracting crate try-unwrap 1.0.0 into /workspace/builds/worker-7-tc1/source
[INFO] validating manifest of crates.io crate try-unwrap 1.0.0 on toolchain 1.75.0
[INFO] running `Command { std: CARGO_HOME="/workspace/cargo-home" RUSTUP_HOME="/workspace/rustup-home" "/workspace/cargo-home/bin/cargo" "+1.75.0" "metadata" "--manifest-path" "Cargo.toml" "--no-deps", kill_on_drop: false }`
[INFO] started tweaking crates.io crate try-unwrap 1.0.0
[INFO] finished tweaking crates.io crate try-unwrap 1.0.0
[INFO] tweaked toml for crates.io crate try-unwrap 1.0.0 written to /workspace/builds/worker-7-tc1/source/Cargo.toml
[INFO] running `Command { std: CARGO_HOME="/workspace/cargo-home" RUSTUP_HOME="/workspace/rustup-home" "/workspace/cargo-home/bin/cargo" "+1.75.0" "generate-lockfile" "--manifest-path" "Cargo.toml", kill_on_drop: false }`
[INFO] running `Command { std: CARGO_HOME="/workspace/cargo-home" RUSTUP_HOME="/workspace/rustup-home" "/workspace/cargo-home/bin/cargo" "+1.75.0" "fetch" "--manifest-path" "Cargo.toml", kill_on_drop: false }`
[INFO] running `Command { std: "docker" "create" "-v" "/var/lib/crater-agent-workspace/builds/worker-7-tc1/target:/opt/rustwide/target:rw,Z" "-v" "/var/lib/crater-agent-workspace/builds/worker-7-tc1/source:/opt/rustwide/workdir:ro,Z" "-v" "/var/lib/crater-agent-workspace/cargo-home:/opt/rustwide/cargo-home:ro,Z" "-v" "/var/lib/crater-agent-workspace/rustup-home:/opt/rustwide/rustup-home:ro,Z" "-e" "SOURCE_DIR=/opt/rustwide/workdir" "-e" "CARGO_TARGET_DIR=/opt/rustwide/target" "-e" "CARGO_HOME=/opt/rustwide/cargo-home" "-e" "RUSTUP_HOME=/opt/rustwide/rustup-home" "-w" "/opt/rustwide/workdir" "-m" "1610612736" "--user" "0:0" "--network" "none" "ghcr.io/rust-lang/crates-build-env/linux@sha256:2788e3201cd34a07e3172128adcd8b3090168a8e3bcc40d7c032b9dda1df7d1c" "/opt/rustwide/cargo-home/bin/cargo" "+1.75.0" "metadata" "--no-deps" "--format-version=1", kill_on_drop: false }`
[INFO] [stdout] 1c51007ccf7999e476f10e7d466fbc6170834ec82c1fe2d7a4f29aa9b3e247bb
[INFO] running `Command { std: "docker" "start" "-a" "1c51007ccf7999e476f10e7d466fbc6170834ec82c1fe2d7a4f29aa9b3e247bb", kill_on_drop: false }`
[INFO] running `Command { std: "docker" "inspect" "1c51007ccf7999e476f10e7d466fbc6170834ec82c1fe2d7a4f29aa9b3e247bb", kill_on_drop: false }`
[INFO] running `Command { std: "docker" "rm" "-f" "1c51007ccf7999e476f10e7d466fbc6170834ec82c1fe2d7a4f29aa9b3e247bb", kill_on_drop: false }`
[INFO] [stdout] 1c51007ccf7999e476f10e7d466fbc6170834ec82c1fe2d7a4f29aa9b3e247bb
[INFO] running `Command { std: "docker" "create" "-v" "/var/lib/crater-agent-workspace/builds/worker-7-tc1/target:/opt/rustwide/target:rw,Z" "-v" "/var/lib/crater-agent-workspace/builds/worker-7-tc1/source:/opt/rustwide/workdir:ro,Z" "-v" "/var/lib/crater-agent-workspace/cargo-home:/opt/rustwide/cargo-home:ro,Z" "-v" "/var/lib/crater-agent-workspace/rustup-home:/opt/rustwide/rustup-home:ro,Z" "-e" "SOURCE_DIR=/opt/rustwide/workdir" "-e" "CARGO_TARGET_DIR=/opt/rustwide/target" "-e" "CARGO_INCREMENTAL=0" "-e" "RUST_BACKTRACE=full" "-e" "RUSTFLAGS=--cap-lints=warn" "-e" "RUSTDOCFLAGS=--cap-lints=warn" "-e" "CARGO_HOME=/opt/rustwide/cargo-home" "-e" "RUSTUP_HOME=/opt/rustwide/rustup-home" "-w" "/opt/rustwide/workdir" "-m" "1610612736" "--user" "0:0" "--network" "none" "ghcr.io/rust-lang/crates-build-env/linux@sha256:2788e3201cd34a07e3172128adcd8b3090168a8e3bcc40d7c032b9dda1df7d1c" "/opt/rustwide/cargo-home/bin/cargo" "+1.75.0" "build" "--frozen" "--message-format=json", kill_on_drop: false }`
[INFO] [stdout] 1e8a78c028c5a166d908c2abd0081c48fc9226d9665c6a497c3cce439e8dc735
[INFO] running `Command { std: "docker" "start" "-a" "1e8a78c028c5a166d908c2abd0081c48fc9226d9665c6a497c3cce439e8dc735", kill_on_drop: false }`
[INFO] [stderr]    Compiling try-unwrap v1.0.0 (/opt/rustwide/workdir)
[INFO] [stderr]     Finished dev [unoptimized + debuginfo] target(s) in 0.03s
[INFO] running `Command { std: "docker" "inspect" "1e8a78c028c5a166d908c2abd0081c48fc9226d9665c6a497c3cce439e8dc735", kill_on_drop: false }`
[INFO] running `Command { std: "docker" "rm" "-f" "1e8a78c028c5a166d908c2abd0081c48fc9226d9665c6a497c3cce439e8dc735", kill_on_drop: false }`
[INFO] [stdout] 1e8a78c028c5a166d908c2abd0081c48fc9226d9665c6a497c3cce439e8dc735
[INFO] running `Command { std: "docker" "create" "-v" "/var/lib/crater-agent-workspace/builds/worker-7-tc1/target:/opt/rustwide/target:rw,Z" "-v" "/var/lib/crater-agent-workspace/builds/worker-7-tc1/source:/opt/rustwide/workdir:ro,Z" "-v" "/var/lib/crater-agent-workspace/cargo-home:/opt/rustwide/cargo-home:ro,Z" "-v" "/var/lib/crater-agent-workspace/rustup-home:/opt/rustwide/rustup-home:ro,Z" "-e" "SOURCE_DIR=/opt/rustwide/workdir" "-e" "CARGO_TARGET_DIR=/opt/rustwide/target" "-e" "CARGO_INCREMENTAL=0" "-e" "RUST_BACKTRACE=full" "-e" "RUSTFLAGS=--cap-lints=warn" "-e" "RUSTDOCFLAGS=--cap-lints=warn" "-e" "CARGO_HOME=/opt/rustwide/cargo-home" "-e" "RUSTUP_HOME=/opt/rustwide/rustup-home" "-w" "/opt/rustwide/workdir" "-m" "1610612736" "--user" "0:0" "--network" "none" "ghcr.io/rust-lang/crates-build-env/linux@sha256:2788e3201cd34a07e3172128adcd8b3090168a8e3bcc40d7c032b9dda1df7d1c" "/opt/rustwide/cargo-home/bin/cargo" "+1.75.0" "test" "--frozen" "--no-run" "--message-format=json", kill_on_drop: false }`
[INFO] [stdout] 391dc6fd1b5f18b1358f81f152d8f7986b3f175b88c0640369e8d9d8a38ec510
[INFO] running `Command { std: "docker" "start" "-a" "391dc6fd1b5f18b1358f81f152d8f7986b3f175b88c0640369e8d9d8a38ec510", kill_on_drop: false }`
[INFO] [stderr]    Compiling try-unwrap v1.0.0 (/opt/rustwide/workdir)
[INFO] [stderr]     Finished test [unoptimized + debuginfo] target(s) in 0.20s
[INFO] running `Command { std: "docker" "inspect" "391dc6fd1b5f18b1358f81f152d8f7986b3f175b88c0640369e8d9d8a38ec510", kill_on_drop: false }`
[INFO] running `Command { std: "docker" "rm" "-f" "391dc6fd1b5f18b1358f81f152d8f7986b3f175b88c0640369e8d9d8a38ec510", kill_on_drop: false }`
[INFO] [stdout] 391dc6fd1b5f18b1358f81f152d8f7986b3f175b88c0640369e8d9d8a38ec510
[INFO] running `Command { std: "docker" "create" "-v" "/var/lib/crater-agent-workspace/builds/worker-7-tc1/target:/opt/rustwide/target:rw,Z" "-v" "/var/lib/crater-agent-workspace/builds/worker-7-tc1/source:/opt/rustwide/workdir:ro,Z" "-v" "/var/lib/crater-agent-workspace/cargo-home:/opt/rustwide/cargo-home:ro,Z" "-v" "/var/lib/crater-agent-workspace/rustup-home:/opt/rustwide/rustup-home:ro,Z" "-e" "SOURCE_DIR=/opt/rustwide/workdir" "-e" "CARGO_TARGET_DIR=/opt/rustwide/target" "-e" "CARGO_INCREMENTAL=0" "-e" "RUST_BACKTRACE=full" "-e" "RUSTFLAGS=--cap-lints=warn" "-e" "RUSTDOCFLAGS=--cap-lints=warn" "-e" "CARGO_HOME=/opt/rustwide/cargo-home" "-e" "RUSTUP_HOME=/opt/rustwide/rustup-home" "-w" "/opt/rustwide/workdir" "-m" "1610612736" "--user" "0:0" "--network" "none" "ghcr.io/rust-lang/crates-build-env/linux@sha256:2788e3201cd34a07e3172128adcd8b3090168a8e3bcc40d7c032b9dda1df7d1c" "/opt/rustwide/cargo-home/bin/cargo" "+1.75.0" "test" "--frozen", kill_on_drop: false }`
[INFO] [stdout] 4aa338a9139e32f393c5adb35adfdfbfb13356f797c27b3380094e81f2af9bbe
[INFO] running `Command { std: "docker" "start" "-a" "4aa338a9139e32f393c5adb35adfdfbfb13356f797c27b3380094e81f2af9bbe", kill_on_drop: false }`
[INFO] [stderr]     Finished test [unoptimized + debuginfo] target(s) in 0.00s
[INFO] [stderr]      Running unittests src/lib.rs (/opt/rustwide/target/debug/deps/try_unwrap-7ca192212810a252)
[INFO] [stdout] 
[INFO] [stdout] running 2 tests
[INFO] [stdout] test tests::test_option ... ok
[INFO] [stdout] test tests::test_result ... ok
[INFO] [stdout] 
[INFO] [stdout] test result: ok. 2 passed; 0 failed; 0 ignored; 0 measured; 0 filtered out; finished in 0.00s
[INFO] [stdout] 
[INFO] [stderr]    Doc-tests try-unwrap
[INFO] [stdout] 
[INFO] [stdout] running 2 tests
[INFO] [stdout] test src/lib.rs - Result<T,E>::try_unwrap (line 14) ... FAILED
[INFO] [stdout] test src/lib.rs - Option<T>::try_unwrap (line 40) ... FAILED
[INFO] [stdout] 
[INFO] [stdout] failures:
[INFO] [stdout] 
[INFO] [stdout] ---- src/lib.rs - Result<T,E>::try_unwrap (line 14) stdout ----
[INFO] [stdout] error[E0599]: no method named `try_unwrap` found for enum `Result` in the current scope
[INFO] [stdout]  --> src/lib.rs:17:15
[INFO] [stdout]   |
[INFO] [stdout] 6 | assert_eq!(ok.try_unwrap(), Ok(3));
[INFO] [stdout]   |               ^^^^^^^^^^
[INFO] [stdout]   |
[INFO] [stdout]  ::: /opt/rustwide/workdir/src/lib.rs:5:8
[INFO] [stdout]   |
[INFO] [stdout] 5 |     fn try_unwrap(self) -> Result<Self::T, Self::E>;
[INFO] [stdout]   |        ---------- the method is available for `Result<i32, ()>` here
[INFO] [stdout]   |
[INFO] [stdout]   = help: items from traits can only be used if the trait is in scope
[INFO] [stdout] help: the following trait is implemented but not in scope; perhaps add a `use` for it:
[INFO] [stdout]   |
[INFO] [stdout] 2 + use crate::try_unwrap::TryUnwrapResult;
[INFO] [stdout]   |
[INFO] [stdout] help: there is a method with a similar name
[INFO] [stdout]   |
[INFO] [stdout] 6 | assert_eq!(ok.unwrap(), Ok(3));
[INFO] [stdout]   |               ~~~~~~
[INFO] [stdout] 
[INFO] [stdout] error[E0599]: no method named `try_unwrap` found for enum `Result` in the current scope
[INFO] [stdout]  --> src/lib.rs:19:16
[INFO] [stdout]   |
[INFO] [stdout] 8 | assert_eq!(err.try_unwrap(), Err(2));
[INFO] [stdout]   |                ^^^^^^^^^^
[INFO] [stdout]   |
[INFO] [stdout]  ::: /opt/rustwide/workdir/src/lib.rs:5:8
[INFO] [stdout]   |
[INFO] [stdout] 5 |     fn try_unwrap(self) -> Result<Self::T, Self::E>;
[INFO] [stdout]   |        ---------- the method is available for `Result<(), i32>` here
[INFO] [stdout]   |
[INFO] [stdout]   = help: items from traits can only be used if the trait is in scope
[INFO] [stdout] help: the following trait is implemented but not in scope; perhaps add a `use` for it:
[INFO] [stdout]   |
[INFO] [stdout] 2 + use crate::try_unwrap::TryUnwrapResult;
[INFO] [stdout]   |
[INFO] [stdout] help: there is a method with a similar name
[INFO] [stdout]   |
[INFO] [stdout] 8 | assert_eq!(err.unwrap(), Err(2));
[INFO] [stdout]   |                ~~~~~~
[INFO] [stdout] 
[INFO] [stdout] error: aborting due to 2 previous errors
[INFO] [stdout] 
[INFO] [stdout] For more information about this error, try `rustc --explain E0599`.
[INFO] [stdout] Couldn't compile the test.
[INFO] [stdout] ---- src/lib.rs - Option<T>::try_unwrap (line 40) stdout ----
[INFO] [stdout] error[E0599]: no method named `try_unwrap` found for enum `Option` in the current scope
[INFO] [stdout]   --> src/lib.rs:43:17
[INFO] [stdout]    |
[INFO] [stdout] 6  | assert_eq!(some.try_unwrap(), Some(4));
[INFO] [stdout]    |                 ^^^^^^^^^^
[INFO] [stdout]    |
[INFO] [stdout]   ::: /opt/rustwide/workdir/src/lib.rs:32:8
[INFO] [stdout]    |
[INFO] [stdout] 32 |     fn try_unwrap(self) -> Option<Self::T>;
[INFO] [stdout]    |        ---------- the method is available for `Option<i32>` here
[INFO] [stdout]    |
[INFO] [stdout]    = help: items from traits can only be used if the trait is in scope
[INFO] [stdout] help: the following trait is implemented but not in scope; perhaps add a `use` for it:
[INFO] [stdout]    |
[INFO] [stdout] 2  + use crate::try_unwrap::TryUnwrapOption;
[INFO] [stdout]    |
[INFO] [stdout] help: there is a method with a similar name
[INFO] [stdout]    |
[INFO] [stdout] 6  | assert_eq!(some.unwrap(), Some(4));
[INFO] [stdout]    |                 ~~~~~~
[INFO] [stdout] 
[INFO] [stdout] error[E0599]: no method named `try_unwrap` found for enum `Option` in the current scope
[INFO] [stdout]   --> src/lib.rs:45:17
[INFO] [stdout]    |
[INFO] [stdout] 8  | assert_eq!(none.try_unwrap(), None);
[INFO] [stdout]    |                 ^^^^^^^^^^
[INFO] [stdout]    |
[INFO] [stdout]   ::: /opt/rustwide/workdir/src/lib.rs:32:8
[INFO] [stdout]    |
[INFO] [stdout] 32 |     fn try_unwrap(self) -> Option<Self::T>;
[INFO] [stdout]    |        ---------- the method is available for `Option<i32>` here
[INFO] [stdout]    |
[INFO] [stdout]    = help: items from traits can only be used if the trait is in scope
[INFO] [stdout] help: the following trait is implemented but not in scope; perhaps add a `use` for it:
[INFO] [stdout]    |
[INFO] [stdout] 2  + use crate::try_unwrap::TryUnwrapOption;
[INFO] [stdout]    |
[INFO] [stdout] help: there is a method with a similar name
[INFO] [stdout]    |
[INFO] [stdout] 8  | assert_eq!(none.unwrap(), None);
[INFO] [stdout]    |                 ~~~~~~
[INFO] [stdout] 
[INFO] [stdout] error: aborting due to 2 previous errors
[INFO] [stdout] 
[INFO] [stdout] For more information about this error, try `rustc --explain E0599`.
[INFO] [stdout] Couldn't compile the test.
[INFO] [stdout] 
[INFO] [stdout] failures:
[INFO] [stdout]     src/lib.rs - Option<T>::try_unwrap (line 40)
[INFO] [stdout]     src/lib.rs - Result<T,E>::try_unwrap (line 14)
[INFO] [stdout] 
[INFO] [stdout] test result: FAILED. 0 passed; 2 failed; 0 ignored; 0 measured; 0 filtered out; finished in 0.04s
[INFO] [stdout] 
[INFO] [stderr] error: doctest failed, to rerun pass `--doc`
[INFO] running `Command { std: "docker" "inspect" "4aa338a9139e32f393c5adb35adfdfbfb13356f797c27b3380094e81f2af9bbe", kill_on_drop: false }`
[INFO] running `Command { std: "docker" "rm" "-f" "4aa338a9139e32f393c5adb35adfdfbfb13356f797c27b3380094e81f2af9bbe", kill_on_drop: false }`
[INFO] [stdout] 4aa338a9139e32f393c5adb35adfdfbfb13356f797c27b3380094e81f2af9bbe
