[INFO] fetching crate trotter 0.6.0...
[INFO] testing trotter-0.6.0 against 1.75.0 for beta-1.76-1
[INFO] extracting crate trotter 0.6.0 into /workspace/builds/worker-0-tc1/source
[INFO] validating manifest of crates.io crate trotter 0.6.0 on toolchain 1.75.0
[INFO] running `Command { std: CARGO_HOME="/workspace/cargo-home" RUSTUP_HOME="/workspace/rustup-home" "/workspace/cargo-home/bin/cargo" "+1.75.0" "metadata" "--manifest-path" "Cargo.toml" "--no-deps", kill_on_drop: false }`
[INFO] started tweaking crates.io crate trotter 0.6.0
[INFO] finished tweaking crates.io crate trotter 0.6.0
[INFO] tweaked toml for crates.io crate trotter 0.6.0 written to /workspace/builds/worker-0-tc1/source/Cargo.toml
[INFO] crate crates.io crate trotter 0.6.0 already has a lockfile, it will not be regenerated
[INFO] running `Command { std: CARGO_HOME="/workspace/cargo-home" RUSTUP_HOME="/workspace/rustup-home" "/workspace/cargo-home/bin/cargo" "+1.75.0" "fetch" "--manifest-path" "Cargo.toml", kill_on_drop: false }`
[INFO] [stderr]  Downloading crates ...
[INFO] [stderr]   Downloaded wildmatch v2.1.1
[INFO] running `Command { std: "docker" "create" "-v" "/var/lib/crater-agent-workspace/builds/worker-0-tc1/target:/opt/rustwide/target:rw,Z" "-v" "/var/lib/crater-agent-workspace/builds/worker-0-tc1/source:/opt/rustwide/workdir:ro,Z" "-v" "/var/lib/crater-agent-workspace/cargo-home:/opt/rustwide/cargo-home:ro,Z" "-v" "/var/lib/crater-agent-workspace/rustup-home:/opt/rustwide/rustup-home:ro,Z" "-e" "SOURCE_DIR=/opt/rustwide/workdir" "-e" "CARGO_TARGET_DIR=/opt/rustwide/target" "-e" "CARGO_HOME=/opt/rustwide/cargo-home" "-e" "RUSTUP_HOME=/opt/rustwide/rustup-home" "-w" "/opt/rustwide/workdir" "-m" "1610612736" "--user" "0:0" "--network" "none" "ghcr.io/rust-lang/crates-build-env/linux@sha256:2788e3201cd34a07e3172128adcd8b3090168a8e3bcc40d7c032b9dda1df7d1c" "/opt/rustwide/cargo-home/bin/cargo" "+1.75.0" "metadata" "--no-deps" "--format-version=1", kill_on_drop: false }`
[INFO] [stdout] 19b39f87e76091bea8c04a876f8728519bf3fb474b2dfd26106310a9dd72df08
[INFO] running `Command { std: "docker" "start" "-a" "19b39f87e76091bea8c04a876f8728519bf3fb474b2dfd26106310a9dd72df08", kill_on_drop: false }`
[INFO] running `Command { std: "docker" "inspect" "19b39f87e76091bea8c04a876f8728519bf3fb474b2dfd26106310a9dd72df08", kill_on_drop: false }`
[INFO] running `Command { std: "docker" "rm" "-f" "19b39f87e76091bea8c04a876f8728519bf3fb474b2dfd26106310a9dd72df08", kill_on_drop: false }`
[INFO] [stdout] 19b39f87e76091bea8c04a876f8728519bf3fb474b2dfd26106310a9dd72df08
[INFO] running `Command { std: "docker" "create" "-v" "/var/lib/crater-agent-workspace/builds/worker-0-tc1/target:/opt/rustwide/target:rw,Z" "-v" "/var/lib/crater-agent-workspace/builds/worker-0-tc1/source:/opt/rustwide/workdir:ro,Z" "-v" "/var/lib/crater-agent-workspace/cargo-home:/opt/rustwide/cargo-home:ro,Z" "-v" "/var/lib/crater-agent-workspace/rustup-home:/opt/rustwide/rustup-home:ro,Z" "-e" "SOURCE_DIR=/opt/rustwide/workdir" "-e" "CARGO_TARGET_DIR=/opt/rustwide/target" "-e" "CARGO_INCREMENTAL=0" "-e" "RUST_BACKTRACE=full" "-e" "RUSTFLAGS=--cap-lints=warn" "-e" "RUSTDOCFLAGS=--cap-lints=warn" "-e" "CARGO_HOME=/opt/rustwide/cargo-home" "-e" "RUSTUP_HOME=/opt/rustwide/rustup-home" "-w" "/opt/rustwide/workdir" "-m" "1610612736" "--user" "0:0" "--network" "none" "ghcr.io/rust-lang/crates-build-env/linux@sha256:2788e3201cd34a07e3172128adcd8b3090168a8e3bcc40d7c032b9dda1df7d1c" "/opt/rustwide/cargo-home/bin/cargo" "+1.75.0" "build" "--frozen" "--message-format=json", kill_on_drop: false }`
[INFO] [stdout] 3baf7910e9bfe640678f3c3002bb2b002b5bdd05f95ec7d11ca50027efe6c30e
[INFO] running `Command { std: "docker" "start" "-a" "3baf7910e9bfe640678f3c3002bb2b002b5bdd05f95ec7d11ca50027efe6c30e", kill_on_drop: false }`
[INFO] [stderr]    Compiling proc-macro2 v1.0.69
[INFO] [stderr]    Compiling libc v0.2.150
[INFO] [stderr]    Compiling pkg-config v0.3.27
[INFO] [stderr]    Compiling futures-task v0.3.29
[INFO] [stderr]    Compiling futures-core v0.3.29
[INFO] [stderr]    Compiling openssl v0.10.59
[INFO] [stderr]    Compiling futures-util v0.3.29
[INFO] [stderr]    Compiling thiserror v1.0.50
[INFO] [stderr]    Compiling percent-encoding v2.3.0
[INFO] [stderr]    Compiling once_cell v1.18.0
[INFO] [stderr]    Compiling tokio-openssl v0.6.3
[INFO] [stderr]    Compiling unicode-bidi v0.3.13
[INFO] [stderr]    Compiling form_urlencoded v1.2.0
[INFO] [stderr]    Compiling wildmatch v2.1.1
[INFO] [stderr]    Compiling urlencoding v2.1.3
[INFO] [stderr]    Compiling idna v0.4.0
[INFO] [stderr]    Compiling quote v1.0.33
[INFO] [stderr]    Compiling syn v2.0.39
[INFO] [stderr]    Compiling num_cpus v1.16.0
[INFO] [stderr]    Compiling socket2 v0.5.5
[INFO] [stderr]    Compiling mio v0.8.9
[INFO] [stderr]    Compiling url v2.4.1
[INFO] [stderr]    Compiling cc v1.0.83
[INFO] [stderr]    Compiling openssl-sys v0.9.95
[INFO] [stderr]    Compiling tokio-macros v2.2.0
[INFO] [stderr]    Compiling openssl-macros v0.1.1
[INFO] [stderr]    Compiling thiserror-impl v1.0.50
[INFO] [stderr]    Compiling tokio v1.34.0
[INFO] [stderr]    Compiling trotter v0.6.0 (/opt/rustwide/workdir)
[INFO] [stderr]     Finished dev [unoptimized + debuginfo] target(s) in 17.12s
[INFO] running `Command { std: "docker" "inspect" "3baf7910e9bfe640678f3c3002bb2b002b5bdd05f95ec7d11ca50027efe6c30e", kill_on_drop: false }`
[INFO] running `Command { std: "docker" "rm" "-f" "3baf7910e9bfe640678f3c3002bb2b002b5bdd05f95ec7d11ca50027efe6c30e", kill_on_drop: false }`
[INFO] [stdout] 3baf7910e9bfe640678f3c3002bb2b002b5bdd05f95ec7d11ca50027efe6c30e
[INFO] running `Command { std: "docker" "create" "-v" "/var/lib/crater-agent-workspace/builds/worker-0-tc1/target:/opt/rustwide/target:rw,Z" "-v" "/var/lib/crater-agent-workspace/builds/worker-0-tc1/source:/opt/rustwide/workdir:ro,Z" "-v" "/var/lib/crater-agent-workspace/cargo-home:/opt/rustwide/cargo-home:ro,Z" "-v" "/var/lib/crater-agent-workspace/rustup-home:/opt/rustwide/rustup-home:ro,Z" "-e" "SOURCE_DIR=/opt/rustwide/workdir" "-e" "CARGO_TARGET_DIR=/opt/rustwide/target" "-e" "CARGO_INCREMENTAL=0" "-e" "RUST_BACKTRACE=full" "-e" "RUSTFLAGS=--cap-lints=warn" "-e" "RUSTDOCFLAGS=--cap-lints=warn" "-e" "CARGO_HOME=/opt/rustwide/cargo-home" "-e" "RUSTUP_HOME=/opt/rustwide/rustup-home" "-w" "/opt/rustwide/workdir" "-m" "1610612736" "--user" "0:0" "--network" "none" "ghcr.io/rust-lang/crates-build-env/linux@sha256:2788e3201cd34a07e3172128adcd8b3090168a8e3bcc40d7c032b9dda1df7d1c" "/opt/rustwide/cargo-home/bin/cargo" "+1.75.0" "test" "--frozen" "--no-run" "--message-format=json", kill_on_drop: false }`
[INFO] [stdout] 68acb17d62305eb77299dc75162eb18a45010da27a57ec4d56580a7023c85af7
[INFO] running `Command { std: "docker" "start" "-a" "68acb17d62305eb77299dc75162eb18a45010da27a57ec4d56580a7023c85af7", kill_on_drop: false }`
[INFO] [stderr]    Compiling utf8parse v0.2.1
[INFO] [stderr]    Compiling anstyle v1.0.4
[INFO] [stderr]    Compiling colorchoice v1.0.0
[INFO] [stderr]    Compiling anstyle-query v1.0.0
[INFO] [stderr]    Compiling clap_lex v0.6.0
[INFO] [stderr]    Compiling heck v0.4.1
[INFO] [stderr]    Compiling strsim v0.10.0
[INFO] [stderr]    Compiling anstyle-parse v0.2.2
[INFO] [stderr]    Compiling anstream v0.6.4
[INFO] [stderr]    Compiling clap_derive v4.4.7
[INFO] [stderr]    Compiling clap_builder v4.4.8
[INFO] [stderr]    Compiling clap v4.4.8
[INFO] [stderr]    Compiling trotter v0.6.0 (/opt/rustwide/workdir)
[INFO] [stderr]     Finished test [unoptimized + debuginfo] target(s) in 8.69s
[INFO] running `Command { std: "docker" "inspect" "68acb17d62305eb77299dc75162eb18a45010da27a57ec4d56580a7023c85af7", kill_on_drop: false }`
[INFO] running `Command { std: "docker" "rm" "-f" "68acb17d62305eb77299dc75162eb18a45010da27a57ec4d56580a7023c85af7", kill_on_drop: false }`
[INFO] [stdout] 68acb17d62305eb77299dc75162eb18a45010da27a57ec4d56580a7023c85af7
[INFO] running `Command { std: "docker" "create" "-v" "/var/lib/crater-agent-workspace/builds/worker-0-tc1/target:/opt/rustwide/target:rw,Z" "-v" "/var/lib/crater-agent-workspace/builds/worker-0-tc1/source:/opt/rustwide/workdir:ro,Z" "-v" "/var/lib/crater-agent-workspace/cargo-home:/opt/rustwide/cargo-home:ro,Z" "-v" "/var/lib/crater-agent-workspace/rustup-home:/opt/rustwide/rustup-home:ro,Z" "-e" "SOURCE_DIR=/opt/rustwide/workdir" "-e" "CARGO_TARGET_DIR=/opt/rustwide/target" "-e" "CARGO_INCREMENTAL=0" "-e" "RUST_BACKTRACE=full" "-e" "RUSTFLAGS=--cap-lints=warn" "-e" "RUSTDOCFLAGS=--cap-lints=warn" "-e" "CARGO_HOME=/opt/rustwide/cargo-home" "-e" "RUSTUP_HOME=/opt/rustwide/rustup-home" "-w" "/opt/rustwide/workdir" "-m" "1610612736" "--user" "0:0" "--network" "none" "ghcr.io/rust-lang/crates-build-env/linux@sha256:2788e3201cd34a07e3172128adcd8b3090168a8e3bcc40d7c032b9dda1df7d1c" "/opt/rustwide/cargo-home/bin/cargo" "+1.75.0" "test" "--frozen", kill_on_drop: false }`
[INFO] [stdout] 3da65018af112c74666b4788191f9eae29c9de03ca76c652ba759dc15096777b
[INFO] running `Command { std: "docker" "start" "-a" "3da65018af112c74666b4788191f9eae29c9de03ca76c652ba759dc15096777b", kill_on_drop: false }`
[INFO] [stderr]     Finished test [unoptimized + debuginfo] target(s) in 0.08s
[INFO] [stderr]      Running unittests src/lib.rs (/opt/rustwide/target/debug/deps/trotter-4d6442f0bbaa91e2)
[INFO] [stdout] 
[INFO] [stdout] running 0 tests
[INFO] [stdout] 
[INFO] [stdout] test result: ok. 0 passed; 0 failed; 0 ignored; 0 measured; 0 filtered out; finished in 0.00s
[INFO] [stdout] 
[INFO] [stderr]    Doc-tests trotter
[INFO] [stdout] 
[INFO] [stdout] running 6 tests
[INFO] [stdout] test src/actor.rs - actor::trot (line 19) ... FAILED
[INFO] [stdout] test src/actor.rs - actor::trot_in (line 29) ... FAILED
[INFO] [stdout] test src/lib.rs - (line 78) ... FAILED
[INFO] [stdout] test src/lib.rs - (line 41) ... FAILED
[INFO] [stdout] test src/lib.rs - (line 108) ... ok
[INFO] [stdout] test src/lib.rs - (line 19) ... FAILED
[INFO] [stdout] 
[INFO] [stdout] failures:
[INFO] [stdout] 
[INFO] [stdout] ---- src/actor.rs - actor::trot (line 19) stdout ----
[INFO] [stdout] error[E0433]: failed to resolve: use of undeclared type `Actor`
[INFO] [stdout]  --> src/actor.rs:20:1
[INFO] [stdout]   |
[INFO] [stdout] 3 | Actor::trot("localhost").await
[INFO] [stdout]   | ^^^^^ use of undeclared type `Actor`
[INFO] [stdout]   |
[INFO] [stdout] help: consider importing this struct
[INFO] [stdout]   |
[INFO] [stdout] 2 + use trotter::Actor;
[INFO] [stdout]   |
[INFO] [stdout] 
[INFO] [stdout] error[E0728]: `await` is only allowed inside `async` functions and blocks
[INFO] [stdout]  --> src/actor.rs:20:26
[INFO] [stdout]   |
[INFO] [stdout] 2 | fn main() { #[allow(non_snake_case)] fn _doctest_main_src_actor_rs_19_0() {
[INFO] [stdout]   |                                         ------------------------------- this is not `async`
[INFO] [stdout] 3 | Actor::trot("localhost").await
[INFO] [stdout]   |                          ^^^^^ only allowed inside `async` functions and blocks
[INFO] [stdout] 
[INFO] [stdout] error: aborting due to 2 previous errors
[INFO] [stdout] 
[INFO] [stdout] Some errors have detailed explanations: E0433, E0728.
[INFO] [stdout] For more information about an error, try `rustc --explain E0433`.
[INFO] [stdout] Couldn't compile the test.
[INFO] [stdout] ---- src/actor.rs - actor::trot_in (line 29) stdout ----
[INFO] [stdout] error[E0433]: failed to resolve: use of undeclared type `Actor`
[INFO] [stdout]  --> src/actor.rs:30:1
[INFO] [stdout]   |
[INFO] [stdout] 3 | Actor::trot_in("localhost/input", "notice me!").await
[INFO] [stdout]   | ^^^^^ use of undeclared type `Actor`
[INFO] [stdout]   |
[INFO] [stdout] help: consider importing this struct
[INFO] [stdout]   |
[INFO] [stdout] 2 + use trotter::Actor;
[INFO] [stdout]   |
[INFO] [stdout] 
[INFO] [stdout] error[E0728]: `await` is only allowed inside `async` functions and blocks
[INFO] [stdout]  --> src/actor.rs:30:49
[INFO] [stdout]   |
[INFO] [stdout] 2 | fn main() { #[allow(non_snake_case)] fn _doctest_main_src_actor_rs_29_0() {
[INFO] [stdout]   |                                         ------------------------------- this is not `async`
[INFO] [stdout] 3 | Actor::trot_in("localhost/input", "notice me!").await
[INFO] [stdout]   |                                                 ^^^^^ only allowed inside `async` functions and blocks
[INFO] [stdout] 
[INFO] [stdout] error: aborting due to 2 previous errors
[INFO] [stdout] 
[INFO] [stdout] Some errors have detailed explanations: E0433, E0728.
[INFO] [stdout] For more information about an error, try `rustc --explain E0433`.
[INFO] [stdout] Couldn't compile the test.
[INFO] [stdout] ---- src/lib.rs - (line 78) stdout ----
[INFO] [stdout] error[E0422]: cannot find struct, variant or union type `Cli` in this scope
[INFO] [stdout]  --> src/lib.rs:81:9
[INFO] [stdout]   |
[INFO] [stdout] 4 |     let Cli { url } = Cli::parse();
[INFO] [stdout]   |         ^^^ not found in this scope
[INFO] [stdout] 
[INFO] [stdout] error[E0433]: failed to resolve: use of undeclared type `Actor`
[INFO] [stdout]  --> src/lib.rs:83:13
[INFO] [stdout]   |
[INFO] [stdout] 6 |     let g = Actor::default()
[INFO] [stdout]   |             ^^^^^ use of undeclared type `Actor`
[INFO] [stdout]   |
[INFO] [stdout] help: consider importing this struct
[INFO] [stdout]   |
[INFO] [stdout] 2 + use trotter::Actor;
[INFO] [stdout]   |
[INFO] [stdout] 
[INFO] [stdout] error[E0422]: cannot find struct, variant or union type `Titan` in this scope
[INFO] [stdout]  --> src/lib.rs:86:13
[INFO] [stdout]   |
[INFO] [stdout] 9 |             Titan {
[INFO] [stdout]   |             ^^^^^ not found in this scope
[INFO] [stdout]   |
[INFO] [stdout] help: consider importing this struct
[INFO] [stdout]   |
[INFO] [stdout] 2 + use trotter::Titan;
[INFO] [stdout]   |
[INFO] [stdout] 
[INFO] [stdout] error[E0433]: failed to resolve: use of undeclared type `Cli`
[INFO] [stdout]  --> src/lib.rs:81:23
[INFO] [stdout]   |
[INFO] [stdout] 4 |     let Cli { url } = Cli::parse();
[INFO] [stdout]   |                       ^^^ use of undeclared type `Cli`
[INFO] [stdout] 
[INFO] [stdout] error: aborting due to 4 previous errors
[INFO] [stdout] 
[INFO] [stdout] Some errors have detailed explanations: E0422, E0433.
[INFO] [stdout] For more information about an error, try `rustc --explain E0422`.
[INFO] [stdout] Couldn't compile the test.
[INFO] [stdout] ---- src/lib.rs - (line 41) stdout ----
[INFO] [stdout] error[E0308]: mismatched types
[INFO] [stdout]   --> src/lib.rs:52:5
[INFO] [stdout]    |
[INFO] [stdout] 7  |   async fn main() {
[INFO] [stdout]    |                  - expected `()` because of default return type
[INFO] [stdout] ...
[INFO] [stdout] 13 | /     owo.get("localhost")
[INFO] [stdout] 14 | |         .await
[INFO] [stdout] 15 | |         .unwrap()
[INFO] [stdout]    | |_________________^ expected `()`, found `Response`
[INFO] [stdout] 
[INFO] [stdout] error: aborting due to previous error
[INFO] [stdout] 
[INFO] [stdout] For more information about this error, try `rustc --explain E0308`.
[INFO] [stdout] Couldn't compile the test.
[INFO] [stdout] ---- src/lib.rs - (line 19) stdout ----
[INFO] [stdout] Test executable failed (exit status: 101).
[INFO] [stdout] 
[INFO] [stdout] stderr:
[INFO] [stdout] thread 'main' panicked at src/lib.rs:8:10:
[INFO] [stdout] called `Result::unwrap()` on an `Err` value: TcpError(Custom { kind: Uncategorized, error: "failed to lookup address information: Temporary failure in name resolution" })
[INFO] [stdout] stack backtrace:
[INFO] [stdout]    0:     0x558076d7ccac - std::backtrace_rs::backtrace::libunwind::trace::ha637c64ce894333a
[INFO] [stdout]                                at /rustc/82e1608dfa6e0b5569232559e3d385fea5a93112/library/std/src/../../backtrace/src/backtrace/libunwind.rs:104:5
[INFO] [stdout]    1:     0x558076d7ccac - std::backtrace_rs::backtrace::trace_unsynchronized::h47f62dea28e0c88d
[INFO] [stdout]                                at /rustc/82e1608dfa6e0b5569232559e3d385fea5a93112/library/std/src/../../backtrace/src/backtrace/mod.rs:66:5
[INFO] [stdout]    2:     0x558076d7ccac - std::sys_common::backtrace::_print_fmt::h9eef0abe20ede486
[INFO] [stdout]                                at /rustc/82e1608dfa6e0b5569232559e3d385fea5a93112/library/std/src/sys_common/backtrace.rs:67:5
[INFO] [stdout]    3:     0x558076d7ccac - <std::sys_common::backtrace::_print::DisplayBacktrace as core::fmt::Display>::fmt::hed7f999df88cc644
[INFO] [stdout]                                at /rustc/82e1608dfa6e0b5569232559e3d385fea5a93112/library/std/src/sys_common/backtrace.rs:44:22
[INFO] [stdout]    4:     0x558076d9f9e0 - core::fmt::rt::Argument::fmt::h1539a9308b8d058d
[INFO] [stdout]                                at /rustc/82e1608dfa6e0b5569232559e3d385fea5a93112/library/core/src/fmt/rt.rs:142:9
[INFO] [stdout]    5:     0x558076d9f9e0 - core::fmt::write::h3a39390d8560d9c9
[INFO] [stdout]                                at /rustc/82e1608dfa6e0b5569232559e3d385fea5a93112/library/core/src/fmt/mod.rs:1120:17
[INFO] [stdout]    6:     0x558076d7a72f - std::io::Write::write_fmt::h5fc9997dfe05f882
[INFO] [stdout]                                at /rustc/82e1608dfa6e0b5569232559e3d385fea5a93112/library/std/src/io/mod.rs:1762:15
[INFO] [stdout]    7:     0x558076d7ca94 - std::sys_common::backtrace::_print::h894006fb5c6f3d45
[INFO] [stdout]                                at /rustc/82e1608dfa6e0b5569232559e3d385fea5a93112/library/std/src/sys_common/backtrace.rs:47:5
[INFO] [stdout]    8:     0x558076d7ca94 - std::sys_common::backtrace::print::h23a2d212c6fff936
[INFO] [stdout]                                at /rustc/82e1608dfa6e0b5569232559e3d385fea5a93112/library/std/src/sys_common/backtrace.rs:34:9
[INFO] [stdout]    9:     0x558076d7e097 - std::panicking::default_hook::{{closure}}::h8a1d2ee00185001a
[INFO] [stdout]   10:     0x558076d7ddff - std::panicking::default_hook::h6038f2eba384e475
[INFO] [stdout]                                at /rustc/82e1608dfa6e0b5569232559e3d385fea5a93112/library/std/src/panicking.rs:292:9
[INFO] [stdout]   11:     0x558076d7e518 - std::panicking::rust_panic_with_hook::h2b5517d590cab22e
[INFO] [stdout]                                at /rustc/82e1608dfa6e0b5569232559e3d385fea5a93112/library/std/src/panicking.rs:779:13
[INFO] [stdout]   12:     0x558076d7e3fe - std::panicking::begin_panic_handler::{{closure}}::h233112c06e0ef43e
[INFO] [stdout]                                at /rustc/82e1608dfa6e0b5569232559e3d385fea5a93112/library/std/src/panicking.rs:657:13
[INFO] [stdout]   13:     0x558076d7d176 - std::sys_common::backtrace::__rust_end_short_backtrace::h6e893f24d7ebbff8
[INFO] [stdout]                                at /rustc/82e1608dfa6e0b5569232559e3d385fea5a93112/library/std/src/sys_common/backtrace.rs:170:18
[INFO] [stdout]   14:     0x558076d7e162 - rust_begin_unwind
[INFO] [stdout]                                at /rustc/82e1608dfa6e0b5569232559e3d385fea5a93112/library/std/src/panicking.rs:645:5
[INFO] [stdout]   15:     0x558076c44565 - core::panicking::panic_fmt::hbf0e066aabfa482c
[INFO] [stdout]                                at /rustc/82e1608dfa6e0b5569232559e3d385fea5a93112/library/core/src/panicking.rs:72:14
[INFO] [stdout]   16:     0x558076c44b13 - core::result::unwrap_failed::hddb4fea594200c52
[INFO] [stdout]                                at /rustc/82e1608dfa6e0b5569232559e3d385fea5a93112/library/core/src/result.rs:1653:5
[INFO] [stdout]   17:     0x558076c4ae8b - core::result::Result<T,E>::unwrap::h1b7c068f58d79f20
[INFO] [stdout]   18:     0x558076c602ef - rust_out::main::{{closure}}::hd0e9fb49b6a8fe2b
[INFO] [stdout]   19:     0x558076c4f1ba - tokio::runtime::park::CachedParkThread::block_on::{{closure}}::hcef0531fe26c65bc
[INFO] [stdout]   20:     0x558076c4f010 - tokio::runtime::park::CachedParkThread::block_on::ha9bdc4a15439c75e
[INFO] [stdout]   21:     0x558076c4feed - tokio::runtime::context::blocking::BlockingRegionGuard::block_on::h86f16165691d3463
[INFO] [stdout]   22:     0x558076c501c0 - tokio::runtime::scheduler::multi_thread::MultiThread::block_on::{{closure}}::hea6ce559ae03f81d
[INFO] [stdout]   23:     0x558076c4fa14 - tokio::runtime::context::runtime::enter_runtime::h920832b84c52c63c
[INFO] [stdout]   24:     0x558076c50181 - tokio::runtime::scheduler::multi_thread::MultiThread::block_on::h1e8bab11dff447b3
[INFO] [stdout]   25:     0x558076c500ce - tokio::runtime::runtime::Runtime::block_on::h6e1a9141dcf9ff16
[INFO] [stdout]   26:     0x558076c6002a - rust_out::main::hc20c0d07e2402830
[INFO] [stdout]   27:     0x558076c47e43 - core::ops::function::FnOnce::call_once::hbc459743598298c4
[INFO] [stdout]   28:     0x558076c45cb6 - std::sys_common::backtrace::__rust_begin_short_backtrace::h62debe7d3058b76a
[INFO] [stdout]   29:     0x558076c460a9 - std::rt::lang_start::{{closure}}::h8f486f3e1e6418b2
[INFO] [stdout]   30:     0x558076d76ef7 - core::ops::function::impls::<impl core::ops::function::FnOnce<A> for &F>::call_once::hd95060ecd5e1ca24
[INFO] [stdout]                                at /rustc/82e1608dfa6e0b5569232559e3d385fea5a93112/library/core/src/ops/function.rs:284:13
[INFO] [stdout]   31:     0x558076d76ef7 - std::panicking::try::do_call::h6e8cf51db32a6e4b
[INFO] [stdout]                                at /rustc/82e1608dfa6e0b5569232559e3d385fea5a93112/library/std/src/panicking.rs:552:40
[INFO] [stdout]   32:     0x558076d76ef7 - std::panicking::try::h3a52eefe24fe3c29
[INFO] [stdout]                                at /rustc/82e1608dfa6e0b5569232559e3d385fea5a93112/library/std/src/panicking.rs:516:19
[INFO] [stdout]   33:     0x558076d76ef7 - std::panic::catch_unwind::h24c28c23c02c3841
[INFO] [stdout]                                at /rustc/82e1608dfa6e0b5569232559e3d385fea5a93112/library/std/src/panic.rs:142:14
[INFO] [stdout]   34:     0x558076d76ef7 - std::rt::lang_start_internal::{{closure}}::h705d3c9cbc06ef47
[INFO] [stdout]                                at /rustc/82e1608dfa6e0b5569232559e3d385fea5a93112/library/std/src/rt.rs:148:48
[INFO] [stdout]   35:     0x558076d76ef7 - std::panicking::try::do_call::ha21f52ba13158470
[INFO] [stdout]                                at /rustc/82e1608dfa6e0b5569232559e3d385fea5a93112/library/std/src/panicking.rs:552:40
[INFO] [stdout]   36:     0x558076d76ef7 - std::panicking::try::h5581346bf6aeb1f8
[INFO] [stdout]                                at /rustc/82e1608dfa6e0b5569232559e3d385fea5a93112/library/std/src/panicking.rs:516:19
[INFO] [stdout]   37:     0x558076d76ef7 - std::panic::catch_unwind::h7919645a6b72e25b
[INFO] [stdout]                                at /rustc/82e1608dfa6e0b5569232559e3d385fea5a93112/library/std/src/panic.rs:142:14
[INFO] [stdout]   38:     0x558076d76ef7 - std::rt::lang_start_internal::h12de51168669836e
[INFO] [stdout]                                at /rustc/82e1608dfa6e0b5569232559e3d385fea5a93112/library/std/src/rt.rs:148:20
[INFO] [stdout]   39:     0x558076c46087 - std::rt::lang_start::h2c48f91a7bf85629
[INFO] [stdout]   40:     0x558076c604e5 - main
[INFO] [stdout]   41:     0x7fb2502ced90 - <unknown>
[INFO] [stdout]   42:     0x7fb2502cee40 - __libc_start_main
[INFO] [stdout]   43:     0x558076c44e15 - _start
[INFO] [stdout]   44:                0x0 - <unknown>
[INFO] [stdout] 
[INFO] [stdout] 
[INFO] [stdout] 
[INFO] [stdout] failures:
[INFO] [stdout]     src/actor.rs - actor::trot (line 19)
[INFO] [stdout]     src/actor.rs - actor::trot_in (line 29)
[INFO] [stdout]     src/lib.rs - (line 19)
[INFO] [stdout]     src/lib.rs - (line 41)
[INFO] [stdout]     src/lib.rs - (line 78)
[INFO] [stdout] 
[INFO] [stdout] test result: FAILED. 1 passed; 5 failed; 0 ignored; 0 measured; 0 filtered out; finished in 1.74s
[INFO] [stdout] 
[INFO] [stderr] error: doctest failed, to rerun pass `--doc`
[INFO] running `Command { std: "docker" "inspect" "3da65018af112c74666b4788191f9eae29c9de03ca76c652ba759dc15096777b", kill_on_drop: false }`
[INFO] running `Command { std: "docker" "rm" "-f" "3da65018af112c74666b4788191f9eae29c9de03ca76c652ba759dc15096777b", kill_on_drop: false }`
[INFO] [stdout] 3da65018af112c74666b4788191f9eae29c9de03ca76c652ba759dc15096777b
