[INFO] fetching crate troppydash_grrs 0.1.0...
[INFO] testing troppydash_grrs-0.1.0 against 1.75.0 for beta-1.76-1
[INFO] extracting crate troppydash_grrs 0.1.0 into /workspace/builds/worker-1-tc1/source
[INFO] validating manifest of crates.io crate troppydash_grrs 0.1.0 on toolchain 1.75.0
[INFO] running `Command { std: CARGO_HOME="/workspace/cargo-home" RUSTUP_HOME="/workspace/rustup-home" "/workspace/cargo-home/bin/cargo" "+1.75.0" "metadata" "--manifest-path" "Cargo.toml" "--no-deps", kill_on_drop: false }`
[INFO] started tweaking crates.io crate troppydash_grrs 0.1.0
[INFO] finished tweaking crates.io crate troppydash_grrs 0.1.0
[INFO] tweaked toml for crates.io crate troppydash_grrs 0.1.0 written to /workspace/builds/worker-1-tc1/source/Cargo.toml
[INFO] crate crates.io crate troppydash_grrs 0.1.0 already has a lockfile, it will not be regenerated
[INFO] running `Command { std: CARGO_HOME="/workspace/cargo-home" RUSTUP_HOME="/workspace/rustup-home" "/workspace/cargo-home/bin/cargo" "+1.75.0" "fetch" "--manifest-path" "Cargo.toml", kill_on_drop: false }`
[INFO] [stderr]  Downloading crates ...
[INFO] [stderr]   Downloaded predicates-tree v1.0.0
[INFO] [stderr]   Downloaded addr2line v0.13.0
[INFO] [stderr]   Downloaded assert_cmd v1.0.1
[INFO] [stderr]   Downloaded predicates-core v1.0.0
[INFO] [stderr]   Downloaded predicates v1.0.4
[INFO] [stderr]   Downloaded backtrace v0.3.50
[INFO] [stderr]   Downloaded float-cmp v0.6.0
[INFO] [stderr]   Downloaded libc v0.2.72
[INFO] [stderr]   Downloaded gimli v0.22.0
[INFO] running `Command { std: "docker" "create" "-v" "/var/lib/crater-agent-workspace/builds/worker-1-tc1/target:/opt/rustwide/target:rw,Z" "-v" "/var/lib/crater-agent-workspace/builds/worker-1-tc1/source:/opt/rustwide/workdir:ro,Z" "-v" "/var/lib/crater-agent-workspace/cargo-home:/opt/rustwide/cargo-home:ro,Z" "-v" "/var/lib/crater-agent-workspace/rustup-home:/opt/rustwide/rustup-home:ro,Z" "-e" "SOURCE_DIR=/opt/rustwide/workdir" "-e" "CARGO_TARGET_DIR=/opt/rustwide/target" "-e" "CARGO_HOME=/opt/rustwide/cargo-home" "-e" "RUSTUP_HOME=/opt/rustwide/rustup-home" "-w" "/opt/rustwide/workdir" "-m" "1610612736" "--user" "0:0" "--network" "none" "ghcr.io/rust-lang/crates-build-env/linux@sha256:2788e3201cd34a07e3172128adcd8b3090168a8e3bcc40d7c032b9dda1df7d1c" "/opt/rustwide/cargo-home/bin/cargo" "+1.75.0" "metadata" "--no-deps" "--format-version=1", kill_on_drop: false }`
[INFO] [stdout] 593b3bb1b14f49f1699c73f03c30c44b02f604ddd4aefcc181dcbb79b8228fdd
[INFO] running `Command { std: "docker" "start" "-a" "593b3bb1b14f49f1699c73f03c30c44b02f604ddd4aefcc181dcbb79b8228fdd", kill_on_drop: false }`
[INFO] running `Command { std: "docker" "inspect" "593b3bb1b14f49f1699c73f03c30c44b02f604ddd4aefcc181dcbb79b8228fdd", kill_on_drop: false }`
[INFO] running `Command { std: "docker" "rm" "-f" "593b3bb1b14f49f1699c73f03c30c44b02f604ddd4aefcc181dcbb79b8228fdd", kill_on_drop: false }`
[INFO] [stdout] 593b3bb1b14f49f1699c73f03c30c44b02f604ddd4aefcc181dcbb79b8228fdd
[INFO] running `Command { std: "docker" "create" "-v" "/var/lib/crater-agent-workspace/builds/worker-1-tc1/target:/opt/rustwide/target:rw,Z" "-v" "/var/lib/crater-agent-workspace/builds/worker-1-tc1/source:/opt/rustwide/workdir:ro,Z" "-v" "/var/lib/crater-agent-workspace/cargo-home:/opt/rustwide/cargo-home:ro,Z" "-v" "/var/lib/crater-agent-workspace/rustup-home:/opt/rustwide/rustup-home:ro,Z" "-e" "SOURCE_DIR=/opt/rustwide/workdir" "-e" "CARGO_TARGET_DIR=/opt/rustwide/target" "-e" "CARGO_INCREMENTAL=0" "-e" "RUST_BACKTRACE=full" "-e" "RUSTFLAGS=--cap-lints=warn" "-e" "RUSTDOCFLAGS=--cap-lints=warn" "-e" "CARGO_HOME=/opt/rustwide/cargo-home" "-e" "RUSTUP_HOME=/opt/rustwide/rustup-home" "-w" "/opt/rustwide/workdir" "-m" "1610612736" "--user" "0:0" "--network" "none" "ghcr.io/rust-lang/crates-build-env/linux@sha256:2788e3201cd34a07e3172128adcd8b3090168a8e3bcc40d7c032b9dda1df7d1c" "/opt/rustwide/cargo-home/bin/cargo" "+1.75.0" "build" "--frozen" "--message-format=json", kill_on_drop: false }`
[INFO] [stdout] a0a509a8f96db6423f9e1f07f0331b36cafa12cb27c2aee8e9c4135e8b7b8280
[INFO] running `Command { std: "docker" "start" "-a" "a0a509a8f96db6423f9e1f07f0331b36cafa12cb27c2aee8e9c4135e8b7b8280", kill_on_drop: false }`
[INFO] [stderr]    Compiling proc-macro2 v1.0.18
[INFO] [stderr]    Compiling libc v0.2.72
[INFO] [stderr]    Compiling unicode-xid v0.2.1
[INFO] [stderr]    Compiling syn v1.0.34
[INFO] [stderr]    Compiling version_check v0.9.2
[INFO] [stderr]    Compiling memchr v2.3.3
[INFO] [stderr]    Compiling lazy_static v1.4.0
[INFO] [stderr]    Compiling unicode-width v0.1.8
[INFO] [stderr]    Compiling adler v0.2.3
[INFO] [stderr]    Compiling gimli v0.22.0
[INFO] [stderr]    Compiling bitflags v1.2.1
[INFO] [stderr]    Compiling object v0.20.0
[INFO] [stderr]    Compiling unicode-segmentation v1.6.0
[INFO] [stderr]    Compiling cfg-if v0.1.10
[INFO] [stderr]    Compiling rustc-demangle v0.1.16
[INFO] [stderr]    Compiling regex-syntax v0.6.18
[INFO] [stderr]    Compiling thread_local v1.0.1
[INFO] [stderr]    Compiling textwrap v0.11.0
[INFO] [stderr]    Compiling ansi_term v0.11.0
[INFO] [stderr]    Compiling miniz_oxide v0.4.0
[INFO] [stderr]    Compiling strsim v0.8.0
[INFO] [stderr]    Compiling vec_map v0.8.2
[INFO] [stderr]    Compiling proc-macro-error-attr v1.0.3
[INFO] [stderr]    Compiling proc-macro-error v1.0.3
[INFO] [stderr]    Compiling heck v0.3.1
[INFO] [stderr]    Compiling number_prefix v0.3.0
[INFO] [stderr]    Compiling stringreader v0.1.1
[INFO] [stderr]    Compiling aho-corasick v0.7.13
[INFO] [stderr]    Compiling terminal_size v0.1.13
[INFO] [stderr]    Compiling atty v0.2.14
[INFO] [stderr]    Compiling termios v0.3.2
[INFO] [stderr]    Compiling quote v1.0.7
[INFO] [stderr]    Compiling clap v2.33.1
[INFO] [stderr]    Compiling regex v1.3.9
[INFO] [stderr]    Compiling addr2line v0.13.0
[INFO] [stderr]    Compiling backtrace v0.3.50
[INFO] [stderr]    Compiling console v0.11.3
[INFO] [stderr]    Compiling indicatif v0.15.0
[INFO] [stderr]    Compiling syn-mid v0.5.0
[INFO] [stderr]    Compiling synstructure v0.12.4
[INFO] [stderr]    Compiling failure_derive v0.1.8
[INFO] [stderr]    Compiling structopt-derive v0.4.8
[INFO] [stderr]    Compiling failure v0.1.8
[INFO] [stderr]    Compiling exitfailure v0.5.1
[INFO] [stderr]    Compiling structopt v0.3.15
[INFO] [stderr]    Compiling troppydash_grrs v0.1.0 (/opt/rustwide/workdir)
[INFO] [stderr]     Finished dev [unoptimized + debuginfo] target(s) in 6.94s
[INFO] running `Command { std: "docker" "inspect" "a0a509a8f96db6423f9e1f07f0331b36cafa12cb27c2aee8e9c4135e8b7b8280", kill_on_drop: false }`
[INFO] running `Command { std: "docker" "rm" "-f" "a0a509a8f96db6423f9e1f07f0331b36cafa12cb27c2aee8e9c4135e8b7b8280", kill_on_drop: false }`
[INFO] [stdout] a0a509a8f96db6423f9e1f07f0331b36cafa12cb27c2aee8e9c4135e8b7b8280
[INFO] running `Command { std: "docker" "create" "-v" "/var/lib/crater-agent-workspace/builds/worker-1-tc1/target:/opt/rustwide/target:rw,Z" "-v" "/var/lib/crater-agent-workspace/builds/worker-1-tc1/source:/opt/rustwide/workdir:ro,Z" "-v" "/var/lib/crater-agent-workspace/cargo-home:/opt/rustwide/cargo-home:ro,Z" "-v" "/var/lib/crater-agent-workspace/rustup-home:/opt/rustwide/rustup-home:ro,Z" "-e" "SOURCE_DIR=/opt/rustwide/workdir" "-e" "CARGO_TARGET_DIR=/opt/rustwide/target" "-e" "CARGO_INCREMENTAL=0" "-e" "RUST_BACKTRACE=full" "-e" "RUSTFLAGS=--cap-lints=warn" "-e" "RUSTDOCFLAGS=--cap-lints=warn" "-e" "CARGO_HOME=/opt/rustwide/cargo-home" "-e" "RUSTUP_HOME=/opt/rustwide/rustup-home" "-w" "/opt/rustwide/workdir" "-m" "1610612736" "--user" "0:0" "--network" "none" "ghcr.io/rust-lang/crates-build-env/linux@sha256:2788e3201cd34a07e3172128adcd8b3090168a8e3bcc40d7c032b9dda1df7d1c" "/opt/rustwide/cargo-home/bin/cargo" "+1.75.0" "test" "--frozen" "--no-run" "--message-format=json", kill_on_drop: false }`
[INFO] [stdout] a27874fdfa214c5290b49f43ae593331ba8d98095d9bbc5276b16394ecfbfd96
[INFO] running `Command { std: "docker" "start" "-a" "a27874fdfa214c5290b49f43ae593331ba8d98095d9bbc5276b16394ecfbfd96", kill_on_drop: false }`
[INFO] [stderr]    Compiling getrandom v0.1.14
[INFO] [stderr]    Compiling autocfg v1.0.0
[INFO] [stderr]    Compiling doc-comment v0.3.3
[INFO] [stderr]    Compiling ppv-lite86 v0.2.8
[INFO] [stderr]    Compiling predicates-core v1.0.0
[INFO] [stderr]    Compiling normalize-line-endings v0.3.0
[INFO] [stderr]    Compiling difference v2.0.0
[INFO] [stderr]    Compiling treeline v0.1.0
[INFO] [stderr]    Compiling wait-timeout v0.2.0
[INFO] [stderr]    Compiling remove_dir_all v0.5.3
[INFO] [stderr]    Compiling predicates-tree v1.0.0
[INFO] [stderr]    Compiling num-traits v0.2.12
[INFO] [stderr]    Compiling rand_core v0.5.1
[INFO] [stderr]    Compiling rand_chacha v0.2.2
[INFO] [stderr]    Compiling rand v0.7.3
[INFO] [stderr]    Compiling float-cmp v0.6.0
[INFO] [stderr]    Compiling predicates v1.0.4
[INFO] [stderr]    Compiling tempfile v3.1.0
[INFO] [stderr]    Compiling assert_cmd v1.0.1
[INFO] [stderr]    Compiling troppydash_grrs v0.1.0 (/opt/rustwide/workdir)
[INFO] [stdout] warning: unused import: `self`
[INFO] [stdout]  --> tests/cli.rs:3:15
[INFO] [stdout]   |
[INFO] [stdout] 3 | use std::io::{self, Write};
[INFO] [stdout]   |               ^^^^
[INFO] [stdout]   |
[INFO] [stdout]   = note: `#[warn(unused_imports)]` on by default
[INFO] [stdout] 
[INFO] [stdout] 
[INFO] [stdout] warning: 1 warning emitted
[INFO] [stdout] 
[INFO] [stdout] 
[INFO] [stderr]     Finished test [unoptimized + debuginfo] target(s) in 1.91s
[INFO] running `Command { std: "docker" "inspect" "a27874fdfa214c5290b49f43ae593331ba8d98095d9bbc5276b16394ecfbfd96", kill_on_drop: false }`
[INFO] running `Command { std: "docker" "rm" "-f" "a27874fdfa214c5290b49f43ae593331ba8d98095d9bbc5276b16394ecfbfd96", kill_on_drop: false }`
[INFO] [stdout] a27874fdfa214c5290b49f43ae593331ba8d98095d9bbc5276b16394ecfbfd96
[INFO] running `Command { std: "docker" "create" "-v" "/var/lib/crater-agent-workspace/builds/worker-1-tc1/target:/opt/rustwide/target:rw,Z" "-v" "/var/lib/crater-agent-workspace/builds/worker-1-tc1/source:/opt/rustwide/workdir:ro,Z" "-v" "/var/lib/crater-agent-workspace/cargo-home:/opt/rustwide/cargo-home:ro,Z" "-v" "/var/lib/crater-agent-workspace/rustup-home:/opt/rustwide/rustup-home:ro,Z" "-e" "SOURCE_DIR=/opt/rustwide/workdir" "-e" "CARGO_TARGET_DIR=/opt/rustwide/target" "-e" "CARGO_INCREMENTAL=0" "-e" "RUST_BACKTRACE=full" "-e" "RUSTFLAGS=--cap-lints=warn" "-e" "RUSTDOCFLAGS=--cap-lints=warn" "-e" "CARGO_HOME=/opt/rustwide/cargo-home" "-e" "RUSTUP_HOME=/opt/rustwide/rustup-home" "-w" "/opt/rustwide/workdir" "-m" "1610612736" "--user" "0:0" "--network" "none" "ghcr.io/rust-lang/crates-build-env/linux@sha256:2788e3201cd34a07e3172128adcd8b3090168a8e3bcc40d7c032b9dda1df7d1c" "/opt/rustwide/cargo-home/bin/cargo" "+1.75.0" "test" "--frozen", kill_on_drop: false }`
[INFO] [stdout] 2f39733ce4a9d035245073f627ad2142920afcef2f769c8ceefe1f4372838b7f
[INFO] running `Command { std: "docker" "start" "-a" "2f39733ce4a9d035245073f627ad2142920afcef2f769c8ceefe1f4372838b7f", kill_on_drop: false }`
[INFO] [stderr] warning: unused import: `self`
[INFO] [stderr]  --> tests/cli.rs:3:15
[INFO] [stderr]   |
[INFO] [stderr] 3 | use std::io::{self, Write};
[INFO] [stderr]   |               ^^^^
[INFO] [stderr]   |
[INFO] [stderr]   = note: `#[warn(unused_imports)]` on by default
[INFO] [stderr] 
[INFO] [stderr] warning: `troppydash_grrs` (test "cli") generated 1 warning (run `cargo fix --test "cli"` to apply 1 suggestion)
[INFO] [stderr]     Finished test [unoptimized + debuginfo] target(s) in 0.04s
[INFO] [stderr]      Running unittests src/lib.rs (/opt/rustwide/target/debug/deps/troppydash_grrs-5cfa4d084d7a4d36)
[INFO] [stdout] 
[INFO] [stdout] running 1 test
[INFO] [stdout] test find_a_match ... ok
[INFO] [stdout] 
[INFO] [stdout] test result: ok. 1 passed; 0 failed; 0 ignored; 0 measured; 0 filtered out; finished in 0.01s
[INFO] [stdout] 
[INFO] [stderr]      Running unittests src/main.rs (/opt/rustwide/target/debug/deps/troppydash_grrs-fb629b1485fb51ff)
[INFO] [stdout] 
[INFO] [stdout] running 0 tests
[INFO] [stdout] 
[INFO] [stdout] test result: ok. 0 passed; 0 failed; 0 ignored; 0 measured; 0 filtered out; finished in 0.00s
[INFO] [stdout] 
[INFO] [stderr]      Running tests/cli.rs (/opt/rustwide/target/debug/deps/cli-6a97caed375b18c7)
[INFO] [stdout] 
[INFO] [stdout] running 2 tests
[INFO] [stdout] test file_doesnt_exit ... FAILED
[INFO] [stdout] test find_content_in_a_file ... FAILED
[INFO] [stdout] 
[INFO] [stdout] failures:
[INFO] [stdout] 
[INFO] [stdout] ---- file_doesnt_exit stdout ----
[INFO] [stdout] Error: CargoError { cause: Some(NotFoundError { path: "/opt/rustwide/target/debug/grrs" }) }
[INFO] [stdout] 
[INFO] [stdout] ---- find_content_in_a_file stdout ----
[INFO] [stdout] Error: CargoError { cause: Some(NotFoundError { path: "/opt/rustwide/target/debug/grrs" }) }
[INFO] [stdout] 
[INFO] [stdout] 
[INFO] [stdout] failures:
[INFO] [stdout]     file_doesnt_exit
[INFO] [stdout]     find_content_in_a_file
[INFO] [stdout] 
[INFO] [stdout] test result: FAILED. 0 passed; 2 failed; 0 ignored; 0 measured; 0 filtered out; finished in 0.00s
[INFO] [stdout] 
[INFO] [stderr] error: test failed, to rerun pass `--test cli`
[INFO] running `Command { std: "docker" "inspect" "2f39733ce4a9d035245073f627ad2142920afcef2f769c8ceefe1f4372838b7f", kill_on_drop: false }`
[INFO] running `Command { std: "docker" "rm" "-f" "2f39733ce4a9d035245073f627ad2142920afcef2f769c8ceefe1f4372838b7f", kill_on_drop: false }`
[INFO] [stdout] 2f39733ce4a9d035245073f627ad2142920afcef2f769c8ceefe1f4372838b7f
