[INFO] fetching crate triton_hydra 0.0.1...
[INFO] testing triton_hydra-0.0.1 against 1.75.0 for beta-1.76-1
[INFO] extracting crate triton_hydra 0.0.1 into /workspace/builds/worker-6-tc1/source
[INFO] validating manifest of crates.io crate triton_hydra 0.0.1 on toolchain 1.75.0
[INFO] running `Command { std: CARGO_HOME="/workspace/cargo-home" RUSTUP_HOME="/workspace/rustup-home" "/workspace/cargo-home/bin/cargo" "+1.75.0" "metadata" "--manifest-path" "Cargo.toml" "--no-deps", kill_on_drop: false }`
[INFO] started tweaking crates.io crate triton_hydra 0.0.1
[INFO] finished tweaking crates.io crate triton_hydra 0.0.1
[INFO] tweaked toml for crates.io crate triton_hydra 0.0.1 written to /workspace/builds/worker-6-tc1/source/Cargo.toml
[INFO] crate crates.io crate triton_hydra 0.0.1 already has a lockfile, it will not be regenerated
[INFO] running `Command { std: CARGO_HOME="/workspace/cargo-home" RUSTUP_HOME="/workspace/rustup-home" "/workspace/cargo-home/bin/cargo" "+1.75.0" "fetch" "--manifest-path" "Cargo.toml", kill_on_drop: false }`
[INFO] running `Command { std: "docker" "create" "-v" "/var/lib/crater-agent-workspace/builds/worker-6-tc1/target:/opt/rustwide/target:rw,Z" "-v" "/var/lib/crater-agent-workspace/builds/worker-6-tc1/source:/opt/rustwide/workdir:ro,Z" "-v" "/var/lib/crater-agent-workspace/cargo-home:/opt/rustwide/cargo-home:ro,Z" "-v" "/var/lib/crater-agent-workspace/rustup-home:/opt/rustwide/rustup-home:ro,Z" "-e" "SOURCE_DIR=/opt/rustwide/workdir" "-e" "CARGO_TARGET_DIR=/opt/rustwide/target" "-e" "CARGO_HOME=/opt/rustwide/cargo-home" "-e" "RUSTUP_HOME=/opt/rustwide/rustup-home" "-w" "/opt/rustwide/workdir" "-m" "1610612736" "--user" "0:0" "--network" "none" "ghcr.io/rust-lang/crates-build-env/linux@sha256:2788e3201cd34a07e3172128adcd8b3090168a8e3bcc40d7c032b9dda1df7d1c" "/opt/rustwide/cargo-home/bin/cargo" "+1.75.0" "metadata" "--no-deps" "--format-version=1", kill_on_drop: false }`
[INFO] [stdout] a114a92783bdfb8e2e1f24f9d421dc6305295f940c560325efe5dd8d42d46f89
[INFO] running `Command { std: "docker" "start" "-a" "a114a92783bdfb8e2e1f24f9d421dc6305295f940c560325efe5dd8d42d46f89", kill_on_drop: false }`
[INFO] running `Command { std: "docker" "inspect" "a114a92783bdfb8e2e1f24f9d421dc6305295f940c560325efe5dd8d42d46f89", kill_on_drop: false }`
[INFO] running `Command { std: "docker" "rm" "-f" "a114a92783bdfb8e2e1f24f9d421dc6305295f940c560325efe5dd8d42d46f89", kill_on_drop: false }`
[INFO] [stdout] a114a92783bdfb8e2e1f24f9d421dc6305295f940c560325efe5dd8d42d46f89
[INFO] running `Command { std: "docker" "create" "-v" "/var/lib/crater-agent-workspace/builds/worker-6-tc1/target:/opt/rustwide/target:rw,Z" "-v" "/var/lib/crater-agent-workspace/builds/worker-6-tc1/source:/opt/rustwide/workdir:ro,Z" "-v" "/var/lib/crater-agent-workspace/cargo-home:/opt/rustwide/cargo-home:ro,Z" "-v" "/var/lib/crater-agent-workspace/rustup-home:/opt/rustwide/rustup-home:ro,Z" "-e" "SOURCE_DIR=/opt/rustwide/workdir" "-e" "CARGO_TARGET_DIR=/opt/rustwide/target" "-e" "CARGO_INCREMENTAL=0" "-e" "RUST_BACKTRACE=full" "-e" "RUSTFLAGS=--cap-lints=warn" "-e" "RUSTDOCFLAGS=--cap-lints=warn" "-e" "CARGO_HOME=/opt/rustwide/cargo-home" "-e" "RUSTUP_HOME=/opt/rustwide/rustup-home" "-w" "/opt/rustwide/workdir" "-m" "1610612736" "--user" "0:0" "--network" "none" "ghcr.io/rust-lang/crates-build-env/linux@sha256:2788e3201cd34a07e3172128adcd8b3090168a8e3bcc40d7c032b9dda1df7d1c" "/opt/rustwide/cargo-home/bin/cargo" "+1.75.0" "build" "--frozen" "--message-format=json", kill_on_drop: false }`
[INFO] [stdout] ce7b7e3571321c91bdf0ad0bb6f7cb97f8e67578ee702f395553c1391dbd3afe
[INFO] running `Command { std: "docker" "start" "-a" "ce7b7e3571321c91bdf0ad0bb6f7cb97f8e67578ee702f395553c1391dbd3afe", kill_on_drop: false }`
[INFO] [stderr]    Compiling libc v0.2.149
[INFO] [stderr]    Compiling num-traits v0.2.17
[INFO] [stderr]    Compiling proc-macro2 v1.0.69
[INFO] [stderr]    Compiling memoffset v0.9.0
[INFO] [stderr]    Compiling crossbeam-utils v0.8.16
[INFO] [stderr]    Compiling crossbeam-epoch v0.9.15
[INFO] [stderr]    Compiling matrixmultiply v0.3.8
[INFO] [stderr]    Compiling num-integer v0.1.45
[INFO] [stderr]    Compiling scopeguard v1.2.0
[INFO] [stderr]    Compiling serde v1.0.189
[INFO] [stderr]    Compiling rawpointer v0.2.1
[INFO] [stderr]    Compiling rayon-core v1.12.0
[INFO] [stderr]    Compiling serde_json v1.0.107
[INFO] [stderr]    Compiling either v1.9.0
[INFO] [stderr]    Compiling itoa v1.0.9
[INFO] [stderr]    Compiling ryu v1.0.15
[INFO] [stderr]    Compiling quote v1.0.33
[INFO] [stderr]    Compiling crossbeam-deque v0.8.3
[INFO] [stderr]    Compiling getrandom v0.2.10
[INFO] [stderr]    Compiling syn v2.0.38
[INFO] [stderr]    Compiling rand_core v0.6.4
[INFO] [stderr]    Compiling rand_chacha v0.3.1
[INFO] [stderr]    Compiling num-complex v0.4.4
[INFO] [stderr]    Compiling rand v0.8.5
[INFO] [stderr]    Compiling rayon v1.8.0
[INFO] [stderr]    Compiling ndarray v0.15.6
[INFO] [stderr]    Compiling rand_distr v0.4.3
[INFO] [stderr]    Compiling serde_derive v1.0.189
[INFO] [stderr]    Compiling ndarray-rand v0.14.0
[INFO] [stderr]    Compiling triton_hydra v0.0.1 (/opt/rustwide/workdir)
[INFO] [stdout] warning: unused import: `rayon::prelude`
[INFO] [stdout]  --> src/network/matrix.rs:5:5
[INFO] [stdout]   |
[INFO] [stdout] 5 | use rayon::prelude::*;
[INFO] [stdout]   |     ^^^^^^^^^^^^^^
[INFO] [stdout]   |
[INFO] [stdout]   = note: `#[warn(unused_imports)]` on by default
[INFO] [stdout] 
[INFO] [stdout] 
[INFO] [stdout] warning: unused import: `rayon::prelude`
[INFO] [stdout]  --> src/network/matrix_flat.rs:6:5
[INFO] [stdout]   |
[INFO] [stdout] 6 | use rayon::prelude::*;
[INFO] [stdout]   |     ^^^^^^^^^^^^^^
[INFO] [stdout] 
[INFO] [stdout] 
[INFO] [stdout] warning: unused variable: `i`
[INFO] [stdout]    --> src/network/network.rs:382:13
[INFO] [stdout]     |
[INFO] [stdout] 382 |         for i in 1..=epochs{
[INFO] [stdout]     |             ^ help: if this is intentional, prefix it with an underscore: `_i`
[INFO] [stdout]     |
[INFO] [stdout]     = note: `#[warn(unused_variables)]` on by default
[INFO] [stdout] 
[INFO] [stdout] 
[INFO] [stdout] warning: unused variable: `i`
[INFO] [stdout]    --> src/network/network.rs:390:13
[INFO] [stdout]     |
[INFO] [stdout] 390 |         for i in 1..=epochs{
[INFO] [stdout]     |             ^ help: if this is intentional, prefix it with an underscore: `_i`
[INFO] [stdout] 
[INFO] [stdout] 
[INFO] [stdout] warning: method `to_cmatrix` is never used
[INFO] [stdout]   --> src/network/matrix_flat.rs:73:8
[INFO] [stdout]    |
[INFO] [stdout] 72 | impl Matrix{
[INFO] [stdout]    | ----------- method in this implementation
[INFO] [stdout] 73 |     fn to_cmatrix(&self) -> CMatrix {
[INFO] [stdout]    |        ^^^^^^^^^^
[INFO] [stdout]    |
[INFO] [stdout]    = note: `#[warn(dead_code)]` on by default
[INFO] [stdout] 
[INFO] [stdout] 
[INFO] [stdout] warning: 5 warnings emitted
[INFO] [stdout] 
[INFO] [stdout] 
[INFO] [stderr]     Finished dev [unoptimized + debuginfo] target(s) in 9.88s
[INFO] running `Command { std: "docker" "inspect" "ce7b7e3571321c91bdf0ad0bb6f7cb97f8e67578ee702f395553c1391dbd3afe", kill_on_drop: false }`
[INFO] running `Command { std: "docker" "rm" "-f" "ce7b7e3571321c91bdf0ad0bb6f7cb97f8e67578ee702f395553c1391dbd3afe", kill_on_drop: false }`
[INFO] [stdout] ce7b7e3571321c91bdf0ad0bb6f7cb97f8e67578ee702f395553c1391dbd3afe
[INFO] running `Command { std: "docker" "create" "-v" "/var/lib/crater-agent-workspace/builds/worker-6-tc1/target:/opt/rustwide/target:rw,Z" "-v" "/var/lib/crater-agent-workspace/builds/worker-6-tc1/source:/opt/rustwide/workdir:ro,Z" "-v" "/var/lib/crater-agent-workspace/cargo-home:/opt/rustwide/cargo-home:ro,Z" "-v" "/var/lib/crater-agent-workspace/rustup-home:/opt/rustwide/rustup-home:ro,Z" "-e" "SOURCE_DIR=/opt/rustwide/workdir" "-e" "CARGO_TARGET_DIR=/opt/rustwide/target" "-e" "CARGO_INCREMENTAL=0" "-e" "RUST_BACKTRACE=full" "-e" "RUSTFLAGS=--cap-lints=warn" "-e" "RUSTDOCFLAGS=--cap-lints=warn" "-e" "CARGO_HOME=/opt/rustwide/cargo-home" "-e" "RUSTUP_HOME=/opt/rustwide/rustup-home" "-w" "/opt/rustwide/workdir" "-m" "1610612736" "--user" "0:0" "--network" "none" "ghcr.io/rust-lang/crates-build-env/linux@sha256:2788e3201cd34a07e3172128adcd8b3090168a8e3bcc40d7c032b9dda1df7d1c" "/opt/rustwide/cargo-home/bin/cargo" "+1.75.0" "test" "--frozen" "--no-run" "--message-format=json", kill_on_drop: false }`
[INFO] [stdout] f45baa477893f4b514f78bdd364cb1ebd6a41c34f8ad10d4840eab2413357183
[INFO] running `Command { std: "docker" "start" "-a" "f45baa477893f4b514f78bdd364cb1ebd6a41c34f8ad10d4840eab2413357183", kill_on_drop: false }`
[INFO] [stdout] warning: unused import: `rayon::prelude`
[INFO] [stdout]  --> src/network/matrix.rs:5:5
[INFO] [stdout]   |
[INFO] [stdout] 5 | use rayon::prelude::*;
[INFO] [stdout]   |     ^^^^^^^^^^^^^^
[INFO] [stdout]   |
[INFO] [stdout]   = note: `#[warn(unused_imports)]` on by default
[INFO] [stdout] 
[INFO] [stdout] 
[INFO] [stdout] warning: unused import: `rayon::prelude`
[INFO] [stdout]  --> src/network/matrix_flat.rs:6:5
[INFO] [stdout]   |
[INFO] [stdout] 6 | use rayon::prelude::*;
[INFO] [stdout]   |     ^^^^^^^^^^^^^^
[INFO] [stdout] 
[INFO] [stdout] 
[INFO] [stdout] warning: unused variable: `i`
[INFO] [stdout]    --> src/network/network.rs:382:13
[INFO] [stdout]     |
[INFO] [stdout] 382 |         for i in 1..=epochs{
[INFO] [stdout]     |             ^ help: if this is intentional, prefix it with an underscore: `_i`
[INFO] [stdout]     |
[INFO] [stdout]     = note: `#[warn(unused_variables)]` on by default
[INFO] [stdout] 
[INFO] [stdout] 
[INFO] [stdout] warning: unused variable: `i`
[INFO] [stdout]    --> src/network/network.rs:390:13
[INFO] [stdout]     |
[INFO] [stdout] 390 |         for i in 1..=epochs{
[INFO] [stdout]     |             ^ help: if this is intentional, prefix it with an underscore: `_i`
[INFO] [stdout] 
[INFO] [stdout] 
[INFO] [stderr]    Compiling triton_hydra v0.0.1 (/opt/rustwide/workdir)
[INFO] [stdout] warning: method `to_cmatrix` is never used
[INFO] [stdout]   --> src/network/matrix_flat.rs:73:8
[INFO] [stdout]    |
[INFO] [stdout] 72 | impl Matrix{
[INFO] [stdout]    | ----------- method in this implementation
[INFO] [stdout] 73 |     fn to_cmatrix(&self) -> CMatrix {
[INFO] [stdout]    |        ^^^^^^^^^^
[INFO] [stdout]    |
[INFO] [stdout]    = note: `#[warn(dead_code)]` on by default
[INFO] [stdout] 
[INFO] [stdout] 
[INFO] [stdout] warning: 5 warnings emitted
[INFO] [stdout] 
[INFO] [stdout] 
[INFO] [stdout] warning: unused import: `rayon::prelude`
[INFO] [stdout]  --> src/network/matrix.rs:5:5
[INFO] [stdout]   |
[INFO] [stdout] 5 | use rayon::prelude::*;
[INFO] [stdout]   |     ^^^^^^^^^^^^^^
[INFO] [stdout]   |
[INFO] [stdout]   = note: `#[warn(unused_imports)]` on by default
[INFO] [stdout] 
[INFO] [stdout] 
[INFO] [stdout] warning: unused import: `rayon::prelude`
[INFO] [stdout]  --> src/network/matrix_flat.rs:6:5
[INFO] [stdout]   |
[INFO] [stdout] 6 | use rayon::prelude::*;
[INFO] [stdout]   |     ^^^^^^^^^^^^^^
[INFO] [stdout] 
[INFO] [stdout] 
[INFO] [stdout] warning: unused variable: `i`
[INFO] [stdout]    --> src/network/network.rs:382:13
[INFO] [stdout]     |
[INFO] [stdout] 382 |         for i in 1..=epochs{
[INFO] [stdout]     |             ^ help: if this is intentional, prefix it with an underscore: `_i`
[INFO] [stdout]     |
[INFO] [stdout]     = note: `#[warn(unused_variables)]` on by default
[INFO] [stdout] 
[INFO] [stdout] 
[INFO] [stdout] warning: unused variable: `i`
[INFO] [stdout]    --> src/network/network.rs:390:13
[INFO] [stdout]     |
[INFO] [stdout] 390 |         for i in 1..=epochs{
[INFO] [stdout]     |             ^ help: if this is intentional, prefix it with an underscore: `_i`
[INFO] [stdout] 
[INFO] [stdout] 
[INFO] [stdout] warning: method `to_cmatrix` is never used
[INFO] [stdout]   --> src/network/matrix_flat.rs:73:8
[INFO] [stdout]    |
[INFO] [stdout] 72 | impl Matrix{
[INFO] [stdout]    | ----------- method in this implementation
[INFO] [stdout] 73 |     fn to_cmatrix(&self) -> CMatrix {
[INFO] [stdout]    |        ^^^^^^^^^^
[INFO] [stdout]    |
[INFO] [stdout]    = note: `#[warn(dead_code)]` on by default
[INFO] [stdout] 
[INFO] [stdout] 
[INFO] [stdout] warning: 5 warnings emitted
[INFO] [stdout] 
[INFO] [stdout] 
[INFO] [stderr]     Finished test [unoptimized + debuginfo] target(s) in 0.41s
[INFO] running `Command { std: "docker" "inspect" "f45baa477893f4b514f78bdd364cb1ebd6a41c34f8ad10d4840eab2413357183", kill_on_drop: false }`
[INFO] running `Command { std: "docker" "rm" "-f" "f45baa477893f4b514f78bdd364cb1ebd6a41c34f8ad10d4840eab2413357183", kill_on_drop: false }`
[INFO] [stdout] f45baa477893f4b514f78bdd364cb1ebd6a41c34f8ad10d4840eab2413357183
[INFO] running `Command { std: "docker" "create" "-v" "/var/lib/crater-agent-workspace/builds/worker-6-tc1/target:/opt/rustwide/target:rw,Z" "-v" "/var/lib/crater-agent-workspace/builds/worker-6-tc1/source:/opt/rustwide/workdir:ro,Z" "-v" "/var/lib/crater-agent-workspace/cargo-home:/opt/rustwide/cargo-home:ro,Z" "-v" "/var/lib/crater-agent-workspace/rustup-home:/opt/rustwide/rustup-home:ro,Z" "-e" "SOURCE_DIR=/opt/rustwide/workdir" "-e" "CARGO_TARGET_DIR=/opt/rustwide/target" "-e" "CARGO_INCREMENTAL=0" "-e" "RUST_BACKTRACE=full" "-e" "RUSTFLAGS=--cap-lints=warn" "-e" "RUSTDOCFLAGS=--cap-lints=warn" "-e" "CARGO_HOME=/opt/rustwide/cargo-home" "-e" "RUSTUP_HOME=/opt/rustwide/rustup-home" "-w" "/opt/rustwide/workdir" "-m" "1610612736" "--user" "0:0" "--network" "none" "ghcr.io/rust-lang/crates-build-env/linux@sha256:2788e3201cd34a07e3172128adcd8b3090168a8e3bcc40d7c032b9dda1df7d1c" "/opt/rustwide/cargo-home/bin/cargo" "+1.75.0" "test" "--frozen", kill_on_drop: false }`
[INFO] [stdout] e2bc513d206df7cd25d8b44e67c083cf61c17810f4e2e7c72157c16a46d2e8bc
[INFO] running `Command { std: "docker" "start" "-a" "e2bc513d206df7cd25d8b44e67c083cf61c17810f4e2e7c72157c16a46d2e8bc", kill_on_drop: false }`
[INFO] [stderr] warning: unused import: `rayon::prelude`
[INFO] [stderr]  --> src/network/matrix.rs:5:5
[INFO] [stderr]   |
[INFO] [stderr] 5 | use rayon::prelude::*;
[INFO] [stderr]   |     ^^^^^^^^^^^^^^
[INFO] [stderr]   |
[INFO] [stderr]   = note: `#[warn(unused_imports)]` on by default
[INFO] [stderr] 
[INFO] [stderr] warning: unused import: `rayon::prelude`
[INFO] [stderr]  --> src/network/matrix_flat.rs:6:5
[INFO] [stderr]   |
[INFO] [stderr] 6 | use rayon::prelude::*;
[INFO] [stderr]   |     ^^^^^^^^^^^^^^
[INFO] [stderr] 
[INFO] [stderr] warning: unused variable: `i`
[INFO] [stderr]    --> src/network/network.rs:382:13
[INFO] [stderr]     |
[INFO] [stderr] 382 |         for i in 1..=epochs{
[INFO] [stderr]     |             ^ help: if this is intentional, prefix it with an underscore: `_i`
[INFO] [stderr]     |
[INFO] [stderr]     = note: `#[warn(unused_variables)]` on by default
[INFO] [stderr] 
[INFO] [stderr] warning: unused variable: `i`
[INFO] [stderr]    --> src/network/network.rs:390:13
[INFO] [stderr]     |
[INFO] [stderr] 390 |         for i in 1..=epochs{
[INFO] [stderr]     |             ^ help: if this is intentional, prefix it with an underscore: `_i`
[INFO] [stderr] 
[INFO] [stderr] warning: method `to_cmatrix` is never used
[INFO] [stderr]   --> src/network/matrix_flat.rs:73:8
[INFO] [stderr]    |
[INFO] [stderr] 72 | impl Matrix{
[INFO] [stderr]    | ----------- method in this implementation
[INFO] [stderr] 73 |     fn to_cmatrix(&self) -> CMatrix {
[INFO] [stderr]    |        ^^^^^^^^^^
[INFO] [stderr]    |
[INFO] [stderr]    = note: `#[warn(dead_code)]` on by default
[INFO] [stderr] 
[INFO] [stderr] warning: `triton_hydra` (lib) generated 5 warnings (run `cargo fix --lib -p triton_hydra` to apply 2 suggestions)
[INFO] [stderr] warning: `triton_hydra` (lib test) generated 5 warnings (5 duplicates)
[INFO] [stderr]     Finished test [unoptimized + debuginfo] target(s) in 0.02s
[INFO] [stderr]      Running unittests src/lib.rs (/opt/rustwide/target/debug/deps/triton_hydra-609a0d6c19ce7dfb)
[INFO] [stdout] 
[INFO] [stdout] running 0 tests
[INFO] [stdout] 
[INFO] [stdout] test result: ok. 0 passed; 0 failed; 0 ignored; 0 measured; 0 filtered out; finished in 0.00s
[INFO] [stdout] 
[INFO] [stderr]      Running unittests src/main.rs (/opt/rustwide/target/debug/deps/triton_hydra-061093658c4e38aa)
[INFO] [stdout] 
[INFO] [stdout] running 0 tests
[INFO] [stdout] 
[INFO] [stdout] test result: ok. 0 passed; 0 failed; 0 ignored; 0 measured; 0 filtered out; finished in 0.00s
[INFO] [stdout] 
[INFO] [stderr]    Doc-tests triton_hydra
[INFO] [stdout] 
[INFO] [stdout] running 3 tests
[INFO] [stdout] test src/network/network.rs - network::network::Network::new (line 31) ... FAILED
[INFO] [stdout] test src/network/network.rs - network::network::Network::from (line 72) ... FAILED
[INFO] [stdout] test src/network/network.rs - network::network::Network::train_to_loss (line 435) ... FAILED
[INFO] [stdout] 
[INFO] [stdout] failures:
[INFO] [stdout] 
[INFO] [stdout] ---- src/network/network.rs - network::network::Network::new (line 31) stdout ----
[INFO] [stdout] error[E0433]: failed to resolve: use of undeclared type `Network`
[INFO] [stdout]  --> src/network/network.rs:32:19
[INFO] [stdout]   |
[INFO] [stdout] 3 | let mut new_net = Network::new(vec![2,4,8,14,1], Activation::SIGMOID, 0.1);
[INFO] [stdout]   |                   ^^^^^^^ use of undeclared type `Network`
[INFO] [stdout]   |
[INFO] [stdout] help: consider importing this struct
[INFO] [stdout]   |
[INFO] [stdout] 2 + use triton_hydra::network::network::Network;
[INFO] [stdout]   |
[INFO] [stdout] 
[INFO] [stdout] error[E0433]: failed to resolve: use of undeclared type `Activation`
[INFO] [stdout]  --> src/network/network.rs:32:50
[INFO] [stdout]   |
[INFO] [stdout] 3 | let mut new_net = Network::new(vec![2,4,8,14,1], Activation::SIGMOID, 0.1);
[INFO] [stdout]   |                                                  ^^^^^^^^^^ use of undeclared type `Activation`
[INFO] [stdout]   |
[INFO] [stdout] help: consider importing this struct
[INFO] [stdout]   |
[INFO] [stdout] 2 + use triton_hydra::network::activations::Activation;
[INFO] [stdout]   |
[INFO] [stdout] 
[INFO] [stdout] error: aborting due to 2 previous errors
[INFO] [stdout] 
[INFO] [stdout] For more information about this error, try `rustc --explain E0433`.
[INFO] [stdout] Couldn't compile the test.
[INFO] [stdout] ---- src/network/network.rs - network::network::Network::from (line 72) stdout ----
[INFO] [stdout] error[E0433]: failed to resolve: use of undeclared type `Network`
[INFO] [stdout]  --> src/network/network.rs:73:19
[INFO] [stdout]   |
[INFO] [stdout] 3 | let mut new_net = Network::new(vec![2,4,8,14,1], activation::SIGMOID, 0.1);
[INFO] [stdout]   |                   ^^^^^^^ use of undeclared type `Network`
[INFO] [stdout]   |
[INFO] [stdout] help: consider importing this struct
[INFO] [stdout]   |
[INFO] [stdout] 2 + use triton_hydra::network::network::Network;
[INFO] [stdout]   |
[INFO] [stdout] 
[INFO] [stdout] error[E0433]: failed to resolve: use of undeclared type `Network`
[INFO] [stdout]  --> src/network/network.rs:74:21
[INFO] [stdout]   |
[INFO] [stdout] 4 | let mut newer_net = Network::from(&new_net, 2, 10);
[INFO] [stdout]   |                     ^^^^^^^ use of undeclared type `Network`
[INFO] [stdout]   |
[INFO] [stdout] help: consider importing this struct
[INFO] [stdout]   |
[INFO] [stdout] 2 + use triton_hydra::network::network::Network;
[INFO] [stdout]   |
[INFO] [stdout] 
[INFO] [stdout] error[E0433]: failed to resolve: use of undeclared crate or module `activation`
[INFO] [stdout]  --> src/network/network.rs:73:50
[INFO] [stdout]   |
[INFO] [stdout] 3 | let mut new_net = Network::new(vec![2,4,8,14,1], activation::SIGMOID, 0.1);
[INFO] [stdout]   |                                                  ^^^^^^^^^^ use of undeclared crate or module `activation`
[INFO] [stdout] 
[INFO] [stdout] error: aborting due to 3 previous errors
[INFO] [stdout] 
[INFO] [stdout] For more information about this error, try `rustc --explain E0433`.
[INFO] [stdout] Couldn't compile the test.
[INFO] [stdout] ---- src/network/network.rs - network::network::Network::train_to_loss (line 435) stdout ----
[INFO] [stdout] error[E0412]: cannot find type `Network` in this scope
[INFO] [stdout]  --> src/network/network.rs:439:22
[INFO] [stdout]   |
[INFO] [stdout] 5 |     let mut new_net: Network = Network::new(vec![2,3,1], Activations::SIGMOID, 0.1);
[INFO] [stdout]   |                      ^^^^^^^ not found in this scope
[INFO] [stdout]   |
[INFO] [stdout] help: consider importing this struct
[INFO] [stdout]   |
[INFO] [stdout] 2 + use triton_hydra::network::network::Network;
[INFO] [stdout]   |
[INFO] [stdout] 
[INFO] [stdout] error[E0433]: failed to resolve: use of undeclared type `Network`
[INFO] [stdout]  --> src/network/network.rs:439:32
[INFO] [stdout]   |
[INFO] [stdout] 5 |     let mut new_net: Network = Network::new(vec![2,3,1], Activations::SIGMOID, 0.1);
[INFO] [stdout]   |                                ^^^^^^^ use of undeclared type `Network`
[INFO] [stdout]   |
[INFO] [stdout] help: consider importing this struct
[INFO] [stdout]   |
[INFO] [stdout] 2 + use triton_hydra::network::network::Network;
[INFO] [stdout]   |
[INFO] [stdout] 
[INFO] [stdout] error[E0433]: failed to resolve: use of undeclared type `Activations`
[INFO] [stdout]  --> src/network/network.rs:439:58
[INFO] [stdout]   |
[INFO] [stdout] 5 |     let mut new_net: Network = Network::new(vec![2,3,1], Activations::SIGMOID, 0.1);
[INFO] [stdout]   |                                                          ^^^^^^^^^^^ use of undeclared type `Activations`
[INFO] [stdout]   |
[INFO] [stdout] help: consider importing this enum
[INFO] [stdout]   |
[INFO] [stdout] 2 + use triton_hydra::network::activations::Activations;
[INFO] [stdout]   |
[INFO] [stdout] 
[INFO] [stdout] error[E0412]: cannot find type `Network` in this scope
[INFO] [stdout]  --> src/network/network.rs:440:22
[INFO] [stdout]   |
[INFO] [stdout] 6 |     let mut new_net: Network = Network::load("/root/source/rust/triton/save/net.json");
[INFO] [stdout]   |                      ^^^^^^^ not found in this scope
[INFO] [stdout]   |
[INFO] [stdout] help: consider importing this struct
[INFO] [stdout]   |
[INFO] [stdout] 2 + use triton_hydra::network::network::Network;
[INFO] [stdout]   |
[INFO] [stdout] 
[INFO] [stdout] error[E0433]: failed to resolve: use of undeclared type `Network`
[INFO] [stdout]  --> src/network/network.rs:440:32
[INFO] [stdout]   |
[INFO] [stdout] 6 |     let mut new_net: Network = Network::load("/root/source/rust/triton/save/net.json");
[INFO] [stdout]   |                                ^^^^^^^ use of undeclared type `Network`
[INFO] [stdout]   |
[INFO] [stdout] help: consider importing this struct
[INFO] [stdout]   |
[INFO] [stdout] 2 + use triton_hydra::network::network::Network;
[INFO] [stdout]   |
[INFO] [stdout] 
[INFO] [stdout] error[E0433]: failed to resolve: use of undeclared type `Mode`
[INFO] [stdout]  --> src/network/network.rs:441:70
[INFO] [stdout]   |
[INFO] [stdout] 7 |     new_net = new_net.train_to_loss(inputs, outputs, 0.00005, 50000, Mode::Avg, 0.1, 0.0001, 3, 10);
[INFO] [stdout]   |                                                                      ^^^^ use of undeclared type `Mode`
[INFO] [stdout]   |
[INFO] [stdout] help: consider importing this enum
[INFO] [stdout]   |
[INFO] [stdout] 2 + use triton_hydra::network::modes::Mode;
[INFO] [stdout]   |
[INFO] [stdout] 
[INFO] [stdout] error: aborting due to 6 previous errors
[INFO] [stdout] 
[INFO] [stdout] Some errors have detailed explanations: E0412, E0433.
[INFO] [stdout] For more information about an error, try `rustc --explain E0412`.
[INFO] [stdout] Couldn't compile the test.
[INFO] [stdout] 
[INFO] [stdout] failures:
[INFO] [stdout]     src/network/network.rs - network::network::Network::from (line 72)
[INFO] [stdout]     src/network/network.rs - network::network::Network::new (line 31)
[INFO] [stdout]     src/network/network.rs - network::network::Network::train_to_loss (line 435)
[INFO] [stdout] 
[INFO] [stdout] test result: FAILED. 0 passed; 3 failed; 0 ignored; 0 measured; 0 filtered out; finished in 0.05s
[INFO] [stdout] 
[INFO] [stderr] error: doctest failed, to rerun pass `--doc`
[INFO] running `Command { std: "docker" "inspect" "e2bc513d206df7cd25d8b44e67c083cf61c17810f4e2e7c72157c16a46d2e8bc", kill_on_drop: false }`
[INFO] running `Command { std: "docker" "rm" "-f" "e2bc513d206df7cd25d8b44e67c083cf61c17810f4e2e7c72157c16a46d2e8bc", kill_on_drop: false }`
[INFO] [stdout] e2bc513d206df7cd25d8b44e67c083cf61c17810f4e2e7c72157c16a46d2e8bc
[INFO] testing triton_hydra-0.0.1 against beta-2023-12-22 for beta-1.76-1
[INFO] extracting crate triton_hydra 0.0.1 into /workspace/builds/worker-6-tc2/source
[INFO] validating manifest of crates.io crate triton_hydra 0.0.1 on toolchain beta-2023-12-22
[INFO] running `Command { std: CARGO_HOME="/workspace/cargo-home" RUSTUP_HOME="/workspace/rustup-home" "/workspace/cargo-home/bin/cargo" "+beta-2023-12-22" "metadata" "--manifest-path" "Cargo.toml" "--no-deps", kill_on_drop: false }`
[INFO] started tweaking crates.io crate triton_hydra 0.0.1
[INFO] finished tweaking crates.io crate triton_hydra 0.0.1
[INFO] tweaked toml for crates.io crate triton_hydra 0.0.1 written to /workspace/builds/worker-6-tc2/source/Cargo.toml
[INFO] crate crates.io crate triton_hydra 0.0.1 already has a lockfile, it will not be regenerated
[INFO] running `Command { std: CARGO_HOME="/workspace/cargo-home" RUSTUP_HOME="/workspace/rustup-home" "/workspace/cargo-home/bin/cargo" "+beta-2023-12-22" "fetch" "--manifest-path" "Cargo.toml", kill_on_drop: false }`
[INFO] running `Command { std: "docker" "create" "-v" "/var/lib/crater-agent-workspace/builds/worker-6-tc2/target:/opt/rustwide/target:rw,Z" "-v" "/var/lib/crater-agent-workspace/builds/worker-6-tc2/source:/opt/rustwide/workdir:ro,Z" "-v" "/var/lib/crater-agent-workspace/cargo-home:/opt/rustwide/cargo-home:ro,Z" "-v" "/var/lib/crater-agent-workspace/rustup-home:/opt/rustwide/rustup-home:ro,Z" "-e" "SOURCE_DIR=/opt/rustwide/workdir" "-e" "CARGO_TARGET_DIR=/opt/rustwide/target" "-e" "CARGO_HOME=/opt/rustwide/cargo-home" "-e" "RUSTUP_HOME=/opt/rustwide/rustup-home" "-w" "/opt/rustwide/workdir" "-m" "1610612736" "--user" "0:0" "--network" "none" "ghcr.io/rust-lang/crates-build-env/linux@sha256:2788e3201cd34a07e3172128adcd8b3090168a8e3bcc40d7c032b9dda1df7d1c" "/opt/rustwide/cargo-home/bin/cargo" "+beta-2023-12-22" "metadata" "--no-deps" "--format-version=1", kill_on_drop: false }`
[INFO] [stdout] a05e070a56502c7ee107b68bb79950b0b648a60c5104446507b2e7254b18be48
[INFO] running `Command { std: "docker" "start" "-a" "a05e070a56502c7ee107b68bb79950b0b648a60c5104446507b2e7254b18be48", kill_on_drop: false }`
[INFO] running `Command { std: "docker" "inspect" "a05e070a56502c7ee107b68bb79950b0b648a60c5104446507b2e7254b18be48", kill_on_drop: false }`
[INFO] running `Command { std: "docker" "rm" "-f" "a05e070a56502c7ee107b68bb79950b0b648a60c5104446507b2e7254b18be48", kill_on_drop: false }`
[INFO] [stdout] a05e070a56502c7ee107b68bb79950b0b648a60c5104446507b2e7254b18be48
[INFO] running `Command { std: "docker" "create" "-v" "/var/lib/crater-agent-workspace/builds/worker-6-tc2/target:/opt/rustwide/target:rw,Z" "-v" "/var/lib/crater-agent-workspace/builds/worker-6-tc2/source:/opt/rustwide/workdir:ro,Z" "-v" "/var/lib/crater-agent-workspace/cargo-home:/opt/rustwide/cargo-home:ro,Z" "-v" "/var/lib/crater-agent-workspace/rustup-home:/opt/rustwide/rustup-home:ro,Z" "-e" "SOURCE_DIR=/opt/rustwide/workdir" "-e" "CARGO_TARGET_DIR=/opt/rustwide/target" "-e" "CARGO_INCREMENTAL=0" "-e" "RUST_BACKTRACE=full" "-e" "RUSTFLAGS=--cap-lints=warn" "-e" "RUSTDOCFLAGS=--cap-lints=warn" "-e" "CARGO_HOME=/opt/rustwide/cargo-home" "-e" "RUSTUP_HOME=/opt/rustwide/rustup-home" "-w" "/opt/rustwide/workdir" "-m" "1610612736" "--user" "0:0" "--network" "none" "ghcr.io/rust-lang/crates-build-env/linux@sha256:2788e3201cd34a07e3172128adcd8b3090168a8e3bcc40d7c032b9dda1df7d1c" "/opt/rustwide/cargo-home/bin/cargo" "+beta-2023-12-22" "build" "--frozen" "--message-format=json", kill_on_drop: false }`
[INFO] [stdout] 851d4042959f7cd1f90dec2ba351c57fe919f7fda3e8bd7be015d0e8a5daf9ef
[INFO] running `Command { std: "docker" "start" "-a" "851d4042959f7cd1f90dec2ba351c57fe919f7fda3e8bd7be015d0e8a5daf9ef", kill_on_drop: false }`
[INFO] [stderr]    Compiling libc v0.2.149
[INFO] [stderr]    Compiling num-traits v0.2.17
[INFO] [stderr]    Compiling proc-macro2 v1.0.69
[INFO] [stderr]    Compiling memoffset v0.9.0
[INFO] [stderr]    Compiling crossbeam-utils v0.8.16
[INFO] [stderr]    Compiling crossbeam-epoch v0.9.15
[INFO] [stderr]    Compiling matrixmultiply v0.3.8
[INFO] [stderr]    Compiling num-integer v0.1.45
[INFO] [stderr]    Compiling scopeguard v1.2.0
[INFO] [stderr]    Compiling rayon-core v1.12.0
[INFO] [stderr]    Compiling serde v1.0.189
[INFO] [stderr]    Compiling rawpointer v0.2.1
[INFO] [stderr]    Compiling serde_json v1.0.107
[INFO] [stderr]    Compiling ryu v1.0.15
[INFO] [stderr]    Compiling either v1.9.0
[INFO] [stderr]    Compiling itoa v1.0.9
[INFO] [stderr]    Compiling quote v1.0.33
[INFO] [stderr]    Compiling crossbeam-deque v0.8.3
[INFO] [stderr]    Compiling syn v2.0.38
[INFO] [stderr]    Compiling getrandom v0.2.10
[INFO] [stderr]    Compiling rand_core v0.6.4
[INFO] [stderr]    Compiling rand_chacha v0.3.1
[INFO] [stderr]    Compiling rayon v1.8.0
[INFO] [stderr]    Compiling rand v0.8.5
[INFO] [stderr]    Compiling num-complex v0.4.4
[INFO] [stderr]    Compiling ndarray v0.15.6
[INFO] [stderr]    Compiling rand_distr v0.4.3
[INFO] [stderr]    Compiling serde_derive v1.0.189
[INFO] [stderr]    Compiling ndarray-rand v0.14.0
[INFO] [stderr]    Compiling triton_hydra v0.0.1 (/opt/rustwide/workdir)
[INFO] [stdout] warning: unused import: `rayon::prelude`
[INFO] [stdout]  --> src/network/matrix.rs:5:5
[INFO] [stdout]   |
[INFO] [stdout] 5 | use rayon::prelude::*;
[INFO] [stdout]   |     ^^^^^^^^^^^^^^
[INFO] [stdout]   |
[INFO] [stdout]   = note: `#[warn(unused_imports)]` on by default
[INFO] [stdout] 
[INFO] [stdout] 
[INFO] [stdout] warning: unused import: `rayon::prelude`
[INFO] [stdout]  --> src/network/matrix_flat.rs:6:5
[INFO] [stdout]   |
[INFO] [stdout] 6 | use rayon::prelude::*;
[INFO] [stdout]   |     ^^^^^^^^^^^^^^
[INFO] [stdout] 
[INFO] [stdout] 
[INFO] [stdout] warning: unused variable: `i`
[INFO] [stdout]    --> src/network/network.rs:382:13
[INFO] [stdout]     |
[INFO] [stdout] 382 |         for i in 1..=epochs{
[INFO] [stdout]     |             ^ help: if this is intentional, prefix it with an underscore: `_i`
[INFO] [stdout]     |
[INFO] [stdout]     = note: `#[warn(unused_variables)]` on by default
[INFO] [stdout] 
[INFO] [stdout] 
[INFO] [stdout] warning: unused variable: `i`
[INFO] [stdout]    --> src/network/network.rs:390:13
[INFO] [stdout]     |
[INFO] [stdout] 390 |         for i in 1..=epochs{
[INFO] [stdout]     |             ^ help: if this is intentional, prefix it with an underscore: `_i`
[INFO] [stdout] 
[INFO] [stdout] 
[INFO] [stdout] warning: method `to_cmatrix` is never used
[INFO] [stdout]   --> src/network/matrix_flat.rs:73:8
[INFO] [stdout]    |
[INFO] [stdout] 72 | impl Matrix{
[INFO] [stdout]    | ----------- method in this implementation
[INFO] [stdout] 73 |     fn to_cmatrix(&self) -> CMatrix {
[INFO] [stdout]    |        ^^^^^^^^^^
[INFO] [stdout]    |
[INFO] [stdout]    = note: `#[warn(dead_code)]` on by default
[INFO] [stdout] 
[INFO] [stdout] 
[INFO] [stdout] warning: 5 warnings emitted
[INFO] [stdout] 
[INFO] [stdout] 
[INFO] [stderr]     Finished dev [unoptimized + debuginfo] target(s) in 8.00s
[INFO] running `Command { std: "docker" "inspect" "851d4042959f7cd1f90dec2ba351c57fe919f7fda3e8bd7be015d0e8a5daf9ef", kill_on_drop: false }`
[INFO] running `Command { std: "docker" "rm" "-f" "851d4042959f7cd1f90dec2ba351c57fe919f7fda3e8bd7be015d0e8a5daf9ef", kill_on_drop: false }`
[INFO] [stdout] 851d4042959f7cd1f90dec2ba351c57fe919f7fda3e8bd7be015d0e8a5daf9ef
[INFO] running `Command { std: "docker" "create" "-v" "/var/lib/crater-agent-workspace/builds/worker-6-tc2/target:/opt/rustwide/target:rw,Z" "-v" "/var/lib/crater-agent-workspace/builds/worker-6-tc2/source:/opt/rustwide/workdir:ro,Z" "-v" "/var/lib/crater-agent-workspace/cargo-home:/opt/rustwide/cargo-home:ro,Z" "-v" "/var/lib/crater-agent-workspace/rustup-home:/opt/rustwide/rustup-home:ro,Z" "-e" "SOURCE_DIR=/opt/rustwide/workdir" "-e" "CARGO_TARGET_DIR=/opt/rustwide/target" "-e" "CARGO_INCREMENTAL=0" "-e" "RUST_BACKTRACE=full" "-e" "RUSTFLAGS=--cap-lints=warn" "-e" "RUSTDOCFLAGS=--cap-lints=warn" "-e" "CARGO_HOME=/opt/rustwide/cargo-home" "-e" "RUSTUP_HOME=/opt/rustwide/rustup-home" "-w" "/opt/rustwide/workdir" "-m" "1610612736" "--user" "0:0" "--network" "none" "ghcr.io/rust-lang/crates-build-env/linux@sha256:2788e3201cd34a07e3172128adcd8b3090168a8e3bcc40d7c032b9dda1df7d1c" "/opt/rustwide/cargo-home/bin/cargo" "+beta-2023-12-22" "test" "--frozen" "--no-run" "--message-format=json", kill_on_drop: false }`
[INFO] [stdout] 1ff7e15f4e09c56be389747909cb927de4213219922ddb9d750f7a1a3eb47781
[INFO] running `Command { std: "docker" "start" "-a" "1ff7e15f4e09c56be389747909cb927de4213219922ddb9d750f7a1a3eb47781", kill_on_drop: false }`
[INFO] [stdout] warning: unused import: `rayon::prelude`
[INFO] [stdout]  --> src/network/matrix.rs:5:5
[INFO] [stdout]   |
[INFO] [stdout] 5 | use rayon::prelude::*;
[INFO] [stdout]   |     ^^^^^^^^^^^^^^
[INFO] [stdout]   |
[INFO] [stdout]   = note: `#[warn(unused_imports)]` on by default
[INFO] [stdout] 
[INFO] [stdout] 
[INFO] [stdout] warning: unused import: `rayon::prelude`
[INFO] [stdout]  --> src/network/matrix_flat.rs:6:5
[INFO] [stdout]   |
[INFO] [stdout] 6 | use rayon::prelude::*;
[INFO] [stdout]   |     ^^^^^^^^^^^^^^
[INFO] [stdout] 
[INFO] [stdout] 
[INFO] [stdout] warning: unused variable: `i`
[INFO] [stdout]    --> src/network/network.rs:382:13
[INFO] [stdout]     |
[INFO] [stdout] 382 |         for i in 1..=epochs{
[INFO] [stdout]     |             ^ help: if this is intentional, prefix it with an underscore: `_i`
[INFO] [stdout]     |
[INFO] [stdout]     = note: `#[warn(unused_variables)]` on by default
[INFO] [stdout] 
[INFO] [stdout] 
[INFO] [stdout] warning: unused variable: `i`
[INFO] [stdout]    --> src/network/network.rs:390:13
[INFO] [stdout]     |
[INFO] [stdout] 390 |         for i in 1..=epochs{
[INFO] [stdout]     |             ^ help: if this is intentional, prefix it with an underscore: `_i`
[INFO] [stdout] 
[INFO] [stdout] 
[INFO] [stdout] warning: method `to_cmatrix` is never used
[INFO] [stdout]   --> src/network/matrix_flat.rs:73:8
[INFO] [stdout]    |
[INFO] [stdout] 72 | impl Matrix{
[INFO] [stdout]    | ----------- method in this implementation
[INFO] [stdout] 73 |     fn to_cmatrix(&self) -> CMatrix {
[INFO] [stdout]    |        ^^^^^^^^^^
[INFO] [stdout]    |
[INFO] [stdout]    = note: `#[warn(dead_code)]` on by default
[INFO] [stdout] 
[INFO] [stdout] 
[INFO] [stderr]    Compiling triton_hydra v0.0.1 (/opt/rustwide/workdir)
[INFO] [stdout] warning: 5 warnings emitted
[INFO] [stdout] 
[INFO] [stdout] 
[INFO] [stdout] warning: unused import: `rayon::prelude`
[INFO] [stdout]  --> src/network/matrix.rs:5:5
[INFO] [stdout]   |
[INFO] [stdout] 5 | use rayon::prelude::*;
[INFO] [stdout]   |     ^^^^^^^^^^^^^^
[INFO] [stdout]   |
[INFO] [stdout]   = note: `#[warn(unused_imports)]` on by default
[INFO] [stdout] 
[INFO] [stdout] 
[INFO] [stdout] warning: unused import: `rayon::prelude`
[INFO] [stdout]  --> src/network/matrix_flat.rs:6:5
[INFO] [stdout]   |
[INFO] [stdout] 6 | use rayon::prelude::*;
[INFO] [stdout]   |     ^^^^^^^^^^^^^^
[INFO] [stdout] 
[INFO] [stdout] 
[INFO] [stdout] warning: unused variable: `i`
[INFO] [stdout]    --> src/network/network.rs:382:13
[INFO] [stdout]     |
[INFO] [stdout] 382 |         for i in 1..=epochs{
[INFO] [stdout]     |             ^ help: if this is intentional, prefix it with an underscore: `_i`
[INFO] [stdout]     |
[INFO] [stdout]     = note: `#[warn(unused_variables)]` on by default
[INFO] [stdout] 
[INFO] [stdout] 
[INFO] [stdout] warning: unused variable: `i`
[INFO] [stdout]    --> src/network/network.rs:390:13
[INFO] [stdout]     |
[INFO] [stdout] 390 |         for i in 1..=epochs{
[INFO] [stdout]     |             ^ help: if this is intentional, prefix it with an underscore: `_i`
[INFO] [stdout] 
[INFO] [stdout] 
[INFO] [stdout] warning: method `to_cmatrix` is never used
[INFO] [stdout]   --> src/network/matrix_flat.rs:73:8
[INFO] [stdout]    |
[INFO] [stdout] 72 | impl Matrix{
[INFO] [stdout]    | ----------- method in this implementation
[INFO] [stdout] 73 |     fn to_cmatrix(&self) -> CMatrix {
[INFO] [stdout]    |        ^^^^^^^^^^
[INFO] [stdout]    |
[INFO] [stdout]    = note: `#[warn(dead_code)]` on by default
[INFO] [stdout] 
[INFO] [stdout] 
[INFO] [stdout] warning: 5 warnings emitted
[INFO] [stdout] 
[INFO] [stdout] 
[INFO] [stderr]     Finished test [unoptimized + debuginfo] target(s) in 0.41s
[INFO] running `Command { std: "docker" "inspect" "1ff7e15f4e09c56be389747909cb927de4213219922ddb9d750f7a1a3eb47781", kill_on_drop: false }`
[INFO] running `Command { std: "docker" "rm" "-f" "1ff7e15f4e09c56be389747909cb927de4213219922ddb9d750f7a1a3eb47781", kill_on_drop: false }`
[INFO] [stdout] 1ff7e15f4e09c56be389747909cb927de4213219922ddb9d750f7a1a3eb47781
[INFO] running `Command { std: "docker" "create" "-v" "/var/lib/crater-agent-workspace/builds/worker-6-tc2/target:/opt/rustwide/target:rw,Z" "-v" "/var/lib/crater-agent-workspace/builds/worker-6-tc2/source:/opt/rustwide/workdir:ro,Z" "-v" "/var/lib/crater-agent-workspace/cargo-home:/opt/rustwide/cargo-home:ro,Z" "-v" "/var/lib/crater-agent-workspace/rustup-home:/opt/rustwide/rustup-home:ro,Z" "-e" "SOURCE_DIR=/opt/rustwide/workdir" "-e" "CARGO_TARGET_DIR=/opt/rustwide/target" "-e" "CARGO_INCREMENTAL=0" "-e" "RUST_BACKTRACE=full" "-e" "RUSTFLAGS=--cap-lints=warn" "-e" "RUSTDOCFLAGS=--cap-lints=warn" "-e" "CARGO_HOME=/opt/rustwide/cargo-home" "-e" "RUSTUP_HOME=/opt/rustwide/rustup-home" "-w" "/opt/rustwide/workdir" "-m" "1610612736" "--user" "0:0" "--network" "none" "ghcr.io/rust-lang/crates-build-env/linux@sha256:2788e3201cd34a07e3172128adcd8b3090168a8e3bcc40d7c032b9dda1df7d1c" "/opt/rustwide/cargo-home/bin/cargo" "+beta-2023-12-22" "test" "--frozen", kill_on_drop: false }`
[INFO] [stdout] 3bc3dcc7b3a673a8fe00695d537fda1acb58317c76739c06f84f9de44650899f
[INFO] running `Command { std: "docker" "start" "-a" "3bc3dcc7b3a673a8fe00695d537fda1acb58317c76739c06f84f9de44650899f", kill_on_drop: false }`
[INFO] [stderr] warning: unused import: `rayon::prelude`
[INFO] [stderr]  --> src/network/matrix.rs:5:5
[INFO] [stderr]   |
[INFO] [stderr] 5 | use rayon::prelude::*;
[INFO] [stderr]   |     ^^^^^^^^^^^^^^
[INFO] [stderr]   |
[INFO] [stderr]   = note: `#[warn(unused_imports)]` on by default
[INFO] [stderr] 
[INFO] [stderr] warning: unused import: `rayon::prelude`
[INFO] [stderr]  --> src/network/matrix_flat.rs:6:5
[INFO] [stderr]   |
[INFO] [stderr] 6 | use rayon::prelude::*;
[INFO] [stderr]   |     ^^^^^^^^^^^^^^
[INFO] [stderr] 
[INFO] [stderr] warning: unused variable: `i`
[INFO] [stderr]    --> src/network/network.rs:382:13
[INFO] [stderr]     |
[INFO] [stderr] 382 |         for i in 1..=epochs{
[INFO] [stderr]     |             ^ help: if this is intentional, prefix it with an underscore: `_i`
[INFO] [stderr]     |
[INFO] [stderr]     = note: `#[warn(unused_variables)]` on by default
[INFO] [stderr] 
[INFO] [stderr] warning: unused variable: `i`
[INFO] [stderr]    --> src/network/network.rs:390:13
[INFO] [stderr]     |
[INFO] [stderr] 390 |         for i in 1..=epochs{
[INFO] [stderr]     |             ^ help: if this is intentional, prefix it with an underscore: `_i`
[INFO] [stderr] 
[INFO] [stderr] warning: method `to_cmatrix` is never used
[INFO] [stderr]   --> src/network/matrix_flat.rs:73:8
[INFO] [stderr]    |
[INFO] [stderr] 72 | impl Matrix{
[INFO] [stderr]    | ----------- method in this implementation
[INFO] [stderr] 73 |     fn to_cmatrix(&self) -> CMatrix {
[INFO] [stderr]    |        ^^^^^^^^^^
[INFO] [stderr]    |
[INFO] [stderr]    = note: `#[warn(dead_code)]` on by default
[INFO] [stderr] 
[INFO] [stderr] warning: `triton_hydra` (lib) generated 5 warnings (run `cargo fix --lib -p triton_hydra` to apply 2 suggestions)
[INFO] [stderr] warning: `triton_hydra` (lib test) generated 5 warnings (5 duplicates)
[INFO] [stderr]     Finished test [unoptimized + debuginfo] target(s) in 0.02s
[INFO] [stderr]      Running unittests src/lib.rs (/opt/rustwide/target/debug/deps/triton_hydra-af3fce1c46daa01d)
[INFO] [stdout] 
[INFO] [stdout] running 0 tests
[INFO] [stdout] 
[INFO] [stdout] test result: ok. 0 passed; 0 failed; 0 ignored; 0 measured; 0 filtered out; finished in 0.00s
[INFO] [stdout] 
[INFO] [stderr]      Running unittests src/main.rs (/opt/rustwide/target/debug/deps/triton_hydra-711ef358b099ca5c)
[INFO] [stdout] 
[INFO] [stdout] running 0 tests
[INFO] [stdout] 
[INFO] [stdout] test result: ok. 0 passed; 0 failed; 0 ignored; 0 measured; 0 filtered out; finished in 0.00s
[INFO] [stdout] 
[INFO] [stderr]    Doc-tests triton_hydra
[INFO] [stdout] 
[INFO] [stdout] running 3 tests
[INFO] [stdout] test src/network/network.rs - network::network::Network::new (line 31) ... FAILED
[INFO] [stdout] test src/network/network.rs - network::network::Network::train_to_loss (line 435) ... FAILED
[INFO] [stdout] test src/network/network.rs - network::network::Network::from (line 72) ... FAILED
[INFO] [stdout] 
[INFO] [stdout] failures:
[INFO] [stdout] 
[INFO] [stdout] ---- src/network/network.rs - network::network::Network::new (line 31) stdout ----
[INFO] [stdout] error[E0433]: failed to resolve: use of undeclared type `Network`
[INFO] [stdout]  --> src/network/network.rs:32:19
[INFO] [stdout]   |
[INFO] [stdout] 3 | let mut new_net = Network::new(vec![2,4,8,14,1], Activation::SIGMOID, 0.1);
[INFO] [stdout]   |                   ^^^^^^^ use of undeclared type `Network`
[INFO] [stdout]   |
[INFO] [stdout] help: consider importing this struct
[INFO] [stdout]   |
[INFO] [stdout] 2 + use triton_hydra::network::network::Network;
[INFO] [stdout]   |
[INFO] [stdout] 
[INFO] [stdout] error[E0433]: failed to resolve: use of undeclared type `Activation`
[INFO] [stdout]  --> src/network/network.rs:32:50
[INFO] [stdout]   |
[INFO] [stdout] 3 | let mut new_net = Network::new(vec![2,4,8,14,1], Activation::SIGMOID, 0.1);
[INFO] [stdout]   |                                                  ^^^^^^^^^^ use of undeclared type `Activation`
[INFO] [stdout]   |
[INFO] [stdout] help: consider importing this struct
[INFO] [stdout]   |
[INFO] [stdout] 2 + use triton_hydra::network::activations::Activation;
[INFO] [stdout]   |
[INFO] [stdout] 
[INFO] [stdout] error: aborting due to 2 previous errors
[INFO] [stdout] 
[INFO] [stdout] For more information about this error, try `rustc --explain E0433`.
[INFO] [stdout] Couldn't compile the test.
[INFO] [stdout] ---- src/network/network.rs - network::network::Network::train_to_loss (line 435) stdout ----
[INFO] [stdout] error[E0412]: cannot find type `Network` in this scope
[INFO] [stdout]  --> src/network/network.rs:439:22
[INFO] [stdout]   |
[INFO] [stdout] 5 |     let mut new_net: Network = Network::new(vec![2,3,1], Activations::SIGMOID, 0.1);
[INFO] [stdout]   |                      ^^^^^^^ not found in this scope
[INFO] [stdout]   |
[INFO] [stdout] help: consider importing this struct
[INFO] [stdout]   |
[INFO] [stdout] 2 + use triton_hydra::network::network::Network;
[INFO] [stdout]   |
[INFO] [stdout] 
[INFO] [stdout] error[E0433]: failed to resolve: use of undeclared type `Network`
[INFO] [stdout]  --> src/network/network.rs:439:32
[INFO] [stdout]   |
[INFO] [stdout] 5 |     let mut new_net: Network = Network::new(vec![2,3,1], Activations::SIGMOID, 0.1);
[INFO] [stdout]   |                                ^^^^^^^ use of undeclared type `Network`
[INFO] [stdout]   |
[INFO] [stdout] help: consider importing this struct
[INFO] [stdout]   |
[INFO] [stdout] 2 + use triton_hydra::network::network::Network;
[INFO] [stdout]   |
[INFO] [stdout] 
[INFO] [stdout] error[E0433]: failed to resolve: use of undeclared type `Activations`
[INFO] [stdout]  --> src/network/network.rs:439:58
[INFO] [stdout]   |
[INFO] [stdout] 5 |     let mut new_net: Network = Network::new(vec![2,3,1], Activations::SIGMOID, 0.1);
[INFO] [stdout]   |                                                          ^^^^^^^^^^^ use of undeclared type `Activations`
[INFO] [stdout]   |
[INFO] [stdout] help: consider importing this enum
[INFO] [stdout]   |
[INFO] [stdout] 2 + use triton_hydra::network::activations::Activations;
[INFO] [stdout]   |
[INFO] [stdout] 
[INFO] [stdout] error[E0412]: cannot find type `Network` in this scope
[INFO] [stdout]  --> src/network/network.rs:440:22
[INFO] [stdout]   |
[INFO] [stdout] 6 |     let mut new_net: Network = Network::load("/root/source/rust/triton/save/net.json");
[INFO] [stdout]   |                      ^^^^^^^ not found in this scope
[INFO] [stdout]   |
[INFO] [stdout] help: consider importing this struct
[INFO] [stdout]   |
[INFO] [stdout] 2 + use triton_hydra::network::network::Network;
[INFO] [stdout]   |
[INFO] [stdout] 
[INFO] [stdout] error[E0433]: failed to resolve: use of undeclared type `Network`
[INFO] [stdout]  --> src/network/network.rs:440:32
[INFO] [stdout]   |
[INFO] [stdout] 6 |     let mut new_net: Network = Network::load("/root/source/rust/triton/save/net.json");
[INFO] [stdout]   |                                ^^^^^^^ use of undeclared type `Network`
[INFO] [stdout]   |
[INFO] [stdout] help: consider importing this struct
[INFO] [stdout]   |
[INFO] [stdout] 2 + use triton_hydra::network::network::Network;
[INFO] [stdout]   |
[INFO] [stdout] 
[INFO] [stdout] error[E0433]: failed to resolve: use of undeclared type `Mode`
[INFO] [stdout]  --> src/network/network.rs:441:70
[INFO] [stdout]   |
[INFO] [stdout] 7 |     new_net = new_net.train_to_loss(inputs, outputs, 0.00005, 50000, Mode::Avg, 0.1, 0.0001, 3, 10);
[INFO] [stdout]   |                                                                      ^^^^ use of undeclared type `Mode`
[INFO] [stdout]   |
[INFO] [stdout] help: consider importing this enum
[INFO] [stdout]   |
[INFO] [stdout] 2 + use triton_hydra::network::modes::Mode;
[INFO] [stdout]   |
[INFO] [stdout] 
[INFO] [stdout] error: aborting due to 6 previous errors
[INFO] [stdout] 
[INFO] [stdout] Some errors have detailed explanations: E0412, E0433.
[INFO] [stdout] For more information about an error, try `rustc --explain E0412`.
[INFO] [stdout] Couldn't compile the test.
[INFO] [stdout] ---- src/network/network.rs - network::network::Network::from (line 72) stdout ----
[INFO] [stdout] error[E0433]: failed to resolve: use of undeclared type `Network`
[INFO] [stdout]  --> src/network/network.rs:73:19
[INFO] [stdout]   |
[INFO] [stdout] 3 | let mut new_net = Network::new(vec![2,4,8,14,1], activation::SIGMOID, 0.1);
[INFO] [stdout]   |                   ^^^^^^^ use of undeclared type `Network`
[INFO] [stdout]   |
[INFO] [stdout] help: consider importing this struct
[INFO] [stdout]   |
[INFO] [stdout] 2 + use triton_hydra::network::network::Network;
[INFO] [stdout]   |
[INFO] [stdout] 
[INFO] [stdout] error[E0433]: failed to resolve: use of undeclared type `Network`
[INFO] [stdout]  --> src/network/network.rs:74:21
[INFO] [stdout]   |
[INFO] [stdout] 4 | let mut newer_net = Network::from(&new_net, 2, 10);
[INFO] [stdout]   |                     ^^^^^^^ use of undeclared type `Network`
[INFO] [stdout]   |
[INFO] [stdout] help: consider importing this struct
[INFO] [stdout]   |
[INFO] [stdout] 2 + use triton_hydra::network::network::Network;
[INFO] [stdout]   |
[INFO] [stdout] 
[INFO] [stdout] error[E0433]: failed to resolve: use of undeclared crate or module `activation`
[INFO] [stdout]  --> src/network/network.rs:73:50
[INFO] [stdout]   |
[INFO] [stdout] 3 | let mut new_net = Network::new(vec![2,4,8,14,1], activation::SIGMOID, 0.1);
[INFO] [stdout]   |                                                  ^^^^^^^^^^ use of undeclared crate or module `activation`
[INFO] [stdout] 
[INFO] [stdout] error: aborting due to 3 previous errors
[INFO] [stdout] 
[INFO] [stdout] For more information about this error, try `rustc --explain E0433`.
[INFO] [stdout] Couldn't compile the test.
[INFO] [stdout] 
[INFO] [stdout] failures:
[INFO] [stdout]     src/network/network.rs - network::network::Network::from (line 72)
[INFO] [stdout]     src/network/network.rs - network::network::Network::new (line 31)
[INFO] [stdout]     src/network/network.rs - network::network::Network::train_to_loss (line 435)
[INFO] [stdout] 
[INFO] [stdout] test result: FAILED. 0 passed; 3 failed; 0 ignored; 0 measured; 0 filtered out; finished in 0.05s
[INFO] [stdout] 
[INFO] [stderr] error: doctest failed, to rerun pass `--doc`
[INFO] running `Command { std: "docker" "inspect" "3bc3dcc7b3a673a8fe00695d537fda1acb58317c76739c06f84f9de44650899f", kill_on_drop: false }`
[INFO] running `Command { std: "docker" "rm" "-f" "3bc3dcc7b3a673a8fe00695d537fda1acb58317c76739c06f84f9de44650899f", kill_on_drop: false }`
[INFO] [stdout] 3bc3dcc7b3a673a8fe00695d537fda1acb58317c76739c06f84f9de44650899f
