[INFO] fetching crate triton_grow 1.4.4...
[INFO] testing triton_grow-1.4.4 against 1.75.0 for beta-1.76-1
[INFO] extracting crate triton_grow 1.4.4 into /workspace/builds/worker-5-tc1/source
[INFO] validating manifest of crates.io crate triton_grow 1.4.4 on toolchain 1.75.0
[INFO] running `Command { std: CARGO_HOME="/workspace/cargo-home" RUSTUP_HOME="/workspace/rustup-home" "/workspace/cargo-home/bin/cargo" "+1.75.0" "metadata" "--manifest-path" "Cargo.toml" "--no-deps", kill_on_drop: false }`
[INFO] started tweaking crates.io crate triton_grow 1.4.4
[INFO] finished tweaking crates.io crate triton_grow 1.4.4
[INFO] tweaked toml for crates.io crate triton_grow 1.4.4 written to /workspace/builds/worker-5-tc1/source/Cargo.toml
[INFO] crate crates.io crate triton_grow 1.4.4 already has a lockfile, it will not be regenerated
[INFO] running `Command { std: CARGO_HOME="/workspace/cargo-home" RUSTUP_HOME="/workspace/rustup-home" "/workspace/cargo-home/bin/cargo" "+1.75.0" "fetch" "--manifest-path" "Cargo.toml", kill_on_drop: false }`
[INFO] [stderr]     Updating crates.io index
[INFO] [stderr]  Downloading crates ...
[INFO] [stderr]   Downloaded ndarray-rand v0.14.0
[INFO] running `Command { std: "docker" "create" "-v" "/var/lib/crater-agent-workspace/builds/worker-5-tc1/target:/opt/rustwide/target:rw,Z" "-v" "/var/lib/crater-agent-workspace/builds/worker-5-tc1/source:/opt/rustwide/workdir:ro,Z" "-v" "/var/lib/crater-agent-workspace/cargo-home:/opt/rustwide/cargo-home:ro,Z" "-v" "/var/lib/crater-agent-workspace/rustup-home:/opt/rustwide/rustup-home:ro,Z" "-e" "SOURCE_DIR=/opt/rustwide/workdir" "-e" "CARGO_TARGET_DIR=/opt/rustwide/target" "-e" "CARGO_HOME=/opt/rustwide/cargo-home" "-e" "RUSTUP_HOME=/opt/rustwide/rustup-home" "-w" "/opt/rustwide/workdir" "-m" "1610612736" "--user" "0:0" "--network" "none" "ghcr.io/rust-lang/crates-build-env/linux@sha256:2788e3201cd34a07e3172128adcd8b3090168a8e3bcc40d7c032b9dda1df7d1c" "/opt/rustwide/cargo-home/bin/cargo" "+1.75.0" "metadata" "--no-deps" "--format-version=1", kill_on_drop: false }`
[INFO] [stdout] 98de409c0797282aede897053f915a5fddd6026eb4edd4d087335eb68dc31357
[INFO] running `Command { std: "docker" "start" "-a" "98de409c0797282aede897053f915a5fddd6026eb4edd4d087335eb68dc31357", kill_on_drop: false }`
[INFO] running `Command { std: "docker" "inspect" "98de409c0797282aede897053f915a5fddd6026eb4edd4d087335eb68dc31357", kill_on_drop: false }`
[INFO] running `Command { std: "docker" "rm" "-f" "98de409c0797282aede897053f915a5fddd6026eb4edd4d087335eb68dc31357", kill_on_drop: false }`
[INFO] [stdout] 98de409c0797282aede897053f915a5fddd6026eb4edd4d087335eb68dc31357
[INFO] running `Command { std: "docker" "create" "-v" "/var/lib/crater-agent-workspace/builds/worker-5-tc1/target:/opt/rustwide/target:rw,Z" "-v" "/var/lib/crater-agent-workspace/builds/worker-5-tc1/source:/opt/rustwide/workdir:ro,Z" "-v" "/var/lib/crater-agent-workspace/cargo-home:/opt/rustwide/cargo-home:ro,Z" "-v" "/var/lib/crater-agent-workspace/rustup-home:/opt/rustwide/rustup-home:ro,Z" "-e" "SOURCE_DIR=/opt/rustwide/workdir" "-e" "CARGO_TARGET_DIR=/opt/rustwide/target" "-e" "CARGO_INCREMENTAL=0" "-e" "RUST_BACKTRACE=full" "-e" "RUSTFLAGS=--cap-lints=warn" "-e" "RUSTDOCFLAGS=--cap-lints=warn" "-e" "CARGO_HOME=/opt/rustwide/cargo-home" "-e" "RUSTUP_HOME=/opt/rustwide/rustup-home" "-w" "/opt/rustwide/workdir" "-m" "1610612736" "--user" "0:0" "--network" "none" "ghcr.io/rust-lang/crates-build-env/linux@sha256:2788e3201cd34a07e3172128adcd8b3090168a8e3bcc40d7c032b9dda1df7d1c" "/opt/rustwide/cargo-home/bin/cargo" "+1.75.0" "build" "--frozen" "--message-format=json", kill_on_drop: false }`
[INFO] [stdout] c95e8dd4ce0cf47a373a02548665371e0c8897f16222799f72b89ab5d6af7073
[INFO] running `Command { std: "docker" "start" "-a" "c95e8dd4ce0cf47a373a02548665371e0c8897f16222799f72b89ab5d6af7073", kill_on_drop: false }`
[INFO] [stderr]    Compiling autocfg v1.1.0
[INFO] [stderr]    Compiling cfg-if v1.0.0
[INFO] [stderr]    Compiling libm v0.2.8
[INFO] [stderr]    Compiling libc v0.2.149
[INFO] [stderr]    Compiling proc-macro2 v1.0.69
[INFO] [stderr]    Compiling unicode-ident v1.0.12
[INFO] [stderr]    Compiling crossbeam-utils v0.8.16
[INFO] [stderr]    Compiling ppv-lite86 v0.2.17
[INFO] [stderr]    Compiling scopeguard v1.2.0
[INFO] [stderr]    Compiling rawpointer v0.2.1
[INFO] [stderr]    Compiling serde v1.0.189
[INFO] [stderr]    Compiling rayon-core v1.12.0
[INFO] [stderr]    Compiling serde_json v1.0.107
[INFO] [stderr]    Compiling ryu v1.0.15
[INFO] [stderr]    Compiling either v1.9.0
[INFO] [stderr]    Compiling itoa v1.0.9
[INFO] [stderr]    Compiling num-traits v0.2.17
[INFO] [stderr]    Compiling memoffset v0.9.0
[INFO] [stderr]    Compiling crossbeam-epoch v0.9.15
[INFO] [stderr]    Compiling matrixmultiply v0.3.8
[INFO] [stderr]    Compiling num-integer v0.1.45
[INFO] [stderr]    Compiling quote v1.0.33
[INFO] [stderr]    Compiling crossbeam-deque v0.8.3
[INFO] [stderr]    Compiling syn v2.0.38
[INFO] [stderr]    Compiling getrandom v0.2.10
[INFO] [stderr]    Compiling rand_core v0.6.4
[INFO] [stderr]    Compiling rand_chacha v0.3.1
[INFO] [stderr]    Compiling rand v0.8.5
[INFO] [stderr]    Compiling rayon v1.8.0
[INFO] [stderr]    Compiling num-complex v0.4.4
[INFO] [stderr]    Compiling ndarray v0.15.6
[INFO] [stderr]    Compiling rand_distr v0.4.3
[INFO] [stderr]    Compiling serde_derive v1.0.189
[INFO] [stderr]    Compiling ndarray-rand v0.14.0
[INFO] [stderr]    Compiling triton_grow v1.4.4 (/opt/rustwide/workdir)
[INFO] [stdout] warning: unused import: `rayon::prelude`
[INFO] [stdout]  --> src/network/matrix.rs:5:5
[INFO] [stdout]   |
[INFO] [stdout] 5 | use rayon::prelude::*;
[INFO] [stdout]   |     ^^^^^^^^^^^^^^
[INFO] [stdout]   |
[INFO] [stdout]   = note: `#[warn(unused_imports)]` on by default
[INFO] [stdout] 
[INFO] [stdout] 
[INFO] [stdout] warning: unused import: `rayon::prelude`
[INFO] [stdout]  --> src/network/matrix_flat.rs:6:5
[INFO] [stdout]   |
[INFO] [stdout] 6 | use rayon::prelude::*;
[INFO] [stdout]   |     ^^^^^^^^^^^^^^
[INFO] [stdout] 
[INFO] [stdout] 
[INFO] [stdout] warning: unused variable: `i`
[INFO] [stdout]    --> src/network/network.rs:382:13
[INFO] [stdout]     |
[INFO] [stdout] 382 |         for i in 1..=epochs{
[INFO] [stdout]     |             ^ help: if this is intentional, prefix it with an underscore: `_i`
[INFO] [stdout]     |
[INFO] [stdout]     = note: `#[warn(unused_variables)]` on by default
[INFO] [stdout] 
[INFO] [stdout] 
[INFO] [stdout] warning: unused variable: `i`
[INFO] [stdout]    --> src/network/network.rs:390:13
[INFO] [stdout]     |
[INFO] [stdout] 390 |         for i in 1..=epochs{
[INFO] [stdout]     |             ^ help: if this is intentional, prefix it with an underscore: `_i`
[INFO] [stdout] 
[INFO] [stdout] 
[INFO] [stdout] warning: 4 warnings emitted
[INFO] [stdout] 
[INFO] [stdout] 
[INFO] [stderr]     Finished dev [unoptimized + debuginfo] target(s) in 10.41s
[INFO] running `Command { std: "docker" "inspect" "c95e8dd4ce0cf47a373a02548665371e0c8897f16222799f72b89ab5d6af7073", kill_on_drop: false }`
[INFO] running `Command { std: "docker" "rm" "-f" "c95e8dd4ce0cf47a373a02548665371e0c8897f16222799f72b89ab5d6af7073", kill_on_drop: false }`
[INFO] [stdout] c95e8dd4ce0cf47a373a02548665371e0c8897f16222799f72b89ab5d6af7073
[INFO] running `Command { std: "docker" "create" "-v" "/var/lib/crater-agent-workspace/builds/worker-5-tc1/target:/opt/rustwide/target:rw,Z" "-v" "/var/lib/crater-agent-workspace/builds/worker-5-tc1/source:/opt/rustwide/workdir:ro,Z" "-v" "/var/lib/crater-agent-workspace/cargo-home:/opt/rustwide/cargo-home:ro,Z" "-v" "/var/lib/crater-agent-workspace/rustup-home:/opt/rustwide/rustup-home:ro,Z" "-e" "SOURCE_DIR=/opt/rustwide/workdir" "-e" "CARGO_TARGET_DIR=/opt/rustwide/target" "-e" "CARGO_INCREMENTAL=0" "-e" "RUST_BACKTRACE=full" "-e" "RUSTFLAGS=--cap-lints=warn" "-e" "RUSTDOCFLAGS=--cap-lints=warn" "-e" "CARGO_HOME=/opt/rustwide/cargo-home" "-e" "RUSTUP_HOME=/opt/rustwide/rustup-home" "-w" "/opt/rustwide/workdir" "-m" "1610612736" "--user" "0:0" "--network" "none" "ghcr.io/rust-lang/crates-build-env/linux@sha256:2788e3201cd34a07e3172128adcd8b3090168a8e3bcc40d7c032b9dda1df7d1c" "/opt/rustwide/cargo-home/bin/cargo" "+1.75.0" "test" "--frozen" "--no-run" "--message-format=json", kill_on_drop: false }`
[INFO] [stdout] eabe91f6504cae213de664a65b9d1473279d05f68591e3f83433734de9896e7a
[INFO] running `Command { std: "docker" "start" "-a" "eabe91f6504cae213de664a65b9d1473279d05f68591e3f83433734de9896e7a", kill_on_drop: false }`
[INFO] [stdout] warning: unused import: `rayon::prelude`
[INFO] [stdout]  --> src/network/matrix.rs:5:5
[INFO] [stdout]   |
[INFO] [stdout] 5 | use rayon::prelude::*;
[INFO] [stdout]   |     ^^^^^^^^^^^^^^
[INFO] [stdout]   |
[INFO] [stdout]   = note: `#[warn(unused_imports)]` on by default
[INFO] [stdout] 
[INFO] [stdout] 
[INFO] [stdout] warning: unused import: `rayon::prelude`
[INFO] [stdout]  --> src/network/matrix_flat.rs:6:5
[INFO] [stdout]   |
[INFO] [stdout] 6 | use rayon::prelude::*;
[INFO] [stdout]   |     ^^^^^^^^^^^^^^
[INFO] [stdout] 
[INFO] [stdout] 
[INFO] [stdout] warning: unused variable: `i`
[INFO] [stdout]    --> src/network/network.rs:382:13
[INFO] [stdout]     |
[INFO] [stdout] 382 |         for i in 1..=epochs{
[INFO] [stdout]     |             ^ help: if this is intentional, prefix it with an underscore: `_i`
[INFO] [stdout]     |
[INFO] [stdout]     = note: `#[warn(unused_variables)]` on by default
[INFO] [stdout] 
[INFO] [stdout] 
[INFO] [stderr]    Compiling triton_grow v1.4.4 (/opt/rustwide/workdir)
[INFO] [stdout] warning: unused variable: `i`
[INFO] [stdout]    --> src/network/network.rs:390:13
[INFO] [stdout]     |
[INFO] [stdout] 390 |         for i in 1..=epochs{
[INFO] [stdout]     |             ^ help: if this is intentional, prefix it with an underscore: `_i`
[INFO] [stdout] 
[INFO] [stdout] 
[INFO] [stdout] warning: 4 warnings emitted
[INFO] [stdout] 
[INFO] [stdout] 
[INFO] [stdout] warning: unused import: `rayon::prelude`
[INFO] [stdout]  --> src/network/matrix.rs:5:5
[INFO] [stdout]   |
[INFO] [stdout] 5 | use rayon::prelude::*;
[INFO] [stdout]   |     ^^^^^^^^^^^^^^
[INFO] [stdout]   |
[INFO] [stdout]   = note: `#[warn(unused_imports)]` on by default
[INFO] [stdout] 
[INFO] [stdout] 
[INFO] [stdout] warning: unused import: `rayon::prelude`
[INFO] [stdout]  --> src/network/matrix_flat.rs:6:5
[INFO] [stdout]   |
[INFO] [stdout] 6 | use rayon::prelude::*;
[INFO] [stdout]   |     ^^^^^^^^^^^^^^
[INFO] [stdout] 
[INFO] [stdout] 
[INFO] [stdout] warning: unused variable: `i`
[INFO] [stdout]    --> src/network/network.rs:382:13
[INFO] [stdout]     |
[INFO] [stdout] 382 |         for i in 1..=epochs{
[INFO] [stdout]     |             ^ help: if this is intentional, prefix it with an underscore: `_i`
[INFO] [stdout]     |
[INFO] [stdout]     = note: `#[warn(unused_variables)]` on by default
[INFO] [stdout] 
[INFO] [stdout] 
[INFO] [stdout] warning: unused variable: `i`
[INFO] [stdout]    --> src/network/network.rs:390:13
[INFO] [stdout]     |
[INFO] [stdout] 390 |         for i in 1..=epochs{
[INFO] [stdout]     |             ^ help: if this is intentional, prefix it with an underscore: `_i`
[INFO] [stdout] 
[INFO] [stdout] 
[INFO] [stdout] warning: 4 warnings emitted
[INFO] [stdout] 
[INFO] [stdout] 
[INFO] [stderr]     Finished test [unoptimized + debuginfo] target(s) in 0.46s
[INFO] running `Command { std: "docker" "inspect" "eabe91f6504cae213de664a65b9d1473279d05f68591e3f83433734de9896e7a", kill_on_drop: false }`
[INFO] running `Command { std: "docker" "rm" "-f" "eabe91f6504cae213de664a65b9d1473279d05f68591e3f83433734de9896e7a", kill_on_drop: false }`
[INFO] [stdout] eabe91f6504cae213de664a65b9d1473279d05f68591e3f83433734de9896e7a
[INFO] running `Command { std: "docker" "create" "-v" "/var/lib/crater-agent-workspace/builds/worker-5-tc1/target:/opt/rustwide/target:rw,Z" "-v" "/var/lib/crater-agent-workspace/builds/worker-5-tc1/source:/opt/rustwide/workdir:ro,Z" "-v" "/var/lib/crater-agent-workspace/cargo-home:/opt/rustwide/cargo-home:ro,Z" "-v" "/var/lib/crater-agent-workspace/rustup-home:/opt/rustwide/rustup-home:ro,Z" "-e" "SOURCE_DIR=/opt/rustwide/workdir" "-e" "CARGO_TARGET_DIR=/opt/rustwide/target" "-e" "CARGO_INCREMENTAL=0" "-e" "RUST_BACKTRACE=full" "-e" "RUSTFLAGS=--cap-lints=warn" "-e" "RUSTDOCFLAGS=--cap-lints=warn" "-e" "CARGO_HOME=/opt/rustwide/cargo-home" "-e" "RUSTUP_HOME=/opt/rustwide/rustup-home" "-w" "/opt/rustwide/workdir" "-m" "1610612736" "--user" "0:0" "--network" "none" "ghcr.io/rust-lang/crates-build-env/linux@sha256:2788e3201cd34a07e3172128adcd8b3090168a8e3bcc40d7c032b9dda1df7d1c" "/opt/rustwide/cargo-home/bin/cargo" "+1.75.0" "test" "--frozen", kill_on_drop: false }`
[INFO] [stdout] 10f62f1e242a56dbe52028f7c14185f631ec0012254cec68d2aa61d5fff64ee8
[INFO] running `Command { std: "docker" "start" "-a" "10f62f1e242a56dbe52028f7c14185f631ec0012254cec68d2aa61d5fff64ee8", kill_on_drop: false }`
[INFO] [stderr] warning: unused import: `rayon::prelude`
[INFO] [stderr]  --> src/network/matrix.rs:5:5
[INFO] [stderr]   |
[INFO] [stderr] 5 | use rayon::prelude::*;
[INFO] [stderr]   |     ^^^^^^^^^^^^^^
[INFO] [stderr]   |
[INFO] [stderr]   = note: `#[warn(unused_imports)]` on by default
[INFO] [stderr] 
[INFO] [stderr] warning: unused import: `rayon::prelude`
[INFO] [stderr]  --> src/network/matrix_flat.rs:6:5
[INFO] [stderr]   |
[INFO] [stderr] 6 | use rayon::prelude::*;
[INFO] [stderr]   |     ^^^^^^^^^^^^^^
[INFO] [stderr] 
[INFO] [stderr] warning: unused variable: `i`
[INFO] [stderr]    --> src/network/network.rs:382:13
[INFO] [stderr]     |
[INFO] [stderr] 382 |         for i in 1..=epochs{
[INFO] [stderr]     |             ^ help: if this is intentional, prefix it with an underscore: `_i`
[INFO] [stderr]     |
[INFO] [stderr]     = note: `#[warn(unused_variables)]` on by default
[INFO] [stderr] 
[INFO] [stderr] warning: unused variable: `i`
[INFO] [stderr]    --> src/network/network.rs:390:13
[INFO] [stderr]     |
[INFO] [stderr] 390 |         for i in 1..=epochs{
[INFO] [stderr]     |             ^ help: if this is intentional, prefix it with an underscore: `_i`
[INFO] [stderr] 
[INFO] [stderr] warning: `triton_grow` (lib) generated 4 warnings (run `cargo fix --lib -p triton_grow` to apply 2 suggestions)
[INFO] [stderr] warning: `triton_grow` (lib test) generated 4 warnings (4 duplicates)
[INFO] [stderr]     Finished test [unoptimized + debuginfo] target(s) in 0.02s
[INFO] [stderr]      Running unittests src/lib.rs (/opt/rustwide/target/debug/deps/triton_grow-5abb1a8591bfca91)
[INFO] [stdout] 
[INFO] [stdout] running 0 tests
[INFO] [stdout] 
[INFO] [stdout] test result: ok. 0 passed; 0 failed; 0 ignored; 0 measured; 0 filtered out; finished in 0.00s
[INFO] [stdout] 
[INFO] [stderr]      Running unittests src/main.rs (/opt/rustwide/target/debug/deps/triton_grow-2ee85e33cedd09b0)
[INFO] [stdout] 
[INFO] [stdout] running 0 tests
[INFO] [stdout] 
[INFO] [stdout] test result: ok. 0 passed; 0 failed; 0 ignored; 0 measured; 0 filtered out; finished in 0.00s
[INFO] [stdout] 
[INFO] [stderr]    Doc-tests triton_grow
[INFO] [stdout] 
[INFO] [stdout] running 3 tests
[INFO] [stdout] test src/network/network.rs - network::network::Network::new (line 31) ... FAILED
[INFO] [stdout] test src/network/network.rs - network::network::Network::from (line 72) ... FAILED
[INFO] [stdout] test src/network/network.rs - network::network::Network::train_to_loss (line 435) ... FAILED
[INFO] [stdout] 
[INFO] [stdout] failures:
[INFO] [stdout] 
[INFO] [stdout] ---- src/network/network.rs - network::network::Network::new (line 31) stdout ----
[INFO] [stdout] error[E0433]: failed to resolve: use of undeclared type `Network`
[INFO] [stdout]  --> src/network/network.rs:32:19
[INFO] [stdout]   |
[INFO] [stdout] 3 | let mut new_net = Network::new(vec![2,4,8,14,1], Activation::SIGMOID, 0.1);
[INFO] [stdout]   |                   ^^^^^^^ use of undeclared type `Network`
[INFO] [stdout]   |
[INFO] [stdout] help: consider importing this struct
[INFO] [stdout]   |
[INFO] [stdout] 2 + use triton_grow::network::network::Network;
[INFO] [stdout]   |
[INFO] [stdout] 
[INFO] [stdout] error[E0433]: failed to resolve: use of undeclared type `Activation`
[INFO] [stdout]  --> src/network/network.rs:32:50
[INFO] [stdout]   |
[INFO] [stdout] 3 | let mut new_net = Network::new(vec![2,4,8,14,1], Activation::SIGMOID, 0.1);
[INFO] [stdout]   |                                                  ^^^^^^^^^^ use of undeclared type `Activation`
[INFO] [stdout]   |
[INFO] [stdout] help: consider importing this struct
[INFO] [stdout]   |
[INFO] [stdout] 2 + use triton_grow::network::activations::Activation;
[INFO] [stdout]   |
[INFO] [stdout] 
[INFO] [stdout] error: aborting due to 2 previous errors
[INFO] [stdout] 
[INFO] [stdout] For more information about this error, try `rustc --explain E0433`.
[INFO] [stdout] Couldn't compile the test.
[INFO] [stdout] ---- src/network/network.rs - network::network::Network::from (line 72) stdout ----
[INFO] [stdout] error[E0433]: failed to resolve: use of undeclared type `Network`
[INFO] [stdout]  --> src/network/network.rs:73:19
[INFO] [stdout]   |
[INFO] [stdout] 3 | let mut new_net = Network::new(vec![2,4,8,14,1], activation::SIGMOID, 0.1);
[INFO] [stdout]   |                   ^^^^^^^ use of undeclared type `Network`
[INFO] [stdout]   |
[INFO] [stdout] help: consider importing this struct
[INFO] [stdout]   |
[INFO] [stdout] 2 + use triton_grow::network::network::Network;
[INFO] [stdout]   |
[INFO] [stdout] 
[INFO] [stdout] error[E0433]: failed to resolve: use of undeclared type `Network`
[INFO] [stdout]  --> src/network/network.rs:74:21
[INFO] [stdout]   |
[INFO] [stdout] 4 | let mut newer_net = Network::from(&new_net, 2, 10);
[INFO] [stdout]   |                     ^^^^^^^ use of undeclared type `Network`
[INFO] [stdout]   |
[INFO] [stdout] help: consider importing this struct
[INFO] [stdout]   |
[INFO] [stdout] 2 + use triton_grow::network::network::Network;
[INFO] [stdout]   |
[INFO] [stdout] 
[INFO] [stdout] error[E0433]: failed to resolve: use of undeclared crate or module `activation`
[INFO] [stdout]  --> src/network/network.rs:73:50
[INFO] [stdout]   |
[INFO] [stdout] 3 | let mut new_net = Network::new(vec![2,4,8,14,1], activation::SIGMOID, 0.1);
[INFO] [stdout]   |                                                  ^^^^^^^^^^ use of undeclared crate or module `activation`
[INFO] [stdout] 
[INFO] [stdout] error: aborting due to 3 previous errors
[INFO] [stdout] 
[INFO] [stdout] For more information about this error, try `rustc --explain E0433`.
[INFO] [stdout] Couldn't compile the test.
[INFO] [stdout] ---- src/network/network.rs - network::network::Network::train_to_loss (line 435) stdout ----
[INFO] [stdout] error[E0412]: cannot find type `Network` in this scope
[INFO] [stdout]  --> src/network/network.rs:439:22
[INFO] [stdout]   |
[INFO] [stdout] 5 |     let mut new_net: Network = Network::new(vec![2,3,1], Activations::SIGMOID, 0.1);
[INFO] [stdout]   |                      ^^^^^^^ not found in this scope
[INFO] [stdout]   |
[INFO] [stdout] help: consider importing this struct
[INFO] [stdout]   |
[INFO] [stdout] 2 + use triton_grow::network::network::Network;
[INFO] [stdout]   |
[INFO] [stdout] 
[INFO] [stdout] error[E0433]: failed to resolve: use of undeclared type `Network`
[INFO] [stdout]  --> src/network/network.rs:439:32
[INFO] [stdout]   |
[INFO] [stdout] 5 |     let mut new_net: Network = Network::new(vec![2,3,1], Activations::SIGMOID, 0.1);
[INFO] [stdout]   |                                ^^^^^^^ use of undeclared type `Network`
[INFO] [stdout]   |
[INFO] [stdout] help: consider importing this struct
[INFO] [stdout]   |
[INFO] [stdout] 2 + use triton_grow::network::network::Network;
[INFO] [stdout]   |
[INFO] [stdout] 
[INFO] [stdout] error[E0433]: failed to resolve: use of undeclared type `Activations`
[INFO] [stdout]  --> src/network/network.rs:439:58
[INFO] [stdout]   |
[INFO] [stdout] 5 |     let mut new_net: Network = Network::new(vec![2,3,1], Activations::SIGMOID, 0.1);
[INFO] [stdout]   |                                                          ^^^^^^^^^^^ use of undeclared type `Activations`
[INFO] [stdout]   |
[INFO] [stdout] help: consider importing this enum
[INFO] [stdout]   |
[INFO] [stdout] 2 + use triton_grow::network::activations::Activations;
[INFO] [stdout]   |
[INFO] [stdout] 
[INFO] [stdout] error[E0412]: cannot find type `Network` in this scope
[INFO] [stdout]  --> src/network/network.rs:440:22
[INFO] [stdout]   |
[INFO] [stdout] 6 |     let mut new_net: Network = Network::load("/root/source/rust/triton/save/net.json");
[INFO] [stdout]   |                      ^^^^^^^ not found in this scope
[INFO] [stdout]   |
[INFO] [stdout] help: consider importing this struct
[INFO] [stdout]   |
[INFO] [stdout] 2 + use triton_grow::network::network::Network;
[INFO] [stdout]   |
[INFO] [stdout] 
[INFO] [stdout] error[E0433]: failed to resolve: use of undeclared type `Network`
[INFO] [stdout]  --> src/network/network.rs:440:32
[INFO] [stdout]   |
[INFO] [stdout] 6 |     let mut new_net: Network = Network::load("/root/source/rust/triton/save/net.json");
[INFO] [stdout]   |                                ^^^^^^^ use of undeclared type `Network`
[INFO] [stdout]   |
[INFO] [stdout] help: consider importing this struct
[INFO] [stdout]   |
[INFO] [stdout] 2 + use triton_grow::network::network::Network;
[INFO] [stdout]   |
[INFO] [stdout] 
[INFO] [stdout] error[E0433]: failed to resolve: use of undeclared type `Mode`
[INFO] [stdout]  --> src/network/network.rs:441:70
[INFO] [stdout]   |
[INFO] [stdout] 7 |     new_net = new_net.train_to_loss(inputs, outputs, 0.00005, 50000, Mode::Avg, 0.1, 0.0001, 3, 10);
[INFO] [stdout]   |                                                                      ^^^^ use of undeclared type `Mode`
[INFO] [stdout]   |
[INFO] [stdout] help: consider importing this enum
[INFO] [stdout]   |
[INFO] [stdout] 2 + use triton_grow::network::modes::Mode;
[INFO] [stdout]   |
[INFO] [stdout] 
[INFO] [stdout] error: aborting due to 6 previous errors
[INFO] [stdout] 
[INFO] [stdout] Some errors have detailed explanations: E0412, E0433.
[INFO] [stdout] For more information about an error, try `rustc --explain E0412`.
[INFO] [stdout] Couldn't compile the test.
[INFO] [stdout] 
[INFO] [stdout] failures:
[INFO] [stdout]     src/network/network.rs - network::network::Network::from (line 72)
[INFO] [stdout]     src/network/network.rs - network::network::Network::new (line 31)
[INFO] [stdout]     src/network/network.rs - network::network::Network::train_to_loss (line 435)
[INFO] [stdout] 
[INFO] [stdout] test result: FAILED. 0 passed; 3 failed; 0 ignored; 0 measured; 0 filtered out; finished in 0.06s
[INFO] [stdout] 
[INFO] [stderr] error: doctest failed, to rerun pass `--doc`
[INFO] running `Command { std: "docker" "inspect" "10f62f1e242a56dbe52028f7c14185f631ec0012254cec68d2aa61d5fff64ee8", kill_on_drop: false }`
[INFO] running `Command { std: "docker" "rm" "-f" "10f62f1e242a56dbe52028f7c14185f631ec0012254cec68d2aa61d5fff64ee8", kill_on_drop: false }`
[INFO] [stdout] 10f62f1e242a56dbe52028f7c14185f631ec0012254cec68d2aa61d5fff64ee8
