[INFO] fetching crate trillium-acme 0.1.1...
[INFO] testing trillium-acme-0.1.1 against 1.75.0 for beta-1.76-1
[INFO] extracting crate trillium-acme 0.1.1 into /workspace/builds/worker-7-tc1/source
[INFO] validating manifest of crates.io crate trillium-acme 0.1.1 on toolchain 1.75.0
[INFO] running `Command { std: CARGO_HOME="/workspace/cargo-home" RUSTUP_HOME="/workspace/rustup-home" "/workspace/cargo-home/bin/cargo" "+1.75.0" "metadata" "--manifest-path" "Cargo.toml" "--no-deps", kill_on_drop: false }`
[INFO] started tweaking crates.io crate trillium-acme 0.1.1
[INFO] finished tweaking crates.io crate trillium-acme 0.1.1
[INFO] tweaked toml for crates.io crate trillium-acme 0.1.1 written to /workspace/builds/worker-7-tc1/source/Cargo.toml
[INFO] crate crates.io crate trillium-acme 0.1.1 already has a lockfile, it will not be regenerated
[INFO] running `Command { std: CARGO_HOME="/workspace/cargo-home" RUSTUP_HOME="/workspace/rustup-home" "/workspace/cargo-home/bin/cargo" "+1.75.0" "fetch" "--manifest-path" "Cargo.toml", kill_on_drop: false }`
[INFO] [stderr]     Updating crates.io index
[INFO] [stderr]  Downloading crates ...
[INFO] [stderr]   Downloaded trillium-macros v0.0.4
[INFO] [stderr]   Downloaded size v0.4.1
[INFO] [stderr]   Downloaded stopper v0.2.2
[INFO] [stderr]   Downloaded memmem v0.1.1
[INFO] [stderr]   Downloaded smartcow v0.2.1
[INFO] [stderr]   Downloaded trillium-http v0.3.5
[INFO] [stderr]   Downloaded generic_static v0.2.0
[INFO] [stderr]   Downloaded signal-hook-async-std v0.2.2
[INFO] [stderr]   Downloaded async-signal v0.2.4
[INFO] [stderr]   Downloaded futures-rustls v0.24.0
[INFO] [stderr]   Downloaded async-web-client v0.2.7
[INFO] [stderr]   Downloaded async-http-codec v0.5.8
[INFO] [stderr]   Downloaded trillium v0.2.11
[INFO] [stderr]   Downloaded trillium-server-common v0.4.5
[INFO] [stderr]   Downloaded zerocopy v0.7.15
[INFO] [stderr]   Downloaded zerocopy-derive v0.7.15
[INFO] [stderr]   Downloaded rustls-webpki v0.100.3
[INFO] [stderr]   Downloaded event-listener v3.0.0
[INFO] [stderr]   Downloaded async-rustls v0.4.1
[INFO] [stderr]   Downloaded rustls-acme v0.7.7
[INFO] [stderr]   Downloaded async-ws v0.3.4
[INFO] [stderr]   Downloaded trillium-smol v0.3.1
[INFO] [stderr]   Downloaded trillium-rustls v0.4.0
[INFO] [stderr]   Downloaded trillium-client v0.4.5
[INFO] running `Command { std: "docker" "create" "-v" "/var/lib/crater-agent-workspace/builds/worker-7-tc1/target:/opt/rustwide/target:rw,Z" "-v" "/var/lib/crater-agent-workspace/builds/worker-7-tc1/source:/opt/rustwide/workdir:ro,Z" "-v" "/var/lib/crater-agent-workspace/cargo-home:/opt/rustwide/cargo-home:ro,Z" "-v" "/var/lib/crater-agent-workspace/rustup-home:/opt/rustwide/rustup-home:ro,Z" "-e" "SOURCE_DIR=/opt/rustwide/workdir" "-e" "CARGO_TARGET_DIR=/opt/rustwide/target" "-e" "CARGO_HOME=/opt/rustwide/cargo-home" "-e" "RUSTUP_HOME=/opt/rustwide/rustup-home" "-w" "/opt/rustwide/workdir" "-m" "1610612736" "--user" "0:0" "--network" "none" "ghcr.io/rust-lang/crates-build-env/linux@sha256:2788e3201cd34a07e3172128adcd8b3090168a8e3bcc40d7c032b9dda1df7d1c" "/opt/rustwide/cargo-home/bin/cargo" "+1.75.0" "metadata" "--no-deps" "--format-version=1", kill_on_drop: false }`
[INFO] [stdout] aa5fc5eecee5386703776139067daa78e2f0d4befb433139177c234bdfd5960e
[INFO] running `Command { std: "docker" "start" "-a" "aa5fc5eecee5386703776139067daa78e2f0d4befb433139177c234bdfd5960e", kill_on_drop: false }`
[INFO] running `Command { std: "docker" "inspect" "aa5fc5eecee5386703776139067daa78e2f0d4befb433139177c234bdfd5960e", kill_on_drop: false }`
[INFO] running `Command { std: "docker" "rm" "-f" "aa5fc5eecee5386703776139067daa78e2f0d4befb433139177c234bdfd5960e", kill_on_drop: false }`
[INFO] [stdout] aa5fc5eecee5386703776139067daa78e2f0d4befb433139177c234bdfd5960e
[INFO] running `Command { std: "docker" "create" "-v" "/var/lib/crater-agent-workspace/builds/worker-7-tc1/target:/opt/rustwide/target:rw,Z" "-v" "/var/lib/crater-agent-workspace/builds/worker-7-tc1/source:/opt/rustwide/workdir:ro,Z" "-v" "/var/lib/crater-agent-workspace/cargo-home:/opt/rustwide/cargo-home:ro,Z" "-v" "/var/lib/crater-agent-workspace/rustup-home:/opt/rustwide/rustup-home:ro,Z" "-e" "SOURCE_DIR=/opt/rustwide/workdir" "-e" "CARGO_TARGET_DIR=/opt/rustwide/target" "-e" "CARGO_INCREMENTAL=0" "-e" "RUST_BACKTRACE=full" "-e" "RUSTFLAGS=--cap-lints=warn" "-e" "RUSTDOCFLAGS=--cap-lints=warn" "-e" "CARGO_HOME=/opt/rustwide/cargo-home" "-e" "RUSTUP_HOME=/opt/rustwide/rustup-home" "-w" "/opt/rustwide/workdir" "-m" "1610612736" "--user" "0:0" "--network" "none" "ghcr.io/rust-lang/crates-build-env/linux@sha256:2788e3201cd34a07e3172128adcd8b3090168a8e3bcc40d7c032b9dda1df7d1c" "/opt/rustwide/cargo-home/bin/cargo" "+1.75.0" "build" "--frozen" "--message-format=json", kill_on_drop: false }`
[INFO] [stdout] 1111dae1edd77af75ea1f48a8640f0c30e26f0b3532eeede3980bf26bbf4cfc6
[INFO] running `Command { std: "docker" "start" "-a" "1111dae1edd77af75ea1f48a8640f0c30e26f0b3532eeede3980bf26bbf4cfc6", kill_on_drop: false }`
[INFO] [stderr]    Compiling proc-macro2 v1.0.69
[INFO] [stderr]    Compiling libc v0.2.149
[INFO] [stderr]    Compiling memchr v2.6.4
[INFO] [stderr]    Compiling futures-core v0.3.29
[INFO] [stderr]    Compiling futures-io v0.3.29
[INFO] [stderr]    Compiling crossbeam-utils v0.8.16
[INFO] [stderr]    Compiling syn v1.0.109
[INFO] [stderr]    Compiling itoa v1.0.9
[INFO] [stderr]    Compiling thiserror v1.0.50
[INFO] [stderr]    Compiling once_cell v1.18.0
[INFO] [stderr]    Compiling futures-channel v0.3.29
[INFO] [stderr]    Compiling futures-task v0.3.29
[INFO] [stderr]    Compiling concurrent-queue v2.3.0
[INFO] [stderr]    Compiling deranged v0.3.9
[INFO] [stderr]    Compiling time-macros v0.2.15
[INFO] [stderr]    Compiling quote v1.0.33
[INFO] [stderr]    Compiling futures-sink v0.3.29
[INFO] [stderr]    Compiling futures-util v0.3.29
[INFO] [stderr]    Compiling syn v2.0.38
[INFO] [stderr]    Compiling cc v1.0.83
[INFO] [stderr]    Compiling getrandom v0.2.10
[INFO] [stderr]    Compiling rustversion v1.0.14
[INFO] [stderr]    Compiling nom v7.1.3
[INFO] [stderr]    Compiling futures-lite v1.13.0
[INFO] [stderr]    Compiling io-lifetimes v1.0.11
[INFO] [stderr]    Compiling ahash v0.8.6
[INFO] [stderr]    Compiling smartstring v1.0.1
[INFO] [stderr]    Compiling rustix v0.37.27
[INFO] [stderr]    Compiling polling v2.8.0
[INFO] [stderr]    Compiling ring v0.17.5
[INFO] [stderr]    Compiling ring v0.16.20
[INFO] [stderr]    Compiling time v0.3.30
[INFO] [stderr]    Compiling synstructure v0.12.6
[INFO] [stderr]    Compiling rusticata-macros v4.1.0
[INFO] [stderr]    Compiling rand_core v0.6.4
[INFO] [stderr]    Compiling socket2 v0.4.10
[INFO] [stderr]    Compiling zerocopy v0.7.15
[INFO] [stderr]    Compiling bytes v1.5.0
[INFO] [stderr]    Compiling async-trait v0.1.74
[INFO] [stderr]    Compiling rustls v0.21.8
[INFO] [stderr]    Compiling anyhow v1.0.75
[INFO] [stderr]    Compiling rand_chacha v0.3.1
[INFO] [stderr]    Compiling asn1-rs-derive v0.1.0
[INFO] [stderr]    Compiling asn1-rs-impl v0.1.0
[INFO] [stderr]    Compiling strum_macros v0.24.3
[INFO] [stderr]    Compiling piper v0.2.1
[INFO] [stderr]    Compiling http v0.2.9
[INFO] [stderr]    Compiling async-io v1.13.0
[INFO] [stderr]    Compiling async-channel v1.9.0
[INFO] [stderr]    Compiling event-listener v3.0.0
[INFO] [stderr]    Compiling futures-lite v2.0.0
[INFO] [stderr]    Compiling allocator-api2 v0.2.16
[INFO] [stderr]    Compiling thiserror-impl v1.0.50
[INFO] [stderr]    Compiling futures-macro v0.3.29
[INFO] [stderr]    Compiling displaydoc v0.2.4
[INFO] [stderr]    Compiling async-task v4.5.0
[INFO] [stderr]    Compiling serde v1.0.190
[INFO] [stderr]    Compiling blocking v1.4.1
[INFO] [stderr]    Compiling strum v0.24.1
[INFO] [stderr]    Compiling stopper v0.2.2
[INFO] [stderr]    Compiling hashbrown v0.14.2
[INFO] [stderr]    Compiling serde_derive v1.0.190
[INFO] [stderr]    Compiling sct v0.7.1
[INFO] [stderr]    Compiling rustls-webpki v0.101.7
[INFO] [stderr]    Compiling trillium-macros v0.0.4
[INFO] [stderr]    Compiling asn1-rs v0.3.1
[INFO] [stderr]    Compiling smartcow v0.2.1
[INFO] [stderr]    Compiling rand v0.8.5
[INFO] [stderr]    Compiling generic_static v0.2.0
[INFO] [stderr]    Compiling encoding_rs v0.8.33
[INFO] [stderr]    Compiling smallvec v1.11.1
[INFO] [stderr]    Compiling utf-8 v0.7.6
[INFO] [stderr]    Compiling unicode-bidi v0.3.13
[INFO] [stderr]    Compiling serde_json v1.0.107
[INFO] [stderr]    Compiling percent-encoding v2.3.0
[INFO] [stderr]    Compiling rlimit v0.10.1
[INFO] [stderr]    Compiling httpdate v1.0.3
[INFO] [stderr]    Compiling mime v0.3.17
[INFO] [stderr]    Compiling form_urlencoded v1.2.0
[INFO] [stderr]    Compiling trillium-http v0.3.5
[INFO] [stderr]    Compiling idna v0.4.0
[INFO] [stderr]    Compiling der-parser v7.0.0
[INFO] [stderr]    Compiling oid-registry v0.4.0
[INFO] [stderr]    Compiling futures-rustls v0.24.0
[INFO] [stderr]    Compiling async-net v1.8.0
[INFO] [stderr]    Compiling futures-executor v0.3.29
[INFO] [stderr]    Compiling futures v0.3.29
[INFO] [stderr]    Compiling async-ws v0.3.4
[INFO] [stderr]    Compiling async-http-codec v0.5.8
[INFO] [stderr]    Compiling yasna v0.5.2
[INFO] [stderr]    Compiling ryu v1.0.15
[INFO] [stderr]    Compiling webpki-roots v0.25.2
[INFO] [stderr]    Compiling data-encoding v2.4.0
[INFO] [stderr]    Compiling iana-time-zone v0.1.58
[INFO] [stderr]    Compiling chrono v0.4.31
[INFO] [stderr]    Compiling rcgen v0.10.0
[INFO] [stderr]    Compiling async-web-client v0.2.7
[INFO] [stderr]    Compiling x509-parser v0.13.2
[INFO] [stderr]    Compiling trillium v0.2.11
[INFO] [stderr]    Compiling url v2.4.1
[INFO] [stderr]    Compiling async_cell v0.2.2
[INFO] [stderr]    Compiling trillium-server-common v0.4.5
[INFO] [stderr]    Compiling rustls-acme v0.7.7
[INFO] [stderr]    Compiling trillium-acme v0.1.1 (/opt/rustwide/workdir)
[INFO] [stderr]     Finished dev [unoptimized + debuginfo] target(s) in 19.89s
[INFO] running `Command { std: "docker" "inspect" "1111dae1edd77af75ea1f48a8640f0c30e26f0b3532eeede3980bf26bbf4cfc6", kill_on_drop: false }`
[INFO] running `Command { std: "docker" "rm" "-f" "1111dae1edd77af75ea1f48a8640f0c30e26f0b3532eeede3980bf26bbf4cfc6", kill_on_drop: false }`
[INFO] [stdout] 1111dae1edd77af75ea1f48a8640f0c30e26f0b3532eeede3980bf26bbf4cfc6
[INFO] running `Command { std: "docker" "create" "-v" "/var/lib/crater-agent-workspace/builds/worker-7-tc1/target:/opt/rustwide/target:rw,Z" "-v" "/var/lib/crater-agent-workspace/builds/worker-7-tc1/source:/opt/rustwide/workdir:ro,Z" "-v" "/var/lib/crater-agent-workspace/cargo-home:/opt/rustwide/cargo-home:ro,Z" "-v" "/var/lib/crater-agent-workspace/rustup-home:/opt/rustwide/rustup-home:ro,Z" "-e" "SOURCE_DIR=/opt/rustwide/workdir" "-e" "CARGO_TARGET_DIR=/opt/rustwide/target" "-e" "CARGO_INCREMENTAL=0" "-e" "RUST_BACKTRACE=full" "-e" "RUSTFLAGS=--cap-lints=warn" "-e" "RUSTDOCFLAGS=--cap-lints=warn" "-e" "CARGO_HOME=/opt/rustwide/cargo-home" "-e" "RUSTUP_HOME=/opt/rustwide/rustup-home" "-w" "/opt/rustwide/workdir" "-m" "1610612736" "--user" "0:0" "--network" "none" "ghcr.io/rust-lang/crates-build-env/linux@sha256:2788e3201cd34a07e3172128adcd8b3090168a8e3bcc40d7c032b9dda1df7d1c" "/opt/rustwide/cargo-home/bin/cargo" "+1.75.0" "test" "--frozen" "--no-run" "--message-format=json", kill_on_drop: false }`
[INFO] [stdout] be293ad4a9fc2b111daab6291952268521b20ebfe4015e01ef6cdc4f91435dac
[INFO] running `Command { std: "docker" "start" "-a" "be293ad4a9fc2b111daab6291952268521b20ebfe4015e01ef6cdc4f91435dac", kill_on_drop: false }`
[INFO] [stderr]    Compiling crossbeam-utils v0.8.16
[INFO] [stderr]    Compiling signal-hook-registry v1.4.1
[INFO] [stderr]    Compiling rustix v0.38.21
[INFO] [stderr]    Compiling linux-raw-sys v0.4.10
[INFO] [stderr]    Compiling parking_lot_core v0.9.9
[INFO] [stderr]    Compiling signal-hook v0.3.17
[INFO] [stderr]    Compiling crossbeam-queue v0.3.8
[INFO] [stderr]    Compiling rustls-pemfile v1.0.3
[INFO] [stderr]    Compiling rustls-webpki v0.100.3
[INFO] [stderr]    Compiling openssl-probe v0.1.5
[INFO] [stderr]    Compiling rustls-native-certs v0.6.3
[INFO] [stderr]    Compiling webpki-roots v0.23.1
[INFO] [stderr]    Compiling dashmap v5.5.3
[INFO] [stderr]    Compiling async-rustls v0.4.1
[INFO] [stderr]    Compiling memmem v0.1.1
[INFO] [stderr]    Compiling size v0.4.1
[INFO] [stderr]    Compiling concurrent-queue v2.3.0
[INFO] [stderr]    Compiling async-io v1.13.0
[INFO] [stderr]    Compiling event-listener v3.0.0
[INFO] [stderr]    Compiling async-channel v1.9.0
[INFO] [stderr]    Compiling async-executor v1.6.0
[INFO] [stderr]    Compiling stopper v0.2.2
[INFO] [stderr]    Compiling blocking v1.4.1
[INFO] [stderr]    Compiling trillium-http v0.3.5
[INFO] [stderr]    Compiling async-net v1.8.0
[INFO] [stderr]    Compiling async-ws v0.3.4
[INFO] [stderr]    Compiling async-fs v1.6.0
[INFO] [stderr]    Compiling async-global-executor v2.3.1
[INFO] [stderr]    Compiling signal-hook-async-std v0.2.2
[INFO] [stderr]    Compiling async-web-client v0.2.7
[INFO] [stderr]    Compiling trillium v0.2.11
[INFO] [stderr]    Compiling rustls-acme v0.7.7
[INFO] [stderr]    Compiling async-signal v0.2.4
[INFO] [stderr]    Compiling tempfile v3.8.1
[INFO] [stderr]    Compiling async-process v1.8.1
[INFO] [stderr]    Compiling smol v1.3.0
[INFO] [stderr]    Compiling trillium-server-common v0.4.5
[INFO] [stderr]    Compiling trillium-smol v0.3.1
[INFO] [stderr]    Compiling trillium-rustls v0.4.0
[INFO] [stderr]    Compiling trillium-client v0.4.5
[INFO] [stderr]    Compiling trillium-acme v0.1.1 (/opt/rustwide/workdir)
[INFO] [stderr]     Finished test [unoptimized + debuginfo] target(s) in 8.52s
[INFO] running `Command { std: "docker" "inspect" "be293ad4a9fc2b111daab6291952268521b20ebfe4015e01ef6cdc4f91435dac", kill_on_drop: false }`
[INFO] running `Command { std: "docker" "rm" "-f" "be293ad4a9fc2b111daab6291952268521b20ebfe4015e01ef6cdc4f91435dac", kill_on_drop: false }`
[INFO] [stdout] be293ad4a9fc2b111daab6291952268521b20ebfe4015e01ef6cdc4f91435dac
[INFO] running `Command { std: "docker" "create" "-v" "/var/lib/crater-agent-workspace/builds/worker-7-tc1/target:/opt/rustwide/target:rw,Z" "-v" "/var/lib/crater-agent-workspace/builds/worker-7-tc1/source:/opt/rustwide/workdir:ro,Z" "-v" "/var/lib/crater-agent-workspace/cargo-home:/opt/rustwide/cargo-home:ro,Z" "-v" "/var/lib/crater-agent-workspace/rustup-home:/opt/rustwide/rustup-home:ro,Z" "-e" "SOURCE_DIR=/opt/rustwide/workdir" "-e" "CARGO_TARGET_DIR=/opt/rustwide/target" "-e" "CARGO_INCREMENTAL=0" "-e" "RUST_BACKTRACE=full" "-e" "RUSTFLAGS=--cap-lints=warn" "-e" "RUSTDOCFLAGS=--cap-lints=warn" "-e" "CARGO_HOME=/opt/rustwide/cargo-home" "-e" "RUSTUP_HOME=/opt/rustwide/rustup-home" "-w" "/opt/rustwide/workdir" "-m" "1610612736" "--user" "0:0" "--network" "none" "ghcr.io/rust-lang/crates-build-env/linux@sha256:2788e3201cd34a07e3172128adcd8b3090168a8e3bcc40d7c032b9dda1df7d1c" "/opt/rustwide/cargo-home/bin/cargo" "+1.75.0" "test" "--frozen", kill_on_drop: false }`
[INFO] [stdout] a20655354507b9218a060a81c7b83546013d874f3986b341f7e62784c8575d7c
[INFO] running `Command { std: "docker" "start" "-a" "a20655354507b9218a060a81c7b83546013d874f3986b341f7e62784c8575d7c", kill_on_drop: false }`
[INFO] [stderr]     Finished test [unoptimized + debuginfo] target(s) in 0.11s
[INFO] [stderr]      Running unittests src/lib.rs (/opt/rustwide/target/debug/deps/trillium_acme-28cbad2bc27a09ba)
[INFO] [stdout] 
[INFO] [stdout] running 0 tests
[INFO] [stdout] 
[INFO] [stdout] test result: ok. 0 passed; 0 failed; 0 ignored; 0 measured; 0 filtered out; finished in 0.00s
[INFO] [stdout] 
[INFO] [stderr]      Running tests/test-with-pebble.rs (/opt/rustwide/target/debug/deps/test_with_pebble-1fb05d27a5768a14)
[INFO] [stdout] 
[INFO] [stdout] running 1 test
[INFO] [stdout] test test_with_pebble ... FAILED
[INFO] [stdout] 
[INFO] [stdout] failures:
[INFO] [stdout] 
[INFO] [stdout] ---- test_with_pebble stdout ----
[INFO] [stdout] Error: No such file or directory (os error 2)
[INFO] [stdout] 
[INFO] [stdout] 
[INFO] [stdout] failures:
[INFO] [stdout]     test_with_pebble
[INFO] [stdout] 
[INFO] [stdout] test result: FAILED. 0 passed; 1 failed; 0 ignored; 0 measured; 0 filtered out; finished in 0.00s
[INFO] [stdout] 
[INFO] [stderr] error: test failed, to rerun pass `--test test-with-pebble`
[INFO] running `Command { std: "docker" "inspect" "a20655354507b9218a060a81c7b83546013d874f3986b341f7e62784c8575d7c", kill_on_drop: false }`
[INFO] running `Command { std: "docker" "rm" "-f" "a20655354507b9218a060a81c7b83546013d874f3986b341f7e62784c8575d7c", kill_on_drop: false }`
[INFO] [stdout] a20655354507b9218a060a81c7b83546013d874f3986b341f7e62784c8575d7c
[INFO] testing trillium-acme-0.1.1 against beta-2023-12-22 for beta-1.76-1
[INFO] extracting crate trillium-acme 0.1.1 into /workspace/builds/worker-7-tc2/source
[INFO] validating manifest of crates.io crate trillium-acme 0.1.1 on toolchain beta-2023-12-22
[INFO] running `Command { std: CARGO_HOME="/workspace/cargo-home" RUSTUP_HOME="/workspace/rustup-home" "/workspace/cargo-home/bin/cargo" "+beta-2023-12-22" "metadata" "--manifest-path" "Cargo.toml" "--no-deps", kill_on_drop: false }`
[INFO] started tweaking crates.io crate trillium-acme 0.1.1
[INFO] finished tweaking crates.io crate trillium-acme 0.1.1
[INFO] tweaked toml for crates.io crate trillium-acme 0.1.1 written to /workspace/builds/worker-7-tc2/source/Cargo.toml
[INFO] crate crates.io crate trillium-acme 0.1.1 already has a lockfile, it will not be regenerated
[INFO] running `Command { std: CARGO_HOME="/workspace/cargo-home" RUSTUP_HOME="/workspace/rustup-home" "/workspace/cargo-home/bin/cargo" "+beta-2023-12-22" "fetch" "--manifest-path" "Cargo.toml", kill_on_drop: false }`
[INFO] running `Command { std: "docker" "create" "-v" "/var/lib/crater-agent-workspace/builds/worker-7-tc2/target:/opt/rustwide/target:rw,Z" "-v" "/var/lib/crater-agent-workspace/builds/worker-7-tc2/source:/opt/rustwide/workdir:ro,Z" "-v" "/var/lib/crater-agent-workspace/cargo-home:/opt/rustwide/cargo-home:ro,Z" "-v" "/var/lib/crater-agent-workspace/rustup-home:/opt/rustwide/rustup-home:ro,Z" "-e" "SOURCE_DIR=/opt/rustwide/workdir" "-e" "CARGO_TARGET_DIR=/opt/rustwide/target" "-e" "CARGO_HOME=/opt/rustwide/cargo-home" "-e" "RUSTUP_HOME=/opt/rustwide/rustup-home" "-w" "/opt/rustwide/workdir" "-m" "1610612736" "--user" "0:0" "--network" "none" "ghcr.io/rust-lang/crates-build-env/linux@sha256:2788e3201cd34a07e3172128adcd8b3090168a8e3bcc40d7c032b9dda1df7d1c" "/opt/rustwide/cargo-home/bin/cargo" "+beta-2023-12-22" "metadata" "--no-deps" "--format-version=1", kill_on_drop: false }`
[INFO] [stdout] 5e66a8213692992469cecfe4793bb03d354dc075570c2a4d52dea0635da0d99e
[INFO] running `Command { std: "docker" "start" "-a" "5e66a8213692992469cecfe4793bb03d354dc075570c2a4d52dea0635da0d99e", kill_on_drop: false }`
[INFO] running `Command { std: "docker" "inspect" "5e66a8213692992469cecfe4793bb03d354dc075570c2a4d52dea0635da0d99e", kill_on_drop: false }`
[INFO] running `Command { std: "docker" "rm" "-f" "5e66a8213692992469cecfe4793bb03d354dc075570c2a4d52dea0635da0d99e", kill_on_drop: false }`
[INFO] [stdout] 5e66a8213692992469cecfe4793bb03d354dc075570c2a4d52dea0635da0d99e
[INFO] running `Command { std: "docker" "create" "-v" "/var/lib/crater-agent-workspace/builds/worker-7-tc2/target:/opt/rustwide/target:rw,Z" "-v" "/var/lib/crater-agent-workspace/builds/worker-7-tc2/source:/opt/rustwide/workdir:ro,Z" "-v" "/var/lib/crater-agent-workspace/cargo-home:/opt/rustwide/cargo-home:ro,Z" "-v" "/var/lib/crater-agent-workspace/rustup-home:/opt/rustwide/rustup-home:ro,Z" "-e" "SOURCE_DIR=/opt/rustwide/workdir" "-e" "CARGO_TARGET_DIR=/opt/rustwide/target" "-e" "CARGO_INCREMENTAL=0" "-e" "RUST_BACKTRACE=full" "-e" "RUSTFLAGS=--cap-lints=warn" "-e" "RUSTDOCFLAGS=--cap-lints=warn" "-e" "CARGO_HOME=/opt/rustwide/cargo-home" "-e" "RUSTUP_HOME=/opt/rustwide/rustup-home" "-w" "/opt/rustwide/workdir" "-m" "1610612736" "--user" "0:0" "--network" "none" "ghcr.io/rust-lang/crates-build-env/linux@sha256:2788e3201cd34a07e3172128adcd8b3090168a8e3bcc40d7c032b9dda1df7d1c" "/opt/rustwide/cargo-home/bin/cargo" "+beta-2023-12-22" "build" "--frozen" "--message-format=json", kill_on_drop: false }`
[INFO] [stdout] ccec09ab58f3c0b7f02c59828d0e86ddfedde1779c6c8a8d11e697f86bd250e5
[INFO] running `Command { std: "docker" "start" "-a" "ccec09ab58f3c0b7f02c59828d0e86ddfedde1779c6c8a8d11e697f86bd250e5", kill_on_drop: false }`
[INFO] [stderr]    Compiling proc-macro2 v1.0.69
[INFO] [stderr]    Compiling libc v0.2.149
[INFO] [stderr]    Compiling memchr v2.6.4
[INFO] [stderr]    Compiling futures-core v0.3.29
[INFO] [stderr]    Compiling futures-io v0.3.29
[INFO] [stderr]    Compiling crossbeam-utils v0.8.16
[INFO] [stderr]    Compiling syn v1.0.109
[INFO] [stderr]    Compiling itoa v1.0.9
[INFO] [stderr]    Compiling thiserror v1.0.50
[INFO] [stderr]    Compiling once_cell v1.18.0
[INFO] [stderr]    Compiling futures-channel v0.3.29
[INFO] [stderr]    Compiling concurrent-queue v2.3.0
[INFO] [stderr]    Compiling futures-task v0.3.29
[INFO] [stderr]    Compiling time-macros v0.2.15
[INFO] [stderr]    Compiling deranged v0.3.9
[INFO] [stderr]    Compiling futures-sink v0.3.29
[INFO] [stderr]    Compiling quote v1.0.33
[INFO] [stderr]    Compiling futures-util v0.3.29
[INFO] [stderr]    Compiling syn v2.0.38
[INFO] [stderr]    Compiling getrandom v0.2.10
[INFO] [stderr]    Compiling cc v1.0.83
[INFO] [stderr]    Compiling rustversion v1.0.14
[INFO] [stderr]    Compiling nom v7.1.3
[INFO] [stderr]    Compiling futures-lite v1.13.0
[INFO] [stderr]    Compiling io-lifetimes v1.0.11
[INFO] [stderr]    Compiling ahash v0.8.6
[INFO] [stderr]    Compiling smartstring v1.0.1
[INFO] [stderr]    Compiling rustix v0.37.27
[INFO] [stderr]    Compiling polling v2.8.0
[INFO] [stderr]    Compiling ring v0.17.5
[INFO] [stderr]    Compiling ring v0.16.20
[INFO] [stderr]    Compiling time v0.3.30
[INFO] [stderr]    Compiling rand_core v0.6.4
[INFO] [stderr]    Compiling rusticata-macros v4.1.0
[INFO] [stderr]    Compiling synstructure v0.12.6
[INFO] [stderr]    Compiling socket2 v0.4.10
[INFO] [stderr]    Compiling zerocopy v0.7.15
[INFO] [stderr]    Compiling anyhow v1.0.75
[INFO] [stderr]    Compiling bytes v1.5.0
[INFO] [stderr]    Compiling async-trait v0.1.74
[INFO] [stderr]    Compiling rustls v0.21.8
[INFO] [stderr]    Compiling http v0.2.9
[INFO] [stderr]    Compiling piper v0.2.1
[INFO] [stderr]    Compiling rand_chacha v0.3.1
[INFO] [stderr]    Compiling asn1-rs-impl v0.1.0
[INFO] [stderr]    Compiling asn1-rs-derive v0.1.0
[INFO] [stderr]    Compiling strum_macros v0.24.3
[INFO] [stderr]    Compiling async-io v1.13.0
[INFO] [stderr]    Compiling async-channel v1.9.0
[INFO] [stderr]    Compiling event-listener v3.0.0
[INFO] [stderr]    Compiling futures-lite v2.0.0
[INFO] [stderr]    Compiling serde v1.0.190
[INFO] [stderr]    Compiling thiserror-impl v1.0.50
[INFO] [stderr]    Compiling futures-macro v0.3.29
[INFO] [stderr]    Compiling displaydoc v0.2.4
[INFO] [stderr]    Compiling async-task v4.5.0
[INFO] [stderr]    Compiling allocator-api2 v0.2.16
[INFO] [stderr]    Compiling sct v0.7.1
[INFO] [stderr]    Compiling rustls-webpki v0.101.7
[INFO] [stderr]    Compiling hashbrown v0.14.2
[INFO] [stderr]    Compiling blocking v1.4.1
[INFO] [stderr]    Compiling stopper v0.2.2
[INFO] [stderr]    Compiling strum v0.24.1
[INFO] [stderr]    Compiling trillium-macros v0.0.4
[INFO] [stderr]    Compiling serde_derive v1.0.190
[INFO] [stderr]    Compiling asn1-rs v0.3.1
[INFO] [stderr]    Compiling smartcow v0.2.1
[INFO] [stderr]    Compiling rand v0.8.5
[INFO] [stderr]    Compiling generic_static v0.2.0
[INFO] [stderr]    Compiling encoding_rs v0.8.33
[INFO] [stderr]    Compiling percent-encoding v2.3.0
[INFO] [stderr]    Compiling unicode-bidi v0.3.13
[INFO] [stderr]    Compiling utf-8 v0.7.6
[INFO] [stderr]    Compiling httpdate v1.0.3
[INFO] [stderr]    Compiling mime v0.3.17
[INFO] [stderr]    Compiling serde_json v1.0.107
[INFO] [stderr]    Compiling smallvec v1.11.1
[INFO] [stderr]    Compiling rlimit v0.10.1
[INFO] [stderr]    Compiling futures-rustls v0.24.0
[INFO] [stderr]    Compiling idna v0.4.0
[INFO] [stderr]    Compiling trillium-http v0.3.5
[INFO] [stderr]    Compiling form_urlencoded v1.2.0
[INFO] [stderr]    Compiling oid-registry v0.4.0
[INFO] [stderr]    Compiling futures-executor v0.3.29
[INFO] [stderr]    Compiling futures v0.3.29
[INFO] [stderr]    Compiling async-ws v0.3.4
[INFO] [stderr]    Compiling async-http-codec v0.5.8
[INFO] [stderr]    Compiling der-parser v7.0.0
[INFO] [stderr]    Compiling async-net v1.8.0
[INFO] [stderr]    Compiling yasna v0.5.2
[INFO] [stderr]    Compiling data-encoding v2.4.0
[INFO] [stderr]    Compiling iana-time-zone v0.1.58
[INFO] [stderr]    Compiling webpki-roots v0.25.2
[INFO] [stderr]    Compiling ryu v1.0.15
[INFO] [stderr]    Compiling rcgen v0.10.0
[INFO] [stderr]    Compiling x509-parser v0.13.2
[INFO] [stderr]    Compiling chrono v0.4.31
[INFO] [stderr]    Compiling async-web-client v0.2.7
[INFO] [stderr]    Compiling trillium v0.2.11
[INFO] [stderr]    Compiling url v2.4.1
[INFO] [stderr]    Compiling async_cell v0.2.2
[INFO] [stderr]    Compiling trillium-server-common v0.4.5
[INFO] [stderr]    Compiling rustls-acme v0.7.7
[INFO] [stderr]    Compiling trillium-acme v0.1.1 (/opt/rustwide/workdir)
[INFO] [stderr]     Finished dev [unoptimized + debuginfo] target(s) in 18.78s
[INFO] running `Command { std: "docker" "inspect" "ccec09ab58f3c0b7f02c59828d0e86ddfedde1779c6c8a8d11e697f86bd250e5", kill_on_drop: false }`
[INFO] running `Command { std: "docker" "rm" "-f" "ccec09ab58f3c0b7f02c59828d0e86ddfedde1779c6c8a8d11e697f86bd250e5", kill_on_drop: false }`
[INFO] [stdout] ccec09ab58f3c0b7f02c59828d0e86ddfedde1779c6c8a8d11e697f86bd250e5
[INFO] running `Command { std: "docker" "create" "-v" "/var/lib/crater-agent-workspace/builds/worker-7-tc2/target:/opt/rustwide/target:rw,Z" "-v" "/var/lib/crater-agent-workspace/builds/worker-7-tc2/source:/opt/rustwide/workdir:ro,Z" "-v" "/var/lib/crater-agent-workspace/cargo-home:/opt/rustwide/cargo-home:ro,Z" "-v" "/var/lib/crater-agent-workspace/rustup-home:/opt/rustwide/rustup-home:ro,Z" "-e" "SOURCE_DIR=/opt/rustwide/workdir" "-e" "CARGO_TARGET_DIR=/opt/rustwide/target" "-e" "CARGO_INCREMENTAL=0" "-e" "RUST_BACKTRACE=full" "-e" "RUSTFLAGS=--cap-lints=warn" "-e" "RUSTDOCFLAGS=--cap-lints=warn" "-e" "CARGO_HOME=/opt/rustwide/cargo-home" "-e" "RUSTUP_HOME=/opt/rustwide/rustup-home" "-w" "/opt/rustwide/workdir" "-m" "1610612736" "--user" "0:0" "--network" "none" "ghcr.io/rust-lang/crates-build-env/linux@sha256:2788e3201cd34a07e3172128adcd8b3090168a8e3bcc40d7c032b9dda1df7d1c" "/opt/rustwide/cargo-home/bin/cargo" "+beta-2023-12-22" "test" "--frozen" "--no-run" "--message-format=json", kill_on_drop: false }`
[INFO] [stdout] 874d5ef21aef39552080ed356ddf39a792045410fd80f788e5494773ef514a17
[INFO] running `Command { std: "docker" "start" "-a" "874d5ef21aef39552080ed356ddf39a792045410fd80f788e5494773ef514a17", kill_on_drop: false }`
[INFO] [stderr]    Compiling crossbeam-utils v0.8.16
[INFO] [stderr]    Compiling signal-hook-registry v1.4.1
[INFO] [stderr]    Compiling rustix v0.38.21
[INFO] [stderr]    Compiling linux-raw-sys v0.4.10
[INFO] [stderr]    Compiling signal-hook v0.3.17
[INFO] [stderr]    Compiling parking_lot_core v0.9.9
[INFO] [stderr]    Compiling crossbeam-queue v0.3.8
[INFO] [stderr]    Compiling rustls-pemfile v1.0.3
[INFO] [stderr]    Compiling rustls-webpki v0.100.3
[INFO] [stderr]    Compiling openssl-probe v0.1.5
[INFO] [stderr]    Compiling dashmap v5.5.3
[INFO] [stderr]    Compiling rustls-native-certs v0.6.3
[INFO] [stderr]    Compiling concurrent-queue v2.3.0
[INFO] [stderr]    Compiling webpki-roots v0.23.1
[INFO] [stderr]    Compiling async-io v1.13.0
[INFO] [stderr]    Compiling event-listener v3.0.0
[INFO] [stderr]    Compiling async-channel v1.9.0
[INFO] [stderr]    Compiling async-executor v1.6.0
[INFO] [stderr]    Compiling async-rustls v0.4.1
[INFO] [stderr]    Compiling stopper v0.2.2
[INFO] [stderr]    Compiling blocking v1.4.1
[INFO] [stderr]    Compiling memmem v0.1.1
[INFO] [stderr]    Compiling trillium-http v0.3.5
[INFO] [stderr]    Compiling size v0.4.1
[INFO] [stderr]    Compiling async-ws v0.3.4
[INFO] [stderr]    Compiling signal-hook-async-std v0.2.2
[INFO] [stderr]    Compiling async-net v1.8.0
[INFO] [stderr]    Compiling async-fs v1.6.0
[INFO] [stderr]    Compiling async-global-executor v2.3.1
[INFO] [stderr]    Compiling trillium v0.2.11
[INFO] [stderr]    Compiling async-web-client v0.2.7
[INFO] [stderr]    Compiling rustls-acme v0.7.7
[INFO] [stderr]    Compiling async-signal v0.2.4
[INFO] [stderr]    Compiling tempfile v3.8.1
[INFO] [stderr]    Compiling async-process v1.8.1
[INFO] [stderr]    Compiling smol v1.3.0
[INFO] [stderr]    Compiling trillium-server-common v0.4.5
[INFO] [stderr]    Compiling trillium-rustls v0.4.0
[INFO] [stderr]    Compiling trillium-smol v0.3.1
[INFO] [stderr]    Compiling trillium-client v0.4.5
[INFO] [stderr]    Compiling trillium-acme v0.1.1 (/opt/rustwide/workdir)
[INFO] [stderr]     Finished test [unoptimized + debuginfo] target(s) in 10.12s
[INFO] running `Command { std: "docker" "inspect" "874d5ef21aef39552080ed356ddf39a792045410fd80f788e5494773ef514a17", kill_on_drop: false }`
[INFO] running `Command { std: "docker" "rm" "-f" "874d5ef21aef39552080ed356ddf39a792045410fd80f788e5494773ef514a17", kill_on_drop: false }`
[INFO] [stdout] 874d5ef21aef39552080ed356ddf39a792045410fd80f788e5494773ef514a17
[INFO] running `Command { std: "docker" "create" "-v" "/var/lib/crater-agent-workspace/builds/worker-7-tc2/target:/opt/rustwide/target:rw,Z" "-v" "/var/lib/crater-agent-workspace/builds/worker-7-tc2/source:/opt/rustwide/workdir:ro,Z" "-v" "/var/lib/crater-agent-workspace/cargo-home:/opt/rustwide/cargo-home:ro,Z" "-v" "/var/lib/crater-agent-workspace/rustup-home:/opt/rustwide/rustup-home:ro,Z" "-e" "SOURCE_DIR=/opt/rustwide/workdir" "-e" "CARGO_TARGET_DIR=/opt/rustwide/target" "-e" "CARGO_INCREMENTAL=0" "-e" "RUST_BACKTRACE=full" "-e" "RUSTFLAGS=--cap-lints=warn" "-e" "RUSTDOCFLAGS=--cap-lints=warn" "-e" "CARGO_HOME=/opt/rustwide/cargo-home" "-e" "RUSTUP_HOME=/opt/rustwide/rustup-home" "-w" "/opt/rustwide/workdir" "-m" "1610612736" "--user" "0:0" "--network" "none" "ghcr.io/rust-lang/crates-build-env/linux@sha256:2788e3201cd34a07e3172128adcd8b3090168a8e3bcc40d7c032b9dda1df7d1c" "/opt/rustwide/cargo-home/bin/cargo" "+beta-2023-12-22" "test" "--frozen", kill_on_drop: false }`
[INFO] [stdout] 6536c25c507d15704d19254039a473061454fa0781f0819f5d75c58ad0f8ccb0
[INFO] running `Command { std: "docker" "start" "-a" "6536c25c507d15704d19254039a473061454fa0781f0819f5d75c58ad0f8ccb0", kill_on_drop: false }`
[INFO] [stderr]     Finished test [unoptimized + debuginfo] target(s) in 0.11s
[INFO] [stderr]      Running unittests src/lib.rs (/opt/rustwide/target/debug/deps/trillium_acme-894bc96a75d36c5f)
[INFO] [stdout] 
[INFO] [stdout] running 0 tests
[INFO] [stdout] 
[INFO] [stdout] test result: ok. 0 passed; 0 failed; 0 ignored; 0 measured; 0 filtered out; finished in 0.00s
[INFO] [stdout] 
[INFO] [stderr]      Running tests/test-with-pebble.rs (/opt/rustwide/target/debug/deps/test_with_pebble-250d54682b4e4ecd)
[INFO] [stdout] 
[INFO] [stdout] running 1 test
[INFO] [stdout] test test_with_pebble ... FAILED
[INFO] [stdout] 
[INFO] [stdout] failures:
[INFO] [stdout] 
[INFO] [stdout] ---- test_with_pebble stdout ----
[INFO] [stdout] Error: No such file or directory (os error 2)
[INFO] [stdout] 
[INFO] [stdout] 
[INFO] [stdout] failures:
[INFO] [stdout]     test_with_pebble
[INFO] [stdout] 
[INFO] [stdout] test result: FAILED. 0 passed; 1 failed; 0 ignored; 0 measured; 0 filtered out; finished in 0.00s
[INFO] [stdout] 
[INFO] [stderr] error: test failed, to rerun pass `--test test-with-pebble`
[INFO] running `Command { std: "docker" "inspect" "6536c25c507d15704d19254039a473061454fa0781f0819f5d75c58ad0f8ccb0", kill_on_drop: false }`
[INFO] running `Command { std: "docker" "rm" "-f" "6536c25c507d15704d19254039a473061454fa0781f0819f5d75c58ad0f8ccb0", kill_on_drop: false }`
[INFO] [stdout] 6536c25c507d15704d19254039a473061454fa0781f0819f5d75c58ad0f8ccb0
