[INFO] fetching crate treerustler 0.1.0...
[INFO] testing treerustler-0.1.0 against 1.75.0 for beta-1.76-1
[INFO] extracting crate treerustler 0.1.0 into /workspace/builds/worker-1-tc1/source
[INFO] validating manifest of crates.io crate treerustler 0.1.0 on toolchain 1.75.0
[INFO] running `Command { std: CARGO_HOME="/workspace/cargo-home" RUSTUP_HOME="/workspace/rustup-home" "/workspace/cargo-home/bin/cargo" "+1.75.0" "metadata" "--manifest-path" "Cargo.toml" "--no-deps", kill_on_drop: false }`
[INFO] started tweaking crates.io crate treerustler 0.1.0
[INFO] finished tweaking crates.io crate treerustler 0.1.0
[INFO] tweaked toml for crates.io crate treerustler 0.1.0 written to /workspace/builds/worker-1-tc1/source/Cargo.toml
[INFO] crate crates.io crate treerustler 0.1.0 already has a lockfile, it will not be regenerated
[INFO] running `Command { std: CARGO_HOME="/workspace/cargo-home" RUSTUP_HOME="/workspace/rustup-home" "/workspace/cargo-home/bin/cargo" "+1.75.0" "fetch" "--manifest-path" "Cargo.toml", kill_on_drop: false }`
[INFO] running `Command { std: "docker" "create" "-v" "/var/lib/crater-agent-workspace/builds/worker-1-tc1/target:/opt/rustwide/target:rw,Z" "-v" "/var/lib/crater-agent-workspace/builds/worker-1-tc1/source:/opt/rustwide/workdir:ro,Z" "-v" "/var/lib/crater-agent-workspace/cargo-home:/opt/rustwide/cargo-home:ro,Z" "-v" "/var/lib/crater-agent-workspace/rustup-home:/opt/rustwide/rustup-home:ro,Z" "-e" "SOURCE_DIR=/opt/rustwide/workdir" "-e" "CARGO_TARGET_DIR=/opt/rustwide/target" "-e" "CARGO_HOME=/opt/rustwide/cargo-home" "-e" "RUSTUP_HOME=/opt/rustwide/rustup-home" "-w" "/opt/rustwide/workdir" "-m" "1610612736" "--user" "0:0" "--network" "none" "ghcr.io/rust-lang/crates-build-env/linux@sha256:2788e3201cd34a07e3172128adcd8b3090168a8e3bcc40d7c032b9dda1df7d1c" "/opt/rustwide/cargo-home/bin/cargo" "+1.75.0" "metadata" "--no-deps" "--format-version=1", kill_on_drop: false }`
[INFO] [stdout] b6d41f10f8ac80256c314c149420da9aebcd475aeea7492b4d158edc01fc642b
[INFO] running `Command { std: "docker" "start" "-a" "b6d41f10f8ac80256c314c149420da9aebcd475aeea7492b4d158edc01fc642b", kill_on_drop: false }`
[INFO] running `Command { std: "docker" "inspect" "b6d41f10f8ac80256c314c149420da9aebcd475aeea7492b4d158edc01fc642b", kill_on_drop: false }`
[INFO] running `Command { std: "docker" "rm" "-f" "b6d41f10f8ac80256c314c149420da9aebcd475aeea7492b4d158edc01fc642b", kill_on_drop: false }`
[INFO] [stdout] b6d41f10f8ac80256c314c149420da9aebcd475aeea7492b4d158edc01fc642b
[INFO] running `Command { std: "docker" "create" "-v" "/var/lib/crater-agent-workspace/builds/worker-1-tc1/target:/opt/rustwide/target:rw,Z" "-v" "/var/lib/crater-agent-workspace/builds/worker-1-tc1/source:/opt/rustwide/workdir:ro,Z" "-v" "/var/lib/crater-agent-workspace/cargo-home:/opt/rustwide/cargo-home:ro,Z" "-v" "/var/lib/crater-agent-workspace/rustup-home:/opt/rustwide/rustup-home:ro,Z" "-e" "SOURCE_DIR=/opt/rustwide/workdir" "-e" "CARGO_TARGET_DIR=/opt/rustwide/target" "-e" "CARGO_INCREMENTAL=0" "-e" "RUST_BACKTRACE=full" "-e" "RUSTFLAGS=--cap-lints=warn" "-e" "RUSTDOCFLAGS=--cap-lints=warn" "-e" "CARGO_HOME=/opt/rustwide/cargo-home" "-e" "RUSTUP_HOME=/opt/rustwide/rustup-home" "-w" "/opt/rustwide/workdir" "-m" "1610612736" "--user" "0:0" "--network" "none" "ghcr.io/rust-lang/crates-build-env/linux@sha256:2788e3201cd34a07e3172128adcd8b3090168a8e3bcc40d7c032b9dda1df7d1c" "/opt/rustwide/cargo-home/bin/cargo" "+1.75.0" "build" "--frozen" "--message-format=json", kill_on_drop: false }`
[INFO] [stdout] 3f9b170ce9fd4d57e7c417701af51d5927bba4474da0f46beefe4932902bd1ee
[INFO] running `Command { std: "docker" "start" "-a" "3f9b170ce9fd4d57e7c417701af51d5927bba4474da0f46beefe4932902bd1ee", kill_on_drop: false }`
[INFO] [stderr]    Compiling libc v0.2.146
[INFO] [stderr]    Compiling cfg-if v1.0.0
[INFO] [stderr]    Compiling ppv-lite86 v0.2.17
[INFO] [stderr]    Compiling getrandom v0.2.10
[INFO] [stderr]    Compiling rand_core v0.6.4
[INFO] [stderr]    Compiling rand_chacha v0.3.1
[INFO] [stderr]    Compiling rand v0.8.5
[INFO] [stderr]    Compiling treerustler v0.1.0 (/opt/rustwide/workdir)
[INFO] [stderr]     Finished dev [unoptimized + debuginfo] target(s) in 2.26s
[INFO] running `Command { std: "docker" "inspect" "3f9b170ce9fd4d57e7c417701af51d5927bba4474da0f46beefe4932902bd1ee", kill_on_drop: false }`
[INFO] running `Command { std: "docker" "rm" "-f" "3f9b170ce9fd4d57e7c417701af51d5927bba4474da0f46beefe4932902bd1ee", kill_on_drop: false }`
[INFO] [stdout] 3f9b170ce9fd4d57e7c417701af51d5927bba4474da0f46beefe4932902bd1ee
[INFO] running `Command { std: "docker" "create" "-v" "/var/lib/crater-agent-workspace/builds/worker-1-tc1/target:/opt/rustwide/target:rw,Z" "-v" "/var/lib/crater-agent-workspace/builds/worker-1-tc1/source:/opt/rustwide/workdir:ro,Z" "-v" "/var/lib/crater-agent-workspace/cargo-home:/opt/rustwide/cargo-home:ro,Z" "-v" "/var/lib/crater-agent-workspace/rustup-home:/opt/rustwide/rustup-home:ro,Z" "-e" "SOURCE_DIR=/opt/rustwide/workdir" "-e" "CARGO_TARGET_DIR=/opt/rustwide/target" "-e" "CARGO_INCREMENTAL=0" "-e" "RUST_BACKTRACE=full" "-e" "RUSTFLAGS=--cap-lints=warn" "-e" "RUSTDOCFLAGS=--cap-lints=warn" "-e" "CARGO_HOME=/opt/rustwide/cargo-home" "-e" "RUSTUP_HOME=/opt/rustwide/rustup-home" "-w" "/opt/rustwide/workdir" "-m" "1610612736" "--user" "0:0" "--network" "none" "ghcr.io/rust-lang/crates-build-env/linux@sha256:2788e3201cd34a07e3172128adcd8b3090168a8e3bcc40d7c032b9dda1df7d1c" "/opt/rustwide/cargo-home/bin/cargo" "+1.75.0" "test" "--frozen" "--no-run" "--message-format=json", kill_on_drop: false }`
[INFO] [stdout] e9ff270ad9e188ea6f18ad8a56a91664ffac6c70e69fdfb8cc8125e73beb67d3
[INFO] running `Command { std: "docker" "start" "-a" "e9ff270ad9e188ea6f18ad8a56a91664ffac6c70e69fdfb8cc8125e73beb67d3", kill_on_drop: false }`
[INFO] [stderr]    Compiling treerustler v0.1.0 (/opt/rustwide/workdir)
[INFO] [stderr]     Finished test [unoptimized + debuginfo] target(s) in 0.24s
[INFO] running `Command { std: "docker" "inspect" "e9ff270ad9e188ea6f18ad8a56a91664ffac6c70e69fdfb8cc8125e73beb67d3", kill_on_drop: false }`
[INFO] running `Command { std: "docker" "rm" "-f" "e9ff270ad9e188ea6f18ad8a56a91664ffac6c70e69fdfb8cc8125e73beb67d3", kill_on_drop: false }`
[INFO] [stdout] e9ff270ad9e188ea6f18ad8a56a91664ffac6c70e69fdfb8cc8125e73beb67d3
[INFO] running `Command { std: "docker" "create" "-v" "/var/lib/crater-agent-workspace/builds/worker-1-tc1/target:/opt/rustwide/target:rw,Z" "-v" "/var/lib/crater-agent-workspace/builds/worker-1-tc1/source:/opt/rustwide/workdir:ro,Z" "-v" "/var/lib/crater-agent-workspace/cargo-home:/opt/rustwide/cargo-home:ro,Z" "-v" "/var/lib/crater-agent-workspace/rustup-home:/opt/rustwide/rustup-home:ro,Z" "-e" "SOURCE_DIR=/opt/rustwide/workdir" "-e" "CARGO_TARGET_DIR=/opt/rustwide/target" "-e" "CARGO_INCREMENTAL=0" "-e" "RUST_BACKTRACE=full" "-e" "RUSTFLAGS=--cap-lints=warn" "-e" "RUSTDOCFLAGS=--cap-lints=warn" "-e" "CARGO_HOME=/opt/rustwide/cargo-home" "-e" "RUSTUP_HOME=/opt/rustwide/rustup-home" "-w" "/opt/rustwide/workdir" "-m" "1610612736" "--user" "0:0" "--network" "none" "ghcr.io/rust-lang/crates-build-env/linux@sha256:2788e3201cd34a07e3172128adcd8b3090168a8e3bcc40d7c032b9dda1df7d1c" "/opt/rustwide/cargo-home/bin/cargo" "+1.75.0" "test" "--frozen", kill_on_drop: false }`
[INFO] [stdout] 77f7e8b6d6552c6937b05ce830a13ea768c7633ae89d352c450cd3aa33102a1b
[INFO] running `Command { std: "docker" "start" "-a" "77f7e8b6d6552c6937b05ce830a13ea768c7633ae89d352c450cd3aa33102a1b", kill_on_drop: false }`
[INFO] [stderr]     Finished test [unoptimized + debuginfo] target(s) in 0.00s
[INFO] [stderr]      Running unittests src/lib.rs (/opt/rustwide/target/debug/deps/treerustler-ab7fa72577c8547e)
[INFO] [stdout] 
[INFO] [stdout] running 0 tests
[INFO] [stdout] 
[INFO] [stdout] test result: ok. 0 passed; 0 failed; 0 ignored; 0 measured; 0 filtered out; finished in 0.00s
[INFO] [stdout] 
[INFO] [stderr]      Running unittests src/main.rs (/opt/rustwide/target/debug/deps/treerustler-a6aadf927e7abc46)
[INFO] [stdout] 
[INFO] [stdout] running 0 tests
[INFO] [stdout] 
[INFO] [stdout] test result: ok. 0 passed; 0 failed; 0 ignored; 0 measured; 0 filtered out; finished in 0.00s
[INFO] [stdout] 
[INFO] [stderr]    Doc-tests treerustler
[INFO] [stdout] 
[INFO] [stdout] running 8 tests
[INFO] [stdout] test src/tree/utils.rs - tree::utils::entropy_loss (line 36) ... FAILED
[INFO] [stdout] test src/tree/utils.rs - tree::utils::gini_index (line 54) ... FAILED
[INFO] [stdout] test src/tree/utils.rs - tree::utils::get_probabilities (line 13) ... FAILED
[INFO] [stdout] test src/data.rs - data::Data::from_random (line 27) ... FAILED
[INFO] [stdout] test src/data.rs - data::Data::from_string (line 49) ... ok
[INFO] [stdout] test src/data.rs - data::Data::get_col (line 84) ... ok
[INFO] [stdout] test src/data.rs - data::Data::unique (line 120) ... ok
[INFO] [stdout] test src/data.rs - data::Data::lt_eq (line 146) ... ok
[INFO] [stdout] 
[INFO] [stdout] failures:
[INFO] [stdout] 
[INFO] [stdout] ---- src/tree/utils.rs - tree::utils::entropy_loss (line 36) stdout ----
[INFO] [stdout] error[E0433]: failed to resolve: could not find `utils` in `treerustler`
[INFO] [stdout]  --> src/tree/utils.rs:39:33
[INFO] [stdout]   |
[INFO] [stdout] 6 | let entropy: f64 = treerustler::utils::entropy_loss(&v);
[INFO] [stdout]   |                                 ^^^^^ could not find `utils` in `treerustler`
[INFO] [stdout]   |
[INFO] [stdout] help: consider importing this module
[INFO] [stdout]   |
[INFO] [stdout] 2 + use treerustler::tree::utils;
[INFO] [stdout]   |
[INFO] [stdout] help: if you import `utils`, refer to it directly
[INFO] [stdout]   |
[INFO] [stdout] 6 - let entropy: f64 = treerustler::utils::entropy_loss(&v);
[INFO] [stdout] 6 + let entropy: f64 = utils::entropy_loss(&v);
[INFO] [stdout]   |
[INFO] [stdout] 
[INFO] [stdout] error: aborting due to previous error
[INFO] [stdout] 
[INFO] [stdout] For more information about this error, try `rustc --explain E0433`.
[INFO] [stdout] Couldn't compile the test.
[INFO] [stdout] ---- src/tree/utils.rs - tree::utils::gini_index (line 54) stdout ----
[INFO] [stdout] error[E0433]: failed to resolve: could not find `utils` in `treerustler`
[INFO] [stdout]  --> src/tree/utils.rs:57:30
[INFO] [stdout]   |
[INFO] [stdout] 6 | let gini: f64 = treerustler::utils::gini_index(&v);
[INFO] [stdout]   |                              ^^^^^ could not find `utils` in `treerustler`
[INFO] [stdout]   |
[INFO] [stdout] help: consider importing this module
[INFO] [stdout]   |
[INFO] [stdout] 2 + use treerustler::tree::utils;
[INFO] [stdout]   |
[INFO] [stdout] help: if you import `utils`, refer to it directly
[INFO] [stdout]   |
[INFO] [stdout] 6 - let gini: f64 = treerustler::utils::gini_index(&v);
[INFO] [stdout] 6 + let gini: f64 = utils::gini_index(&v);
[INFO] [stdout]   |
[INFO] [stdout] 
[INFO] [stdout] error: aborting due to previous error
[INFO] [stdout] 
[INFO] [stdout] For more information about this error, try `rustc --explain E0433`.
[INFO] [stdout] Couldn't compile the test.
[INFO] [stdout] ---- src/tree/utils.rs - tree::utils::get_probabilities (line 13) stdout ----
[INFO] [stdout] error[E0433]: failed to resolve: could not find `utils` in `treerustler`
[INFO] [stdout]  --> src/tree/utils.rs:16:34
[INFO] [stdout]   |
[INFO] [stdout] 6 | let probabilities = treerustler::utils::get_probabilities(&v);
[INFO] [stdout]   |                                  ^^^^^ could not find `utils` in `treerustler`
[INFO] [stdout]   |
[INFO] [stdout] help: consider importing this module
[INFO] [stdout]   |
[INFO] [stdout] 2 + use treerustler::tree::utils;
[INFO] [stdout]   |
[INFO] [stdout] help: if you import `utils`, refer to it directly
[INFO] [stdout]   |
[INFO] [stdout] 6 - let probabilities = treerustler::utils::get_probabilities(&v);
[INFO] [stdout] 6 + let probabilities = utils::get_probabilities(&v);
[INFO] [stdout]   |
[INFO] [stdout] 
[INFO] [stdout] error: aborting due to previous error
[INFO] [stdout] 
[INFO] [stdout] For more information about this error, try `rustc --explain E0433`.
[INFO] [stdout] Couldn't compile the test.
[INFO] [stdout] ---- src/data.rs - data::Data::from_random (line 27) stdout ----
[INFO] [stdout] error[E0599]: no function or associated item named `random_data` found for struct `Data` in the current scope
[INFO] [stdout]   --> src/data.rs:29:62
[INFO] [stdout]    |
[INFO] [stdout] 5  | let data: treerustler::data::Data = treerustler::data::Data::random_data(10, 3);
[INFO] [stdout]    |                                                              ^^^^^^^^^^^
[INFO] [stdout]    |                                                              |
[INFO] [stdout]    |                                                              function or associated item not found in `Data`
[INFO] [stdout]    |                                                              help: there is an associated function with a similar name: `from_data`
[INFO] [stdout]    |
[INFO] [stdout] note: if you're trying to build a new `Data` consider using one of the following associated functions:
[INFO] [stdout]       Data::from_data
[INFO] [stdout]       Data::from_random
[INFO] [stdout]       Data::from_string
[INFO] [stdout]   --> /opt/rustwide/workdir/src/data.rs:13:5
[INFO] [stdout]    |
[INFO] [stdout] 13 |     pub fn from_data(data: Vec<Vec<f64>>) -> Data {
[INFO] [stdout]    |     ^^^^^^^^^^^^^^^^^^^^^^^^^^^^^^^^^^^^^^^^^^^^^
[INFO] [stdout] ...
[INFO] [stdout] 32 |     pub fn from_random(rows: usize, cols: usize) -> Data {
[INFO] [stdout]    |     ^^^^^^^^^^^^^^^^^^^^^^^^^^^^^^^^^^^^^^^^^^^^^^^^^^^^
[INFO] [stdout] ...
[INFO] [stdout] 56 |     pub fn from_string(input: &str) -> Data {
[INFO] [stdout]    |     ^^^^^^^^^^^^^^^^^^^^^^^^^^^^^^^^^^^^^^^
[INFO] [stdout] 
[INFO] [stdout] error: aborting due to previous error
[INFO] [stdout] 
[INFO] [stdout] For more information about this error, try `rustc --explain E0599`.
[INFO] [stdout] Couldn't compile the test.
[INFO] [stdout] 
[INFO] [stdout] failures:
[INFO] [stdout]     src/data.rs - data::Data::from_random (line 27)
[INFO] [stdout]     src/tree/utils.rs - tree::utils::entropy_loss (line 36)
[INFO] [stdout]     src/tree/utils.rs - tree::utils::get_probabilities (line 13)
[INFO] [stdout]     src/tree/utils.rs - tree::utils::gini_index (line 54)
[INFO] [stdout] 
[INFO] [stdout] test result: FAILED. 4 passed; 4 failed; 0 ignored; 0 measured; 0 filtered out; finished in 0.21s
[INFO] [stdout] 
[INFO] [stderr] error: doctest failed, to rerun pass `--doc`
[INFO] running `Command { std: "docker" "inspect" "77f7e8b6d6552c6937b05ce830a13ea768c7633ae89d352c450cd3aa33102a1b", kill_on_drop: false }`
[INFO] running `Command { std: "docker" "rm" "-f" "77f7e8b6d6552c6937b05ce830a13ea768c7633ae89d352c450cd3aa33102a1b", kill_on_drop: false }`
[INFO] [stdout] 77f7e8b6d6552c6937b05ce830a13ea768c7633ae89d352c450cd3aa33102a1b
