[INFO] fetching crate transit_model_procmacro 0.1.1...
[INFO] testing transit_model_procmacro-0.1.1 against 1.75.0 for beta-1.76-1
[INFO] extracting crate transit_model_procmacro 0.1.1 into /workspace/builds/worker-3-tc1/source
[INFO] validating manifest of crates.io crate transit_model_procmacro 0.1.1 on toolchain 1.75.0
[INFO] running `Command { std: CARGO_HOME="/workspace/cargo-home" RUSTUP_HOME="/workspace/rustup-home" "/workspace/cargo-home/bin/cargo" "+1.75.0" "metadata" "--manifest-path" "Cargo.toml" "--no-deps", kill_on_drop: false }`
[INFO] started tweaking crates.io crate transit_model_procmacro 0.1.1
[INFO] removed 0 missing tests
[INFO] finished tweaking crates.io crate transit_model_procmacro 0.1.1
[INFO] tweaked toml for crates.io crate transit_model_procmacro 0.1.1 written to /workspace/builds/worker-3-tc1/source/Cargo.toml
[INFO] running `Command { std: CARGO_HOME="/workspace/cargo-home" RUSTUP_HOME="/workspace/rustup-home" "/workspace/cargo-home/bin/cargo" "+1.75.0" "generate-lockfile" "--manifest-path" "Cargo.toml", kill_on_drop: false }`
[INFO] [stderr]     Updating crates.io index
[INFO] running `Command { std: CARGO_HOME="/workspace/cargo-home" RUSTUP_HOME="/workspace/rustup-home" "/workspace/cargo-home/bin/cargo" "+1.75.0" "fetch" "--manifest-path" "Cargo.toml", kill_on_drop: false }`
[INFO] [stderr]  Downloading crates ...
[INFO] [stderr]   Downloaded typed_index_collection v1.2.1
[INFO] running `Command { std: "docker" "create" "-v" "/var/lib/crater-agent-workspace/builds/worker-3-tc1/target:/opt/rustwide/target:rw,Z" "-v" "/var/lib/crater-agent-workspace/builds/worker-3-tc1/source:/opt/rustwide/workdir:ro,Z" "-v" "/var/lib/crater-agent-workspace/cargo-home:/opt/rustwide/cargo-home:ro,Z" "-v" "/var/lib/crater-agent-workspace/rustup-home:/opt/rustwide/rustup-home:ro,Z" "-e" "SOURCE_DIR=/opt/rustwide/workdir" "-e" "CARGO_TARGET_DIR=/opt/rustwide/target" "-e" "CARGO_HOME=/opt/rustwide/cargo-home" "-e" "RUSTUP_HOME=/opt/rustwide/rustup-home" "-w" "/opt/rustwide/workdir" "-m" "1610612736" "--user" "0:0" "--network" "none" "ghcr.io/rust-lang/crates-build-env/linux@sha256:2788e3201cd34a07e3172128adcd8b3090168a8e3bcc40d7c032b9dda1df7d1c" "/opt/rustwide/cargo-home/bin/cargo" "+1.75.0" "metadata" "--no-deps" "--format-version=1", kill_on_drop: false }`
[INFO] [stdout] 9ab6eb42cb18190c9ac827374b560bc9591f0d3ffb31684b918171b45ea6a2b6
[INFO] running `Command { std: "docker" "start" "-a" "9ab6eb42cb18190c9ac827374b560bc9591f0d3ffb31684b918171b45ea6a2b6", kill_on_drop: false }`
[INFO] running `Command { std: "docker" "inspect" "9ab6eb42cb18190c9ac827374b560bc9591f0d3ffb31684b918171b45ea6a2b6", kill_on_drop: false }`
[INFO] running `Command { std: "docker" "rm" "-f" "9ab6eb42cb18190c9ac827374b560bc9591f0d3ffb31684b918171b45ea6a2b6", kill_on_drop: false }`
[INFO] [stdout] 9ab6eb42cb18190c9ac827374b560bc9591f0d3ffb31684b918171b45ea6a2b6
[INFO] running `Command { std: "docker" "create" "-v" "/var/lib/crater-agent-workspace/builds/worker-3-tc1/target:/opt/rustwide/target:rw,Z" "-v" "/var/lib/crater-agent-workspace/builds/worker-3-tc1/source:/opt/rustwide/workdir:ro,Z" "-v" "/var/lib/crater-agent-workspace/cargo-home:/opt/rustwide/cargo-home:ro,Z" "-v" "/var/lib/crater-agent-workspace/rustup-home:/opt/rustwide/rustup-home:ro,Z" "-e" "SOURCE_DIR=/opt/rustwide/workdir" "-e" "CARGO_TARGET_DIR=/opt/rustwide/target" "-e" "CARGO_INCREMENTAL=0" "-e" "RUST_BACKTRACE=full" "-e" "RUSTFLAGS=--cap-lints=warn" "-e" "RUSTDOCFLAGS=--cap-lints=warn" "-e" "CARGO_HOME=/opt/rustwide/cargo-home" "-e" "RUSTUP_HOME=/opt/rustwide/rustup-home" "-w" "/opt/rustwide/workdir" "-m" "1610612736" "--user" "0:0" "--network" "none" "ghcr.io/rust-lang/crates-build-env/linux@sha256:2788e3201cd34a07e3172128adcd8b3090168a8e3bcc40d7c032b9dda1df7d1c" "/opt/rustwide/cargo-home/bin/cargo" "+1.75.0" "build" "--frozen" "--message-format=json", kill_on_drop: false }`
[INFO] [stdout] c7361e1e682cb48d41af003eac7947a530e0cf5e0acdf508ebee1972c4674bde
[INFO] running `Command { std: "docker" "start" "-a" "c7361e1e682cb48d41af003eac7947a530e0cf5e0acdf508ebee1972c4674bde", kill_on_drop: false }`
[INFO] [stderr]    Compiling unicode-xid v0.0.4
[INFO] [stderr]    Compiling quote v0.3.15
[INFO] [stderr]    Compiling synom v0.11.3
[INFO] [stderr]    Compiling syn v0.11.11
[INFO] [stderr]    Compiling transit_model_procmacro v0.1.1 (/opt/rustwide/workdir)
[INFO] [stderr]     Finished dev [unoptimized + debuginfo] target(s) in 2.59s
[INFO] running `Command { std: "docker" "inspect" "c7361e1e682cb48d41af003eac7947a530e0cf5e0acdf508ebee1972c4674bde", kill_on_drop: false }`
[INFO] running `Command { std: "docker" "rm" "-f" "c7361e1e682cb48d41af003eac7947a530e0cf5e0acdf508ebee1972c4674bde", kill_on_drop: false }`
[INFO] [stdout] c7361e1e682cb48d41af003eac7947a530e0cf5e0acdf508ebee1972c4674bde
[INFO] running `Command { std: "docker" "create" "-v" "/var/lib/crater-agent-workspace/builds/worker-3-tc1/target:/opt/rustwide/target:rw,Z" "-v" "/var/lib/crater-agent-workspace/builds/worker-3-tc1/source:/opt/rustwide/workdir:ro,Z" "-v" "/var/lib/crater-agent-workspace/cargo-home:/opt/rustwide/cargo-home:ro,Z" "-v" "/var/lib/crater-agent-workspace/rustup-home:/opt/rustwide/rustup-home:ro,Z" "-e" "SOURCE_DIR=/opt/rustwide/workdir" "-e" "CARGO_TARGET_DIR=/opt/rustwide/target" "-e" "CARGO_INCREMENTAL=0" "-e" "RUST_BACKTRACE=full" "-e" "RUSTFLAGS=--cap-lints=warn" "-e" "RUSTDOCFLAGS=--cap-lints=warn" "-e" "CARGO_HOME=/opt/rustwide/cargo-home" "-e" "RUSTUP_HOME=/opt/rustwide/rustup-home" "-w" "/opt/rustwide/workdir" "-m" "1610612736" "--user" "0:0" "--network" "none" "ghcr.io/rust-lang/crates-build-env/linux@sha256:2788e3201cd34a07e3172128adcd8b3090168a8e3bcc40d7c032b9dda1df7d1c" "/opt/rustwide/cargo-home/bin/cargo" "+1.75.0" "test" "--frozen" "--no-run" "--message-format=json", kill_on_drop: false }`
[INFO] [stdout] e87aaa5b8334f871662dfb54c5e46395e18781bbb3df8a029dc429276302fcc7
[INFO] running `Command { std: "docker" "start" "-a" "e87aaa5b8334f871662dfb54c5e46395e18781bbb3df8a029dc429276302fcc7", kill_on_drop: false }`
[INFO] [stderr]    Compiling serde v1.0.194
[INFO] [stderr]    Compiling syn v1.0.109
[INFO] [stderr]    Compiling unicode-xid v0.0.4
[INFO] [stderr]    Compiling trybuild v1.0.87
[INFO] [stderr]    Compiling quote v0.3.15
[INFO] [stderr]    Compiling termcolor v1.4.0
[INFO] [stderr]    Compiling glob v0.3.1
[INFO] [stderr]    Compiling log v0.4.20
[INFO] [stderr]    Compiling difference v2.0.0
[INFO] [stderr]    Compiling ansi_term v0.11.0
[INFO] [stderr]    Compiling syn v2.0.48
[INFO] [stderr]    Compiling synom v0.11.3
[INFO] [stderr]    Compiling pretty_assertions v0.6.1
[INFO] [stderr]    Compiling syn v0.11.11
[INFO] [stderr]    Compiling transit_model_procmacro v0.1.1 (/opt/rustwide/workdir)
[INFO] [stderr]    Compiling serde_derive v1.0.194
[INFO] [stderr]    Compiling thiserror-impl v1.0.56
[INFO] [stderr]    Compiling thiserror v1.0.56
[INFO] [stderr]    Compiling derivative v2.2.0
[INFO] [stderr]    Compiling basic-toml v0.1.8
[INFO] [stderr]    Compiling serde_json v1.0.111
[INFO] [stderr]    Compiling typed_index_collection v1.2.1
[INFO] [stderr]     Finished test [unoptimized + debuginfo] target(s) in 12.49s
[INFO] running `Command { std: "docker" "inspect" "e87aaa5b8334f871662dfb54c5e46395e18781bbb3df8a029dc429276302fcc7", kill_on_drop: false }`
[INFO] running `Command { std: "docker" "rm" "-f" "e87aaa5b8334f871662dfb54c5e46395e18781bbb3df8a029dc429276302fcc7", kill_on_drop: false }`
[INFO] [stdout] e87aaa5b8334f871662dfb54c5e46395e18781bbb3df8a029dc429276302fcc7
[INFO] running `Command { std: "docker" "create" "-v" "/var/lib/crater-agent-workspace/builds/worker-3-tc1/target:/opt/rustwide/target:rw,Z" "-v" "/var/lib/crater-agent-workspace/builds/worker-3-tc1/source:/opt/rustwide/workdir:ro,Z" "-v" "/var/lib/crater-agent-workspace/cargo-home:/opt/rustwide/cargo-home:ro,Z" "-v" "/var/lib/crater-agent-workspace/rustup-home:/opt/rustwide/rustup-home:ro,Z" "-e" "SOURCE_DIR=/opt/rustwide/workdir" "-e" "CARGO_TARGET_DIR=/opt/rustwide/target" "-e" "CARGO_INCREMENTAL=0" "-e" "RUST_BACKTRACE=full" "-e" "RUSTFLAGS=--cap-lints=warn" "-e" "RUSTDOCFLAGS=--cap-lints=warn" "-e" "CARGO_HOME=/opt/rustwide/cargo-home" "-e" "RUSTUP_HOME=/opt/rustwide/rustup-home" "-w" "/opt/rustwide/workdir" "-m" "1610612736" "--user" "0:0" "--network" "none" "ghcr.io/rust-lang/crates-build-env/linux@sha256:2788e3201cd34a07e3172128adcd8b3090168a8e3bcc40d7c032b9dda1df7d1c" "/opt/rustwide/cargo-home/bin/cargo" "+1.75.0" "test" "--frozen", kill_on_drop: false }`
[INFO] [stdout] 21843474ed867e0c48ac95a4e09c2de4e38ed2ffacc6c24e4306101342dab4e4
[INFO] running `Command { std: "docker" "start" "-a" "21843474ed867e0c48ac95a4e09c2de4e38ed2ffacc6c24e4306101342dab4e4", kill_on_drop: false }`
[INFO] [stderr]     Finished test [unoptimized + debuginfo] target(s) in 0.03s
[INFO] [stderr]      Running unittests src/lib.rs (/opt/rustwide/target/debug/deps/transit_model_procmacro-55b65ec8247e3699)
[INFO] [stdout] 
[INFO] [stdout] running 0 tests
[INFO] [stdout] 
[INFO] [stdout] test result: ok. 0 passed; 0 failed; 0 ignored; 0 measured; 0 filtered out; finished in 0.00s
[INFO] [stdout] 
[INFO] [stderr]      Running tests/tests.rs (/opt/rustwide/target/debug/deps/tests-5dc774266a605e25)
[INFO] [stdout] 
[INFO] [stdout] running 1 test
[INFO] [stderr]    Compiling proc-macro2 v1.0.75
[INFO] [stderr]    Compiling unicode-ident v1.0.12
[INFO] [stderr]    Compiling syn v1.0.109
[INFO] [stderr]    Compiling thiserror v1.0.56
[INFO] [stderr]    Compiling unicode-xid v0.0.4
[INFO] [stderr]    Compiling serde v1.0.194
[INFO] [stderr]    Compiling quote v0.3.15
[INFO] [stderr]    Compiling log v0.4.20
[INFO] [stderr]    Compiling difference v2.0.0
[INFO] [stderr]    Compiling ansi_term v0.11.0
[INFO] [stderr]    Compiling synom v0.11.3
[INFO] [stderr]    Compiling pretty_assertions v0.6.1
[INFO] [stderr]    Compiling syn v0.11.11
[INFO] [stderr]    Compiling quote v1.0.35
[INFO] [stderr]    Compiling syn v2.0.48
[INFO] [stderr]    Compiling transit_model_procmacro v0.1.1 (/opt/rustwide/workdir)
[INFO] [stderr]    Compiling serde_derive v1.0.194
[INFO] [stderr]    Compiling thiserror-impl v1.0.56
[INFO] [stderr]    Compiling derivative v2.2.0
[INFO] [stderr]    Compiling typed_index_collection v1.2.1
[INFO] [stderr]    Compiling transit_model_procmacro-tests v0.0.0 (/opt/rustwide/target/tests/trybuild/transit_model_procmacro)
[INFO] [stderr]     Finished dev [unoptimized + debuginfo] target(s) in 11.71s
[INFO] [stderr] 
[INFO] [stderr] 
[INFO] [stderr] test tests/01-get-corresponding.rs [should pass] ... error
[INFO] [stderr] ┈┈┈┈┈┈┈┈┈┈┈┈┈┈┈┈┈┈┈┈┈┈┈┈┈┈┈┈┈┈┈┈┈┈┈┈┈┈┈┈┈┈┈┈┈┈┈┈┈┈┈┈┈┈┈┈┈┈┈┈
[INFO] [stderr] error[E0433]: failed to resolve: use of undeclared crate or module `transit_model`
[INFO] [stderr]  --> tests/01-get-corresponding.rs:1:5
[INFO] [stderr]   |
[INFO] [stderr] 1 | use transit_model::objects::*;
[INFO] [stderr]   |     ^^^^^^^^^^^^^ use of undeclared crate or module `transit_model`
[INFO] [stderr] 
[INFO] [stderr] error[E0432]: unresolved import `transit_model_relations`
[INFO] [stderr]  --> tests/01-get-corresponding.rs:4:5
[INFO] [stderr]   |
[INFO] [stderr] 4 | use transit_model_relations::*;
[INFO] [stderr]   |     ^^^^^^^^^^^^^^^^^^^^^^^ use of undeclared crate or module `transit_model_relations`
[INFO] [stderr] 
[INFO] [stderr] error[E0412]: cannot find type `OneToMany` in this scope
[INFO] [stderr]  --> tests/01-get-corresponding.rs:8:22
[INFO] [stderr]   |
[INFO] [stderr] 8 |     lines_to_routes: OneToMany<Line, Route>,
[INFO] [stderr]   |                      ^^^^^^^^^ not found in this scope
[INFO] [stderr] 
[INFO] [stderr] error[E0412]: cannot find type `Line` in this scope
[INFO] [stderr]  --> tests/01-get-corresponding.rs:8:32
[INFO] [stderr]   |
[INFO] [stderr] 8 |     lines_to_routes: OneToMany<Line, Route>,
[INFO] [stderr]   |                                ^^^^ not found in this scope
[INFO] [stderr]   |
[INFO] [stderr] help: you might be missing a type parameter
[INFO] [stderr]   |
[INFO] [stderr] 7 | pub struct Model<Line> {
[INFO] [stderr]   |                 ++++++
[INFO] [stderr] 
[INFO] [stderr] error[E0412]: cannot find type `Route` in this scope
[INFO] [stderr]  --> tests/01-get-corresponding.rs:8:38
[INFO] [stderr]   |
[INFO] [stderr] 8 |     lines_to_routes: OneToMany<Line, Route>,
[INFO] [stderr]   |                                      ^^^^^ not found in this scope
[INFO] [stderr]   |
[INFO] [stderr] help: you might be missing a type parameter
[INFO] [stderr]   |
[INFO] [stderr] 7 | pub struct Model<Route> {
[INFO] [stderr]   |                 +++++++
[INFO] [stderr] 
[INFO] [stderr] error[E0412]: cannot find type `OneToMany` in this scope
[INFO] [stderr]  --> tests/01-get-corresponding.rs:9:33
[INFO] [stderr]   |
[INFO] [stderr] 9 |     routes_to_vehicle_journeys: OneToMany<Route, VehicleJourney>,
[INFO] [stderr]   |                                 ^^^^^^^^^ not found in this scope
[INFO] [stderr] 
[INFO] [stderr] error[E0412]: cannot find type `Route` in this scope
[INFO] [stderr]  --> tests/01-get-corresponding.rs:9:43
[INFO] [stderr]   |
[INFO] [stderr] 9 |     routes_to_vehicle_journeys: OneToMany<Route, VehicleJourney>,
[INFO] [stderr]   |                                           ^^^^^ not found in this scope
[INFO] [stderr]   |
[INFO] [stderr] help: you might be missing a type parameter
[INFO] [stderr]   |
[INFO] [stderr] 7 | pub struct Model<Route> {
[INFO] [stderr]   |                 +++++++
[INFO] [stderr] 
[INFO] [stderr] error[E0412]: cannot find type `VehicleJourney` in this scope
[INFO] [stderr]  --> tests/01-get-corresponding.rs:9:50
[INFO] [stderr]   |
[INFO] [stderr] 9 |     routes_to_vehicle_journeys: OneToMany<Route, VehicleJourney>,
[INFO] [stderr]   |                                                  ^^^^^^^^^^^^^^ not found in this scope
[INFO] [stderr]   |
[INFO] [stderr] help: you might be missing a type parameter
[INFO] [stderr]   |
[INFO] [stderr] 7 | pub struct Model<VehicleJourney> {
[INFO] [stderr]   |                 ++++++++++++++++
[INFO] [stderr] 
[INFO] [stderr] error[E0412]: cannot find type `IdxSet` in this scope
[INFO] [stderr]  --> tests/01-get-corresponding.rs:6:10
[INFO] [stderr]   |
[INFO] [stderr] 6 | #[derive(GetCorresponding)]
[INFO] [stderr]   |          ^^^^^^^^^^^^^^^^ not found in this scope
[INFO] [stderr]   |
[INFO] [stderr]   = note: this error originates in the derive macro `GetCorresponding` (in Nightly builds, run with -Z macro-backtrace for more info)
[INFO] [stderr] 
[INFO] [stderr] error[E0412]: cannot find type `Route` in this scope
[INFO] [stderr]  --> tests/01-get-corresponding.rs:6:10
[INFO] [stderr]   |
[INFO] [stderr] 6 | #[derive(GetCorresponding)]
[INFO] [stderr]   |          ^^^^^^^^^^^^^^^^ not found in this scope
[INFO] [stderr]   |
[INFO] [stderr]   = note: this error originates in the derive macro `GetCorresponding` (in Nightly builds, run with -Z macro-backtrace for more info)
[INFO] [stderr] help: you might be missing a type parameter
[INFO] [stderr]   |
[INFO] [stderr] 6 | #[derive(GetCorresponding<Route>)]
[INFO] [stderr]   |                          +++++++
[INFO] [stderr] 
[INFO] [stderr] error[E0412]: cannot find type `Line` in this scope
[INFO] [stderr]  --> tests/01-get-corresponding.rs:6:10
[INFO] [stderr]   |
[INFO] [stderr] 6 | #[derive(GetCorresponding)]
[INFO] [stderr]   |          ^^^^^^^^^^^^^^^^ not found in this scope
[INFO] [stderr]   |
[INFO] [stderr]   = note: this error originates in the derive macro `GetCorresponding` (in Nightly builds, run with -Z macro-backtrace for more info)
[INFO] [stderr] help: you might be missing a type parameter
[INFO] [stderr]   |
[INFO] [stderr] 6 | #[derive(GetCorresponding<Line>)]
[INFO] [stderr]   |                          ++++++
[INFO] [stderr] 
[INFO] [stderr] error[E0412]: cannot find type `VehicleJourney` in this scope
[INFO] [stderr]  --> tests/01-get-corresponding.rs:6:10
[INFO] [stderr]   |
[INFO] [stderr] 6 | #[derive(GetCorresponding)]
[INFO] [stderr]   |          ^^^^^^^^^^^^^^^^ not found in this scope
[INFO] [stderr]   |
[INFO] [stderr]   = note: this error originates in the derive macro `GetCorresponding` (in Nightly builds, run with -Z macro-backtrace for more info)
[INFO] [stderr] help: you might be missing a type parameter
[INFO] [stderr]   |
[INFO] [stderr] 6 | #[derive(GetCorresponding<VehicleJourney>)]
[INFO] [stderr]   |                          ++++++++++++++++
[INFO] [stderr] 
[INFO] [stderr] error[E0422]: cannot find struct, variant or union type `Line` in this scope
[INFO] [stderr]   --> tests/01-get-corresponding.rs:13:16
[INFO] [stderr]    |
[INFO] [stderr] 13 |     let line = Line {
[INFO] [stderr]    |                ^^^^ not found in this scope
[INFO] [stderr] 
[INFO] [stderr] error[E0422]: cannot find struct, variant or union type `Route` in this scope
[INFO] [stderr]   --> tests/01-get-corresponding.rs:18:18
[INFO] [stderr]    |
[INFO] [stderr] 18 |     let route1 = Route {
[INFO] [stderr]    |                  ^^^^^ not found in this scope
[INFO] [stderr] 
[INFO] [stderr] error[E0422]: cannot find struct, variant or union type `Route` in this scope
[INFO] [stderr]   --> tests/01-get-corresponding.rs:24:18
[INFO] [stderr]    |
[INFO] [stderr] 24 |     let route2 = Route {
[INFO] [stderr]    |                  ^^^^^ not found in this scope
[INFO] [stderr] 
[INFO] [stderr] error[E0422]: cannot find struct, variant or union type `VehicleJourney` in this scope
[INFO] [stderr]   --> tests/01-get-corresponding.rs:30:29
[INFO] [stderr]    |
[INFO] [stderr] 30 |     let vehicle_journey_1 = VehicleJourney {
[INFO] [stderr]    |                             ^^^^^^^^^^^^^^ not found in this scope
[INFO] [stderr] 
[INFO] [stderr] error[E0422]: cannot find struct, variant or union type `VehicleJourney` in this scope
[INFO] [stderr]   --> tests/01-get-corresponding.rs:35:29
[INFO] [stderr]    |
[INFO] [stderr] 35 |     let vehicle_journey_2 = VehicleJourney {
[INFO] [stderr]    |                             ^^^^^^^^^^^^^^ not found in this scope
[INFO] [stderr] 
[INFO] [stderr] error[E0422]: cannot find struct, variant or union type `VehicleJourney` in this scope
[INFO] [stderr]   --> tests/01-get-corresponding.rs:40:29
[INFO] [stderr]    |
[INFO] [stderr] 40 |     let vehicle_journey_3 = VehicleJourney {
[INFO] [stderr]    |                             ^^^^^^^^^^^^^^ not found in this scope
[INFO] [stderr] 
[INFO] [stderr] error[E0422]: cannot find struct, variant or union type `VehicleJourney` in this scope
[INFO] [stderr]   --> tests/01-get-corresponding.rs:45:29
[INFO] [stderr]    |
[INFO] [stderr] 45 |     let vehicle_journey_4 = VehicleJourney {
[INFO] [stderr]    |                             ^^^^^^^^^^^^^^ not found in this scope
[INFO] [stderr] 
[INFO] [stderr] error[E0433]: failed to resolve: use of undeclared type `OneToMany`
[INFO] [stderr]   --> tests/01-get-corresponding.rs:60:26
[INFO] [stderr]    |
[INFO] [stderr] 60 |         lines_to_routes: OneToMany::new(&lines, &routes, "lines_to_routes").unwrap(),
[INFO] [stderr]    |                          ^^^^^^^^^ use of undeclared type `OneToMany`
[INFO] [stderr] 
[INFO] [stderr] error[E0433]: failed to resolve: use of undeclared type `OneToMany`
[INFO] [stderr]   --> tests/01-get-corresponding.rs:61:37
[INFO] [stderr]    |
[INFO] [stderr] 61 |         routes_to_vehicle_journeys: OneToMany::new(
[INFO] [stderr]    |                                     ^^^^^^^^^ use of undeclared type `OneToMany`
[INFO] [stderr] ┈┈┈┈┈┈┈┈┈┈┈┈┈┈┈┈┈┈┈┈┈┈┈┈┈┈┈┈┈┈┈┈┈┈┈┈┈┈┈┈┈┈┈┈┈┈┈┈┈┈┈┈┈┈┈┈┈┈┈┈
[INFO] [stderr] 
[INFO] [stderr] test tests/02-invalid-weight.rs [should fail to compile] ... mismatch
[INFO] [stderr] 
[INFO] [stderr] EXPECTED:
[INFO] [stderr] ┈┈┈┈┈┈┈┈┈┈┈┈┈┈┈┈┈┈┈┈┈┈┈┈┈┈┈┈┈┈┈┈┈┈┈┈┈┈┈┈┈┈┈┈┈┈┈┈┈┈┈┈┈┈┈┈┈┈┈┈
[INFO] [stderr] error: proc-macro derive panicked
[INFO] [stderr]  --> $DIR/02-invalid-weight.rs:6:10
[INFO] [stderr]   |
[INFO] [stderr] 6 | #[derive(GetCorresponding)]
[INFO] [stderr]   |          ^^^^^^^^^^^^^^^^
[INFO] [stderr]   |
[INFO] [stderr]   = help: message: `weight` attribute must be convertible to f64: ParseFloatError { kind: Invalid }
[INFO] [stderr] ┈┈┈┈┈┈┈┈┈┈┈┈┈┈┈┈┈┈┈┈┈┈┈┈┈┈┈┈┈┈┈┈┈┈┈┈┈┈┈┈┈┈┈┈┈┈┈┈┈┈┈┈┈┈┈┈┈┈┈┈
[INFO] [stderr] 
[INFO] [stderr] ACTUAL OUTPUT:
[INFO] [stderr] ┈┈┈┈┈┈┈┈┈┈┈┈┈┈┈┈┈┈┈┈┈┈┈┈┈┈┈┈┈┈┈┈┈┈┈┈┈┈┈┈┈┈┈┈┈┈┈┈┈┈┈┈┈┈┈┈┈┈┈┈
[INFO] [stderr] error: proc-macro derive panicked
[INFO] [stderr]  --> tests/02-invalid-weight.rs:6:10
[INFO] [stderr]   |
[INFO] [stderr] 6 | #[derive(GetCorresponding)]
[INFO] [stderr]   |          ^^^^^^^^^^^^^^^^
[INFO] [stderr]   |
[INFO] [stderr]   = help: message: `weight` attribute must be convertible to f64: ParseFloatError { kind: Invalid }
[INFO] [stderr] 
[INFO] [stderr] error[E0433]: failed to resolve: use of undeclared crate or module `transit_model`
[INFO] [stderr]  --> tests/02-invalid-weight.rs:1:5
[INFO] [stderr]   |
[INFO] [stderr] 1 | use transit_model::objects::*;
[INFO] [stderr]   |     ^^^^^^^^^^^^^ use of undeclared crate or module `transit_model`
[INFO] [stderr] 
[INFO] [stderr] error[E0432]: unresolved import `transit_model_relations`
[INFO] [stderr]  --> tests/02-invalid-weight.rs:4:5
[INFO] [stderr]   |
[INFO] [stderr] 4 | use transit_model_relations::*;
[INFO] [stderr]   |     ^^^^^^^^^^^^^^^^^^^^^^^ use of undeclared crate or module `transit_model_relations`
[INFO] [stderr] 
[INFO] [stderr] error[E0412]: cannot find type `OneToMany` in this scope
[INFO] [stderr]  --> tests/02-invalid-weight.rs:9:22
[INFO] [stderr]   |
[INFO] [stderr] 9 |     lines_to_routes: OneToMany<Line, Route>,
[INFO] [stderr]   |                      ^^^^^^^^^ not found in this scope
[INFO] [stderr] 
[INFO] [stderr] error[E0412]: cannot find type `Line` in this scope
[INFO] [stderr]  --> tests/02-invalid-weight.rs:9:32
[INFO] [stderr]   |
[INFO] [stderr] 9 |     lines_to_routes: OneToMany<Line, Route>,
[INFO] [stderr]   |                                ^^^^ not found in this scope
[INFO] [stderr]   |
[INFO] [stderr] help: you might be missing a type parameter
[INFO] [stderr]   |
[INFO] [stderr] 7 | pub struct Model<Line> {
[INFO] [stderr]   |                 ++++++
[INFO] [stderr] 
[INFO] [stderr] error[E0412]: cannot find type `Route` in this scope
[INFO] [stderr]  --> tests/02-invalid-weight.rs:9:38
[INFO] [stderr]   |
[INFO] [stderr] 9 |     lines_to_routes: OneToMany<Line, Route>,
[INFO] [stderr]   |                                      ^^^^^ not found in this scope
[INFO] [stderr]   |
[INFO] [stderr] help: you might be missing a type parameter
[INFO] [stderr]   |
[INFO] [stderr] 7 | pub struct Model<Route> {
[INFO] [stderr]   |                 +++++++
[INFO] [stderr] 
[INFO] [stderr] warning: unused import: `typed_index_collection::*`
[INFO] [stderr]  --> tests/02-invalid-weight.rs:2:5
[INFO] [stderr]   |
[INFO] [stderr] 2 | use typed_index_collection::*;
[INFO] [stderr]   |     ^^^^^^^^^^^^^^^^^^^^^^^^^
[INFO] [stderr]   |
[INFO] [stderr]   = note: `#[warn(unused_imports)]` on by default
[INFO] [stderr] ┈┈┈┈┈┈┈┈┈┈┈┈┈┈┈┈┈┈┈┈┈┈┈┈┈┈┈┈┈┈┈┈┈┈┈┈┈┈┈┈┈┈┈┈┈┈┈┈┈┈┈┈┈┈┈┈┈┈┈┈
[INFO] [stderr] note: If the actual output is the correct output you can bless it by rerunning
[INFO] [stderr]       your test with the environment variable TRYBUILD=overwrite
[INFO] [stderr] 
[INFO] [stderr] test tests/03-non-supported-argument.rs [should fail to compile] ... mismatch
[INFO] [stderr] 
[INFO] [stderr] EXPECTED:
[INFO] [stderr] ┈┈┈┈┈┈┈┈┈┈┈┈┈┈┈┈┈┈┈┈┈┈┈┈┈┈┈┈┈┈┈┈┈┈┈┈┈┈┈┈┈┈┈┈┈┈┈┈┈┈┈┈┈┈┈┈┈┈┈┈
[INFO] [stderr] error: proc-macro derive panicked
[INFO] [stderr]  --> $DIR/03-non-supported-argument.rs:6:10
[INFO] [stderr]   |
[INFO] [stderr] 6 | #[derive(GetCorresponding)]
[INFO] [stderr]   |          ^^^^^^^^^^^^^^^^
[INFO] [stderr]   |
[INFO] [stderr]   = help: message: Only `key = "value"` attributes supported.
[INFO] [stderr] ┈┈┈┈┈┈┈┈┈┈┈┈┈┈┈┈┈┈┈┈┈┈┈┈┈┈┈┈┈┈┈┈┈┈┈┈┈┈┈┈┈┈┈┈┈┈┈┈┈┈┈┈┈┈┈┈┈┈┈┈
[INFO] [stderr] 
[INFO] [stderr] ACTUAL OUTPUT:
[INFO] [stderr] ┈┈┈┈┈┈┈┈┈┈┈┈┈┈┈┈┈┈┈┈┈┈┈┈┈┈┈┈┈┈┈┈┈┈┈┈┈┈┈┈┈┈┈┈┈┈┈┈┈┈┈┈┈┈┈┈┈┈┈┈
[INFO] [stderr] error: proc-macro derive panicked
[INFO] [stderr]  --> tests/03-non-supported-argument.rs:6:10
[INFO] [stderr]   |
[INFO] [stderr] 6 | #[derive(GetCorresponding)]
[INFO] [stderr]   |          ^^^^^^^^^^^^^^^^
[INFO] [stderr]   |
[INFO] [stderr]   = help: message: Only `key = "value"` attributes supported.
[INFO] [stderr] 
[INFO] [stderr] error[E0433]: failed to resolve: use of undeclared crate or module `transit_model`
[INFO] [stderr]  --> tests/03-non-supported-argument.rs:1:5
[INFO] [stderr]   |
[INFO] [stderr] 1 | use transit_model::objects::*;
[INFO] [stderr]   |     ^^^^^^^^^^^^^ use of undeclared crate or module `transit_model`
[INFO] [stderr] 
[INFO] [stderr] error[E0432]: unresolved import `transit_model_relations`
[INFO] [stderr]  --> tests/03-non-supported-argument.rs:4:5
[INFO] [stderr]   |
[INFO] [stderr] 4 | use transit_model_relations::*;
[INFO] [stderr]   |     ^^^^^^^^^^^^^^^^^^^^^^^ use of undeclared crate or module `transit_model_relations`
[INFO] [stderr] 
[INFO] [stderr] error[E0412]: cannot find type `OneToMany` in this scope
[INFO] [stderr]  --> tests/03-non-supported-argument.rs:9:22
[INFO] [stderr]   |
[INFO] [stderr] 9 |     lines_to_routes: OneToMany<Line, Route>,
[INFO] [stderr]   |                      ^^^^^^^^^ not found in this scope
[INFO] [stderr] 
[INFO] [stderr] error[E0412]: cannot find type `Line` in this scope
[INFO] [stderr]  --> tests/03-non-supported-argument.rs:9:32
[INFO] [stderr]   |
[INFO] [stderr] 9 |     lines_to_routes: OneToMany<Line, Route>,
[INFO] [stderr]   |                                ^^^^ not found in this scope
[INFO] [stderr]   |
[INFO] [stderr] help: you might be missing a type parameter
[INFO] [stderr]   |
[INFO] [stderr] 7 | pub struct Model<Line> {
[INFO] [stderr]   |                 ++++++
[INFO] [stderr] 
[INFO] [stderr] error[E0412]: cannot find type `Route` in this scope
[INFO] [stderr]  --> tests/03-non-supported-argument.rs:9:38
[INFO] [stderr]   |
[INFO] [stderr] 9 |     lines_to_routes: OneToMany<Line, Route>,
[INFO] [stderr]   |                                      ^^^^^ not found in this scope
[INFO] [stderr]   |
[INFO] [stderr] help: you might be missing a type parameter
[INFO] [stderr]   |
[INFO] [stderr] 7 | pub struct Model<Route> {
[INFO] [stderr]   |                 +++++++
[INFO] [stderr] 
[INFO] [stderr] warning: unused import: `typed_index_collection::*`
[INFO] [stderr]  --> tests/03-non-supported-argument.rs:2:5
[INFO] [stderr]   |
[INFO] [stderr] 2 | use typed_index_collection::*;
[INFO] [stderr]   |     ^^^^^^^^^^^^^^^^^^^^^^^^^
[INFO] [stderr]   |
[INFO] [stderr]   = note: `#[warn(unused_imports)]` on by default
[INFO] [stderr] ┈┈┈┈┈┈┈┈┈┈┈┈┈┈┈┈┈┈┈┈┈┈┈┈┈┈┈┈┈┈┈┈┈┈┈┈┈┈┈┈┈┈┈┈┈┈┈┈┈┈┈┈┈┈┈┈┈┈┈┈
[INFO] [stderr] note: If the actual output is the correct output you can bless it by rerunning
[INFO] [stderr]       your test with the environment variable TRYBUILD=overwrite
[INFO] [stderr] 
[INFO] [stderr] 
[INFO] [stderr] 
[INFO] [stdout] test compile_error ... FAILED
[INFO] [stdout] 
[INFO] [stdout] failures:
[INFO] [stdout] 
[INFO] [stdout] ---- compile_error stdout ----
[INFO] [stdout] thread 'compile_error' panicked at /opt/rustwide/cargo-home/registry/src/index.crates.io-6f17d22bba15001f/trybuild-1.0.87/src/run.rs:101:13:
[INFO] [stdout] 3 of 3 tests failed
[INFO] [stdout] stack backtrace:
[INFO] [stdout]    0:     0x564df1af7cac - std::backtrace_rs::backtrace::libunwind::trace::ha637c64ce894333a
[INFO] [stdout]                                at /rustc/82e1608dfa6e0b5569232559e3d385fea5a93112/library/std/src/../../backtrace/src/backtrace/libunwind.rs:104:5
[INFO] [stdout]    1:     0x564df1af7cac - std::backtrace_rs::backtrace::trace_unsynchronized::h47f62dea28e0c88d
[INFO] [stdout]                                at /rustc/82e1608dfa6e0b5569232559e3d385fea5a93112/library/std/src/../../backtrace/src/backtrace/mod.rs:66:5
[INFO] [stdout]    2:     0x564df1af7cac - std::sys_common::backtrace::_print_fmt::h9eef0abe20ede486
[INFO] [stdout]                                at /rustc/82e1608dfa6e0b5569232559e3d385fea5a93112/library/std/src/sys_common/backtrace.rs:67:5
[INFO] [stdout]    3:     0x564df1af7cac - <std::sys_common::backtrace::_print::DisplayBacktrace as core::fmt::Display>::fmt::hed7f999df88cc644
[INFO] [stdout]                                at /rustc/82e1608dfa6e0b5569232559e3d385fea5a93112/library/std/src/sys_common/backtrace.rs:44:22
[INFO] [stdout]    4:     0x564df1b24090 - core::fmt::rt::Argument::fmt::h1539a9308b8d058d
[INFO] [stdout]                                at /rustc/82e1608dfa6e0b5569232559e3d385fea5a93112/library/core/src/fmt/rt.rs:142:9
[INFO] [stdout]    5:     0x564df1b24090 - core::fmt::write::h3a39390d8560d9c9
[INFO] [stdout]                                at /rustc/82e1608dfa6e0b5569232559e3d385fea5a93112/library/core/src/fmt/mod.rs:1120:17
[INFO] [stdout]    6:     0x564df1af4b5f - std::io::Write::write_fmt::h040b369f3a0f9cbc
[INFO] [stdout]                                at /rustc/82e1608dfa6e0b5569232559e3d385fea5a93112/library/std/src/io/mod.rs:1762:15
[INFO] [stdout]    7:     0x564df1af7a94 - std::sys_common::backtrace::_print::h894006fb5c6f3d45
[INFO] [stdout]                                at /rustc/82e1608dfa6e0b5569232559e3d385fea5a93112/library/std/src/sys_common/backtrace.rs:47:5
[INFO] [stdout]    8:     0x564df1af7a94 - std::sys_common::backtrace::print::h23a2d212c6fff936
[INFO] [stdout]                                at /rustc/82e1608dfa6e0b5569232559e3d385fea5a93112/library/std/src/sys_common/backtrace.rs:34:9
[INFO] [stdout]    9:     0x564df1af9757 - std::panicking::default_hook::{{closure}}::h8a1d2ee00185001a
[INFO] [stdout]   10:     0x564df1af9443 - std::panicking::default_hook::h6038f2eba384e475
[INFO] [stdout]                                at /rustc/82e1608dfa6e0b5569232559e3d385fea5a93112/library/std/src/panicking.rs:289:9
[INFO] [stdout]   11:     0x564df1ac7f47 - <alloc::boxed::Box<F,A> as core::ops::function::Fn<Args>>::call::h0ad024c9bdc6d768
[INFO] [stdout]                                at /rustc/82e1608dfa6e0b5569232559e3d385fea5a93112/library/alloc/src/boxed.rs:2021:9
[INFO] [stdout]   12:     0x564df1ac7f47 - test::test_main::{{closure}}::h7500b54257359db6
[INFO] [stdout]                                at /rustc/82e1608dfa6e0b5569232559e3d385fea5a93112/library/test/src/lib.rs:138:21
[INFO] [stdout]   13:     0x564df1af9d68 - <alloc::boxed::Box<F,A> as core::ops::function::Fn<Args>>::call::h1f8f335eaa9cfaee
[INFO] [stdout]                                at /rustc/82e1608dfa6e0b5569232559e3d385fea5a93112/library/alloc/src/boxed.rs:2021:9
[INFO] [stdout]   14:     0x564df1af9d68 - std::panicking::rust_panic_with_hook::h2b5517d590cab22e
[INFO] [stdout]                                at /rustc/82e1608dfa6e0b5569232559e3d385fea5a93112/library/std/src/panicking.rs:783:13
[INFO] [stdout]   15:     0x564df1af9abe - std::panicking::begin_panic_handler::{{closure}}::h233112c06e0ef43e
[INFO] [stdout]                                at /rustc/82e1608dfa6e0b5569232559e3d385fea5a93112/library/std/src/panicking.rs:657:13
[INFO] [stdout]   16:     0x564df1af8176 - std::sys_common::backtrace::__rust_end_short_backtrace::h6e893f24d7ebbff8
[INFO] [stdout]                                at /rustc/82e1608dfa6e0b5569232559e3d385fea5a93112/library/std/src/sys_common/backtrace.rs:170:18
[INFO] [stdout]   17:     0x564df1af9822 - rust_begin_unwind
[INFO] [stdout]                                at /rustc/82e1608dfa6e0b5569232559e3d385fea5a93112/library/std/src/panicking.rs:645:5
[INFO] [stdout]   18:     0x564df18a5fc5 - core::panicking::panic_fmt::hbf0e066aabfa482c
[INFO] [stdout]                                at /rustc/82e1608dfa6e0b5569232559e3d385fea5a93112/library/core/src/panicking.rs:72:14
[INFO] [stdout]   19:     0x564df18b4ed3 - trybuild::run::<impl trybuild::Runner>::run::h20a7ef45537b4bf1
[INFO] [stdout]                                at /opt/rustwide/cargo-home/registry/src/index.crates.io-6f17d22bba15001f/trybuild-1.0.87/src/run.rs:101:13
[INFO] [stdout]   20:     0x564df18ba688 - <trybuild::TestCases as core::ops::drop::Drop>::drop::h9848766e4d6448b6
[INFO] [stdout]                                at /opt/rustwide/cargo-home/registry/src/index.crates.io-6f17d22bba15001f/trybuild-1.0.87/src/lib.rs:317:13
[INFO] [stdout]   21:     0x564df18a6bc7 - core::ptr::drop_in_place<trybuild::TestCases>::hf3470eb6d6704151
[INFO] [stdout]                                at /rustc/82e1608dfa6e0b5569232559e3d385fea5a93112/library/core/src/ptr/mod.rs:498:1
[INFO] [stdout]   22:     0x564df18a7cc3 - tests::compile_error::he255e21abd5163f7
[INFO] [stdout]                                at /opt/rustwide/workdir/tests/tests.rs:7:1
[INFO] [stdout]   23:     0x564df18a7c27 - tests::compile_error::{{closure}}::h71cc7e9cb3c07e8d
[INFO] [stdout]                                at /opt/rustwide/workdir/tests/tests.rs:2:19
[INFO] [stdout]   24:     0x564df18a6b36 - core::ops::function::FnOnce::call_once::hc0a89f77f50f024f
[INFO] [stdout]                                at /rustc/82e1608dfa6e0b5569232559e3d385fea5a93112/library/core/src/ops/function.rs:250:5
[INFO] [stdout]   25:     0x564df1acd59f - core::ops::function::FnOnce::call_once::h2b5d431d5046312d
[INFO] [stdout]                                at /rustc/82e1608dfa6e0b5569232559e3d385fea5a93112/library/core/src/ops/function.rs:250:5
[INFO] [stdout]   26:     0x564df1acd59f - test::__rust_begin_short_backtrace::h7714669af176e207
[INFO] [stdout]                                at /rustc/82e1608dfa6e0b5569232559e3d385fea5a93112/library/test/src/lib.rs:628:18
[INFO] [stdout]   27:     0x564df1acc5b5 - test::run_test_in_process::{{closure}}::h85218797dcbcec12
[INFO] [stdout]                                at /rustc/82e1608dfa6e0b5569232559e3d385fea5a93112/library/test/src/lib.rs:651:60
[INFO] [stdout]   28:     0x564df1acc5b5 - <core::panic::unwind_safe::AssertUnwindSafe<F> as core::ops::function::FnOnce<()>>::call_once::h76c106ea31c14d7b
[INFO] [stdout]                                at /rustc/82e1608dfa6e0b5569232559e3d385fea5a93112/library/core/src/panic/unwind_safe.rs:272:9
[INFO] [stdout]   29:     0x564df1acc5b5 - std::panicking::try::do_call::h3bd5d0f6620ee946
[INFO] [stdout]                                at /rustc/82e1608dfa6e0b5569232559e3d385fea5a93112/library/std/src/panicking.rs:552:40
[INFO] [stdout]   30:     0x564df1acc5b5 - std::panicking::try::h232e535e4744fe31
[INFO] [stdout]                                at /rustc/82e1608dfa6e0b5569232559e3d385fea5a93112/library/std/src/panicking.rs:516:19
[INFO] [stdout]   31:     0x564df1acc5b5 - std::panic::catch_unwind::h3ce3bd6ca8dbac68
[INFO] [stdout]                                at /rustc/82e1608dfa6e0b5569232559e3d385fea5a93112/library/std/src/panic.rs:142:14
[INFO] [stdout]   32:     0x564df1acc5b5 - test::run_test_in_process::hc97b257c9621286a
[INFO] [stdout]                                at /rustc/82e1608dfa6e0b5569232559e3d385fea5a93112/library/test/src/lib.rs:651:27
[INFO] [stdout]   33:     0x564df1acc5b5 - test::run_test::{{closure}}::h2aa798823a438d38
[INFO] [stdout]                                at /rustc/82e1608dfa6e0b5569232559e3d385fea5a93112/library/test/src/lib.rs:574:43
[INFO] [stdout]   34:     0x564df1a94876 - test::run_test::{{closure}}::h87d231c78fb59832
[INFO] [stdout]                                at /rustc/82e1608dfa6e0b5569232559e3d385fea5a93112/library/test/src/lib.rs:602:41
[INFO] [stdout]   35:     0x564df1a94876 - std::sys_common::backtrace::__rust_begin_short_backtrace::he6df152596625789
[INFO] [stdout]                                at /rustc/82e1608dfa6e0b5569232559e3d385fea5a93112/library/std/src/sys_common/backtrace.rs:154:18
[INFO] [stdout]   36:     0x564df1a99927 - std::thread::Builder::spawn_unchecked_::{{closure}}::{{closure}}::ha94be15d1e0acf36
[INFO] [stdout]                                at /rustc/82e1608dfa6e0b5569232559e3d385fea5a93112/library/std/src/thread/mod.rs:529:17
[INFO] [stdout]   37:     0x564df1a99927 - <core::panic::unwind_safe::AssertUnwindSafe<F> as core::ops::function::FnOnce<()>>::call_once::h9dc6bd6372f16606
[INFO] [stdout]                                at /rustc/82e1608dfa6e0b5569232559e3d385fea5a93112/library/core/src/panic/unwind_safe.rs:272:9
[INFO] [stdout]   38:     0x564df1a99927 - std::panicking::try::do_call::h9057517f80303cd4
[INFO] [stdout]                                at /rustc/82e1608dfa6e0b5569232559e3d385fea5a93112/library/std/src/panicking.rs:552:40
[INFO] [stdout]   39:     0x564df1a99927 - std::panicking::try::he3a30b11ee45340c
[INFO] [stdout]                                at /rustc/82e1608dfa6e0b5569232559e3d385fea5a93112/library/std/src/panicking.rs:516:19
[INFO] [stdout]   40:     0x564df1a99927 - std::panic::catch_unwind::h410458cfd3528b8b
[INFO] [stdout]                                at /rustc/82e1608dfa6e0b5569232559e3d385fea5a93112/library/std/src/panic.rs:142:14
[INFO] [stdout]   41:     0x564df1a99927 - std::thread::Builder::spawn_unchecked_::{{closure}}::h72ac3bdb567b737b
[INFO] [stdout]                                at /rustc/82e1608dfa6e0b5569232559e3d385fea5a93112/library/std/src/thread/mod.rs:528:30
[INFO] [stdout]   42:     0x564df1a99927 - core::ops::function::FnOnce::call_once{{vtable.shim}}::h38f34da3654a8344
[INFO] [stdout]                                at /rustc/82e1608dfa6e0b5569232559e3d385fea5a93112/library/core/src/ops/function.rs:250:5
[INFO] [stdout]   43:     0x564df1aff945 - <alloc::boxed::Box<F,A> as core::ops::function::FnOnce<Args>>::call_once::hc7eafaff61e32df9
[INFO] [stdout]                                at /rustc/82e1608dfa6e0b5569232559e3d385fea5a93112/library/alloc/src/boxed.rs:2007:9
[INFO] [stdout]   44:     0x564df1aff945 - <alloc::boxed::Box<F,A> as core::ops::function::FnOnce<Args>>::call_once::h6ba4a5de48dd2304
[INFO] [stdout]                                at /rustc/82e1608dfa6e0b5569232559e3d385fea5a93112/library/alloc/src/boxed.rs:2007:9
[INFO] [stdout]   45:     0x564df1aff945 - std::sys::unix::thread::Thread::new::thread_start::he469335aef763e45
[INFO] [stdout]                                at /rustc/82e1608dfa6e0b5569232559e3d385fea5a93112/library/std/src/sys/unix/thread.rs:108:17
[INFO] [stdout]   46:     0x7fd1878aeac3 - <unknown>
[INFO] [stdout]   47:     0x7fd18793fbf4 - __clone
[INFO] [stdout]   48:                0x0 - <unknown>
[INFO] [stdout] 
[INFO] [stdout] 
[INFO] [stdout] failures:
[INFO] [stdout]     compile_error
[INFO] [stdout] 
[INFO] [stdout] test result: FAILED. 0 passed; 1 failed; 0 ignored; 0 measured; 0 filtered out; finished in 12.46s
[INFO] [stdout] 
[INFO] [stderr] error: test failed, to rerun pass `--test tests`
[INFO] running `Command { std: "docker" "inspect" "21843474ed867e0c48ac95a4e09c2de4e38ed2ffacc6c24e4306101342dab4e4", kill_on_drop: false }`
[INFO] running `Command { std: "docker" "rm" "-f" "21843474ed867e0c48ac95a4e09c2de4e38ed2ffacc6c24e4306101342dab4e4", kill_on_drop: false }`
[INFO] [stdout] 21843474ed867e0c48ac95a4e09c2de4e38ed2ffacc6c24e4306101342dab4e4
[INFO] testing transit_model_procmacro-0.1.1 against beta-2023-12-22 for beta-1.76-1
[INFO] extracting crate transit_model_procmacro 0.1.1 into /workspace/builds/worker-3-tc2/source
[INFO] validating manifest of crates.io crate transit_model_procmacro 0.1.1 on toolchain beta-2023-12-22
[INFO] running `Command { std: CARGO_HOME="/workspace/cargo-home" RUSTUP_HOME="/workspace/rustup-home" "/workspace/cargo-home/bin/cargo" "+beta-2023-12-22" "metadata" "--manifest-path" "Cargo.toml" "--no-deps", kill_on_drop: false }`
[INFO] started tweaking crates.io crate transit_model_procmacro 0.1.1
[INFO] removed 0 missing tests
[INFO] finished tweaking crates.io crate transit_model_procmacro 0.1.1
[INFO] tweaked toml for crates.io crate transit_model_procmacro 0.1.1 written to /workspace/builds/worker-3-tc2/source/Cargo.toml
[INFO] running `Command { std: CARGO_HOME="/workspace/cargo-home" RUSTUP_HOME="/workspace/rustup-home" "/workspace/cargo-home/bin/cargo" "+beta-2023-12-22" "generate-lockfile" "--manifest-path" "Cargo.toml", kill_on_drop: false }`
[INFO] [stderr]     Updating crates.io index
[INFO] running `Command { std: CARGO_HOME="/workspace/cargo-home" RUSTUP_HOME="/workspace/rustup-home" "/workspace/cargo-home/bin/cargo" "+beta-2023-12-22" "fetch" "--manifest-path" "Cargo.toml", kill_on_drop: false }`
[INFO] running `Command { std: "docker" "create" "-v" "/var/lib/crater-agent-workspace/builds/worker-3-tc2/target:/opt/rustwide/target:rw,Z" "-v" "/var/lib/crater-agent-workspace/builds/worker-3-tc2/source:/opt/rustwide/workdir:ro,Z" "-v" "/var/lib/crater-agent-workspace/cargo-home:/opt/rustwide/cargo-home:ro,Z" "-v" "/var/lib/crater-agent-workspace/rustup-home:/opt/rustwide/rustup-home:ro,Z" "-e" "SOURCE_DIR=/opt/rustwide/workdir" "-e" "CARGO_TARGET_DIR=/opt/rustwide/target" "-e" "CARGO_HOME=/opt/rustwide/cargo-home" "-e" "RUSTUP_HOME=/opt/rustwide/rustup-home" "-w" "/opt/rustwide/workdir" "-m" "1610612736" "--user" "0:0" "--network" "none" "ghcr.io/rust-lang/crates-build-env/linux@sha256:2788e3201cd34a07e3172128adcd8b3090168a8e3bcc40d7c032b9dda1df7d1c" "/opt/rustwide/cargo-home/bin/cargo" "+beta-2023-12-22" "metadata" "--no-deps" "--format-version=1", kill_on_drop: false }`
[INFO] [stdout] d6bbf29288034017672c7abe88a89104ee116e9b8dd8fd6f61543b5561356763
[INFO] running `Command { std: "docker" "start" "-a" "d6bbf29288034017672c7abe88a89104ee116e9b8dd8fd6f61543b5561356763", kill_on_drop: false }`
[INFO] running `Command { std: "docker" "inspect" "d6bbf29288034017672c7abe88a89104ee116e9b8dd8fd6f61543b5561356763", kill_on_drop: false }`
[INFO] running `Command { std: "docker" "rm" "-f" "d6bbf29288034017672c7abe88a89104ee116e9b8dd8fd6f61543b5561356763", kill_on_drop: false }`
[INFO] [stdout] d6bbf29288034017672c7abe88a89104ee116e9b8dd8fd6f61543b5561356763
[INFO] running `Command { std: "docker" "create" "-v" "/var/lib/crater-agent-workspace/builds/worker-3-tc2/target:/opt/rustwide/target:rw,Z" "-v" "/var/lib/crater-agent-workspace/builds/worker-3-tc2/source:/opt/rustwide/workdir:ro,Z" "-v" "/var/lib/crater-agent-workspace/cargo-home:/opt/rustwide/cargo-home:ro,Z" "-v" "/var/lib/crater-agent-workspace/rustup-home:/opt/rustwide/rustup-home:ro,Z" "-e" "SOURCE_DIR=/opt/rustwide/workdir" "-e" "CARGO_TARGET_DIR=/opt/rustwide/target" "-e" "CARGO_INCREMENTAL=0" "-e" "RUST_BACKTRACE=full" "-e" "RUSTFLAGS=--cap-lints=warn" "-e" "RUSTDOCFLAGS=--cap-lints=warn" "-e" "CARGO_HOME=/opt/rustwide/cargo-home" "-e" "RUSTUP_HOME=/opt/rustwide/rustup-home" "-w" "/opt/rustwide/workdir" "-m" "1610612736" "--user" "0:0" "--network" "none" "ghcr.io/rust-lang/crates-build-env/linux@sha256:2788e3201cd34a07e3172128adcd8b3090168a8e3bcc40d7c032b9dda1df7d1c" "/opt/rustwide/cargo-home/bin/cargo" "+beta-2023-12-22" "build" "--frozen" "--message-format=json", kill_on_drop: false }`
[INFO] [stdout] f053316e7d679248abebb8f447d9cd7d160455cebe09a50cd2576c376f18128a
[INFO] running `Command { std: "docker" "start" "-a" "f053316e7d679248abebb8f447d9cd7d160455cebe09a50cd2576c376f18128a", kill_on_drop: false }`
[INFO] [stderr]    Compiling unicode-xid v0.0.4
[INFO] [stderr]    Compiling quote v0.3.15
[INFO] [stderr]    Compiling synom v0.11.3
[INFO] [stderr]    Compiling syn v0.11.11
[INFO] [stderr]    Compiling transit_model_procmacro v0.1.1 (/opt/rustwide/workdir)
[INFO] [stderr]     Finished dev [unoptimized + debuginfo] target(s) in 2.25s
[INFO] running `Command { std: "docker" "inspect" "f053316e7d679248abebb8f447d9cd7d160455cebe09a50cd2576c376f18128a", kill_on_drop: false }`
[INFO] running `Command { std: "docker" "rm" "-f" "f053316e7d679248abebb8f447d9cd7d160455cebe09a50cd2576c376f18128a", kill_on_drop: false }`
[INFO] [stdout] f053316e7d679248abebb8f447d9cd7d160455cebe09a50cd2576c376f18128a
[INFO] running `Command { std: "docker" "create" "-v" "/var/lib/crater-agent-workspace/builds/worker-3-tc2/target:/opt/rustwide/target:rw,Z" "-v" "/var/lib/crater-agent-workspace/builds/worker-3-tc2/source:/opt/rustwide/workdir:ro,Z" "-v" "/var/lib/crater-agent-workspace/cargo-home:/opt/rustwide/cargo-home:ro,Z" "-v" "/var/lib/crater-agent-workspace/rustup-home:/opt/rustwide/rustup-home:ro,Z" "-e" "SOURCE_DIR=/opt/rustwide/workdir" "-e" "CARGO_TARGET_DIR=/opt/rustwide/target" "-e" "CARGO_INCREMENTAL=0" "-e" "RUST_BACKTRACE=full" "-e" "RUSTFLAGS=--cap-lints=warn" "-e" "RUSTDOCFLAGS=--cap-lints=warn" "-e" "CARGO_HOME=/opt/rustwide/cargo-home" "-e" "RUSTUP_HOME=/opt/rustwide/rustup-home" "-w" "/opt/rustwide/workdir" "-m" "1610612736" "--user" "0:0" "--network" "none" "ghcr.io/rust-lang/crates-build-env/linux@sha256:2788e3201cd34a07e3172128adcd8b3090168a8e3bcc40d7c032b9dda1df7d1c" "/opt/rustwide/cargo-home/bin/cargo" "+beta-2023-12-22" "test" "--frozen" "--no-run" "--message-format=json", kill_on_drop: false }`
[INFO] [stdout] ea63ca8f227b096850b8ee8cc67667ea96ba39a3c293f948f11b16ac4738fdfb
[INFO] running `Command { std: "docker" "start" "-a" "ea63ca8f227b096850b8ee8cc67667ea96ba39a3c293f948f11b16ac4738fdfb", kill_on_drop: false }`
[INFO] [stderr]    Compiling serde v1.0.194
[INFO] [stderr]    Compiling syn v1.0.109
[INFO] [stderr]    Compiling unicode-xid v0.0.4
[INFO] [stderr]    Compiling quote v0.3.15
[INFO] [stderr]    Compiling trybuild v1.0.87
[INFO] [stderr]    Compiling difference v2.0.0
[INFO] [stderr]    Compiling ansi_term v0.11.0
[INFO] [stderr]    Compiling termcolor v1.4.0
[INFO] [stderr]    Compiling glob v0.3.1
[INFO] [stderr]    Compiling log v0.4.20
[INFO] [stderr]    Compiling syn v2.0.48
[INFO] [stderr]    Compiling synom v0.11.3
[INFO] [stderr]    Compiling pretty_assertions v0.6.1
[INFO] [stderr]    Compiling syn v0.11.11
[INFO] [stderr]    Compiling transit_model_procmacro v0.1.1 (/opt/rustwide/workdir)
[INFO] [stderr]    Compiling serde_derive v1.0.194
[INFO] [stderr]    Compiling thiserror-impl v1.0.56
[INFO] [stderr]    Compiling thiserror v1.0.56
[INFO] [stderr]    Compiling derivative v2.2.0
[INFO] [stderr]    Compiling serde_json v1.0.111
[INFO] [stderr]    Compiling basic-toml v0.1.8
[INFO] [stderr]    Compiling typed_index_collection v1.2.1
[INFO] [stderr]     Finished test [unoptimized + debuginfo] target(s) in 13.89s
[INFO] running `Command { std: "docker" "inspect" "ea63ca8f227b096850b8ee8cc67667ea96ba39a3c293f948f11b16ac4738fdfb", kill_on_drop: false }`
[INFO] running `Command { std: "docker" "rm" "-f" "ea63ca8f227b096850b8ee8cc67667ea96ba39a3c293f948f11b16ac4738fdfb", kill_on_drop: false }`
[INFO] [stdout] ea63ca8f227b096850b8ee8cc67667ea96ba39a3c293f948f11b16ac4738fdfb
[INFO] running `Command { std: "docker" "create" "-v" "/var/lib/crater-agent-workspace/builds/worker-3-tc2/target:/opt/rustwide/target:rw,Z" "-v" "/var/lib/crater-agent-workspace/builds/worker-3-tc2/source:/opt/rustwide/workdir:ro,Z" "-v" "/var/lib/crater-agent-workspace/cargo-home:/opt/rustwide/cargo-home:ro,Z" "-v" "/var/lib/crater-agent-workspace/rustup-home:/opt/rustwide/rustup-home:ro,Z" "-e" "SOURCE_DIR=/opt/rustwide/workdir" "-e" "CARGO_TARGET_DIR=/opt/rustwide/target" "-e" "CARGO_INCREMENTAL=0" "-e" "RUST_BACKTRACE=full" "-e" "RUSTFLAGS=--cap-lints=warn" "-e" "RUSTDOCFLAGS=--cap-lints=warn" "-e" "CARGO_HOME=/opt/rustwide/cargo-home" "-e" "RUSTUP_HOME=/opt/rustwide/rustup-home" "-w" "/opt/rustwide/workdir" "-m" "1610612736" "--user" "0:0" "--network" "none" "ghcr.io/rust-lang/crates-build-env/linux@sha256:2788e3201cd34a07e3172128adcd8b3090168a8e3bcc40d7c032b9dda1df7d1c" "/opt/rustwide/cargo-home/bin/cargo" "+beta-2023-12-22" "test" "--frozen", kill_on_drop: false }`
[INFO] [stdout] d1959992ea3a1b8457bdd2488760e5d0f1d7246b8005f9253eaf3442e40d222c
[INFO] running `Command { std: "docker" "start" "-a" "d1959992ea3a1b8457bdd2488760e5d0f1d7246b8005f9253eaf3442e40d222c", kill_on_drop: false }`
[INFO] [stderr]     Finished test [unoptimized + debuginfo] target(s) in 0.03s
[INFO] [stderr]      Running unittests src/lib.rs (/opt/rustwide/target/debug/deps/transit_model_procmacro-ec694c7c6cf9da9a)
[INFO] [stdout] 
[INFO] [stdout] running 0 tests
[INFO] [stdout] 
[INFO] [stdout] test result: ok. 0 passed; 0 failed; 0 ignored; 0 measured; 0 filtered out; finished in 0.00s
[INFO] [stdout] 
[INFO] [stderr]      Running tests/tests.rs (/opt/rustwide/target/debug/deps/tests-0bee1fe67615f288)
[INFO] [stdout] 
[INFO] [stdout] running 1 test
[INFO] [stderr]    Compiling proc-macro2 v1.0.75
[INFO] [stderr]    Compiling unicode-ident v1.0.12
[INFO] [stderr]    Compiling syn v1.0.109
[INFO] [stderr]    Compiling serde v1.0.194
[INFO] [stderr]    Compiling unicode-xid v0.0.4
[INFO] [stderr]    Compiling thiserror v1.0.56
[INFO] [stderr]    Compiling quote v0.3.15
[INFO] [stderr]    Compiling difference v2.0.0
[INFO] [stderr]    Compiling log v0.4.20
[INFO] [stderr]    Compiling ansi_term v0.11.0
[INFO] [stderr]    Compiling synom v0.11.3
[INFO] [stderr]    Compiling syn v0.11.11
[INFO] [stderr]    Compiling pretty_assertions v0.6.1
[INFO] [stderr]    Compiling quote v1.0.35
[INFO] [stderr]    Compiling syn v2.0.48
[INFO] [stderr]    Compiling transit_model_procmacro v0.1.1 (/opt/rustwide/workdir)
[INFO] [stderr]    Compiling serde_derive v1.0.194
[INFO] [stderr]    Compiling thiserror-impl v1.0.56
[INFO] [stderr]    Compiling derivative v2.2.0
[INFO] [stderr]    Compiling typed_index_collection v1.2.1
[INFO] [stderr]    Compiling transit_model_procmacro-tests v0.0.0 (/opt/rustwide/target/tests/trybuild/transit_model_procmacro)
[INFO] [stderr]     Finished dev [unoptimized + debuginfo] target(s) in 10.75s
[INFO] [stderr] 
[INFO] [stderr] 
[INFO] [stderr] test tests/01-get-corresponding.rs [should pass] ... error
[INFO] [stderr] ┈┈┈┈┈┈┈┈┈┈┈┈┈┈┈┈┈┈┈┈┈┈┈┈┈┈┈┈┈┈┈┈┈┈┈┈┈┈┈┈┈┈┈┈┈┈┈┈┈┈┈┈┈┈┈┈┈┈┈┈
[INFO] [stderr] error[E0433]: failed to resolve: use of undeclared crate or module `transit_model`
[INFO] [stderr]  --> tests/01-get-corresponding.rs:1:5
[INFO] [stderr]   |
[INFO] [stderr] 1 | use transit_model::objects::*;
[INFO] [stderr]   |     ^^^^^^^^^^^^^ use of undeclared crate or module `transit_model`
[INFO] [stderr] 
[INFO] [stderr] error[E0432]: unresolved import `transit_model_relations`
[INFO] [stderr]  --> tests/01-get-corresponding.rs:4:5
[INFO] [stderr]   |
[INFO] [stderr] 4 | use transit_model_relations::*;
[INFO] [stderr]   |     ^^^^^^^^^^^^^^^^^^^^^^^ use of undeclared crate or module `transit_model_relations`
[INFO] [stderr] 
[INFO] [stderr] error[E0412]: cannot find type `OneToMany` in this scope
[INFO] [stderr]  --> tests/01-get-corresponding.rs:8:22
[INFO] [stderr]   |
[INFO] [stderr] 8 |     lines_to_routes: OneToMany<Line, Route>,
[INFO] [stderr]   |                      ^^^^^^^^^ not found in this scope
[INFO] [stderr] 
[INFO] [stderr] error[E0412]: cannot find type `Line` in this scope
[INFO] [stderr]  --> tests/01-get-corresponding.rs:8:32
[INFO] [stderr]   |
[INFO] [stderr] 8 |     lines_to_routes: OneToMany<Line, Route>,
[INFO] [stderr]   |                                ^^^^ not found in this scope
[INFO] [stderr]   |
[INFO] [stderr] help: you might be missing a type parameter
[INFO] [stderr]   |
[INFO] [stderr] 7 | pub struct Model<Line> {
[INFO] [stderr]   |                 ++++++
[INFO] [stderr] 
[INFO] [stderr] error[E0412]: cannot find type `Route` in this scope
[INFO] [stderr]  --> tests/01-get-corresponding.rs:8:38
[INFO] [stderr]   |
[INFO] [stderr] 8 |     lines_to_routes: OneToMany<Line, Route>,
[INFO] [stderr]   |                                      ^^^^^ not found in this scope
[INFO] [stderr]   |
[INFO] [stderr] help: you might be missing a type parameter
[INFO] [stderr]   |
[INFO] [stderr] 7 | pub struct Model<Route> {
[INFO] [stderr]   |                 +++++++
[INFO] [stderr] 
[INFO] [stderr] error[E0412]: cannot find type `OneToMany` in this scope
[INFO] [stderr]  --> tests/01-get-corresponding.rs:9:33
[INFO] [stderr]   |
[INFO] [stderr] 9 |     routes_to_vehicle_journeys: OneToMany<Route, VehicleJourney>,
[INFO] [stderr]   |                                 ^^^^^^^^^ not found in this scope
[INFO] [stderr] 
[INFO] [stderr] error[E0412]: cannot find type `Route` in this scope
[INFO] [stderr]  --> tests/01-get-corresponding.rs:9:43
[INFO] [stderr]   |
[INFO] [stderr] 9 |     routes_to_vehicle_journeys: OneToMany<Route, VehicleJourney>,
[INFO] [stderr]   |                                           ^^^^^ not found in this scope
[INFO] [stderr]   |
[INFO] [stderr] help: you might be missing a type parameter
[INFO] [stderr]   |
[INFO] [stderr] 7 | pub struct Model<Route> {
[INFO] [stderr]   |                 +++++++
[INFO] [stderr] 
[INFO] [stderr] error[E0412]: cannot find type `VehicleJourney` in this scope
[INFO] [stderr]  --> tests/01-get-corresponding.rs:9:50
[INFO] [stderr]   |
[INFO] [stderr] 9 |     routes_to_vehicle_journeys: OneToMany<Route, VehicleJourney>,
[INFO] [stderr]   |                                                  ^^^^^^^^^^^^^^ not found in this scope
[INFO] [stderr]   |
[INFO] [stderr] help: you might be missing a type parameter
[INFO] [stderr]   |
[INFO] [stderr] 7 | pub struct Model<VehicleJourney> {
[INFO] [stderr]   |                 ++++++++++++++++
[INFO] [stderr] 
[INFO] [stderr] error[E0412]: cannot find type `IdxSet` in this scope
[INFO] [stderr]  --> tests/01-get-corresponding.rs:6:10
[INFO] [stderr]   |
[INFO] [stderr] 6 | #[derive(GetCorresponding)]
[INFO] [stderr]   |          ^^^^^^^^^^^^^^^^ not found in this scope
[INFO] [stderr]   |
[INFO] [stderr]   = note: this error originates in the derive macro `GetCorresponding` (in Nightly builds, run with -Z macro-backtrace for more info)
[INFO] [stderr] 
[INFO] [stderr] error[E0412]: cannot find type `VehicleJourney` in this scope
[INFO] [stderr]  --> tests/01-get-corresponding.rs:6:10
[INFO] [stderr]   |
[INFO] [stderr] 6 | #[derive(GetCorresponding)]
[INFO] [stderr]   |          ^^^^^^^^^^^^^^^^ not found in this scope
[INFO] [stderr]   |
[INFO] [stderr]   = note: this error originates in the derive macro `GetCorresponding` (in Nightly builds, run with -Z macro-backtrace for more info)
[INFO] [stderr] help: you might be missing a type parameter
[INFO] [stderr]   |
[INFO] [stderr] 6 | #[derive(GetCorresponding<VehicleJourney>)]
[INFO] [stderr]   |                          ++++++++++++++++
[INFO] [stderr] 
[INFO] [stderr] error[E0412]: cannot find type `Route` in this scope
[INFO] [stderr]  --> tests/01-get-corresponding.rs:6:10
[INFO] [stderr]   |
[INFO] [stderr] 6 | #[derive(GetCorresponding)]
[INFO] [stderr]   |          ^^^^^^^^^^^^^^^^ not found in this scope
[INFO] [stderr]   |
[INFO] [stderr]   = note: this error originates in the derive macro `GetCorresponding` (in Nightly builds, run with -Z macro-backtrace for more info)
[INFO] [stderr] help: you might be missing a type parameter
[INFO] [stderr]   |
[INFO] [stderr] 6 | #[derive(GetCorresponding<Route>)]
[INFO] [stderr]   |                          +++++++
[INFO] [stderr] 
[INFO] [stderr] error[E0412]: cannot find type `Line` in this scope
[INFO] [stderr]  --> tests/01-get-corresponding.rs:6:10
[INFO] [stderr]   |
[INFO] [stderr] 6 | #[derive(GetCorresponding)]
[INFO] [stderr]   |          ^^^^^^^^^^^^^^^^ not found in this scope
[INFO] [stderr]   |
[INFO] [stderr]   = note: this error originates in the derive macro `GetCorresponding` (in Nightly builds, run with -Z macro-backtrace for more info)
[INFO] [stderr] help: you might be missing a type parameter
[INFO] [stderr]   |
[INFO] [stderr] 6 | #[derive(GetCorresponding<Line>)]
[INFO] [stderr]   |                          ++++++
[INFO] [stderr] 
[INFO] [stderr] error[E0422]: cannot find struct, variant or union type `Line` in this scope
[INFO] [stderr]   --> tests/01-get-corresponding.rs:13:16
[INFO] [stderr]    |
[INFO] [stderr] 13 |     let line = Line {
[INFO] [stderr]    |                ^^^^ not found in this scope
[INFO] [stderr] 
[INFO] [stderr] error[E0422]: cannot find struct, variant or union type `Route` in this scope
[INFO] [stderr]   --> tests/01-get-corresponding.rs:18:18
[INFO] [stderr]    |
[INFO] [stderr] 18 |     let route1 = Route {
[INFO] [stderr]    |                  ^^^^^ not found in this scope
[INFO] [stderr] 
[INFO] [stderr] error[E0422]: cannot find struct, variant or union type `Route` in this scope
[INFO] [stderr]   --> tests/01-get-corresponding.rs:24:18
[INFO] [stderr]    |
[INFO] [stderr] 24 |     let route2 = Route {
[INFO] [stderr]    |                  ^^^^^ not found in this scope
[INFO] [stderr] 
[INFO] [stderr] error[E0422]: cannot find struct, variant or union type `VehicleJourney` in this scope
[INFO] [stderr]   --> tests/01-get-corresponding.rs:30:29
[INFO] [stderr]    |
[INFO] [stderr] 30 |     let vehicle_journey_1 = VehicleJourney {
[INFO] [stderr]    |                             ^^^^^^^^^^^^^^ not found in this scope
[INFO] [stderr] 
[INFO] [stderr] error[E0422]: cannot find struct, variant or union type `VehicleJourney` in this scope
[INFO] [stderr]   --> tests/01-get-corresponding.rs:35:29
[INFO] [stderr]    |
[INFO] [stderr] 35 |     let vehicle_journey_2 = VehicleJourney {
[INFO] [stderr]    |                             ^^^^^^^^^^^^^^ not found in this scope
[INFO] [stderr] 
[INFO] [stderr] error[E0422]: cannot find struct, variant or union type `VehicleJourney` in this scope
[INFO] [stderr]   --> tests/01-get-corresponding.rs:40:29
[INFO] [stderr]    |
[INFO] [stderr] 40 |     let vehicle_journey_3 = VehicleJourney {
[INFO] [stderr]    |                             ^^^^^^^^^^^^^^ not found in this scope
[INFO] [stderr] 
[INFO] [stderr] error[E0422]: cannot find struct, variant or union type `VehicleJourney` in this scope
[INFO] [stderr]   --> tests/01-get-corresponding.rs:45:29
[INFO] [stderr]    |
[INFO] [stderr] 45 |     let vehicle_journey_4 = VehicleJourney {
[INFO] [stderr]    |                             ^^^^^^^^^^^^^^ not found in this scope
[INFO] [stderr] 
[INFO] [stderr] error[E0433]: failed to resolve: use of undeclared type `OneToMany`
[INFO] [stderr]   --> tests/01-get-corresponding.rs:60:26
[INFO] [stderr]    |
[INFO] [stderr] 60 |         lines_to_routes: OneToMany::new(&lines, &routes, "lines_to_routes").unwrap(),
[INFO] [stderr]    |                          ^^^^^^^^^ use of undeclared type `OneToMany`
[INFO] [stderr] 
[INFO] [stderr] error[E0433]: failed to resolve: use of undeclared type `OneToMany`
[INFO] [stderr]   --> tests/01-get-corresponding.rs:61:37
[INFO] [stderr]    |
[INFO] [stderr] 61 |         routes_to_vehicle_journeys: OneToMany::new(
[INFO] [stderr]    |                                     ^^^^^^^^^ use of undeclared type `OneToMany`
[INFO] [stderr] ┈┈┈┈┈┈┈┈┈┈┈┈┈┈┈┈┈┈┈┈┈┈┈┈┈┈┈┈┈┈┈┈┈┈┈┈┈┈┈┈┈┈┈┈┈┈┈┈┈┈┈┈┈┈┈┈┈┈┈┈
[INFO] [stderr] 
[INFO] [stderr] test tests/02-invalid-weight.rs [should fail to compile] ... mismatch
[INFO] [stderr] 
[INFO] [stderr] EXPECTED:
[INFO] [stderr] ┈┈┈┈┈┈┈┈┈┈┈┈┈┈┈┈┈┈┈┈┈┈┈┈┈┈┈┈┈┈┈┈┈┈┈┈┈┈┈┈┈┈┈┈┈┈┈┈┈┈┈┈┈┈┈┈┈┈┈┈
[INFO] [stderr] error: proc-macro derive panicked
[INFO] [stderr]  --> $DIR/02-invalid-weight.rs:6:10
[INFO] [stderr]   |
[INFO] [stderr] 6 | #[derive(GetCorresponding)]
[INFO] [stderr]   |          ^^^^^^^^^^^^^^^^
[INFO] [stderr]   |
[INFO] [stderr]   = help: message: `weight` attribute must be convertible to f64: ParseFloatError { kind: Invalid }
[INFO] [stderr] ┈┈┈┈┈┈┈┈┈┈┈┈┈┈┈┈┈┈┈┈┈┈┈┈┈┈┈┈┈┈┈┈┈┈┈┈┈┈┈┈┈┈┈┈┈┈┈┈┈┈┈┈┈┈┈┈┈┈┈┈
[INFO] [stderr] 
[INFO] [stderr] ACTUAL OUTPUT:
[INFO] [stderr] ┈┈┈┈┈┈┈┈┈┈┈┈┈┈┈┈┈┈┈┈┈┈┈┈┈┈┈┈┈┈┈┈┈┈┈┈┈┈┈┈┈┈┈┈┈┈┈┈┈┈┈┈┈┈┈┈┈┈┈┈
[INFO] [stderr] error: proc-macro derive panicked
[INFO] [stderr]  --> tests/02-invalid-weight.rs:6:10
[INFO] [stderr]   |
[INFO] [stderr] 6 | #[derive(GetCorresponding)]
[INFO] [stderr]   |          ^^^^^^^^^^^^^^^^
[INFO] [stderr]   |
[INFO] [stderr]   = help: message: `weight` attribute must be convertible to f64: ParseFloatError { kind: Invalid }
[INFO] [stderr] 
[INFO] [stderr] error[E0433]: failed to resolve: use of undeclared crate or module `transit_model`
[INFO] [stderr]  --> tests/02-invalid-weight.rs:1:5
[INFO] [stderr]   |
[INFO] [stderr] 1 | use transit_model::objects::*;
[INFO] [stderr]   |     ^^^^^^^^^^^^^ use of undeclared crate or module `transit_model`
[INFO] [stderr] 
[INFO] [stderr] error[E0432]: unresolved import `transit_model_relations`
[INFO] [stderr]  --> tests/02-invalid-weight.rs:4:5
[INFO] [stderr]   |
[INFO] [stderr] 4 | use transit_model_relations::*;
[INFO] [stderr]   |     ^^^^^^^^^^^^^^^^^^^^^^^ use of undeclared crate or module `transit_model_relations`
[INFO] [stderr] 
[INFO] [stderr] error[E0412]: cannot find type `OneToMany` in this scope
[INFO] [stderr]  --> tests/02-invalid-weight.rs:9:22
[INFO] [stderr]   |
[INFO] [stderr] 9 |     lines_to_routes: OneToMany<Line, Route>,
[INFO] [stderr]   |                      ^^^^^^^^^ not found in this scope
[INFO] [stderr] 
[INFO] [stderr] error[E0412]: cannot find type `Line` in this scope
[INFO] [stderr]  --> tests/02-invalid-weight.rs:9:32
[INFO] [stderr]   |
[INFO] [stderr] 9 |     lines_to_routes: OneToMany<Line, Route>,
[INFO] [stderr]   |                                ^^^^ not found in this scope
[INFO] [stderr]   |
[INFO] [stderr] help: you might be missing a type parameter
[INFO] [stderr]   |
[INFO] [stderr] 7 | pub struct Model<Line> {
[INFO] [stderr]   |                 ++++++
[INFO] [stderr] 
[INFO] [stderr] error[E0412]: cannot find type `Route` in this scope
[INFO] [stderr]  --> tests/02-invalid-weight.rs:9:38
[INFO] [stderr]   |
[INFO] [stderr] 9 |     lines_to_routes: OneToMany<Line, Route>,
[INFO] [stderr]   |                                      ^^^^^ not found in this scope
[INFO] [stderr]   |
[INFO] [stderr] help: you might be missing a type parameter
[INFO] [stderr]   |
[INFO] [stderr] 7 | pub struct Model<Route> {
[INFO] [stderr]   |                 +++++++
[INFO] [stderr] 
[INFO] [stderr] warning: unused import: `typed_index_collection::*`
[INFO] [stderr]  --> tests/02-invalid-weight.rs:2:5
[INFO] [stderr]   |
[INFO] [stderr] 2 | use typed_index_collection::*;
[INFO] [stderr]   |     ^^^^^^^^^^^^^^^^^^^^^^^^^
[INFO] [stderr]   |
[INFO] [stderr]   = note: `#[warn(unused_imports)]` on by default
[INFO] [stderr] ┈┈┈┈┈┈┈┈┈┈┈┈┈┈┈┈┈┈┈┈┈┈┈┈┈┈┈┈┈┈┈┈┈┈┈┈┈┈┈┈┈┈┈┈┈┈┈┈┈┈┈┈┈┈┈┈┈┈┈┈
[INFO] [stderr] note: If the actual output is the correct output you can bless it by rerunning
[INFO] [stderr]       your test with the environment variable TRYBUILD=overwrite
[INFO] [stderr] 
[INFO] [stderr] test tests/03-non-supported-argument.rs [should fail to compile] ... mismatch
[INFO] [stderr] 
[INFO] [stderr] EXPECTED:
[INFO] [stderr] ┈┈┈┈┈┈┈┈┈┈┈┈┈┈┈┈┈┈┈┈┈┈┈┈┈┈┈┈┈┈┈┈┈┈┈┈┈┈┈┈┈┈┈┈┈┈┈┈┈┈┈┈┈┈┈┈┈┈┈┈
[INFO] [stderr] error: proc-macro derive panicked
[INFO] [stderr]  --> $DIR/03-non-supported-argument.rs:6:10
[INFO] [stderr]   |
[INFO] [stderr] 6 | #[derive(GetCorresponding)]
[INFO] [stderr]   |          ^^^^^^^^^^^^^^^^
[INFO] [stderr]   |
[INFO] [stderr]   = help: message: Only `key = "value"` attributes supported.
[INFO] [stderr] ┈┈┈┈┈┈┈┈┈┈┈┈┈┈┈┈┈┈┈┈┈┈┈┈┈┈┈┈┈┈┈┈┈┈┈┈┈┈┈┈┈┈┈┈┈┈┈┈┈┈┈┈┈┈┈┈┈┈┈┈
[INFO] [stderr] 
[INFO] [stderr] ACTUAL OUTPUT:
[INFO] [stderr] ┈┈┈┈┈┈┈┈┈┈┈┈┈┈┈┈┈┈┈┈┈┈┈┈┈┈┈┈┈┈┈┈┈┈┈┈┈┈┈┈┈┈┈┈┈┈┈┈┈┈┈┈┈┈┈┈┈┈┈┈
[INFO] [stderr] error: proc-macro derive panicked
[INFO] [stderr]  --> tests/03-non-supported-argument.rs:6:10
[INFO] [stderr]   |
[INFO] [stderr] 6 | #[derive(GetCorresponding)]
[INFO] [stderr]   |          ^^^^^^^^^^^^^^^^
[INFO] [stderr]   |
[INFO] [stderr]   = help: message: Only `key = "value"` attributes supported.
[INFO] [stderr] 
[INFO] [stderr] error[E0433]: failed to resolve: use of undeclared crate or module `transit_model`
[INFO] [stderr]  --> tests/03-non-supported-argument.rs:1:5
[INFO] [stderr]   |
[INFO] [stderr] 1 | use transit_model::objects::*;
[INFO] [stderr]   |     ^^^^^^^^^^^^^ use of undeclared crate or module `transit_model`
[INFO] [stderr] 
[INFO] [stderr] error[E0432]: unresolved import `transit_model_relations`
[INFO] [stderr]  --> tests/03-non-supported-argument.rs:4:5
[INFO] [stderr]   |
[INFO] [stderr] 4 | use transit_model_relations::*;
[INFO] [stderr]   |     ^^^^^^^^^^^^^^^^^^^^^^^ use of undeclared crate or module `transit_model_relations`
[INFO] [stderr] 
[INFO] [stderr] error[E0412]: cannot find type `OneToMany` in this scope
[INFO] [stderr]  --> tests/03-non-supported-argument.rs:9:22
[INFO] [stderr]   |
[INFO] [stderr] 9 |     lines_to_routes: OneToMany<Line, Route>,
[INFO] [stderr]   |                      ^^^^^^^^^ not found in this scope
[INFO] [stderr] 
[INFO] [stderr] error[E0412]: cannot find type `Line` in this scope
[INFO] [stderr]  --> tests/03-non-supported-argument.rs:9:32
[INFO] [stderr]   |
[INFO] [stderr] 9 |     lines_to_routes: OneToMany<Line, Route>,
[INFO] [stderr]   |                                ^^^^ not found in this scope
[INFO] [stderr]   |
[INFO] [stderr] help: you might be missing a type parameter
[INFO] [stderr]   |
[INFO] [stderr] 7 | pub struct Model<Line> {
[INFO] [stderr]   |                 ++++++
[INFO] [stderr] 
[INFO] [stderr] error[E0412]: cannot find type `Route` in this scope
[INFO] [stderr]  --> tests/03-non-supported-argument.rs:9:38
[INFO] [stderr]   |
[INFO] [stderr] 9 |     lines_to_routes: OneToMany<Line, Route>,
[INFO] [stderr]   |                                      ^^^^^ not found in this scope
[INFO] [stderr]   |
[INFO] [stderr] help: you might be missing a type parameter
[INFO] [stderr]   |
[INFO] [stderr] 7 | pub struct Model<Route> {
[INFO] [stderr]   |                 +++++++
[INFO] [stderr] 
[INFO] [stderr] warning: unused import: `typed_index_collection::*`
[INFO] [stderr]  --> tests/03-non-supported-argument.rs:2:5
[INFO] [stderr]   |
[INFO] [stderr] 2 | use typed_index_collection::*;
[INFO] [stderr]   |     ^^^^^^^^^^^^^^^^^^^^^^^^^
[INFO] [stderr]   |
[INFO] [stderr]   = note: `#[warn(unused_imports)]` on by default
[INFO] [stderr] ┈┈┈┈┈┈┈┈┈┈┈┈┈┈┈┈┈┈┈┈┈┈┈┈┈┈┈┈┈┈┈┈┈┈┈┈┈┈┈┈┈┈┈┈┈┈┈┈┈┈┈┈┈┈┈┈┈┈┈┈
[INFO] [stderr] note: If the actual output is the correct output you can bless it by rerunning
[INFO] [stderr]       your test with the environment variable TRYBUILD=overwrite
[INFO] [stderr] 
[INFO] [stderr] 
[INFO] [stderr] 
[INFO] [stdout] test compile_error ... FAILED
[INFO] [stdout] 
[INFO] [stdout] failures:
[INFO] [stdout] 
[INFO] [stdout] ---- compile_error stdout ----
[INFO] [stdout] thread 'compile_error' panicked at /opt/rustwide/cargo-home/registry/src/index.crates.io-6f17d22bba15001f/trybuild-1.0.87/src/run.rs:101:13:
[INFO] [stdout] 3 of 3 tests failed
[INFO] [stdout] stack backtrace:
[INFO] [stdout]    0:     0x55fdf40641e6 - std::backtrace_rs::backtrace::libunwind::trace::h261606ad26a499c1
[INFO] [stdout]                                at /rustc/0e09125c6c3c2fd70d7de961bcf0e51575235fad/library/std/src/../../backtrace/src/backtrace/libunwind.rs:104:5
[INFO] [stdout]    1:     0x55fdf40641e6 - std::backtrace_rs::backtrace::trace_unsynchronized::hd183f0625477fb28
[INFO] [stdout]                                at /rustc/0e09125c6c3c2fd70d7de961bcf0e51575235fad/library/std/src/../../backtrace/src/backtrace/mod.rs:66:5
[INFO] [stdout]    2:     0x55fdf40641e6 - std::sys_common::backtrace::_print_fmt::hd7f8fef21b4eda67
[INFO] [stdout]                                at /rustc/0e09125c6c3c2fd70d7de961bcf0e51575235fad/library/std/src/sys_common/backtrace.rs:68:5
[INFO] [stdout]    3:     0x55fdf40641e6 - <std::sys_common::backtrace::_print::DisplayBacktrace as core::fmt::Display>::fmt::h623d9b51f2f453f1
[INFO] [stdout]                                at /rustc/0e09125c6c3c2fd70d7de961bcf0e51575235fad/library/std/src/sys_common/backtrace.rs:44:22
[INFO] [stdout]    4:     0x55fdf408f8e0 - core::fmt::rt::Argument::fmt::h9f417ac76a86f368
[INFO] [stdout]                                at /rustc/0e09125c6c3c2fd70d7de961bcf0e51575235fad/library/core/src/fmt/rt.rs:142:9
[INFO] [stdout]    5:     0x55fdf408f8e0 - core::fmt::write::hc9b6faf4ac2aeff7
[INFO] [stdout]                                at /rustc/0e09125c6c3c2fd70d7de961bcf0e51575235fad/library/core/src/fmt/mod.rs:1120:17
[INFO] [stdout]    6:     0x55fdf40611df - std::io::Write::write_fmt::he04625a3a989fec3
[INFO] [stdout]                                at /rustc/0e09125c6c3c2fd70d7de961bcf0e51575235fad/library/std/src/io/mod.rs:1810:15
[INFO] [stdout]    7:     0x55fdf4063fc4 - std::sys_common::backtrace::_print::hd5d66399c7df88a2
[INFO] [stdout]                                at /rustc/0e09125c6c3c2fd70d7de961bcf0e51575235fad/library/std/src/sys_common/backtrace.rs:47:5
[INFO] [stdout]    8:     0x55fdf4063fc4 - std::sys_common::backtrace::print::he81ed2da642d37e5
[INFO] [stdout]                                at /rustc/0e09125c6c3c2fd70d7de961bcf0e51575235fad/library/std/src/sys_common/backtrace.rs:34:9
[INFO] [stdout]    9:     0x55fdf4065d37 - std::panicking::default_hook::{{closure}}::h85773f4fa117163d
[INFO] [stdout]   10:     0x55fdf4065a1d - std::panicking::default_hook::h6a1694a91d09b278
[INFO] [stdout]                                at /rustc/0e09125c6c3c2fd70d7de961bcf0e51575235fad/library/std/src/panicking.rs:289:9
[INFO] [stdout]   11:     0x55fdf4033c27 - <alloc::boxed::Box<F,A> as core::ops::function::Fn<Args>>::call::h616ac37fa3cd6c8f
[INFO] [stdout]                                at /rustc/0e09125c6c3c2fd70d7de961bcf0e51575235fad/library/alloc/src/boxed.rs:2029:9
[INFO] [stdout]   12:     0x55fdf4033c27 - test::test_main::{{closure}}::h00d84697cefdcbb6
[INFO] [stdout]                                at /rustc/0e09125c6c3c2fd70d7de961bcf0e51575235fad/library/test/src/lib.rs:138:21
[INFO] [stdout]   13:     0x55fdf4066356 - <alloc::boxed::Box<F,A> as core::ops::function::Fn<Args>>::call::hcb3fe3b9bb537ba8
[INFO] [stdout]                                at /rustc/0e09125c6c3c2fd70d7de961bcf0e51575235fad/library/alloc/src/boxed.rs:2029:9
[INFO] [stdout]   14:     0x55fdf4066356 - std::panicking::rust_panic_with_hook::h0a7ad96e90f7145b
[INFO] [stdout]                                at /rustc/0e09125c6c3c2fd70d7de961bcf0e51575235fad/library/std/src/panicking.rs:783:13
[INFO] [stdout]   15:     0x55fdf40660a2 - std::panicking::begin_panic_handler::{{closure}}::h7919090525c6485e
[INFO] [stdout]                                at /rustc/0e09125c6c3c2fd70d7de961bcf0e51575235fad/library/std/src/panicking.rs:657:13
[INFO] [stdout]   16:     0x55fdf40646e6 - std::sys_common::backtrace::__rust_end_short_backtrace::hf3289479464f7dfe
[INFO] [stdout]                                at /rustc/0e09125c6c3c2fd70d7de961bcf0e51575235fad/library/std/src/sys_common/backtrace.rs:171:18
[INFO] [stdout]   17:     0x55fdf4065e00 - rust_begin_unwind
[INFO] [stdout]                                at /rustc/0e09125c6c3c2fd70d7de961bcf0e51575235fad/library/std/src/panicking.rs:645:5
[INFO] [stdout]   18:     0x55fdf3e11fc5 - core::panicking::panic_fmt::hcc9f77c5c132af55
[INFO] [stdout]                                at /rustc/0e09125c6c3c2fd70d7de961bcf0e51575235fad/library/core/src/panicking.rs:72:14
[INFO] [stdout]   19:     0x55fdf3e760b1 - trybuild::run::<impl trybuild::Runner>::run::h1ae35ae33f92961c
[INFO] [stdout]                                at /opt/rustwide/cargo-home/registry/src/index.crates.io-6f17d22bba15001f/trybuild-1.0.87/src/run.rs:101:13
[INFO] [stdout]   20:     0x55fdf3e7b868 - <trybuild::TestCases as core::ops::drop::Drop>::drop::h7cc85663af9c31c7
[INFO] [stdout]                                at /opt/rustwide/cargo-home/registry/src/index.crates.io-6f17d22bba15001f/trybuild-1.0.87/src/lib.rs:317:13
[INFO] [stdout]   21:     0x55fdf3e12bd7 - core::ptr::drop_in_place<trybuild::TestCases>::he7304d4fc80413ca
[INFO] [stdout]                                at /rustc/0e09125c6c3c2fd70d7de961bcf0e51575235fad/library/core/src/ptr/mod.rs:507:1
[INFO] [stdout]   22:     0x55fdf3e13ce3 - tests::compile_error::ha152997c92118d6a
[INFO] [stdout]                                at /opt/rustwide/workdir/tests/tests.rs:7:1
[INFO] [stdout]   23:     0x55fdf3e13c47 - tests::compile_error::{{closure}}::ha05d02b87d71b8ad
[INFO] [stdout]                                at /opt/rustwide/workdir/tests/tests.rs:2:19
[INFO] [stdout]   24:     0x55fdf3e12b46 - core::ops::function::FnOnce::call_once::hbbeed46145d08c5e
[INFO] [stdout]                                at /rustc/0e09125c6c3c2fd70d7de961bcf0e51575235fad/library/core/src/ops/function.rs:250:5
[INFO] [stdout]   25:     0x55fdf40394ff - core::ops::function::FnOnce::call_once::hd64d26f405258157
[INFO] [stdout]                                at /rustc/0e09125c6c3c2fd70d7de961bcf0e51575235fad/library/core/src/ops/function.rs:250:5
[INFO] [stdout]   26:     0x55fdf40394ff - test::__rust_begin_short_backtrace::he21b0b7a6d731bf9
[INFO] [stdout]                                at /rustc/0e09125c6c3c2fd70d7de961bcf0e51575235fad/library/test/src/lib.rs:627:18
[INFO] [stdout]   27:     0x55fdf4038281 - test::run_test_in_process::{{closure}}::hf5c73986d7bdfde2
[INFO] [stdout]                                at /rustc/0e09125c6c3c2fd70d7de961bcf0e51575235fad/library/test/src/lib.rs:650:60
[INFO] [stdout]   28:     0x55fdf4038281 - <core::panic::unwind_safe::AssertUnwindSafe<F> as core::ops::function::FnOnce<()>>::call_once::h330011ad032aadc0
[INFO] [stdout]                                at /rustc/0e09125c6c3c2fd70d7de961bcf0e51575235fad/library/core/src/panic/unwind_safe.rs:272:9
[INFO] [stdout]   29:     0x55fdf4038281 - std::panicking::try::do_call::he61b0a958b795a41
[INFO] [stdout]                                at /rustc/0e09125c6c3c2fd70d7de961bcf0e51575235fad/library/std/src/panicking.rs:552:40
[INFO] [stdout]   30:     0x55fdf4038281 - std::panicking::try::h7309da130f906eb7
[INFO] [stdout]                                at /rustc/0e09125c6c3c2fd70d7de961bcf0e51575235fad/library/std/src/panicking.rs:516:19
[INFO] [stdout]   31:     0x55fdf4038281 - std::panic::catch_unwind::hc5c3a06fdaf0a92a
[INFO] [stdout]                                at /rustc/0e09125c6c3c2fd70d7de961bcf0e51575235fad/library/std/src/panic.rs:142:14
[INFO] [stdout]   32:     0x55fdf4038281 - test::run_test_in_process::h7e7b7c71c3324e0f
[INFO] [stdout]                                at /rustc/0e09125c6c3c2fd70d7de961bcf0e51575235fad/library/test/src/lib.rs:650:27
[INFO] [stdout]   33:     0x55fdf4038281 - test::run_test::{{closure}}::h1f509f28f5cf20b1
[INFO] [stdout]                                at /rustc/0e09125c6c3c2fd70d7de961bcf0e51575235fad/library/test/src/lib.rs:573:43
[INFO] [stdout]   34:     0x55fdf3fff5b6 - test::run_test::{{closure}}::h1754218abf443f6d
[INFO] [stdout]                                at /rustc/0e09125c6c3c2fd70d7de961bcf0e51575235fad/library/test/src/lib.rs:601:41
[INFO] [stdout]   35:     0x55fdf3fff5b6 - std::sys_common::backtrace::__rust_begin_short_backtrace::h2ee174b9d5954948
[INFO] [stdout]                                at /rustc/0e09125c6c3c2fd70d7de961bcf0e51575235fad/library/std/src/sys_common/backtrace.rs:155:18
[INFO] [stdout]   36:     0x55fdf4004617 - std::thread::Builder::spawn_unchecked_::{{closure}}::{{closure}}::hf60bee9c1a17ef09
[INFO] [stdout]                                at /rustc/0e09125c6c3c2fd70d7de961bcf0e51575235fad/library/std/src/thread/mod.rs:529:17
[INFO] [stdout]   37:     0x55fdf4004617 - <core::panic::unwind_safe::AssertUnwindSafe<F> as core::ops::function::FnOnce<()>>::call_once::h33d0dddec5216160
[INFO] [stdout]                                at /rustc/0e09125c6c3c2fd70d7de961bcf0e51575235fad/library/core/src/panic/unwind_safe.rs:272:9
[INFO] [stdout]   38:     0x55fdf4004617 - std::panicking::try::do_call::h144b3048b546f835
[INFO] [stdout]                                at /rustc/0e09125c6c3c2fd70d7de961bcf0e51575235fad/library/std/src/panicking.rs:552:40
[INFO] [stdout]   39:     0x55fdf4004617 - std::panicking::try::h978244d04646189f
[INFO] [stdout]                                at /rustc/0e09125c6c3c2fd70d7de961bcf0e51575235fad/library/std/src/panicking.rs:516:19
[INFO] [stdout]   40:     0x55fdf4004617 - std::panic::catch_unwind::hdf436369d188fe86
[INFO] [stdout]                                at /rustc/0e09125c6c3c2fd70d7de961bcf0e51575235fad/library/std/src/panic.rs:142:14
[INFO] [stdout]   41:     0x55fdf4004617 - std::thread::Builder::spawn_unchecked_::{{closure}}::h87329cbdd33c79ec
[INFO] [stdout]                                at /rustc/0e09125c6c3c2fd70d7de961bcf0e51575235fad/library/std/src/thread/mod.rs:528:30
[INFO] [stdout]   42:     0x55fdf4004617 - core::ops::function::FnOnce::call_once{{vtable.shim}}::h401abbe67897d450
[INFO] [stdout]                                at /rustc/0e09125c6c3c2fd70d7de961bcf0e51575235fad/library/core/src/ops/function.rs:250:5
[INFO] [stdout]   43:     0x55fdf406bf85 - <alloc::boxed::Box<F,A> as core::ops::function::FnOnce<Args>>::call_once::h5d7c8f150ab9c84c
[INFO] [stdout]                                at /rustc/0e09125c6c3c2fd70d7de961bcf0e51575235fad/library/alloc/src/boxed.rs:2015:9
[INFO] [stdout]   44:     0x55fdf406bf85 - <alloc::boxed::Box<F,A> as core::ops::function::FnOnce<Args>>::call_once::h570d5b005c242c15
[INFO] [stdout]                                at /rustc/0e09125c6c3c2fd70d7de961bcf0e51575235fad/library/alloc/src/boxed.rs:2015:9
[INFO] [stdout]   45:     0x55fdf406bf85 - std::sys::unix::thread::Thread::new::thread_start::h36b0a20c0b2361ad
[INFO] [stdout]                                at /rustc/0e09125c6c3c2fd70d7de961bcf0e51575235fad/library/std/src/sys/unix/thread.rs:108:17
[INFO] [stdout]   46:     0x7f88ef0b3ac3 - <unknown>
[INFO] [stdout]   47:     0x7f88ef144bf4 - __clone
[INFO] [stdout]   48:                0x0 - <unknown>
[INFO] [stdout] 
[INFO] [stdout] 
[INFO] [stdout] failures:
[INFO] [stdout]     compile_error
[INFO] [stdout] 
[INFO] [stdout] test result: FAILED. 0 passed; 1 failed; 0 ignored; 0 measured; 0 filtered out; finished in 11.46s
[INFO] [stdout] 
[INFO] [stderr] error: test failed, to rerun pass `--test tests`
[INFO] running `Command { std: "docker" "inspect" "d1959992ea3a1b8457bdd2488760e5d0f1d7246b8005f9253eaf3442e40d222c", kill_on_drop: false }`
[INFO] running `Command { std: "docker" "rm" "-f" "d1959992ea3a1b8457bdd2488760e5d0f1d7246b8005f9253eaf3442e40d222c", kill_on_drop: false }`
[INFO] [stdout] d1959992ea3a1b8457bdd2488760e5d0f1d7246b8005f9253eaf3442e40d222c
