[INFO] fetching crate transit_model_builder 0.3.0...
[INFO] testing transit_model_builder-0.3.0 against 1.75.0 for beta-1.76-1
[INFO] extracting crate transit_model_builder 0.3.0 into /workspace/builds/worker-7-tc1/source
[INFO] validating manifest of crates.io crate transit_model_builder 0.3.0 on toolchain 1.75.0
[INFO] running `Command { std: CARGO_HOME="/workspace/cargo-home" RUSTUP_HOME="/workspace/rustup-home" "/workspace/cargo-home/bin/cargo" "+1.75.0" "metadata" "--manifest-path" "Cargo.toml" "--no-deps", kill_on_drop: false }`
[INFO] started tweaking crates.io crate transit_model_builder 0.3.0
[INFO] finished tweaking crates.io crate transit_model_builder 0.3.0
[INFO] tweaked toml for crates.io crate transit_model_builder 0.3.0 written to /workspace/builds/worker-7-tc1/source/Cargo.toml
[INFO] running `Command { std: CARGO_HOME="/workspace/cargo-home" RUSTUP_HOME="/workspace/rustup-home" "/workspace/cargo-home/bin/cargo" "+1.75.0" "generate-lockfile" "--manifest-path" "Cargo.toml", kill_on_drop: false }`
[INFO] [stderr]     Updating crates.io index
[INFO] running `Command { std: CARGO_HOME="/workspace/cargo-home" RUSTUP_HOME="/workspace/rustup-home" "/workspace/cargo-home/bin/cargo" "+1.75.0" "fetch" "--manifest-path" "Cargo.toml", kill_on_drop: false }`
[INFO] [stderr]  Downloading crates ...
[INFO] [stderr]   Downloaded zip v0.3.3
[INFO] [stderr]   Downloaded quick-xml v0.12.4
[INFO] [stderr]   Downloaded transit_model_procmacro v0.1.1
[INFO] [stderr]   Downloaded geo-types v0.4.3
[INFO] [stderr]   Downloaded iso4217 v0.3.2
[INFO] [stderr]   Downloaded minidom v0.9.1
[INFO] [stderr]   Downloaded time-parse v0.1.2
[INFO] [stderr]   Downloaded rstar v0.2.0
[INFO] [stderr]   Downloaded geo v0.12.2
[INFO] [stderr]   Downloaded transit_model v0.6.0
[INFO] [stderr]   Downloaded wkt v0.5.0
[INFO] running `Command { std: "docker" "create" "-v" "/var/lib/crater-agent-workspace/builds/worker-7-tc1/target:/opt/rustwide/target:rw,Z" "-v" "/var/lib/crater-agent-workspace/builds/worker-7-tc1/source:/opt/rustwide/workdir:ro,Z" "-v" "/var/lib/crater-agent-workspace/cargo-home:/opt/rustwide/cargo-home:ro,Z" "-v" "/var/lib/crater-agent-workspace/rustup-home:/opt/rustwide/rustup-home:ro,Z" "-e" "SOURCE_DIR=/opt/rustwide/workdir" "-e" "CARGO_TARGET_DIR=/opt/rustwide/target" "-e" "CARGO_HOME=/opt/rustwide/cargo-home" "-e" "RUSTUP_HOME=/opt/rustwide/rustup-home" "-w" "/opt/rustwide/workdir" "-m" "1610612736" "--user" "0:0" "--network" "none" "ghcr.io/rust-lang/crates-build-env/linux@sha256:2788e3201cd34a07e3172128adcd8b3090168a8e3bcc40d7c032b9dda1df7d1c" "/opt/rustwide/cargo-home/bin/cargo" "+1.75.0" "metadata" "--no-deps" "--format-version=1", kill_on_drop: false }`
[INFO] [stdout] f25d7ab34302bdb65e522b867d2a88d08391d9e70625b6107548b044304436cb
[INFO] running `Command { std: "docker" "start" "-a" "f25d7ab34302bdb65e522b867d2a88d08391d9e70625b6107548b044304436cb", kill_on_drop: false }`
[INFO] running `Command { std: "docker" "inspect" "f25d7ab34302bdb65e522b867d2a88d08391d9e70625b6107548b044304436cb", kill_on_drop: false }`
[INFO] running `Command { std: "docker" "rm" "-f" "f25d7ab34302bdb65e522b867d2a88d08391d9e70625b6107548b044304436cb", kill_on_drop: false }`
[INFO] [stdout] f25d7ab34302bdb65e522b867d2a88d08391d9e70625b6107548b044304436cb
[INFO] running `Command { std: "docker" "create" "-v" "/var/lib/crater-agent-workspace/builds/worker-7-tc1/target:/opt/rustwide/target:rw,Z" "-v" "/var/lib/crater-agent-workspace/builds/worker-7-tc1/source:/opt/rustwide/workdir:ro,Z" "-v" "/var/lib/crater-agent-workspace/cargo-home:/opt/rustwide/cargo-home:ro,Z" "-v" "/var/lib/crater-agent-workspace/rustup-home:/opt/rustwide/rustup-home:ro,Z" "-e" "SOURCE_DIR=/opt/rustwide/workdir" "-e" "CARGO_TARGET_DIR=/opt/rustwide/target" "-e" "CARGO_INCREMENTAL=0" "-e" "RUST_BACKTRACE=full" "-e" "RUSTFLAGS=--cap-lints=warn" "-e" "RUSTDOCFLAGS=--cap-lints=warn" "-e" "CARGO_HOME=/opt/rustwide/cargo-home" "-e" "RUSTUP_HOME=/opt/rustwide/rustup-home" "-w" "/opt/rustwide/workdir" "-m" "1610612736" "--user" "0:0" "--network" "none" "ghcr.io/rust-lang/crates-build-env/linux@sha256:2788e3201cd34a07e3172128adcd8b3090168a8e3bcc40d7c032b9dda1df7d1c" "/opt/rustwide/cargo-home/bin/cargo" "+1.75.0" "build" "--frozen" "--message-format=json", kill_on_drop: false }`
[INFO] [stdout] c78119a8a98819dad1e9d68c68f2019ff58f86dee7b5dc00890e4d286f2fa41a
[INFO] running `Command { std: "docker" "start" "-a" "c78119a8a98819dad1e9d68c68f2019ff58f86dee7b5dc00890e4d286f2fa41a", kill_on_drop: false }`
[INFO] [stderr]    Compiling libc v0.2.151
[INFO] [stderr]    Compiling futures v0.1.31
[INFO] [stderr]    Compiling semver-parser v0.7.0
[INFO] [stderr]    Compiling memchr v2.7.1
[INFO] [stderr]    Compiling either v1.9.0
[INFO] [stderr]    Compiling tinyvec_macros v0.1.1
[INFO] [stderr]    Compiling crossbeam-utils v0.7.2
[INFO] [stderr]    Compiling slab v0.4.9
[INFO] [stderr]    Compiling autocfg v0.1.8
[INFO] [stderr]    Compiling syn v1.0.109
[INFO] [stderr]    Compiling rand_core v0.4.2
[INFO] [stderr]    Compiling adler v1.0.2
[INFO] [stderr]    Compiling unicode-bidi v0.3.14
[INFO] [stderr]    Compiling memoffset v0.5.6
[INFO] [stderr]    Compiling vcpkg v0.2.15
[INFO] [stderr]    Compiling syn v2.0.48
[INFO] [stderr]    Compiling tinyvec v1.6.0
[INFO] [stderr]    Compiling gimli v0.28.1
[INFO] [stderr]    Compiling miniz_oxide v0.7.1
[INFO] [stderr]    Compiling semver v0.9.0
[INFO] [stderr]    Compiling num-traits v0.2.17
[INFO] [stderr]    Compiling crossbeam-epoch v0.8.2
[INFO] [stderr]    Compiling rustc_version v0.2.3
[INFO] [stderr]    Compiling serde v1.0.194
[INFO] [stderr]    Compiling rustc-demangle v0.1.23
[INFO] [stderr]    Compiling matches v0.1.10
[INFO] [stderr]    Compiling parking_lot_core v0.6.3
[INFO] [stderr]    Compiling object v0.32.2
[INFO] [stderr]    Compiling parking_lot v0.9.0
[INFO] [stderr]    Compiling rand_core v0.3.1
[INFO] [stderr]    Compiling unicode-normalization v0.1.22
[INFO] [stderr]    Compiling lock_api v0.3.4
[INFO] [stderr]    Compiling proc-macro2 v0.4.30
[INFO] [stderr]    Compiling itoa v0.4.8
[INFO] [stderr]    Compiling unicase v2.7.0
[INFO] [stderr]    Compiling indexmap v1.9.3
[INFO] [stderr]    Compiling bitflags v2.4.1
[INFO] [stderr]    Compiling crossbeam-queue v0.2.3
[INFO] [stderr]    Compiling rand_chacha v0.1.1
[INFO] [stderr]    Compiling rand_pcg v0.1.2
[INFO] [stderr]    Compiling tokio-executor v0.1.10
[INFO] [stderr]    Compiling tokio-sync v0.1.8
[INFO] [stderr]    Compiling crossbeam-deque v0.7.4
[INFO] [stderr]    Compiling percent-encoding v1.0.1
[INFO] [stderr]    Compiling syn v0.15.44
[INFO] [stderr]    Compiling httparse v1.8.0
[INFO] [stderr]    Compiling idna v0.1.5
[INFO] [stderr]    Compiling openssl v0.10.62
[INFO] [stderr]    Compiling crc32fast v1.3.2
[INFO] [stderr]    Compiling percent-encoding v2.3.1
[INFO] [stderr]    Compiling hashbrown v0.12.3
[INFO] [stderr]    Compiling idna v0.5.0
[INFO] [stderr]    Compiling form_urlencoded v1.2.1
[INFO] [stderr]    Compiling tokio-timer v0.2.13
[INFO] [stderr]    Compiling tokio-current-thread v0.1.7
[INFO] [stderr]    Compiling hyper v0.12.36
[INFO] [stderr]    Compiling quote v0.6.13
[INFO] [stderr]    Compiling rand v0.6.5
[INFO] [stderr]    Compiling cc v1.0.83
[INFO] [stderr]    Compiling iovec v0.1.4
[INFO] [stderr]    Compiling num_cpus v1.16.0
[INFO] [stderr]    Compiling bytes v0.4.12
[INFO] [stderr]    Compiling time v0.1.45
[INFO] [stderr]    Compiling net2 v0.2.39
[INFO] [stderr]    Compiling url v1.7.2
[INFO] [stderr]    Compiling tokio-threadpool v0.1.18
[INFO] [stderr]    Compiling mio v0.6.23
[INFO] [stderr]    Compiling addr2line v0.21.0
[INFO] [stderr]    Compiling tokio-io v0.1.13
[INFO] [stderr]    Compiling http v0.1.21
[INFO] [stderr]    Compiling tokio-buf v0.1.1
[INFO] [stderr]    Compiling string v0.2.1
[INFO] [stderr]    Compiling threadpool v1.8.1
[INFO] [stderr]    Compiling native-tls v0.2.11
[INFO] [stderr]    Compiling try-lock v0.2.5
[INFO] [stderr]    Compiling pdqselect v0.1.1
[INFO] [stderr]    Compiling lexical-core v0.7.6
[INFO] [stderr]    Compiling serde_json v1.0.111
[INFO] [stderr]    Compiling rstar v0.2.0
[INFO] [stderr]    Compiling want v0.2.0
[INFO] [stderr]    Compiling futures-cpupool v0.1.8
[INFO] [stderr]    Compiling tokio-reactor v0.1.12
[INFO] [stderr]    Compiling mime_guess v2.0.4
[INFO] [stderr]    Compiling url v2.5.0
[INFO] [stderr]    Compiling atty v0.2.14
[INFO] [stderr]    Compiling rand_os v0.1.3
[INFO] [stderr]    Compiling tokio-tcp v0.1.4
[INFO] [stderr]    Compiling backtrace v0.3.69
[INFO] [stderr]    Compiling openssl-sys v0.9.98
[INFO] [stderr]    Compiling bzip2-sys v0.1.11+1.0.8
[INFO] [stderr]    Compiling tokio v0.1.22
[INFO] [stderr]    Compiling idna v0.2.3
[INFO] [stderr]    Compiling rand_isaac v0.1.1
[INFO] [stderr]    Compiling rand_xorshift v0.1.1
[INFO] [stderr]    Compiling rand_hc v0.1.0
[INFO] [stderr]    Compiling aho-corasick v1.1.2
[INFO] [stderr]    Compiling rand_jitter v0.1.4
[INFO] [stderr]    Compiling nom v5.1.3
[INFO] [stderr]    Compiling encoding_rs v0.8.33
[INFO] [stderr]    Compiling unicode-xid v0.0.4
[INFO] [stderr]    Compiling arrayvec v0.5.2
[INFO] [stderr]    Compiling openssl-probe v0.1.5
[INFO] [stderr]    Compiling unicode-width v0.1.11
[INFO] [stderr]    Compiling rustix v0.38.28
[INFO] [stderr]    Compiling unicode-segmentation v1.10.1
[INFO] [stderr]    Compiling textwrap v0.11.0
[INFO] [stderr]    Compiling synstructure v0.12.6
[INFO] [stderr]    Compiling h2 v0.1.26
[INFO] [stderr]    Compiling http-body v0.1.0
[INFO] [stderr]    Compiling heck v0.3.3
[INFO] [stderr]    Compiling publicsuffix v1.5.6
[INFO] [stderr]    Compiling synom v0.11.3
[INFO] [stderr]    Compiling flate2 v1.0.28
[INFO] [stderr]    Compiling geo-types v0.4.3
[INFO] [stderr]    Compiling cookie v0.12.0
[INFO] [stderr]    Compiling regex-automata v0.4.3
[INFO] [stderr]    Compiling try_from v0.3.2
[INFO] [stderr]    Compiling quote v0.3.15
[INFO] [stderr]    Compiling dtoa v0.4.8
[INFO] [stderr]    Compiling linux-raw-sys v0.4.12
[INFO] [stderr]    Compiling vec_map v0.8.2
[INFO] [stderr]    Compiling rust_decimal v1.33.1
[INFO] [stderr]    Compiling quick-error v1.2.3
[INFO] [stderr]    Compiling strsim v0.8.0
[INFO] [stderr]    Compiling ansi_term v0.12.1
[INFO] [stderr]    Compiling mime v0.3.17
[INFO] [stderr]    Compiling serde_derive v1.0.194
[INFO] [stderr]    Compiling openssl-macros v0.1.1
[INFO] [stderr]    Compiling clap v2.34.0
[INFO] [stderr]    Compiling humantime v1.3.0
[INFO] [stderr]    Compiling syn v0.11.11
[INFO] [stderr]    Compiling uuid v0.7.4
[INFO] [stderr]    Compiling bzip2 v0.3.3
[INFO] [stderr]    Compiling msdos_time v0.1.6
[INFO] [stderr]    Compiling csv-core v0.1.11
[INFO] [stderr]    Compiling base64 v0.10.1
[INFO] [stderr]    Compiling structopt-derive v0.2.18
[INFO] [stderr]    Compiling same-file v1.0.6
[INFO] [stderr]    Compiling arrayvec v0.7.4
[INFO] [stderr]    Compiling difference v2.0.0
[INFO] [stderr]    Compiling podio v0.1.7
[INFO] [stderr]    Compiling fastrand v2.0.1
[INFO] [stderr]    Compiling pretty_assertions v0.6.1
[INFO] [stderr]    Compiling zip v0.3.3
[INFO] [stderr]    Compiling chrono v0.4.31
[INFO] [stderr]    Compiling walkdir v2.4.0
[INFO] [stderr]    Compiling derivative v1.0.4
[INFO] [stderr]    Compiling wkt v0.5.0
[INFO] [stderr]    Compiling transit_model_procmacro v0.1.1
[INFO] [stderr]    Compiling failure_derive v0.1.8
[INFO] [stderr]    Compiling regex v1.10.2
[INFO] [stderr]    Compiling tempfile v3.9.0
[INFO] [stderr]    Compiling iso4217 v0.3.2
[INFO] [stderr]    Compiling structopt v0.2.18
[INFO] [stderr]    Compiling env_logger v0.5.13
[INFO] [stderr]    Compiling failure v0.1.8
[INFO] [stderr]    Compiling quick-xml v0.12.4
[INFO] [stderr]    Compiling geo v0.12.2
[INFO] [stderr]    Compiling time-parse v0.1.2
[INFO] [stderr]    Compiling minidom v0.9.1
[INFO] [stderr]    Compiling hyper-tls v0.3.2
[INFO] [stderr]    Compiling serde_urlencoded v0.5.5
[INFO] [stderr]    Compiling csv v1.3.0
[INFO] [stderr]    Compiling cookie_store v0.7.0
[INFO] [stderr]    Compiling reqwest v0.9.24
[INFO] [stderr]    Compiling transit_model v0.6.0
[INFO] [stderr]    Compiling transit_model_builder v0.3.0 (/opt/rustwide/workdir)
[INFO] [stderr]     Finished dev [unoptimized + debuginfo] target(s) in 21.47s
[INFO] [stderr] warning: the following packages contain code that will be rejected by a future version of Rust: quick-xml v0.12.4
[INFO] [stderr] note: to see what the problems were, use the option `--future-incompat-report`, or run `cargo report future-incompatibilities --id 1`
[INFO] running `Command { std: "docker" "inspect" "c78119a8a98819dad1e9d68c68f2019ff58f86dee7b5dc00890e4d286f2fa41a", kill_on_drop: false }`
[INFO] running `Command { std: "docker" "rm" "-f" "c78119a8a98819dad1e9d68c68f2019ff58f86dee7b5dc00890e4d286f2fa41a", kill_on_drop: false }`
[INFO] [stdout] c78119a8a98819dad1e9d68c68f2019ff58f86dee7b5dc00890e4d286f2fa41a
[INFO] running `Command { std: "docker" "create" "-v" "/var/lib/crater-agent-workspace/builds/worker-7-tc1/target:/opt/rustwide/target:rw,Z" "-v" "/var/lib/crater-agent-workspace/builds/worker-7-tc1/source:/opt/rustwide/workdir:ro,Z" "-v" "/var/lib/crater-agent-workspace/cargo-home:/opt/rustwide/cargo-home:ro,Z" "-v" "/var/lib/crater-agent-workspace/rustup-home:/opt/rustwide/rustup-home:ro,Z" "-e" "SOURCE_DIR=/opt/rustwide/workdir" "-e" "CARGO_TARGET_DIR=/opt/rustwide/target" "-e" "CARGO_INCREMENTAL=0" "-e" "RUST_BACKTRACE=full" "-e" "RUSTFLAGS=--cap-lints=warn" "-e" "RUSTDOCFLAGS=--cap-lints=warn" "-e" "CARGO_HOME=/opt/rustwide/cargo-home" "-e" "RUSTUP_HOME=/opt/rustwide/rustup-home" "-w" "/opt/rustwide/workdir" "-m" "1610612736" "--user" "0:0" "--network" "none" "ghcr.io/rust-lang/crates-build-env/linux@sha256:2788e3201cd34a07e3172128adcd8b3090168a8e3bcc40d7c032b9dda1df7d1c" "/opt/rustwide/cargo-home/bin/cargo" "+1.75.0" "test" "--frozen" "--no-run" "--message-format=json", kill_on_drop: false }`
[INFO] [stdout] 5b78c1f83ef9fde25f2a0fc24d61659a14feeea2081a6d16cddfdbb7f26852b1
[INFO] running `Command { std: "docker" "start" "-a" "5b78c1f83ef9fde25f2a0fc24d61659a14feeea2081a6d16cddfdbb7f26852b1", kill_on_drop: false }`
[INFO] [stderr]    Compiling transit_model_builder v0.3.0 (/opt/rustwide/workdir)
[INFO] [stdout] warning: this method call resolves to `<&[T; N] as IntoIterator>::into_iter` (due to backwards compatibility), but will resolve to <[T; N] as IntoIterator>::into_iter in Rust 2021
[INFO] [stdout]    --> src/builder.rs:347:18
[INFO] [stdout]     |
[INFO] [stdout] 347 |                 .into_iter()
[INFO] [stdout]     |                  ^^^^^^^^^
[INFO] [stdout]     |
[INFO] [stdout]     = warning: this changes meaning in Rust 2021
[INFO] [stdout]     = note: for more information, see <https://doc.rust-lang.org/nightly/edition-guide/rust-2021/IntoIterator-for-arrays.html>
[INFO] [stdout]     = note: `#[warn(array_into_iter)]` on by default
[INFO] [stdout] help: use `.iter()` instead of `.into_iter()` to avoid ambiguity
[INFO] [stdout]     |
[INFO] [stdout] 347 |                 .iter()
[INFO] [stdout]     |                  ~~~~
[INFO] [stdout] help: or use `IntoIterator::into_iter(..)` instead of `.into_iter()` to explicitly iterate by value
[INFO] [stdout]     |
[INFO] [stdout] 346 |             IntoIterator::into_iter(["A", "B"])
[INFO] [stdout]     |             ++++++++++++++++++++++++          ~
[INFO] [stdout] 
[INFO] [stdout] 
[INFO] [stdout] warning: this method call resolves to `<&[T; N] as IntoIterator>::into_iter` (due to backwards compatibility), but will resolve to <[T; N] as IntoIterator>::into_iter in Rust 2021
[INFO] [stdout]    --> src/builder.rs:354:18
[INFO] [stdout]     |
[INFO] [stdout] 354 |                 .into_iter()
[INFO] [stdout]     |                  ^^^^^^^^^
[INFO] [stdout]     |
[INFO] [stdout]     = warning: this changes meaning in Rust 2021
[INFO] [stdout]     = note: for more information, see <https://doc.rust-lang.org/nightly/edition-guide/rust-2021/IntoIterator-for-arrays.html>
[INFO] [stdout] help: use `.iter()` instead of `.into_iter()` to avoid ambiguity
[INFO] [stdout]     |
[INFO] [stdout] 354 |                 .iter()
[INFO] [stdout]     |                  ~~~~
[INFO] [stdout] help: or use `IntoIterator::into_iter(..)` instead of `.into_iter()` to explicitly iterate by value
[INFO] [stdout]     |
[INFO] [stdout] 353 |             IntoIterator::into_iter(["C", "D"])
[INFO] [stdout]     |             ++++++++++++++++++++++++          ~
[INFO] [stdout] 
[INFO] [stdout] 
[INFO] [stdout] warning: this method call resolves to `<&[T; N] as IntoIterator>::into_iter` (due to backwards compatibility), but will resolve to <[T; N] as IntoIterator>::into_iter in Rust 2021
[INFO] [stdout]    --> src/builder.rs:376:18
[INFO] [stdout]     |
[INFO] [stdout] 376 |                 .into_iter()
[INFO] [stdout]     |                  ^^^^^^^^^
[INFO] [stdout]     |
[INFO] [stdout]     = warning: this changes meaning in Rust 2021
[INFO] [stdout]     = note: for more information, see <https://doc.rust-lang.org/nightly/edition-guide/rust-2021/IntoIterator-for-arrays.html>
[INFO] [stdout] help: use `.iter()` instead of `.into_iter()` to avoid ambiguity
[INFO] [stdout]     |
[INFO] [stdout] 376 |                 .iter()
[INFO] [stdout]     |                  ~~~~
[INFO] [stdout] help: or use `IntoIterator::into_iter(..)` instead of `.into_iter()` to explicitly iterate by value
[INFO] [stdout]     |
[INFO] [stdout] 375 |             IntoIterator::into_iter(["A", "B"])
[INFO] [stdout]     |             ++++++++++++++++++++++++          ~
[INFO] [stdout] 
[INFO] [stdout] 
[INFO] [stdout] warning: this method call resolves to `<&[T; N] as IntoIterator>::into_iter` (due to backwards compatibility), but will resolve to <[T; N] as IntoIterator>::into_iter in Rust 2021
[INFO] [stdout]    --> src/builder.rs:383:18
[INFO] [stdout]     |
[INFO] [stdout] 383 |                 .into_iter()
[INFO] [stdout]     |                  ^^^^^^^^^
[INFO] [stdout]     |
[INFO] [stdout]     = warning: this changes meaning in Rust 2021
[INFO] [stdout]     = note: for more information, see <https://doc.rust-lang.org/nightly/edition-guide/rust-2021/IntoIterator-for-arrays.html>
[INFO] [stdout] help: use `.iter()` instead of `.into_iter()` to avoid ambiguity
[INFO] [stdout]     |
[INFO] [stdout] 383 |                 .iter()
[INFO] [stdout]     |                  ~~~~
[INFO] [stdout] help: or use `IntoIterator::into_iter(..)` instead of `.into_iter()` to explicitly iterate by value
[INFO] [stdout]     |
[INFO] [stdout] 382 |             IntoIterator::into_iter(["toto", "tata"])
[INFO] [stdout]     |             ++++++++++++++++++++++++                ~
[INFO] [stdout] 
[INFO] [stdout] 
[INFO] [stdout] warning: this method call resolves to `<&[T; N] as IntoIterator>::into_iter` (due to backwards compatibility), but will resolve to <[T; N] as IntoIterator>::into_iter in Rust 2021
[INFO] [stdout]    --> src/builder.rs:420:18
[INFO] [stdout]     |
[INFO] [stdout] 420 |                 .into_iter()
[INFO] [stdout]     |                  ^^^^^^^^^
[INFO] [stdout]     |
[INFO] [stdout]     = warning: this changes meaning in Rust 2021
[INFO] [stdout]     = note: for more information, see <https://doc.rust-lang.org/nightly/edition-guide/rust-2021/IntoIterator-for-arrays.html>
[INFO] [stdout] help: use `.iter()` instead of `.into_iter()` to avoid ambiguity
[INFO] [stdout]     |
[INFO] [stdout] 420 |                 .iter()
[INFO] [stdout]     |                  ~~~~
[INFO] [stdout] help: or use `IntoIterator::into_iter(..)` instead of `.into_iter()` to explicitly iterate by value
[INFO] [stdout]     |
[INFO] [stdout] 419 |             IntoIterator::into_iter(["A", "B"])
[INFO] [stdout]     |             ++++++++++++++++++++++++          ~
[INFO] [stdout] 
[INFO] [stdout] 
[INFO] [stdout] warning: this method call resolves to `<&[T; N] as IntoIterator>::into_iter` (due to backwards compatibility), but will resolve to <[T; N] as IntoIterator>::into_iter in Rust 2021
[INFO] [stdout]    --> src/builder.rs:427:18
[INFO] [stdout]     |
[INFO] [stdout] 427 |                 .into_iter()
[INFO] [stdout]     |                  ^^^^^^^^^
[INFO] [stdout]     |
[INFO] [stdout]     = warning: this changes meaning in Rust 2021
[INFO] [stdout]     = note: for more information, see <https://doc.rust-lang.org/nightly/edition-guide/rust-2021/IntoIterator-for-arrays.html>
[INFO] [stdout] help: use `.iter()` instead of `.into_iter()` to avoid ambiguity
[INFO] [stdout]     |
[INFO] [stdout] 427 |                 .iter()
[INFO] [stdout]     |                  ~~~~
[INFO] [stdout] help: or use `IntoIterator::into_iter(..)` instead of `.into_iter()` to explicitly iterate by value
[INFO] [stdout]     |
[INFO] [stdout] 426 |             IntoIterator::into_iter(["C", "D"])
[INFO] [stdout]     |             ++++++++++++++++++++++++          ~
[INFO] [stdout] 
[INFO] [stdout] 
[INFO] [stdout] warning: this method call resolves to `<&[T; N] as IntoIterator>::into_iter` (due to backwards compatibility), but will resolve to <[T; N] as IntoIterator>::into_iter in Rust 2021
[INFO] [stdout]    --> src/builder.rs:436:18
[INFO] [stdout]     |
[INFO] [stdout] 436 |                 .into_iter()
[INFO] [stdout]     |                  ^^^^^^^^^
[INFO] [stdout]     |
[INFO] [stdout]     = warning: this changes meaning in Rust 2021
[INFO] [stdout]     = note: for more information, see <https://doc.rust-lang.org/nightly/edition-guide/rust-2021/IntoIterator-for-arrays.html>
[INFO] [stdout] help: use `.iter()` instead of `.into_iter()` to avoid ambiguity
[INFO] [stdout]     |
[INFO] [stdout] 436 |                 .iter()
[INFO] [stdout]     |                  ~~~~
[INFO] [stdout] help: or use `IntoIterator::into_iter(..)` instead of `.into_iter()` to explicitly iterate by value
[INFO] [stdout]     |
[INFO] [stdout] 435 |             IntoIterator::into_iter(["toto"])
[INFO] [stdout]     |             ++++++++++++++++++++++++        ~
[INFO] [stdout] 
[INFO] [stdout] 
[INFO] [stdout] warning: this method call resolves to `<&[T; N] as IntoIterator>::into_iter` (due to backwards compatibility), but will resolve to <[T; N] as IntoIterator>::into_iter in Rust 2021
[INFO] [stdout]    --> src/builder.rs:443:18
[INFO] [stdout]     |
[INFO] [stdout] 443 |                 .into_iter()
[INFO] [stdout]     |                  ^^^^^^^^^
[INFO] [stdout]     |
[INFO] [stdout]     = warning: this changes meaning in Rust 2021
[INFO] [stdout]     = note: for more information, see <https://doc.rust-lang.org/nightly/edition-guide/rust-2021/IntoIterator-for-arrays.html>
[INFO] [stdout] help: use `.iter()` instead of `.into_iter()` to avoid ambiguity
[INFO] [stdout]     |
[INFO] [stdout] 443 |                 .iter()
[INFO] [stdout]     |                  ~~~~
[INFO] [stdout] help: or use `IntoIterator::into_iter(..)` instead of `.into_iter()` to explicitly iterate by value
[INFO] [stdout]     |
[INFO] [stdout] 442 |             IntoIterator::into_iter(["tata"])
[INFO] [stdout]     |             ++++++++++++++++++++++++        ~
[INFO] [stdout] 
[INFO] [stdout] 
[INFO] [stdout] warning: this method call resolves to `<&[T; N] as IntoIterator>::into_iter` (due to backwards compatibility), but will resolve to <[T; N] as IntoIterator>::into_iter in Rust 2021
[INFO] [stdout]    --> src/builder.rs:451:18
[INFO] [stdout]     |
[INFO] [stdout] 451 |                 .into_iter()
[INFO] [stdout]     |                  ^^^^^^^^^
[INFO] [stdout]     |
[INFO] [stdout]     = warning: this changes meaning in Rust 2021
[INFO] [stdout]     = note: for more information, see <https://doc.rust-lang.org/nightly/edition-guide/rust-2021/IntoIterator-for-arrays.html>
[INFO] [stdout] help: use `.iter()` instead of `.into_iter()` to avoid ambiguity
[INFO] [stdout]     |
[INFO] [stdout] 451 |                 .iter()
[INFO] [stdout]     |                  ~~~~
[INFO] [stdout] help: or use `IntoIterator::into_iter(..)` instead of `.into_iter()` to explicitly iterate by value
[INFO] [stdout]     |
[INFO] [stdout] 450 |             IntoIterator::into_iter(["tutu"])
[INFO] [stdout]     |             ++++++++++++++++++++++++        ~
[INFO] [stdout] 
[INFO] [stdout] 
[INFO] [stdout] warning: 9 warnings emitted
[INFO] [stdout] 
[INFO] [stdout] 
[INFO] [stderr]     Finished test [unoptimized + debuginfo] target(s) in 4.96s
[INFO] [stderr] warning: the following packages contain code that will be rejected by a future version of Rust: quick-xml v0.12.4
[INFO] [stderr] note: to see what the problems were, use the option `--future-incompat-report`, or run `cargo report future-incompatibilities --id 1`
[INFO] running `Command { std: "docker" "inspect" "5b78c1f83ef9fde25f2a0fc24d61659a14feeea2081a6d16cddfdbb7f26852b1", kill_on_drop: false }`
[INFO] running `Command { std: "docker" "rm" "-f" "5b78c1f83ef9fde25f2a0fc24d61659a14feeea2081a6d16cddfdbb7f26852b1", kill_on_drop: false }`
[INFO] [stdout] 5b78c1f83ef9fde25f2a0fc24d61659a14feeea2081a6d16cddfdbb7f26852b1
[INFO] running `Command { std: "docker" "create" "-v" "/var/lib/crater-agent-workspace/builds/worker-7-tc1/target:/opt/rustwide/target:rw,Z" "-v" "/var/lib/crater-agent-workspace/builds/worker-7-tc1/source:/opt/rustwide/workdir:ro,Z" "-v" "/var/lib/crater-agent-workspace/cargo-home:/opt/rustwide/cargo-home:ro,Z" "-v" "/var/lib/crater-agent-workspace/rustup-home:/opt/rustwide/rustup-home:ro,Z" "-e" "SOURCE_DIR=/opt/rustwide/workdir" "-e" "CARGO_TARGET_DIR=/opt/rustwide/target" "-e" "CARGO_INCREMENTAL=0" "-e" "RUST_BACKTRACE=full" "-e" "RUSTFLAGS=--cap-lints=warn" "-e" "RUSTDOCFLAGS=--cap-lints=warn" "-e" "CARGO_HOME=/opt/rustwide/cargo-home" "-e" "RUSTUP_HOME=/opt/rustwide/rustup-home" "-w" "/opt/rustwide/workdir" "-m" "1610612736" "--user" "0:0" "--network" "none" "ghcr.io/rust-lang/crates-build-env/linux@sha256:2788e3201cd34a07e3172128adcd8b3090168a8e3bcc40d7c032b9dda1df7d1c" "/opt/rustwide/cargo-home/bin/cargo" "+1.75.0" "test" "--frozen", kill_on_drop: false }`
[INFO] [stdout] d62d6743751a06ebd8aea717ea7e139d63d45d93126dddc4c6a225a185636aad
[INFO] running `Command { std: "docker" "start" "-a" "d62d6743751a06ebd8aea717ea7e139d63d45d93126dddc4c6a225a185636aad", kill_on_drop: false }`
[INFO] [stderr] warning: this method call resolves to `<&[T; N] as IntoIterator>::into_iter` (due to backwards compatibility), but will resolve to <[T; N] as IntoIterator>::into_iter in Rust 2021
[INFO] [stderr]    --> src/builder.rs:347:18
[INFO] [stderr]     |
[INFO] [stderr] 347 |                 .into_iter()
[INFO] [stderr]     |                  ^^^^^^^^^
[INFO] [stderr]     |
[INFO] [stderr]     = warning: this changes meaning in Rust 2021
[INFO] [stderr]     = note: for more information, see <https://doc.rust-lang.org/nightly/edition-guide/rust-2021/IntoIterator-for-arrays.html>
[INFO] [stderr]     = note: `#[warn(array_into_iter)]` on by default
[INFO] [stderr] help: use `.iter()` instead of `.into_iter()` to avoid ambiguity
[INFO] [stderr]     |
[INFO] [stderr] 347 |                 .iter()
[INFO] [stderr]     |                  ~~~~
[INFO] [stderr] help: or use `IntoIterator::into_iter(..)` instead of `.into_iter()` to explicitly iterate by value
[INFO] [stderr]     |
[INFO] [stderr] 346 |             IntoIterator::into_iter(["A", "B"])
[INFO] [stderr]     |             ++++++++++++++++++++++++          ~
[INFO] [stderr] 
[INFO] [stderr] warning: this method call resolves to `<&[T; N] as IntoIterator>::into_iter` (due to backwards compatibility), but will resolve to <[T; N] as IntoIterator>::into_iter in Rust 2021
[INFO] [stderr]    --> src/builder.rs:354:18
[INFO] [stderr]     |
[INFO] [stderr] 354 |                 .into_iter()
[INFO] [stderr]     |                  ^^^^^^^^^
[INFO] [stderr]     |
[INFO] [stderr]     = warning: this changes meaning in Rust 2021
[INFO] [stderr]     = note: for more information, see <https://doc.rust-lang.org/nightly/edition-guide/rust-2021/IntoIterator-for-arrays.html>
[INFO] [stderr] help: use `.iter()` instead of `.into_iter()` to avoid ambiguity
[INFO] [stderr]     |
[INFO] [stderr] 354 |                 .iter()
[INFO] [stderr]     |                  ~~~~
[INFO] [stderr] help: or use `IntoIterator::into_iter(..)` instead of `.into_iter()` to explicitly iterate by value
[INFO] [stderr]     |
[INFO] [stderr] 353 |             IntoIterator::into_iter(["C", "D"])
[INFO] [stderr]     |             ++++++++++++++++++++++++          ~
[INFO] [stderr] 
[INFO] [stderr] warning: this method call resolves to `<&[T; N] as IntoIterator>::into_iter` (due to backwards compatibility), but will resolve to <[T; N] as IntoIterator>::into_iter in Rust 2021
[INFO] [stderr]    --> src/builder.rs:376:18
[INFO] [stderr]     |
[INFO] [stderr] 376 |                 .into_iter()
[INFO] [stderr]     |                  ^^^^^^^^^
[INFO] [stderr]     |
[INFO] [stderr]     = warning: this changes meaning in Rust 2021
[INFO] [stderr]     = note: for more information, see <https://doc.rust-lang.org/nightly/edition-guide/rust-2021/IntoIterator-for-arrays.html>
[INFO] [stderr] help: use `.iter()` instead of `.into_iter()` to avoid ambiguity
[INFO] [stderr]     |
[INFO] [stderr] 376 |                 .iter()
[INFO] [stderr]     |                  ~~~~
[INFO] [stderr] help: or use `IntoIterator::into_iter(..)` instead of `.into_iter()` to explicitly iterate by value
[INFO] [stderr]     |
[INFO] [stderr] 375 |             IntoIterator::into_iter(["A", "B"])
[INFO] [stderr]     |             ++++++++++++++++++++++++          ~
[INFO] [stderr] 
[INFO] [stderr] warning: this method call resolves to `<&[T; N] as IntoIterator>::into_iter` (due to backwards compatibility), but will resolve to <[T; N] as IntoIterator>::into_iter in Rust 2021
[INFO] [stderr]    --> src/builder.rs:383:18
[INFO] [stderr]     |
[INFO] [stderr] 383 |                 .into_iter()
[INFO] [stderr]     |                  ^^^^^^^^^
[INFO] [stderr]     |
[INFO] [stderr]     = warning: this changes meaning in Rust 2021
[INFO] [stderr]     = note: for more information, see <https://doc.rust-lang.org/nightly/edition-guide/rust-2021/IntoIterator-for-arrays.html>
[INFO] [stderr] help: use `.iter()` instead of `.into_iter()` to avoid ambiguity
[INFO] [stderr]     |
[INFO] [stderr] 383 |                 .iter()
[INFO] [stderr]     |                  ~~~~
[INFO] [stderr] help: or use `IntoIterator::into_iter(..)` instead of `.into_iter()` to explicitly iterate by value
[INFO] [stderr]     |
[INFO] [stderr] 382 |             IntoIterator::into_iter(["toto", "tata"])
[INFO] [stderr]     |             ++++++++++++++++++++++++                ~
[INFO] [stderr] 
[INFO] [stderr] warning: this method call resolves to `<&[T; N] as IntoIterator>::into_iter` (due to backwards compatibility), but will resolve to <[T; N] as IntoIterator>::into_iter in Rust 2021
[INFO] [stderr]    --> src/builder.rs:420:18
[INFO] [stderr]     |
[INFO] [stderr] 420 |                 .into_iter()
[INFO] [stderr]     |                  ^^^^^^^^^
[INFO] [stderr]     |
[INFO] [stderr]     = warning: this changes meaning in Rust 2021
[INFO] [stderr]     = note: for more information, see <https://doc.rust-lang.org/nightly/edition-guide/rust-2021/IntoIterator-for-arrays.html>
[INFO] [stderr] help: use `.iter()` instead of `.into_iter()` to avoid ambiguity
[INFO] [stderr]     |
[INFO] [stderr] 420 |                 .iter()
[INFO] [stderr]     |                  ~~~~
[INFO] [stderr] help: or use `IntoIterator::into_iter(..)` instead of `.into_iter()` to explicitly iterate by value
[INFO] [stderr]     |
[INFO] [stderr] 419 |             IntoIterator::into_iter(["A", "B"])
[INFO] [stderr]     |             ++++++++++++++++++++++++          ~
[INFO] [stderr] 
[INFO] [stderr] warning: this method call resolves to `<&[T; N] as IntoIterator>::into_iter` (due to backwards compatibility), but will resolve to <[T; N] as IntoIterator>::into_iter in Rust 2021
[INFO] [stderr]    --> src/builder.rs:427:18
[INFO] [stderr]     |
[INFO] [stderr] 427 |                 .into_iter()
[INFO] [stderr]     |                  ^^^^^^^^^
[INFO] [stderr]     |
[INFO] [stderr]     = warning: this changes meaning in Rust 2021
[INFO] [stderr]     = note: for more information, see <https://doc.rust-lang.org/nightly/edition-guide/rust-2021/IntoIterator-for-arrays.html>
[INFO] [stderr] help: use `.iter()` instead of `.into_iter()` to avoid ambiguity
[INFO] [stderr]     |
[INFO] [stderr] 427 |                 .iter()
[INFO] [stderr]     |                  ~~~~
[INFO] [stderr] help: or use `IntoIterator::into_iter(..)` instead of `.into_iter()` to explicitly iterate by value
[INFO] [stderr]     |
[INFO] [stderr] 426 |             IntoIterator::into_iter(["C", "D"])
[INFO] [stderr]     |             ++++++++++++++++++++++++          ~
[INFO] [stderr] 
[INFO] [stderr] warning: this method call resolves to `<&[T; N] as IntoIterator>::into_iter` (due to backwards compatibility), but will resolve to <[T; N] as IntoIterator>::into_iter in Rust 2021
[INFO] [stderr]    --> src/builder.rs:436:18
[INFO] [stderr]     |
[INFO] [stderr] 436 |                 .into_iter()
[INFO] [stderr]     |                  ^^^^^^^^^
[INFO] [stderr]     |
[INFO] [stderr]     = warning: this changes meaning in Rust 2021
[INFO] [stderr]     = note: for more information, see <https://doc.rust-lang.org/nightly/edition-guide/rust-2021/IntoIterator-for-arrays.html>
[INFO] [stderr] help: use `.iter()` instead of `.into_iter()` to avoid ambiguity
[INFO] [stderr]     |
[INFO] [stderr] 436 |                 .iter()
[INFO] [stderr]     |                  ~~~~
[INFO] [stderr] help: or use `IntoIterator::into_iter(..)` instead of `.into_iter()` to explicitly iterate by value
[INFO] [stderr]     |
[INFO] [stderr] 435 |             IntoIterator::into_iter(["toto"])
[INFO] [stderr]     |             ++++++++++++++++++++++++        ~
[INFO] [stderr] 
[INFO] [stderr] warning: this method call resolves to `<&[T; N] as IntoIterator>::into_iter` (due to backwards compatibility), but will resolve to <[T; N] as IntoIterator>::into_iter in Rust 2021
[INFO] [stderr]    --> src/builder.rs:443:18
[INFO] [stderr]     |
[INFO] [stderr] 443 |                 .into_iter()
[INFO] [stderr]     |                  ^^^^^^^^^
[INFO] [stderr]     |
[INFO] [stderr]     = warning: this changes meaning in Rust 2021
[INFO] [stderr]     = note: for more information, see <https://doc.rust-lang.org/nightly/edition-guide/rust-2021/IntoIterator-for-arrays.html>
[INFO] [stderr] help: use `.iter()` instead of `.into_iter()` to avoid ambiguity
[INFO] [stderr]     |
[INFO] [stderr] 443 |                 .iter()
[INFO] [stderr]     |                  ~~~~
[INFO] [stderr] help: or use `IntoIterator::into_iter(..)` instead of `.into_iter()` to explicitly iterate by value
[INFO] [stderr]     |
[INFO] [stderr] 442 |             IntoIterator::into_iter(["tata"])
[INFO] [stderr]     |             ++++++++++++++++++++++++        ~
[INFO] [stderr] 
[INFO] [stderr] warning: this method call resolves to `<&[T; N] as IntoIterator>::into_iter` (due to backwards compatibility), but will resolve to <[T; N] as IntoIterator>::into_iter in Rust 2021
[INFO] [stderr]    --> src/builder.rs:451:18
[INFO] [stderr]     |
[INFO] [stderr] 451 |                 .into_iter()
[INFO] [stderr]     |                  ^^^^^^^^^
[INFO] [stderr]     |
[INFO] [stderr]     = warning: this changes meaning in Rust 2021
[INFO] [stderr]     = note: for more information, see <https://doc.rust-lang.org/nightly/edition-guide/rust-2021/IntoIterator-for-arrays.html>
[INFO] [stderr] help: use `.iter()` instead of `.into_iter()` to avoid ambiguity
[INFO] [stderr]     |
[INFO] [stderr] 451 |                 .iter()
[INFO] [stderr]     |                  ~~~~
[INFO] [stderr] help: or use `IntoIterator::into_iter(..)` instead of `.into_iter()` to explicitly iterate by value
[INFO] [stderr]     |
[INFO] [stderr] 450 |             IntoIterator::into_iter(["tutu"])
[INFO] [stderr]     |             ++++++++++++++++++++++++        ~
[INFO] [stderr] 
[INFO] [stderr] warning: `transit_model_builder` (lib test) generated 9 warnings (run `cargo fix --lib -p transit_model_builder --tests` to apply 9 suggestions)
[INFO] [stderr]     Finished test [unoptimized + debuginfo] target(s) in 0.14s
[INFO] [stderr] warning: the following packages contain code that will be rejected by a future version of Rust: quick-xml v0.12.4
[INFO] [stderr] note: to see what the problems were, use the option `--future-incompat-report`, or run `cargo report future-incompatibilities --id 1`
[INFO] [stderr]      Running unittests src/lib.rs (/opt/rustwide/target/debug/deps/transit_model_builder-3693b7c6780de79a)
[INFO] [stdout] 
[INFO] [stdout] running 3 tests
[INFO] [stdout] test builder::test::simple_model_creation ... ok
[INFO] [stdout] test builder::test::same_sp_model_creation ... ok
[INFO] [stdout] test builder::test::model_creation_with_lines ... ok
[INFO] [stdout] 
[INFO] [stdout] test result: ok. 3 passed; 0 failed; 0 ignored; 0 measured; 0 filtered out; finished in 0.00s
[INFO] [stdout] 
[INFO] [stderr]    Doc-tests transit_model_builder
[INFO] [stdout] 
[INFO] [stdout] running 7 tests
[INFO] [stdout] test src/builder.rs - builder::ModelBuilder::calendar (line 120) ... FAILED
[INFO] [stdout] test src/builder.rs - builder::ModelBuilder::route (line 92) ... FAILED
[INFO] [stdout] test src/builder.rs - builder::VehicleJourneyBuilder<'a>::route (line 245) ... FAILED
[INFO] [stdout] test src/builder.rs - builder (line 19) ... FAILED
[INFO] [stdout] test src/builder.rs - builder::ModelBuilder::vj (line 54) ... ok
[INFO] [stdout] test src/builder.rs - builder::VehicleJourneyBuilder<'a>::st (line 204) ... ok
[INFO] [stdout] test src/builder.rs - builder::VehicleJourneyBuilder<'a>::calendar (line 272) ... ok
[INFO] [stdout] 
[INFO] [stdout] failures:
[INFO] [stdout] 
[INFO] [stdout] ---- src/builder.rs - builder::ModelBuilder::calendar (line 120) stdout ----
[INFO] [stdout] warning: use of deprecated associated function `chrono::naive::date::NaiveDate::from_ymd`: use `from_ymd_opt()` instead
[INFO] [stdout]  --> src/builder.rs:127:34
[INFO] [stdout]   |
[INFO] [stdout] 9 |             c.dates.insert(Date::from_ymd(2019, 2, 6));
[INFO] [stdout]   |                                  ^^^^^^^^
[INFO] [stdout]   |
[INFO] [stdout]   = note: `#[warn(deprecated)]` on by default
[INFO] [stdout] 
[INFO] [stdout] error: linking with `cc` failed: exit status: 1
[INFO] [stdout]   |
[INFO] [stdout]   = note: LC_ALL="C" PATH="/opt/rustwide/rustup-home/toolchains/1.75.0-x86_64-unknown-linux-gnu/lib/rustlib/x86_64-unknown-linux-gnu/bin:/opt/rustwide/cargo-home/bin:/usr/local/sbin:/usr/local/bin:/usr/sbin:/usr/bin:/sbin:/bin" VSLANG="1033" "cc" "-m64" "/tmp/rustcKblItb/symbols.o" "/tmp/rustdoctest0jX1PL/rust_out.rust_out.263fb70ac1c95110-cgu.0.rcgu.o" "/tmp/rustdoctest0jX1PL/rust_out.2uel00cfmdh5ufit.rcgu.o" "-Wl,--as-needed" "-L" "/opt/rustwide/target/debug/deps" "-L" "/opt/rustwide/target/debug/deps" "-L" "/opt/rustwide/target/debug/build/bzip2-sys-f46b88a61065d521/out/lib" "-L" "/opt/rustwide/rustup-home/toolchains/1.75.0-x86_64-unknown-linux-gnu/lib/rustlib/x86_64-unknown-linux-gnu/lib" "-Wl,-Bstatic" "/opt/rustwide/target/debug/deps/libtransit_model_builder-ae33ae65da1ca9ce.rlib" "/opt/rustwide/target/debug/deps/libtransit_model-1fbc29b8319dcf9d.rlib" "/opt/rustwide/target/debug/deps/libreqwest-b69b292a663411fb.rlib" "/opt/rustwide/target/debug/deps/libuuid-07ac31c31612f604.rlib" "/opt/rustwide/target/debug/deps/librand-947e72c3948ad058.rlib" "/opt/rustwide/target/debug/deps/librand_xorshift-9b7e196cd50c4e67.rlib" "/opt/rustwide/target/debug/deps/librand_pcg-39107a4cc57ccea5.rlib" "/opt/rustwide/target/debug/deps/librand_hc-677515abc5e770db.rlib" "/opt/rustwide/target/debug/deps/librand_chacha-adff71a8c2e03c9d.rlib" "/opt/rustwide/target/debug/deps/librand_isaac-9055555a0ce64bea.rlib" "/opt/rustwide/target/debug/deps/librand_core-2d6f500acd6a936c.rlib" "/opt/rustwide/target/debug/deps/librand_os-81d1ff4e38564a0d.rlib" "/opt/rustwide/target/debug/deps/librand_jitter-e0716e2be2341726.rlib" "/opt/rustwide/target/debug/deps/librand_core-5f8dc8f8f4491b97.rlib" "/opt/rustwide/target/debug/deps/libserde_urlencoded-abd9312278bec992.rlib" "/opt/rustwide/target/debug/deps/libdtoa-665aa5830ef0260e.rlib" "/opt/rustwide/target/debug/deps/libmime_guess-b52504f9ddbbfa9c.rlib" "/opt/rustwide/target/debug/deps/libunicase-131885e46c9d146d.rlib" "/opt/rustwide/target/debug/deps/libmime-7e306270d8ceb372.rlib" "/opt/rustwide/target/debug/deps/libhyper_tls-c0baf5862ab9b3be.rlib" "/opt/rustwide/target/debug/deps/libnative_tls-3db376df3131e6ee.rlib" "/opt/rustwide/target/debug/deps/libopenssl_probe-d850575132083d7c.rlib" "/opt/rustwide/target/debug/deps/libopenssl-ef89910d5814dbd0.rlib" "/opt/rustwide/target/debug/deps/libonce_cell-63be820ac0ed0954.rlib" "/opt/rustwide/target/debug/deps/libforeign_types-c05743815e5b8a9d.rlib" "/opt/rustwide/target/debug/deps/libforeign_types_shared-d149f5491fde2862.rlib" "/opt/rustwide/target/debug/deps/libopenssl_sys-f8e76e4ab1799714.rlib" "/opt/rustwide/target/debug/deps/libhyper-c1644e407d02a8d2.rlib" "/opt/rustwide/target/debug/deps/libwant-7b498addc85954d6.rlib" "/opt/rustwide/target/debug/deps/libtry_lock-ba0ec0947155aa20.rlib" "/opt/rustwide/target/debug/deps/libtokio-e9e4a40c2d39a419.rlib" "/opt/rustwide/target/debug/deps/libtokio_timer-5879a73f13d790e8.rlib" "/opt/rustwide/target/debug/deps/libtokio_threadpool-805fe9aca0854eaa.rlib" "/opt/rustwide/target/debug/deps/libcrossbeam_queue-c5563bd9f963b5a9.rlib" "/opt/rustwide/target/debug/deps/libcrossbeam_deque-b16be8723014cb64.rlib" "/opt/rustwide/target/debug/deps/libcrossbeam_epoch-2eefb546c17400b4.rlib" "/opt/rustwide/target/debug/deps/libmemoffset-391bf7ec82acb482.rlib" "/opt/rustwide/target/debug/deps/libtokio_tcp-e362bec9916280f4.rlib" "/opt/rustwide/target/debug/deps/libtokio_reactor-7629f0d2188fbd09.rlib" "/opt/rustwide/target/debug/deps/libtokio_sync-08ea48bc61321deb.rlib" "/opt/rustwide/target/debug/deps/libparking_lot-c84c5cc8015054ea.rlib" "/opt/rustwide/target/debug/deps/libparking_lot_core-e9a5455203bd3274.rlib" "/opt/rustwide/target/debug/deps/libsmallvec-d0609e27bcb54d1d.rlib" "/opt/rustwide/target/debug/deps/libmaybe_uninit-5d087cbaeefa52e2.rlib" "/opt/rustwide/target/debug/deps/liblock_api-66bae9b5c6af1fce.rlib" "/opt/rustwide/target/debug/deps/libscopeguard-012e5ed929fc2fe6.rlib" "/opt/rustwide/target/debug/deps/libtokio_current_thread-0ec463f1ca04bf29.rlib" "/opt/rustwide/target/debug/deps/libtokio_executor-1cf9988edc02426a.rlib" "/opt/rustwide/target/debug/deps/libcrossbeam_utils-642de20fe914a5f2.rlib" "/opt/rustwide/target/debug/deps/libmio-6fd4b76e1885a0b4.rlib" "/opt/rustwide/target/debug/deps/libnet2-07be40c26687f8c4.rlib" "/opt/rustwide/target/debug/deps/libhttparse-64f1ffbeda450424.rlib" "/opt/rustwide/target/debug/deps/libhttp_body-d9cd57b33cff5a0a.rlib" "/opt/rustwide/target/debug/deps/libtokio_buf-641ddc17bbd86cae.rlib" "/opt/rustwide/target/debug/deps/libh2-1cd471b96ea64ad2.rlib" "/opt/rustwide/target/debug/deps/libindexmap-7b2113ac7fccbab6.rlib" "/opt/rustwide/target/debug/deps/libhashbrown-567986452cb9bc94.rlib" "/opt/rustwide/target/debug/deps/libstring-279ac8139682368b.rlib" "/opt/rustwide/target/debug/deps/libslab-6eb39baadbe9101c.rlib" "/opt/rustwide/target/debug/deps/libtokio_io-6dc09c0427939b46.rlib" "/opt/rustwide/target/debug/deps/libfutures_cpupool-20fe1a787abc7079.rlib" "/opt/rustwide/target/debug/deps/libhttp-03cb19406190c0d0.rlib" "/opt/rustwide/target/debug/deps/libitoa-88dc5e7d606068cc.rlib" "/opt/rustwide/target/debug/deps/libfnv-18bf5144d055e772.rlib" "/opt/rustwide/target/debug/deps/libfutures-8d8915a23f05644b.rlib" "/opt/rustwide/target/debug/deps/libcookie_store-d5df61d601f02c13.rlib" "/opt/rustwide/target/debug/deps/libpublicsuffix-45b8396eeddd9523.rlib" "/opt/rustwide/target/debug/deps/libidna-ad9dbac65afa869f.rlib" "/opt/rustwide/target/debug/deps/liburl-6415f4a0e2585893.rlib" "/opt/rustwide/target/debug/deps/libidna-f4c6dc12c81bea2a.rlib" "/opt/rustwide/target/debug/deps/libform_urlencoded-ef5eb70334031c86.rlib" "/opt/rustwide/target/debug/deps/libpercent_encoding-fe0d57427b4d92e0.rlib" "/opt/rustwide/target/debug/deps/libtry_from-f76d6ad68028474c.rlib" "/opt/rustwide/target/debug/deps/libcfg_if-925b73a2e437f0c3.rlib" "/opt/rustwide/target/debug/deps/libcookie-a849b1e0a0050e04.rlib" "/opt/rustwide/target/debug/deps/liburl-5eb6abafa299dfb6.rlib" "/opt/rustwide/target/debug/deps/libpercent_encoding-139f6dad4c5bd392.rlib" "/opt/rustwide/target/debug/deps/libidna-1c39b7924ead49eb.rlib" "/opt/rustwide/target/debug/deps/libunicode_normalization-e1c1be84a555e587.rlib" "/opt/rustwide/target/debug/deps/libtinyvec-cf6c9f6b792a5507.rlib" "/opt/rustwide/target/debug/deps/libtinyvec_macros-b1cb7f53f58c9f87.rlib" "/opt/rustwide/target/debug/deps/libunicode_bidi-9e36a2b0928c1d80.rlib" "/opt/rustwide/target/debug/deps/libmatches-5e4cb3d4c3233fbd.rlib" "/opt/rustwide/target/debug/deps/libbytes-2c3443e881dd6e9d.rlib" "/opt/rustwide/target/debug/deps/libeither-ff4e6ab7d60eb8c1.rlib" "/opt/rustwide/target/debug/deps/libiovec-829156e2f90dc6bd.rlib" "/opt/rustwide/target/debug/deps/libbase64-30cb3015b498dd6d.rlib" "/opt/rustwide/target/debug/deps/libbyteorder-e9468b374a0c0c11.rlib" "/opt/rustwide/target/debug/deps/libiso4217-eefa4e64bc940cc0.rlib" "/opt/rustwide/target/debug/deps/libpretty_assertions-fb21420955d892df.rlib" "/opt/rustwide/target/debug/deps/libdifference-d6d136d0781dc2bb.rlib" "/opt/rustwide/target/debug/deps/libansi_term-c26f08fd4ca88f9f.rlib" "/opt/rustwide/target/debug/deps/libtempfile-4dca041aec06f7c2.rlib" "/opt/rustwide/target/debug/deps/libfastrand-10bb5c97af1a52e6.rlib" "/opt/rustwide/target/debug/deps/librustix-2285ce4e54243f11.rlib" "/opt/rustwide/target/debug/deps/libbitflags-912d270082a3a4ea.rlib" "/opt/rustwide/target/debug/deps/liblinux_raw_sys-2091734e5f15aeaa.rlib" "/opt/rustwide/target/debug/deps/libstructopt-0ec9e1e3fbb71588.rlib" "/opt/rustwide/target/debug/deps/libclap-975e34cf956b0892.rlib" "/opt/rustwide/target/debug/deps/libvec_map-f4b9763d49b4e0fe.rlib" "/opt/rustwide/target/debug/deps/libtextwrap-2e541d239b304f6b.rlib" "/opt/rustwide/target/debug/deps/libunicode_width-a645f17db2f885de.rlib" "/opt/rustwide/target/debug/deps/libstrsim-e0feec2abfa99c5b.rlib" "/opt/rustwide/target/debug/deps/libbitflags-b7cee2ca4fb438d0.rlib" "/opt/rustwide/target/debug/deps/libatty-29ccef1f558deb97.rlib" "/opt/rustwide/target/debug/deps/libansi_term-b21a82a9f4d0b6eb.rlib" "/opt/rustwide/target/debug/deps/libserde_json-118fee5e21b12310.rlib" "/opt/rustwide/target/debug/deps/libminidom-b6773128bbf57e12.rlib" "/opt/rustwide/target/debug/deps/libquick_xml-747a0f9775d3ea5e.rlib" "/opt/rustwide/target/debug/deps/libencoding_rs-000c97fafd38c2ed.rlib" "/opt/rustwide/target/debug/deps/liblazy_static-591486ebcb9a7ead.rlib" "/opt/rustwide/target/debug/deps/libzip-a0d3ac2754f8aac5.rlib" "/opt/rustwide/target/debug/deps/libpodio-03f0749672c30cdc.rlib" "/opt/rustwide/target/debug/deps/libmsdos_time-40f75f4f7c8e9387.rlib" "/opt/rustwide/target/debug/deps/libtime-29918f4542d2a484.rlib" "/opt/rustwide/target/debug/deps/libflate2-2bb4b5915f036a54.rlib" "/opt/rustwide/target/debug/deps/libcrc32fast-664446237529ebff.rlib" "/opt/rustwide/target/debug/deps/libbzip2-d52b00b366f18560.rlib" "/opt/rustwide/target/debug/deps/libbzip2_sys-d88e5bee4a8dbb1c.rlib" "/opt/rustwide/target/debug/deps/libwkt-727ce637ef5971ac.rlib" "/opt/rustwide/target/debug/deps/libwalkdir-855d0afe3de90c17.rlib" "/opt/rustwide/target/debug/deps/libsame_file-06a4c01142053b65.rlib" "/opt/rustwide/target/debug/deps/librust_decimal-897e91a61feff4d2.rlib" "/opt/rustwide/target/debug/deps/libarrayvec-89a139d8c5aeb27d.rlib" "/opt/rustwide/target/debug/deps/liblog-e491f2c1d0b13538.rlib" "/opt/rustwide/target/debug/deps/libgeo_types-fe03d0223fb3b098.rlib" "/opt/rustwide/target/debug/deps/librstar-8971710a52e05e7b.rlib" "/opt/rustwide/target/debug/deps/libpdqselect-b086fdc31ea4ba6a.rlib" "/opt/rustwide/target/debug/deps/libthreadpool-c4ec96d1f5494ab6.rlib" "/opt/rustwide/target/debug/deps/libnum_cpus-d4708e9618b376f9.rlib" "/opt/rustwide/target/debug/deps/libfailure-5580d3e24166407b.rlib" "/opt/rustwide/target/debug/deps/libbacktrace-c17a0da2a098c0e4.rlib" "/opt/rustwide/target/debug/deps/libminiz_oxide-f272f5814aa49507.rlib" "/opt/rustwide/target/debug/deps/libadler-c8f2240c56a0abca.rlib" "/opt/rustwide/target/debug/deps/libobject-da3f7a8aaaa9564a.rlib" "/opt/rustwide/target/debug/deps/liblibc-4f34ddd04c373408.rlib" "/opt/rustwide/target/debug/deps/libaddr2line-2d4126a5dc567f39.rlib" "/opt/rustwide/target/debug/deps/libgimli-7f4f1abc0cbbfdc4.rlib" "/opt/rustwide/target/debug/deps/libcfg_if-61dc7a6799e72b18.rlib" "/opt/rustwide/target/debug/deps/librustc_demangle-7ef8571a19a75907.rlib" "/opt/rustwide/target/debug/deps/libcsv-6ea03ac39bfd01df.rlib" "/opt/rustwide/target/debug/deps/libryu-5f304b1b6393964f.rlib" "/opt/rustwide/target/debug/deps/libitoa-5f181af53b99b92c.rlib" "/opt/rustwide/target/debug/deps/libcsv_core-ea337cf12710c4f5.rlib" "/opt/rustwide/target/debug/deps/libmemchr-7da5465362ee94c1.rlib" "/opt/rustwide/target/debug/deps/libserde-6d80ced2e43a1842.rlib" "/opt/rustwide/target/debug/deps/libchrono-4a2133ca54ed328f.rlib" "/opt/rustwide/target/debug/deps/libnum_traits-aa75f3964f70d2b4.rlib" "/opt/rustwide/target/debug/deps/libiana_time_zone-528d9768cce5eb89.rlib" "/opt/rustwide/rustup-home/toolchains/1.75.0-x86_64-unknown-linux-gnu/lib/rustlib/x86_64-unknown-linux-gnu/lib/libstd-90f6ddbf82de36ec.rlib" "/opt/rustwide/rustup-home/toolchains/1.75.0-x86_64-unknown-linux-gnu/lib/rustlib/x86_64-unknown-linux-gnu/lib/libpanic_unwind-480c41e9d4e1f677.rlib" "/opt/rustwide/rustup-home/toolchains/1.75.0-x86_64-unknown-linux-gnu/lib/rustlib/x86_64-unknown-linux-gnu/lib/libobject-db744c0ca03eed1d.rlib" "/opt/rustwide/rustup-home/toolchains/1.75.0-x86_64-unknown-linux-gnu/lib/rustlib/x86_64-unknown-linux-gnu/lib/libmemchr-8ba652dc7d4b285a.rlib" "/opt/rustwide/rustup-home/toolchains/1.75.0-x86_64-unknown-linux-gnu/lib/rustlib/x86_64-unknown-linux-gnu/lib/libaddr2line-d5f4520a9ebc0d58.rlib" "/opt/rustwide/rustup-home/toolchains/1.75.0-x86_64-unknown-linux-gnu/lib/rustlib/x86_64-unknown-linux-gnu/lib/libgimli-4ad84de58f0cb463.rlib" "/opt/rustwide/rustup-home/toolchains/1.75.0-x86_64-unknown-linux-gnu/lib/rustlib/x86_64-unknown-linux-gnu/lib/librustc_demangle-0d10aae2e0f38735.rlib" "/opt/rustwide/rustup-home/toolchains/1.75.0-x86_64-unknown-linux-gnu/lib/rustlib/x86_64-unknown-linux-gnu/lib/libstd_detect-0c17cff739e6745b.rlib" "/opt/rustwide/rustup-home/toolchains/1.75.0-x86_64-unknown-linux-gnu/lib/rustlib/x86_64-unknown-linux-gnu/lib/libhashbrown-b29e17139dde1aa8.rlib" "/opt/rustwide/rustup-home/toolchains/1.75.0-x86_64-unknown-linux-gnu/lib/rustlib/x86_64-unknown-linux-gnu/lib/librustc_std_workspace_alloc-1f975299829cc7bd.rlib" "/opt/rustwide/rustup-home/toolchains/1.75.0-x86_64-unknown-linux-gnu/lib/rustlib/x86_64-unknown-linux-gnu/lib/libminiz_oxide-86bae3bc3079f89b.rlib" "/opt/rustwide/rustup-home/toolchains/1.75.0-x86_64-unknown-linux-gnu/lib/rustlib/x86_64-unknown-linux-gnu/lib/libadler-321b82c30dffdf5f.rlib" "/opt/rustwide/rustup-home/toolchains/1.75.0-x86_64-unknown-linux-gnu/lib/rustlib/x86_64-unknown-linux-gnu/lib/libunwind-3dd8a6810a0bdfef.rlib" "/opt/rustwide/rustup-home/toolchains/1.75.0-x86_64-unknown-linux-gnu/lib/rustlib/x86_64-unknown-linux-gnu/lib/libcfg_if-eb39a61c0c879984.rlib" "/opt/rustwide/rustup-home/toolchains/1.75.0-x86_64-unknown-linux-gnu/lib/rustlib/x86_64-unknown-linux-gnu/lib/liblibc-aa769569f91c3548.rlib" "/opt/rustwide/rustup-home/toolchains/1.75.0-x86_64-unknown-linux-gnu/lib/rustlib/x86_64-unknown-linux-gnu/lib/liballoc-510a192a50a983ed.rlib" "/opt/rustwide/rustup-home/toolchains/1.75.0-x86_64-unknown-linux-gnu/lib/rustlib/x86_64-unknown-linux-gnu/lib/librustc_std_workspace_core-0577018320f99037.rlib" "/opt/rustwide/rustup-home/toolchains/1.75.0-x86_64-unknown-linux-gnu/lib/rustlib/x86_64-unknown-linux-gnu/lib/libcore-193cf992125ccd4c.rlib" "/opt/rustwide/rustup-home/toolchains/1.75.0-x86_64-unknown-linux-gnu/lib/rustlib/x86_64-unknown-linux-gnu/lib/libcompiler_builtins-8e138eaf26ebb4a8.rlib" "-Wl,-Bdynamic" "-lssl" "-lcrypto" "-lgcc_s" "-lutil" "-lrt" "-lpthread" "-lm" "-ldl" "-lc" "-Wl,--eh-frame-hdr" "-Wl,-z,noexecstack" "-L" "/opt/rustwide/rustup-home/toolchains/1.75.0-x86_64-unknown-linux-gnu/lib/rustlib/x86_64-unknown-linux-gnu/lib" "-o" "/tmp/rustdoctest0jX1PL/rust_out" "-Wl,--gc-sections" "-pie" "-Wl,-z,relro,-z,now" "-nodefaultlibs"
[INFO] [stdout]   = note: collect2: fatal error: ld terminated with signal 9 [Killed]
[INFO] [stdout]           compilation terminated.
[INFO] [stdout]           
[INFO] [stdout] 
[INFO] [stdout] error: aborting due to previous error; 1 warning emitted
[INFO] [stdout] 
[INFO] [stdout] Couldn't compile the test.
[INFO] [stdout] ---- src/builder.rs - builder::ModelBuilder::route (line 92) stdout ----
[INFO] [stdout] error: linking with `cc` failed: exit status: 1
[INFO] [stdout]   |
[INFO] [stdout]   = note: LC_ALL="C" PATH="/opt/rustwide/rustup-home/toolchains/1.75.0-x86_64-unknown-linux-gnu/lib/rustlib/x86_64-unknown-linux-gnu/bin:/opt/rustwide/cargo-home/bin:/usr/local/sbin:/usr/local/bin:/usr/sbin:/usr/bin:/sbin:/bin" VSLANG="1033" "cc" "-m64" "/tmp/rustctYimkO/symbols.o" "/tmp/rustdoctestG8mEV3/rust_out.rust_out.263fb70ac1c95110-cgu.0.rcgu.o" "/tmp/rustdoctestG8mEV3/rust_out.2uel00cfmdh5ufit.rcgu.o" "-Wl,--as-needed" "-L" "/opt/rustwide/target/debug/deps" "-L" "/opt/rustwide/target/debug/deps" "-L" "/opt/rustwide/target/debug/build/bzip2-sys-f46b88a61065d521/out/lib" "-L" "/opt/rustwide/rustup-home/toolchains/1.75.0-x86_64-unknown-linux-gnu/lib/rustlib/x86_64-unknown-linux-gnu/lib" "-Wl,-Bstatic" "/opt/rustwide/target/debug/deps/libtransit_model_builder-ae33ae65da1ca9ce.rlib" "/opt/rustwide/target/debug/deps/libtransit_model-1fbc29b8319dcf9d.rlib" "/opt/rustwide/target/debug/deps/libreqwest-b69b292a663411fb.rlib" "/opt/rustwide/target/debug/deps/libuuid-07ac31c31612f604.rlib" "/opt/rustwide/target/debug/deps/librand-947e72c3948ad058.rlib" "/opt/rustwide/target/debug/deps/librand_xorshift-9b7e196cd50c4e67.rlib" "/opt/rustwide/target/debug/deps/librand_pcg-39107a4cc57ccea5.rlib" "/opt/rustwide/target/debug/deps/librand_hc-677515abc5e770db.rlib" "/opt/rustwide/target/debug/deps/librand_chacha-adff71a8c2e03c9d.rlib" "/opt/rustwide/target/debug/deps/librand_isaac-9055555a0ce64bea.rlib" "/opt/rustwide/target/debug/deps/librand_core-2d6f500acd6a936c.rlib" "/opt/rustwide/target/debug/deps/librand_os-81d1ff4e38564a0d.rlib" "/opt/rustwide/target/debug/deps/librand_jitter-e0716e2be2341726.rlib" "/opt/rustwide/target/debug/deps/librand_core-5f8dc8f8f4491b97.rlib" "/opt/rustwide/target/debug/deps/libserde_urlencoded-abd9312278bec992.rlib" "/opt/rustwide/target/debug/deps/libdtoa-665aa5830ef0260e.rlib" "/opt/rustwide/target/debug/deps/libmime_guess-b52504f9ddbbfa9c.rlib" "/opt/rustwide/target/debug/deps/libunicase-131885e46c9d146d.rlib" "/opt/rustwide/target/debug/deps/libmime-7e306270d8ceb372.rlib" "/opt/rustwide/target/debug/deps/libhyper_tls-c0baf5862ab9b3be.rlib" "/opt/rustwide/target/debug/deps/libnative_tls-3db376df3131e6ee.rlib" "/opt/rustwide/target/debug/deps/libopenssl_probe-d850575132083d7c.rlib" "/opt/rustwide/target/debug/deps/libopenssl-ef89910d5814dbd0.rlib" "/opt/rustwide/target/debug/deps/libonce_cell-63be820ac0ed0954.rlib" "/opt/rustwide/target/debug/deps/libforeign_types-c05743815e5b8a9d.rlib" "/opt/rustwide/target/debug/deps/libforeign_types_shared-d149f5491fde2862.rlib" "/opt/rustwide/target/debug/deps/libopenssl_sys-f8e76e4ab1799714.rlib" "/opt/rustwide/target/debug/deps/libhyper-c1644e407d02a8d2.rlib" "/opt/rustwide/target/debug/deps/libwant-7b498addc85954d6.rlib" "/opt/rustwide/target/debug/deps/libtry_lock-ba0ec0947155aa20.rlib" "/opt/rustwide/target/debug/deps/libtokio-e9e4a40c2d39a419.rlib" "/opt/rustwide/target/debug/deps/libtokio_timer-5879a73f13d790e8.rlib" "/opt/rustwide/target/debug/deps/libtokio_threadpool-805fe9aca0854eaa.rlib" "/opt/rustwide/target/debug/deps/libcrossbeam_queue-c5563bd9f963b5a9.rlib" "/opt/rustwide/target/debug/deps/libcrossbeam_deque-b16be8723014cb64.rlib" "/opt/rustwide/target/debug/deps/libcrossbeam_epoch-2eefb546c17400b4.rlib" "/opt/rustwide/target/debug/deps/libmemoffset-391bf7ec82acb482.rlib" "/opt/rustwide/target/debug/deps/libtokio_tcp-e362bec9916280f4.rlib" "/opt/rustwide/target/debug/deps/libtokio_reactor-7629f0d2188fbd09.rlib" "/opt/rustwide/target/debug/deps/libtokio_sync-08ea48bc61321deb.rlib" "/opt/rustwide/target/debug/deps/libparking_lot-c84c5cc8015054ea.rlib" "/opt/rustwide/target/debug/deps/libparking_lot_core-e9a5455203bd3274.rlib" "/opt/rustwide/target/debug/deps/libsmallvec-d0609e27bcb54d1d.rlib" "/opt/rustwide/target/debug/deps/libmaybe_uninit-5d087cbaeefa52e2.rlib" "/opt/rustwide/target/debug/deps/liblock_api-66bae9b5c6af1fce.rlib" "/opt/rustwide/target/debug/deps/libscopeguard-012e5ed929fc2fe6.rlib" "/opt/rustwide/target/debug/deps/libtokio_current_thread-0ec463f1ca04bf29.rlib" "/opt/rustwide/target/debug/deps/libtokio_executor-1cf9988edc02426a.rlib" "/opt/rustwide/target/debug/deps/libcrossbeam_utils-642de20fe914a5f2.rlib" "/opt/rustwide/target/debug/deps/libmio-6fd4b76e1885a0b4.rlib" "/opt/rustwide/target/debug/deps/libnet2-07be40c26687f8c4.rlib" "/opt/rustwide/target/debug/deps/libhttparse-64f1ffbeda450424.rlib" "/opt/rustwide/target/debug/deps/libhttp_body-d9cd57b33cff5a0a.rlib" "/opt/rustwide/target/debug/deps/libtokio_buf-641ddc17bbd86cae.rlib" "/opt/rustwide/target/debug/deps/libh2-1cd471b96ea64ad2.rlib" "/opt/rustwide/target/debug/deps/libindexmap-7b2113ac7fccbab6.rlib" "/opt/rustwide/target/debug/deps/libhashbrown-567986452cb9bc94.rlib" "/opt/rustwide/target/debug/deps/libstring-279ac8139682368b.rlib" "/opt/rustwide/target/debug/deps/libslab-6eb39baadbe9101c.rlib" "/opt/rustwide/target/debug/deps/libtokio_io-6dc09c0427939b46.rlib" "/opt/rustwide/target/debug/deps/libfutures_cpupool-20fe1a787abc7079.rlib" "/opt/rustwide/target/debug/deps/libhttp-03cb19406190c0d0.rlib" "/opt/rustwide/target/debug/deps/libitoa-88dc5e7d606068cc.rlib" "/opt/rustwide/target/debug/deps/libfnv-18bf5144d055e772.rlib" "/opt/rustwide/target/debug/deps/libfutures-8d8915a23f05644b.rlib" "/opt/rustwide/target/debug/deps/libcookie_store-d5df61d601f02c13.rlib" "/opt/rustwide/target/debug/deps/libpublicsuffix-45b8396eeddd9523.rlib" "/opt/rustwide/target/debug/deps/libidna-ad9dbac65afa869f.rlib" "/opt/rustwide/target/debug/deps/liburl-6415f4a0e2585893.rlib" "/opt/rustwide/target/debug/deps/libidna-f4c6dc12c81bea2a.rlib" "/opt/rustwide/target/debug/deps/libform_urlencoded-ef5eb70334031c86.rlib" "/opt/rustwide/target/debug/deps/libpercent_encoding-fe0d57427b4d92e0.rlib" "/opt/rustwide/target/debug/deps/libtry_from-f76d6ad68028474c.rlib" "/opt/rustwide/target/debug/deps/libcfg_if-925b73a2e437f0c3.rlib" "/opt/rustwide/target/debug/deps/libcookie-a849b1e0a0050e04.rlib" "/opt/rustwide/target/debug/deps/liburl-5eb6abafa299dfb6.rlib" "/opt/rustwide/target/debug/deps/libpercent_encoding-139f6dad4c5bd392.rlib" "/opt/rustwide/target/debug/deps/libidna-1c39b7924ead49eb.rlib" "/opt/rustwide/target/debug/deps/libunicode_normalization-e1c1be84a555e587.rlib" "/opt/rustwide/target/debug/deps/libtinyvec-cf6c9f6b792a5507.rlib" "/opt/rustwide/target/debug/deps/libtinyvec_macros-b1cb7f53f58c9f87.rlib" "/opt/rustwide/target/debug/deps/libunicode_bidi-9e36a2b0928c1d80.rlib" "/opt/rustwide/target/debug/deps/libmatches-5e4cb3d4c3233fbd.rlib" "/opt/rustwide/target/debug/deps/libbytes-2c3443e881dd6e9d.rlib" "/opt/rustwide/target/debug/deps/libeither-ff4e6ab7d60eb8c1.rlib" "/opt/rustwide/target/debug/deps/libiovec-829156e2f90dc6bd.rlib" "/opt/rustwide/target/debug/deps/libbase64-30cb3015b498dd6d.rlib" "/opt/rustwide/target/debug/deps/libbyteorder-e9468b374a0c0c11.rlib" "/opt/rustwide/target/debug/deps/libiso4217-eefa4e64bc940cc0.rlib" "/opt/rustwide/target/debug/deps/libpretty_assertions-fb21420955d892df.rlib" "/opt/rustwide/target/debug/deps/libdifference-d6d136d0781dc2bb.rlib" "/opt/rustwide/target/debug/deps/libansi_term-c26f08fd4ca88f9f.rlib" "/opt/rustwide/target/debug/deps/libtempfile-4dca041aec06f7c2.rlib" "/opt/rustwide/target/debug/deps/libfastrand-10bb5c97af1a52e6.rlib" "/opt/rustwide/target/debug/deps/librustix-2285ce4e54243f11.rlib" "/opt/rustwide/target/debug/deps/libbitflags-912d270082a3a4ea.rlib" "/opt/rustwide/target/debug/deps/liblinux_raw_sys-2091734e5f15aeaa.rlib" "/opt/rustwide/target/debug/deps/libstructopt-0ec9e1e3fbb71588.rlib" "/opt/rustwide/target/debug/deps/libclap-975e34cf956b0892.rlib" "/opt/rustwide/target/debug/deps/libvec_map-f4b9763d49b4e0fe.rlib" "/opt/rustwide/target/debug/deps/libtextwrap-2e541d239b304f6b.rlib" "/opt/rustwide/target/debug/deps/libunicode_width-a645f17db2f885de.rlib" "/opt/rustwide/target/debug/deps/libstrsim-e0feec2abfa99c5b.rlib" "/opt/rustwide/target/debug/deps/libbitflags-b7cee2ca4fb438d0.rlib" "/opt/rustwide/target/debug/deps/libatty-29ccef1f558deb97.rlib" "/opt/rustwide/target/debug/deps/libansi_term-b21a82a9f4d0b6eb.rlib" "/opt/rustwide/target/debug/deps/libserde_json-118fee5e21b12310.rlib" "/opt/rustwide/target/debug/deps/libminidom-b6773128bbf57e12.rlib" "/opt/rustwide/target/debug/deps/libquick_xml-747a0f9775d3ea5e.rlib" "/opt/rustwide/target/debug/deps/libencoding_rs-000c97fafd38c2ed.rlib" "/opt/rustwide/target/debug/deps/liblazy_static-591486ebcb9a7ead.rlib" "/opt/rustwide/target/debug/deps/libzip-a0d3ac2754f8aac5.rlib" "/opt/rustwide/target/debug/deps/libpodio-03f0749672c30cdc.rlib" "/opt/rustwide/target/debug/deps/libmsdos_time-40f75f4f7c8e9387.rlib" "/opt/rustwide/target/debug/deps/libtime-29918f4542d2a484.rlib" "/opt/rustwide/target/debug/deps/libflate2-2bb4b5915f036a54.rlib" "/opt/rustwide/target/debug/deps/libcrc32fast-664446237529ebff.rlib" "/opt/rustwide/target/debug/deps/libbzip2-d52b00b366f18560.rlib" "/opt/rustwide/target/debug/deps/libbzip2_sys-d88e5bee4a8dbb1c.rlib" "/opt/rustwide/target/debug/deps/libwkt-727ce637ef5971ac.rlib" "/opt/rustwide/target/debug/deps/libwalkdir-855d0afe3de90c17.rlib" "/opt/rustwide/target/debug/deps/libsame_file-06a4c01142053b65.rlib" "/opt/rustwide/target/debug/deps/librust_decimal-897e91a61feff4d2.rlib" "/opt/rustwide/target/debug/deps/libarrayvec-89a139d8c5aeb27d.rlib" "/opt/rustwide/target/debug/deps/liblog-e491f2c1d0b13538.rlib" "/opt/rustwide/target/debug/deps/libgeo_types-fe03d0223fb3b098.rlib" "/opt/rustwide/target/debug/deps/librstar-8971710a52e05e7b.rlib" "/opt/rustwide/target/debug/deps/libpdqselect-b086fdc31ea4ba6a.rlib" "/opt/rustwide/target/debug/deps/libthreadpool-c4ec96d1f5494ab6.rlib" "/opt/rustwide/target/debug/deps/libnum_cpus-d4708e9618b376f9.rlib" "/opt/rustwide/target/debug/deps/libfailure-5580d3e24166407b.rlib" "/opt/rustwide/target/debug/deps/libbacktrace-c17a0da2a098c0e4.rlib" "/opt/rustwide/target/debug/deps/libminiz_oxide-f272f5814aa49507.rlib" "/opt/rustwide/target/debug/deps/libadler-c8f2240c56a0abca.rlib" "/opt/rustwide/target/debug/deps/libobject-da3f7a8aaaa9564a.rlib" "/opt/rustwide/target/debug/deps/liblibc-4f34ddd04c373408.rlib" "/opt/rustwide/target/debug/deps/libaddr2line-2d4126a5dc567f39.rlib" "/opt/rustwide/target/debug/deps/libgimli-7f4f1abc0cbbfdc4.rlib" "/opt/rustwide/target/debug/deps/libcfg_if-61dc7a6799e72b18.rlib" "/opt/rustwide/target/debug/deps/librustc_demangle-7ef8571a19a75907.rlib" "/opt/rustwide/target/debug/deps/libcsv-6ea03ac39bfd01df.rlib" "/opt/rustwide/target/debug/deps/libryu-5f304b1b6393964f.rlib" "/opt/rustwide/target/debug/deps/libitoa-5f181af53b99b92c.rlib" "/opt/rustwide/target/debug/deps/libcsv_core-ea337cf12710c4f5.rlib" "/opt/rustwide/target/debug/deps/libmemchr-7da5465362ee94c1.rlib" "/opt/rustwide/target/debug/deps/libserde-6d80ced2e43a1842.rlib" "/opt/rustwide/target/debug/deps/libchrono-4a2133ca54ed328f.rlib" "/opt/rustwide/target/debug/deps/libnum_traits-aa75f3964f70d2b4.rlib" "/opt/rustwide/target/debug/deps/libiana_time_zone-528d9768cce5eb89.rlib" "/opt/rustwide/rustup-home/toolchains/1.75.0-x86_64-unknown-linux-gnu/lib/rustlib/x86_64-unknown-linux-gnu/lib/libstd-90f6ddbf82de36ec.rlib" "/opt/rustwide/rustup-home/toolchains/1.75.0-x86_64-unknown-linux-gnu/lib/rustlib/x86_64-unknown-linux-gnu/lib/libpanic_unwind-480c41e9d4e1f677.rlib" "/opt/rustwide/rustup-home/toolchains/1.75.0-x86_64-unknown-linux-gnu/lib/rustlib/x86_64-unknown-linux-gnu/lib/libobject-db744c0ca03eed1d.rlib" "/opt/rustwide/rustup-home/toolchains/1.75.0-x86_64-unknown-linux-gnu/lib/rustlib/x86_64-unknown-linux-gnu/lib/libmemchr-8ba652dc7d4b285a.rlib" "/opt/rustwide/rustup-home/toolchains/1.75.0-x86_64-unknown-linux-gnu/lib/rustlib/x86_64-unknown-linux-gnu/lib/libaddr2line-d5f4520a9ebc0d58.rlib" "/opt/rustwide/rustup-home/toolchains/1.75.0-x86_64-unknown-linux-gnu/lib/rustlib/x86_64-unknown-linux-gnu/lib/libgimli-4ad84de58f0cb463.rlib" "/opt/rustwide/rustup-home/toolchains/1.75.0-x86_64-unknown-linux-gnu/lib/rustlib/x86_64-unknown-linux-gnu/lib/librustc_demangle-0d10aae2e0f38735.rlib" "/opt/rustwide/rustup-home/toolchains/1.75.0-x86_64-unknown-linux-gnu/lib/rustlib/x86_64-unknown-linux-gnu/lib/libstd_detect-0c17cff739e6745b.rlib" "/opt/rustwide/rustup-home/toolchains/1.75.0-x86_64-unknown-linux-gnu/lib/rustlib/x86_64-unknown-linux-gnu/lib/libhashbrown-b29e17139dde1aa8.rlib" "/opt/rustwide/rustup-home/toolchains/1.75.0-x86_64-unknown-linux-gnu/lib/rustlib/x86_64-unknown-linux-gnu/lib/librustc_std_workspace_alloc-1f975299829cc7bd.rlib" "/opt/rustwide/rustup-home/toolchains/1.75.0-x86_64-unknown-linux-gnu/lib/rustlib/x86_64-unknown-linux-gnu/lib/libminiz_oxide-86bae3bc3079f89b.rlib" "/opt/rustwide/rustup-home/toolchains/1.75.0-x86_64-unknown-linux-gnu/lib/rustlib/x86_64-unknown-linux-gnu/lib/libadler-321b82c30dffdf5f.rlib" "/opt/rustwide/rustup-home/toolchains/1.75.0-x86_64-unknown-linux-gnu/lib/rustlib/x86_64-unknown-linux-gnu/lib/libunwind-3dd8a6810a0bdfef.rlib" "/opt/rustwide/rustup-home/toolchains/1.75.0-x86_64-unknown-linux-gnu/lib/rustlib/x86_64-unknown-linux-gnu/lib/libcfg_if-eb39a61c0c879984.rlib" "/opt/rustwide/rustup-home/toolchains/1.75.0-x86_64-unknown-linux-gnu/lib/rustlib/x86_64-unknown-linux-gnu/lib/liblibc-aa769569f91c3548.rlib" "/opt/rustwide/rustup-home/toolchains/1.75.0-x86_64-unknown-linux-gnu/lib/rustlib/x86_64-unknown-linux-gnu/lib/liballoc-510a192a50a983ed.rlib" "/opt/rustwide/rustup-home/toolchains/1.75.0-x86_64-unknown-linux-gnu/lib/rustlib/x86_64-unknown-linux-gnu/lib/librustc_std_workspace_core-0577018320f99037.rlib" "/opt/rustwide/rustup-home/toolchains/1.75.0-x86_64-unknown-linux-gnu/lib/rustlib/x86_64-unknown-linux-gnu/lib/libcore-193cf992125ccd4c.rlib" "/opt/rustwide/rustup-home/toolchains/1.75.0-x86_64-unknown-linux-gnu/lib/rustlib/x86_64-unknown-linux-gnu/lib/libcompiler_builtins-8e138eaf26ebb4a8.rlib" "-Wl,-Bdynamic" "-lssl" "-lcrypto" "-lgcc_s" "-lutil" "-lrt" "-lpthread" "-lm" "-ldl" "-lc" "-Wl,--eh-frame-hdr" "-Wl,-z,noexecstack" "-L" "/opt/rustwide/rustup-home/toolchains/1.75.0-x86_64-unknown-linux-gnu/lib/rustlib/x86_64-unknown-linux-gnu/lib" "-o" "/tmp/rustdoctestG8mEV3/rust_out" "-Wl,--gc-sections" "-pie" "-Wl,-z,relro,-z,now" "-nodefaultlibs"
[INFO] [stdout]   = note: collect2: fatal error: ld terminated with signal 9 [Killed]
[INFO] [stdout]           compilation terminated.
[INFO] [stdout]           
[INFO] [stdout] 
[INFO] [stdout] error: aborting due to previous error
[INFO] [stdout] 
[INFO] [stdout] Couldn't compile the test.
[INFO] [stdout] ---- src/builder.rs - builder::VehicleJourneyBuilder<'a>::route (line 245) stdout ----
[INFO] [stdout] error: linking with `cc` failed: exit status: 1
[INFO] [stdout]   |
[INFO] [stdout]   = note: LC_ALL="C" PATH="/opt/rustwide/rustup-home/toolchains/1.75.0-x86_64-unknown-linux-gnu/lib/rustlib/x86_64-unknown-linux-gnu/bin:/opt/rustwide/cargo-home/bin:/usr/local/sbin:/usr/local/bin:/usr/sbin:/usr/bin:/sbin:/bin" VSLANG="1033" "cc" "-m64" "/tmp/rustcsiiDuE/symbols.o" "/tmp/rustdoctestdOmwIb/rust_out.rust_out.263fb70ac1c95110-cgu.0.rcgu.o" "/tmp/rustdoctestdOmwIb/rust_out.2uel00cfmdh5ufit.rcgu.o" "-Wl,--as-needed" "-L" "/opt/rustwide/target/debug/deps" "-L" "/opt/rustwide/target/debug/deps" "-L" "/opt/rustwide/target/debug/build/bzip2-sys-f46b88a61065d521/out/lib" "-L" "/opt/rustwide/rustup-home/toolchains/1.75.0-x86_64-unknown-linux-gnu/lib/rustlib/x86_64-unknown-linux-gnu/lib" "-Wl,-Bstatic" "/opt/rustwide/target/debug/deps/libtransit_model_builder-ae33ae65da1ca9ce.rlib" "/opt/rustwide/target/debug/deps/libtransit_model-1fbc29b8319dcf9d.rlib" "/opt/rustwide/target/debug/deps/libreqwest-b69b292a663411fb.rlib" "/opt/rustwide/target/debug/deps/libuuid-07ac31c31612f604.rlib" "/opt/rustwide/target/debug/deps/librand-947e72c3948ad058.rlib" "/opt/rustwide/target/debug/deps/librand_xorshift-9b7e196cd50c4e67.rlib" "/opt/rustwide/target/debug/deps/librand_pcg-39107a4cc57ccea5.rlib" "/opt/rustwide/target/debug/deps/librand_hc-677515abc5e770db.rlib" "/opt/rustwide/target/debug/deps/librand_chacha-adff71a8c2e03c9d.rlib" "/opt/rustwide/target/debug/deps/librand_isaac-9055555a0ce64bea.rlib" "/opt/rustwide/target/debug/deps/librand_core-2d6f500acd6a936c.rlib" "/opt/rustwide/target/debug/deps/librand_os-81d1ff4e38564a0d.rlib" "/opt/rustwide/target/debug/deps/librand_jitter-e0716e2be2341726.rlib" "/opt/rustwide/target/debug/deps/librand_core-5f8dc8f8f4491b97.rlib" "/opt/rustwide/target/debug/deps/libserde_urlencoded-abd9312278bec992.rlib" "/opt/rustwide/target/debug/deps/libdtoa-665aa5830ef0260e.rlib" "/opt/rustwide/target/debug/deps/libmime_guess-b52504f9ddbbfa9c.rlib" "/opt/rustwide/target/debug/deps/libunicase-131885e46c9d146d.rlib" "/opt/rustwide/target/debug/deps/libmime-7e306270d8ceb372.rlib" "/opt/rustwide/target/debug/deps/libhyper_tls-c0baf5862ab9b3be.rlib" "/opt/rustwide/target/debug/deps/libnative_tls-3db376df3131e6ee.rlib" "/opt/rustwide/target/debug/deps/libopenssl_probe-d850575132083d7c.rlib" "/opt/rustwide/target/debug/deps/libopenssl-ef89910d5814dbd0.rlib" "/opt/rustwide/target/debug/deps/libonce_cell-63be820ac0ed0954.rlib" "/opt/rustwide/target/debug/deps/libforeign_types-c05743815e5b8a9d.rlib" "/opt/rustwide/target/debug/deps/libforeign_types_shared-d149f5491fde2862.rlib" "/opt/rustwide/target/debug/deps/libopenssl_sys-f8e76e4ab1799714.rlib" "/opt/rustwide/target/debug/deps/libhyper-c1644e407d02a8d2.rlib" "/opt/rustwide/target/debug/deps/libwant-7b498addc85954d6.rlib" "/opt/rustwide/target/debug/deps/libtry_lock-ba0ec0947155aa20.rlib" "/opt/rustwide/target/debug/deps/libtokio-e9e4a40c2d39a419.rlib" "/opt/rustwide/target/debug/deps/libtokio_timer-5879a73f13d790e8.rlib" "/opt/rustwide/target/debug/deps/libtokio_threadpool-805fe9aca0854eaa.rlib" "/opt/rustwide/target/debug/deps/libcrossbeam_queue-c5563bd9f963b5a9.rlib" "/opt/rustwide/target/debug/deps/libcrossbeam_deque-b16be8723014cb64.rlib" "/opt/rustwide/target/debug/deps/libcrossbeam_epoch-2eefb546c17400b4.rlib" "/opt/rustwide/target/debug/deps/libmemoffset-391bf7ec82acb482.rlib" "/opt/rustwide/target/debug/deps/libtokio_tcp-e362bec9916280f4.rlib" "/opt/rustwide/target/debug/deps/libtokio_reactor-7629f0d2188fbd09.rlib" "/opt/rustwide/target/debug/deps/libtokio_sync-08ea48bc61321deb.rlib" "/opt/rustwide/target/debug/deps/libparking_lot-c84c5cc8015054ea.rlib" "/opt/rustwide/target/debug/deps/libparking_lot_core-e9a5455203bd3274.rlib" "/opt/rustwide/target/debug/deps/libsmallvec-d0609e27bcb54d1d.rlib" "/opt/rustwide/target/debug/deps/libmaybe_uninit-5d087cbaeefa52e2.rlib" "/opt/rustwide/target/debug/deps/liblock_api-66bae9b5c6af1fce.rlib" "/opt/rustwide/target/debug/deps/libscopeguard-012e5ed929fc2fe6.rlib" "/opt/rustwide/target/debug/deps/libtokio_current_thread-0ec463f1ca04bf29.rlib" "/opt/rustwide/target/debug/deps/libtokio_executor-1cf9988edc02426a.rlib" "/opt/rustwide/target/debug/deps/libcrossbeam_utils-642de20fe914a5f2.rlib" "/opt/rustwide/target/debug/deps/libmio-6fd4b76e1885a0b4.rlib" "/opt/rustwide/target/debug/deps/libnet2-07be40c26687f8c4.rlib" "/opt/rustwide/target/debug/deps/libhttparse-64f1ffbeda450424.rlib" "/opt/rustwide/target/debug/deps/libhttp_body-d9cd57b33cff5a0a.rlib" "/opt/rustwide/target/debug/deps/libtokio_buf-641ddc17bbd86cae.rlib" "/opt/rustwide/target/debug/deps/libh2-1cd471b96ea64ad2.rlib" "/opt/rustwide/target/debug/deps/libindexmap-7b2113ac7fccbab6.rlib" "/opt/rustwide/target/debug/deps/libhashbrown-567986452cb9bc94.rlib" "/opt/rustwide/target/debug/deps/libstring-279ac8139682368b.rlib" "/opt/rustwide/target/debug/deps/libslab-6eb39baadbe9101c.rlib" "/opt/rustwide/target/debug/deps/libtokio_io-6dc09c0427939b46.rlib" "/opt/rustwide/target/debug/deps/libfutures_cpupool-20fe1a787abc7079.rlib" "/opt/rustwide/target/debug/deps/libhttp-03cb19406190c0d0.rlib" "/opt/rustwide/target/debug/deps/libitoa-88dc5e7d606068cc.rlib" "/opt/rustwide/target/debug/deps/libfnv-18bf5144d055e772.rlib" "/opt/rustwide/target/debug/deps/libfutures-8d8915a23f05644b.rlib" "/opt/rustwide/target/debug/deps/libcookie_store-d5df61d601f02c13.rlib" "/opt/rustwide/target/debug/deps/libpublicsuffix-45b8396eeddd9523.rlib" "/opt/rustwide/target/debug/deps/libidna-ad9dbac65afa869f.rlib" "/opt/rustwide/target/debug/deps/liburl-6415f4a0e2585893.rlib" "/opt/rustwide/target/debug/deps/libidna-f4c6dc12c81bea2a.rlib" "/opt/rustwide/target/debug/deps/libform_urlencoded-ef5eb70334031c86.rlib" "/opt/rustwide/target/debug/deps/libpercent_encoding-fe0d57427b4d92e0.rlib" "/opt/rustwide/target/debug/deps/libtry_from-f76d6ad68028474c.rlib" "/opt/rustwide/target/debug/deps/libcfg_if-925b73a2e437f0c3.rlib" "/opt/rustwide/target/debug/deps/libcookie-a849b1e0a0050e04.rlib" "/opt/rustwide/target/debug/deps/liburl-5eb6abafa299dfb6.rlib" "/opt/rustwide/target/debug/deps/libpercent_encoding-139f6dad4c5bd392.rlib" "/opt/rustwide/target/debug/deps/libidna-1c39b7924ead49eb.rlib" "/opt/rustwide/target/debug/deps/libunicode_normalization-e1c1be84a555e587.rlib" "/opt/rustwide/target/debug/deps/libtinyvec-cf6c9f6b792a5507.rlib" "/opt/rustwide/target/debug/deps/libtinyvec_macros-b1cb7f53f58c9f87.rlib" "/opt/rustwide/target/debug/deps/libunicode_bidi-9e36a2b0928c1d80.rlib" "/opt/rustwide/target/debug/deps/libmatches-5e4cb3d4c3233fbd.rlib" "/opt/rustwide/target/debug/deps/libbytes-2c3443e881dd6e9d.rlib" "/opt/rustwide/target/debug/deps/libeither-ff4e6ab7d60eb8c1.rlib" "/opt/rustwide/target/debug/deps/libiovec-829156e2f90dc6bd.rlib" "/opt/rustwide/target/debug/deps/libbase64-30cb3015b498dd6d.rlib" "/opt/rustwide/target/debug/deps/libbyteorder-e9468b374a0c0c11.rlib" "/opt/rustwide/target/debug/deps/libiso4217-eefa4e64bc940cc0.rlib" "/opt/rustwide/target/debug/deps/libpretty_assertions-fb21420955d892df.rlib" "/opt/rustwide/target/debug/deps/libdifference-d6d136d0781dc2bb.rlib" "/opt/rustwide/target/debug/deps/libansi_term-c26f08fd4ca88f9f.rlib" "/opt/rustwide/target/debug/deps/libtempfile-4dca041aec06f7c2.rlib" "/opt/rustwide/target/debug/deps/libfastrand-10bb5c97af1a52e6.rlib" "/opt/rustwide/target/debug/deps/librustix-2285ce4e54243f11.rlib" "/opt/rustwide/target/debug/deps/libbitflags-912d270082a3a4ea.rlib" "/opt/rustwide/target/debug/deps/liblinux_raw_sys-2091734e5f15aeaa.rlib" "/opt/rustwide/target/debug/deps/libstructopt-0ec9e1e3fbb71588.rlib" "/opt/rustwide/target/debug/deps/libclap-975e34cf956b0892.rlib" "/opt/rustwide/target/debug/deps/libvec_map-f4b9763d49b4e0fe.rlib" "/opt/rustwide/target/debug/deps/libtextwrap-2e541d239b304f6b.rlib" "/opt/rustwide/target/debug/deps/libunicode_width-a645f17db2f885de.rlib" "/opt/rustwide/target/debug/deps/libstrsim-e0feec2abfa99c5b.rlib" "/opt/rustwide/target/debug/deps/libbitflags-b7cee2ca4fb438d0.rlib" "/opt/rustwide/target/debug/deps/libatty-29ccef1f558deb97.rlib" "/opt/rustwide/target/debug/deps/libansi_term-b21a82a9f4d0b6eb.rlib" "/opt/rustwide/target/debug/deps/libserde_json-118fee5e21b12310.rlib" "/opt/rustwide/target/debug/deps/libminidom-b6773128bbf57e12.rlib" "/opt/rustwide/target/debug/deps/libquick_xml-747a0f9775d3ea5e.rlib" "/opt/rustwide/target/debug/deps/libencoding_rs-000c97fafd38c2ed.rlib" "/opt/rustwide/target/debug/deps/liblazy_static-591486ebcb9a7ead.rlib" "/opt/rustwide/target/debug/deps/libzip-a0d3ac2754f8aac5.rlib" "/opt/rustwide/target/debug/deps/libpodio-03f0749672c30cdc.rlib" "/opt/rustwide/target/debug/deps/libmsdos_time-40f75f4f7c8e9387.rlib" "/opt/rustwide/target/debug/deps/libtime-29918f4542d2a484.rlib" "/opt/rustwide/target/debug/deps/libflate2-2bb4b5915f036a54.rlib" "/opt/rustwide/target/debug/deps/libcrc32fast-664446237529ebff.rlib" "/opt/rustwide/target/debug/deps/libbzip2-d52b00b366f18560.rlib" "/opt/rustwide/target/debug/deps/libbzip2_sys-d88e5bee4a8dbb1c.rlib" "/opt/rustwide/target/debug/deps/libwkt-727ce637ef5971ac.rlib" "/opt/rustwide/target/debug/deps/libwalkdir-855d0afe3de90c17.rlib" "/opt/rustwide/target/debug/deps/libsame_file-06a4c01142053b65.rlib" "/opt/rustwide/target/debug/deps/librust_decimal-897e91a61feff4d2.rlib" "/opt/rustwide/target/debug/deps/libarrayvec-89a139d8c5aeb27d.rlib" "/opt/rustwide/target/debug/deps/liblog-e491f2c1d0b13538.rlib" "/opt/rustwide/target/debug/deps/libgeo_types-fe03d0223fb3b098.rlib" "/opt/rustwide/target/debug/deps/librstar-8971710a52e05e7b.rlib" "/opt/rustwide/target/debug/deps/libpdqselect-b086fdc31ea4ba6a.rlib" "/opt/rustwide/target/debug/deps/libthreadpool-c4ec96d1f5494ab6.rlib" "/opt/rustwide/target/debug/deps/libnum_cpus-d4708e9618b376f9.rlib" "/opt/rustwide/target/debug/deps/libfailure-5580d3e24166407b.rlib" "/opt/rustwide/target/debug/deps/libbacktrace-c17a0da2a098c0e4.rlib" "/opt/rustwide/target/debug/deps/libminiz_oxide-f272f5814aa49507.rlib" "/opt/rustwide/target/debug/deps/libadler-c8f2240c56a0abca.rlib" "/opt/rustwide/target/debug/deps/libobject-da3f7a8aaaa9564a.rlib" "/opt/rustwide/target/debug/deps/liblibc-4f34ddd04c373408.rlib" "/opt/rustwide/target/debug/deps/libaddr2line-2d4126a5dc567f39.rlib" "/opt/rustwide/target/debug/deps/libgimli-7f4f1abc0cbbfdc4.rlib" "/opt/rustwide/target/debug/deps/libcfg_if-61dc7a6799e72b18.rlib" "/opt/rustwide/target/debug/deps/librustc_demangle-7ef8571a19a75907.rlib" "/opt/rustwide/target/debug/deps/libcsv-6ea03ac39bfd01df.rlib" "/opt/rustwide/target/debug/deps/libryu-5f304b1b6393964f.rlib" "/opt/rustwide/target/debug/deps/libitoa-5f181af53b99b92c.rlib" "/opt/rustwide/target/debug/deps/libcsv_core-ea337cf12710c4f5.rlib" "/opt/rustwide/target/debug/deps/libmemchr-7da5465362ee94c1.rlib" "/opt/rustwide/target/debug/deps/libserde-6d80ced2e43a1842.rlib" "/opt/rustwide/target/debug/deps/libchrono-4a2133ca54ed328f.rlib" "/opt/rustwide/target/debug/deps/libnum_traits-aa75f3964f70d2b4.rlib" "/opt/rustwide/target/debug/deps/libiana_time_zone-528d9768cce5eb89.rlib" "/opt/rustwide/rustup-home/toolchains/1.75.0-x86_64-unknown-linux-gnu/lib/rustlib/x86_64-unknown-linux-gnu/lib/libstd-90f6ddbf82de36ec.rlib" "/opt/rustwide/rustup-home/toolchains/1.75.0-x86_64-unknown-linux-gnu/lib/rustlib/x86_64-unknown-linux-gnu/lib/libpanic_unwind-480c41e9d4e1f677.rlib" "/opt/rustwide/rustup-home/toolchains/1.75.0-x86_64-unknown-linux-gnu/lib/rustlib/x86_64-unknown-linux-gnu/lib/libobject-db744c0ca03eed1d.rlib" "/opt/rustwide/rustup-home/toolchains/1.75.0-x86_64-unknown-linux-gnu/lib/rustlib/x86_64-unknown-linux-gnu/lib/libmemchr-8ba652dc7d4b285a.rlib" "/opt/rustwide/rustup-home/toolchains/1.75.0-x86_64-unknown-linux-gnu/lib/rustlib/x86_64-unknown-linux-gnu/lib/libaddr2line-d5f4520a9ebc0d58.rlib" "/opt/rustwide/rustup-home/toolchains/1.75.0-x86_64-unknown-linux-gnu/lib/rustlib/x86_64-unknown-linux-gnu/lib/libgimli-4ad84de58f0cb463.rlib" "/opt/rustwide/rustup-home/toolchains/1.75.0-x86_64-unknown-linux-gnu/lib/rustlib/x86_64-unknown-linux-gnu/lib/librustc_demangle-0d10aae2e0f38735.rlib" "/opt/rustwide/rustup-home/toolchains/1.75.0-x86_64-unknown-linux-gnu/lib/rustlib/x86_64-unknown-linux-gnu/lib/libstd_detect-0c17cff739e6745b.rlib" "/opt/rustwide/rustup-home/toolchains/1.75.0-x86_64-unknown-linux-gnu/lib/rustlib/x86_64-unknown-linux-gnu/lib/libhashbrown-b29e17139dde1aa8.rlib" "/opt/rustwide/rustup-home/toolchains/1.75.0-x86_64-unknown-linux-gnu/lib/rustlib/x86_64-unknown-linux-gnu/lib/librustc_std_workspace_alloc-1f975299829cc7bd.rlib" "/opt/rustwide/rustup-home/toolchains/1.75.0-x86_64-unknown-linux-gnu/lib/rustlib/x86_64-unknown-linux-gnu/lib/libminiz_oxide-86bae3bc3079f89b.rlib" "/opt/rustwide/rustup-home/toolchains/1.75.0-x86_64-unknown-linux-gnu/lib/rustlib/x86_64-unknown-linux-gnu/lib/libadler-321b82c30dffdf5f.rlib" "/opt/rustwide/rustup-home/toolchains/1.75.0-x86_64-unknown-linux-gnu/lib/rustlib/x86_64-unknown-linux-gnu/lib/libunwind-3dd8a6810a0bdfef.rlib" "/opt/rustwide/rustup-home/toolchains/1.75.0-x86_64-unknown-linux-gnu/lib/rustlib/x86_64-unknown-linux-gnu/lib/libcfg_if-eb39a61c0c879984.rlib" "/opt/rustwide/rustup-home/toolchains/1.75.0-x86_64-unknown-linux-gnu/lib/rustlib/x86_64-unknown-linux-gnu/lib/liblibc-aa769569f91c3548.rlib" "/opt/rustwide/rustup-home/toolchains/1.75.0-x86_64-unknown-linux-gnu/lib/rustlib/x86_64-unknown-linux-gnu/lib/liballoc-510a192a50a983ed.rlib" "/opt/rustwide/rustup-home/toolchains/1.75.0-x86_64-unknown-linux-gnu/lib/rustlib/x86_64-unknown-linux-gnu/lib/librustc_std_workspace_core-0577018320f99037.rlib" "/opt/rustwide/rustup-home/toolchains/1.75.0-x86_64-unknown-linux-gnu/lib/rustlib/x86_64-unknown-linux-gnu/lib/libcore-193cf992125ccd4c.rlib" "/opt/rustwide/rustup-home/toolchains/1.75.0-x86_64-unknown-linux-gnu/lib/rustlib/x86_64-unknown-linux-gnu/lib/libcompiler_builtins-8e138eaf26ebb4a8.rlib" "-Wl,-Bdynamic" "-lssl" "-lcrypto" "-lgcc_s" "-lutil" "-lrt" "-lpthread" "-lm" "-ldl" "-lc" "-Wl,--eh-frame-hdr" "-Wl,-z,noexecstack" "-L" "/opt/rustwide/rustup-home/toolchains/1.75.0-x86_64-unknown-linux-gnu/lib/rustlib/x86_64-unknown-linux-gnu/lib" "-o" "/tmp/rustdoctestdOmwIb/rust_out" "-Wl,--gc-sections" "-pie" "-Wl,-z,relro,-z,now" "-nodefaultlibs"
[INFO] [stdout]   = note: collect2: fatal error: ld terminated with signal 9 [Killed]
[INFO] [stdout]           compilation terminated.
[INFO] [stdout]           
[INFO] [stdout] 
[INFO] [stdout] error: aborting due to previous error
[INFO] [stdout] 
[INFO] [stdout] Couldn't compile the test.
[INFO] [stdout] ---- src/builder.rs - builder (line 19) stdout ----
[INFO] [stdout] error: linking with `cc` failed: exit status: 1
[INFO] [stdout]   |
[INFO] [stdout]   = note: LC_ALL="C" PATH="/opt/rustwide/rustup-home/toolchains/1.75.0-x86_64-unknown-linux-gnu/lib/rustlib/x86_64-unknown-linux-gnu/bin:/opt/rustwide/cargo-home/bin:/usr/local/sbin:/usr/local/bin:/usr/sbin:/usr/bin:/sbin:/bin" VSLANG="1033" "cc" "-m64" "/tmp/rustcejlYlT/symbols.o" "/tmp/rustdoctestfrBoJl/rust_out.rust_out.263fb70ac1c95110-cgu.0.rcgu.o" "/tmp/rustdoctestfrBoJl/rust_out.2uel00cfmdh5ufit.rcgu.o" "-Wl,--as-needed" "-L" "/opt/rustwide/target/debug/deps" "-L" "/opt/rustwide/target/debug/deps" "-L" "/opt/rustwide/target/debug/build/bzip2-sys-f46b88a61065d521/out/lib" "-L" "/opt/rustwide/rustup-home/toolchains/1.75.0-x86_64-unknown-linux-gnu/lib/rustlib/x86_64-unknown-linux-gnu/lib" "-Wl,-Bstatic" "/opt/rustwide/target/debug/deps/libtransit_model_builder-ae33ae65da1ca9ce.rlib" "/opt/rustwide/target/debug/deps/libtransit_model-1fbc29b8319dcf9d.rlib" "/opt/rustwide/target/debug/deps/libreqwest-b69b292a663411fb.rlib" "/opt/rustwide/target/debug/deps/libuuid-07ac31c31612f604.rlib" "/opt/rustwide/target/debug/deps/librand-947e72c3948ad058.rlib" "/opt/rustwide/target/debug/deps/librand_xorshift-9b7e196cd50c4e67.rlib" "/opt/rustwide/target/debug/deps/librand_pcg-39107a4cc57ccea5.rlib" "/opt/rustwide/target/debug/deps/librand_hc-677515abc5e770db.rlib" "/opt/rustwide/target/debug/deps/librand_chacha-adff71a8c2e03c9d.rlib" "/opt/rustwide/target/debug/deps/librand_isaac-9055555a0ce64bea.rlib" "/opt/rustwide/target/debug/deps/librand_core-2d6f500acd6a936c.rlib" "/opt/rustwide/target/debug/deps/librand_os-81d1ff4e38564a0d.rlib" "/opt/rustwide/target/debug/deps/librand_jitter-e0716e2be2341726.rlib" "/opt/rustwide/target/debug/deps/librand_core-5f8dc8f8f4491b97.rlib" "/opt/rustwide/target/debug/deps/libserde_urlencoded-abd9312278bec992.rlib" "/opt/rustwide/target/debug/deps/libdtoa-665aa5830ef0260e.rlib" "/opt/rustwide/target/debug/deps/libmime_guess-b52504f9ddbbfa9c.rlib" "/opt/rustwide/target/debug/deps/libunicase-131885e46c9d146d.rlib" "/opt/rustwide/target/debug/deps/libmime-7e306270d8ceb372.rlib" "/opt/rustwide/target/debug/deps/libhyper_tls-c0baf5862ab9b3be.rlib" "/opt/rustwide/target/debug/deps/libnative_tls-3db376df3131e6ee.rlib" "/opt/rustwide/target/debug/deps/libopenssl_probe-d850575132083d7c.rlib" "/opt/rustwide/target/debug/deps/libopenssl-ef89910d5814dbd0.rlib" "/opt/rustwide/target/debug/deps/libonce_cell-63be820ac0ed0954.rlib" "/opt/rustwide/target/debug/deps/libforeign_types-c05743815e5b8a9d.rlib" "/opt/rustwide/target/debug/deps/libforeign_types_shared-d149f5491fde2862.rlib" "/opt/rustwide/target/debug/deps/libopenssl_sys-f8e76e4ab1799714.rlib" "/opt/rustwide/target/debug/deps/libhyper-c1644e407d02a8d2.rlib" "/opt/rustwide/target/debug/deps/libwant-7b498addc85954d6.rlib" "/opt/rustwide/target/debug/deps/libtry_lock-ba0ec0947155aa20.rlib" "/opt/rustwide/target/debug/deps/libtokio-e9e4a40c2d39a419.rlib" "/opt/rustwide/target/debug/deps/libtokio_timer-5879a73f13d790e8.rlib" "/opt/rustwide/target/debug/deps/libtokio_threadpool-805fe9aca0854eaa.rlib" "/opt/rustwide/target/debug/deps/libcrossbeam_queue-c5563bd9f963b5a9.rlib" "/opt/rustwide/target/debug/deps/libcrossbeam_deque-b16be8723014cb64.rlib" "/opt/rustwide/target/debug/deps/libcrossbeam_epoch-2eefb546c17400b4.rlib" "/opt/rustwide/target/debug/deps/libmemoffset-391bf7ec82acb482.rlib" "/opt/rustwide/target/debug/deps/libtokio_tcp-e362bec9916280f4.rlib" "/opt/rustwide/target/debug/deps/libtokio_reactor-7629f0d2188fbd09.rlib" "/opt/rustwide/target/debug/deps/libtokio_sync-08ea48bc61321deb.rlib" "/opt/rustwide/target/debug/deps/libparking_lot-c84c5cc8015054ea.rlib" "/opt/rustwide/target/debug/deps/libparking_lot_core-e9a5455203bd3274.rlib" "/opt/rustwide/target/debug/deps/libsmallvec-d0609e27bcb54d1d.rlib" "/opt/rustwide/target/debug/deps/libmaybe_uninit-5d087cbaeefa52e2.rlib" "/opt/rustwide/target/debug/deps/liblock_api-66bae9b5c6af1fce.rlib" "/opt/rustwide/target/debug/deps/libscopeguard-012e5ed929fc2fe6.rlib" "/opt/rustwide/target/debug/deps/libtokio_current_thread-0ec463f1ca04bf29.rlib" "/opt/rustwide/target/debug/deps/libtokio_executor-1cf9988edc02426a.rlib" "/opt/rustwide/target/debug/deps/libcrossbeam_utils-642de20fe914a5f2.rlib" "/opt/rustwide/target/debug/deps/libmio-6fd4b76e1885a0b4.rlib" "/opt/rustwide/target/debug/deps/libnet2-07be40c26687f8c4.rlib" "/opt/rustwide/target/debug/deps/libhttparse-64f1ffbeda450424.rlib" "/opt/rustwide/target/debug/deps/libhttp_body-d9cd57b33cff5a0a.rlib" "/opt/rustwide/target/debug/deps/libtokio_buf-641ddc17bbd86cae.rlib" "/opt/rustwide/target/debug/deps/libh2-1cd471b96ea64ad2.rlib" "/opt/rustwide/target/debug/deps/libindexmap-7b2113ac7fccbab6.rlib" "/opt/rustwide/target/debug/deps/libhashbrown-567986452cb9bc94.rlib" "/opt/rustwide/target/debug/deps/libstring-279ac8139682368b.rlib" "/opt/rustwide/target/debug/deps/libslab-6eb39baadbe9101c.rlib" "/opt/rustwide/target/debug/deps/libtokio_io-6dc09c0427939b46.rlib" "/opt/rustwide/target/debug/deps/libfutures_cpupool-20fe1a787abc7079.rlib" "/opt/rustwide/target/debug/deps/libhttp-03cb19406190c0d0.rlib" "/opt/rustwide/target/debug/deps/libitoa-88dc5e7d606068cc.rlib" "/opt/rustwide/target/debug/deps/libfnv-18bf5144d055e772.rlib" "/opt/rustwide/target/debug/deps/libfutures-8d8915a23f05644b.rlib" "/opt/rustwide/target/debug/deps/libcookie_store-d5df61d601f02c13.rlib" "/opt/rustwide/target/debug/deps/libpublicsuffix-45b8396eeddd9523.rlib" "/opt/rustwide/target/debug/deps/libidna-ad9dbac65afa869f.rlib" "/opt/rustwide/target/debug/deps/liburl-6415f4a0e2585893.rlib" "/opt/rustwide/target/debug/deps/libidna-f4c6dc12c81bea2a.rlib" "/opt/rustwide/target/debug/deps/libform_urlencoded-ef5eb70334031c86.rlib" "/opt/rustwide/target/debug/deps/libpercent_encoding-fe0d57427b4d92e0.rlib" "/opt/rustwide/target/debug/deps/libtry_from-f76d6ad68028474c.rlib" "/opt/rustwide/target/debug/deps/libcfg_if-925b73a2e437f0c3.rlib" "/opt/rustwide/target/debug/deps/libcookie-a849b1e0a0050e04.rlib" "/opt/rustwide/target/debug/deps/liburl-5eb6abafa299dfb6.rlib" "/opt/rustwide/target/debug/deps/libpercent_encoding-139f6dad4c5bd392.rlib" "/opt/rustwide/target/debug/deps/libidna-1c39b7924ead49eb.rlib" "/opt/rustwide/target/debug/deps/libunicode_normalization-e1c1be84a555e587.rlib" "/opt/rustwide/target/debug/deps/libtinyvec-cf6c9f6b792a5507.rlib" "/opt/rustwide/target/debug/deps/libtinyvec_macros-b1cb7f53f58c9f87.rlib" "/opt/rustwide/target/debug/deps/libunicode_bidi-9e36a2b0928c1d80.rlib" "/opt/rustwide/target/debug/deps/libmatches-5e4cb3d4c3233fbd.rlib" "/opt/rustwide/target/debug/deps/libbytes-2c3443e881dd6e9d.rlib" "/opt/rustwide/target/debug/deps/libeither-ff4e6ab7d60eb8c1.rlib" "/opt/rustwide/target/debug/deps/libiovec-829156e2f90dc6bd.rlib" "/opt/rustwide/target/debug/deps/libbase64-30cb3015b498dd6d.rlib" "/opt/rustwide/target/debug/deps/libbyteorder-e9468b374a0c0c11.rlib" "/opt/rustwide/target/debug/deps/libiso4217-eefa4e64bc940cc0.rlib" "/opt/rustwide/target/debug/deps/libpretty_assertions-fb21420955d892df.rlib" "/opt/rustwide/target/debug/deps/libdifference-d6d136d0781dc2bb.rlib" "/opt/rustwide/target/debug/deps/libansi_term-c26f08fd4ca88f9f.rlib" "/opt/rustwide/target/debug/deps/libtempfile-4dca041aec06f7c2.rlib" "/opt/rustwide/target/debug/deps/libfastrand-10bb5c97af1a52e6.rlib" "/opt/rustwide/target/debug/deps/librustix-2285ce4e54243f11.rlib" "/opt/rustwide/target/debug/deps/libbitflags-912d270082a3a4ea.rlib" "/opt/rustwide/target/debug/deps/liblinux_raw_sys-2091734e5f15aeaa.rlib" "/opt/rustwide/target/debug/deps/libstructopt-0ec9e1e3fbb71588.rlib" "/opt/rustwide/target/debug/deps/libclap-975e34cf956b0892.rlib" "/opt/rustwide/target/debug/deps/libvec_map-f4b9763d49b4e0fe.rlib" "/opt/rustwide/target/debug/deps/libtextwrap-2e541d239b304f6b.rlib" "/opt/rustwide/target/debug/deps/libunicode_width-a645f17db2f885de.rlib" "/opt/rustwide/target/debug/deps/libstrsim-e0feec2abfa99c5b.rlib" "/opt/rustwide/target/debug/deps/libbitflags-b7cee2ca4fb438d0.rlib" "/opt/rustwide/target/debug/deps/libatty-29ccef1f558deb97.rlib" "/opt/rustwide/target/debug/deps/libansi_term-b21a82a9f4d0b6eb.rlib" "/opt/rustwide/target/debug/deps/libserde_json-118fee5e21b12310.rlib" "/opt/rustwide/target/debug/deps/libminidom-b6773128bbf57e12.rlib" "/opt/rustwide/target/debug/deps/libquick_xml-747a0f9775d3ea5e.rlib" "/opt/rustwide/target/debug/deps/libencoding_rs-000c97fafd38c2ed.rlib" "/opt/rustwide/target/debug/deps/liblazy_static-591486ebcb9a7ead.rlib" "/opt/rustwide/target/debug/deps/libzip-a0d3ac2754f8aac5.rlib" "/opt/rustwide/target/debug/deps/libpodio-03f0749672c30cdc.rlib" "/opt/rustwide/target/debug/deps/libmsdos_time-40f75f4f7c8e9387.rlib" "/opt/rustwide/target/debug/deps/libtime-29918f4542d2a484.rlib" "/opt/rustwide/target/debug/deps/libflate2-2bb4b5915f036a54.rlib" "/opt/rustwide/target/debug/deps/libcrc32fast-664446237529ebff.rlib" "/opt/rustwide/target/debug/deps/libbzip2-d52b00b366f18560.rlib" "/opt/rustwide/target/debug/deps/libbzip2_sys-d88e5bee4a8dbb1c.rlib" "/opt/rustwide/target/debug/deps/libwkt-727ce637ef5971ac.rlib" "/opt/rustwide/target/debug/deps/libwalkdir-855d0afe3de90c17.rlib" "/opt/rustwide/target/debug/deps/libsame_file-06a4c01142053b65.rlib" "/opt/rustwide/target/debug/deps/librust_decimal-897e91a61feff4d2.rlib" "/opt/rustwide/target/debug/deps/libarrayvec-89a139d8c5aeb27d.rlib" "/opt/rustwide/target/debug/deps/liblog-e491f2c1d0b13538.rlib" "/opt/rustwide/target/debug/deps/libgeo_types-fe03d0223fb3b098.rlib" "/opt/rustwide/target/debug/deps/librstar-8971710a52e05e7b.rlib" "/opt/rustwide/target/debug/deps/libpdqselect-b086fdc31ea4ba6a.rlib" "/opt/rustwide/target/debug/deps/libthreadpool-c4ec96d1f5494ab6.rlib" "/opt/rustwide/target/debug/deps/libnum_cpus-d4708e9618b376f9.rlib" "/opt/rustwide/target/debug/deps/libfailure-5580d3e24166407b.rlib" "/opt/rustwide/target/debug/deps/libbacktrace-c17a0da2a098c0e4.rlib" "/opt/rustwide/target/debug/deps/libminiz_oxide-f272f5814aa49507.rlib" "/opt/rustwide/target/debug/deps/libadler-c8f2240c56a0abca.rlib" "/opt/rustwide/target/debug/deps/libobject-da3f7a8aaaa9564a.rlib" "/opt/rustwide/target/debug/deps/liblibc-4f34ddd04c373408.rlib" "/opt/rustwide/target/debug/deps/libaddr2line-2d4126a5dc567f39.rlib" "/opt/rustwide/target/debug/deps/libgimli-7f4f1abc0cbbfdc4.rlib" "/opt/rustwide/target/debug/deps/libcfg_if-61dc7a6799e72b18.rlib" "/opt/rustwide/target/debug/deps/librustc_demangle-7ef8571a19a75907.rlib" "/opt/rustwide/target/debug/deps/libcsv-6ea03ac39bfd01df.rlib" "/opt/rustwide/target/debug/deps/libryu-5f304b1b6393964f.rlib" "/opt/rustwide/target/debug/deps/libitoa-5f181af53b99b92c.rlib" "/opt/rustwide/target/debug/deps/libcsv_core-ea337cf12710c4f5.rlib" "/opt/rustwide/target/debug/deps/libmemchr-7da5465362ee94c1.rlib" "/opt/rustwide/target/debug/deps/libserde-6d80ced2e43a1842.rlib" "/opt/rustwide/target/debug/deps/libchrono-4a2133ca54ed328f.rlib" "/opt/rustwide/target/debug/deps/libnum_traits-aa75f3964f70d2b4.rlib" "/opt/rustwide/target/debug/deps/libiana_time_zone-528d9768cce5eb89.rlib" "/opt/rustwide/rustup-home/toolchains/1.75.0-x86_64-unknown-linux-gnu/lib/rustlib/x86_64-unknown-linux-gnu/lib/libstd-90f6ddbf82de36ec.rlib" "/opt/rustwide/rustup-home/toolchains/1.75.0-x86_64-unknown-linux-gnu/lib/rustlib/x86_64-unknown-linux-gnu/lib/libpanic_unwind-480c41e9d4e1f677.rlib" "/opt/rustwide/rustup-home/toolchains/1.75.0-x86_64-unknown-linux-gnu/lib/rustlib/x86_64-unknown-linux-gnu/lib/libobject-db744c0ca03eed1d.rlib" "/opt/rustwide/rustup-home/toolchains/1.75.0-x86_64-unknown-linux-gnu/lib/rustlib/x86_64-unknown-linux-gnu/lib/libmemchr-8ba652dc7d4b285a.rlib" "/opt/rustwide/rustup-home/toolchains/1.75.0-x86_64-unknown-linux-gnu/lib/rustlib/x86_64-unknown-linux-gnu/lib/libaddr2line-d5f4520a9ebc0d58.rlib" "/opt/rustwide/rustup-home/toolchains/1.75.0-x86_64-unknown-linux-gnu/lib/rustlib/x86_64-unknown-linux-gnu/lib/libgimli-4ad84de58f0cb463.rlib" "/opt/rustwide/rustup-home/toolchains/1.75.0-x86_64-unknown-linux-gnu/lib/rustlib/x86_64-unknown-linux-gnu/lib/librustc_demangle-0d10aae2e0f38735.rlib" "/opt/rustwide/rustup-home/toolchains/1.75.0-x86_64-unknown-linux-gnu/lib/rustlib/x86_64-unknown-linux-gnu/lib/libstd_detect-0c17cff739e6745b.rlib" "/opt/rustwide/rustup-home/toolchains/1.75.0-x86_64-unknown-linux-gnu/lib/rustlib/x86_64-unknown-linux-gnu/lib/libhashbrown-b29e17139dde1aa8.rlib" "/opt/rustwide/rustup-home/toolchains/1.75.0-x86_64-unknown-linux-gnu/lib/rustlib/x86_64-unknown-linux-gnu/lib/librustc_std_workspace_alloc-1f975299829cc7bd.rlib" "/opt/rustwide/rustup-home/toolchains/1.75.0-x86_64-unknown-linux-gnu/lib/rustlib/x86_64-unknown-linux-gnu/lib/libminiz_oxide-86bae3bc3079f89b.rlib" "/opt/rustwide/rustup-home/toolchains/1.75.0-x86_64-unknown-linux-gnu/lib/rustlib/x86_64-unknown-linux-gnu/lib/libadler-321b82c30dffdf5f.rlib" "/opt/rustwide/rustup-home/toolchains/1.75.0-x86_64-unknown-linux-gnu/lib/rustlib/x86_64-unknown-linux-gnu/lib/libunwind-3dd8a6810a0bdfef.rlib" "/opt/rustwide/rustup-home/toolchains/1.75.0-x86_64-unknown-linux-gnu/lib/rustlib/x86_64-unknown-linux-gnu/lib/libcfg_if-eb39a61c0c879984.rlib" "/opt/rustwide/rustup-home/toolchains/1.75.0-x86_64-unknown-linux-gnu/lib/rustlib/x86_64-unknown-linux-gnu/lib/liblibc-aa769569f91c3548.rlib" "/opt/rustwide/rustup-home/toolchains/1.75.0-x86_64-unknown-linux-gnu/lib/rustlib/x86_64-unknown-linux-gnu/lib/liballoc-510a192a50a983ed.rlib" "/opt/rustwide/rustup-home/toolchains/1.75.0-x86_64-unknown-linux-gnu/lib/rustlib/x86_64-unknown-linux-gnu/lib/librustc_std_workspace_core-0577018320f99037.rlib" "/opt/rustwide/rustup-home/toolchains/1.75.0-x86_64-unknown-linux-gnu/lib/rustlib/x86_64-unknown-linux-gnu/lib/libcore-193cf992125ccd4c.rlib" "/opt/rustwide/rustup-home/toolchains/1.75.0-x86_64-unknown-linux-gnu/lib/rustlib/x86_64-unknown-linux-gnu/lib/libcompiler_builtins-8e138eaf26ebb4a8.rlib" "-Wl,-Bdynamic" "-lssl" "-lcrypto" "-lgcc_s" "-lutil" "-lrt" "-lpthread" "-lm" "-ldl" "-lc" "-Wl,--eh-frame-hdr" "-Wl,-z,noexecstack" "-L" "/opt/rustwide/rustup-home/toolchains/1.75.0-x86_64-unknown-linux-gnu/lib/rustlib/x86_64-unknown-linux-gnu/lib" "-o" "/tmp/rustdoctestfrBoJl/rust_out" "-Wl,--gc-sections" "-pie" "-Wl,-z,relro,-z,now" "-nodefaultlibs"
[INFO] [stdout]   = note: collect2: fatal error: ld terminated with signal 9 [Killed]
[INFO] [stdout]           compilation terminated.
[INFO] [stdout]           
[INFO] [stdout] 
[INFO] [stdout] error: aborting due to previous error
[INFO] [stdout] 
[INFO] [stdout] Couldn't compile the test.
[INFO] [stdout] 
[INFO] [stdout] failures:
[INFO] [stdout]     src/builder.rs - builder (line 19)
[INFO] [stdout]     src/builder.rs - builder::ModelBuilder::calendar (line 120)
[INFO] [stdout]     src/builder.rs - builder::ModelBuilder::route (line 92)
[INFO] [stdout]     src/builder.rs - builder::VehicleJourneyBuilder<'a>::route (line 245)
[INFO] [stdout] 
[INFO] [stdout] test result: FAILED. 3 passed; 4 failed; 0 ignored; 0 measured; 0 filtered out; finished in 7.18s
[INFO] [stdout] 
[INFO] [stderr] error: doctest failed, to rerun pass `--doc`
[INFO] running `Command { std: "docker" "inspect" "d62d6743751a06ebd8aea717ea7e139d63d45d93126dddc4c6a225a185636aad", kill_on_drop: false }`
[INFO] running `Command { std: "docker" "rm" "-f" "d62d6743751a06ebd8aea717ea7e139d63d45d93126dddc4c6a225a185636aad", kill_on_drop: false }`
[INFO] [stdout] d62d6743751a06ebd8aea717ea7e139d63d45d93126dddc4c6a225a185636aad
[INFO] testing transit_model_builder-0.3.0 against beta-2023-12-22 for beta-1.76-1
[INFO] extracting crate transit_model_builder 0.3.0 into /workspace/builds/worker-7-tc2/source
[INFO] validating manifest of crates.io crate transit_model_builder 0.3.0 on toolchain beta-2023-12-22
[INFO] running `Command { std: CARGO_HOME="/workspace/cargo-home" RUSTUP_HOME="/workspace/rustup-home" "/workspace/cargo-home/bin/cargo" "+beta-2023-12-22" "metadata" "--manifest-path" "Cargo.toml" "--no-deps", kill_on_drop: false }`
[INFO] started tweaking crates.io crate transit_model_builder 0.3.0
[INFO] finished tweaking crates.io crate transit_model_builder 0.3.0
[INFO] tweaked toml for crates.io crate transit_model_builder 0.3.0 written to /workspace/builds/worker-7-tc2/source/Cargo.toml
[INFO] running `Command { std: CARGO_HOME="/workspace/cargo-home" RUSTUP_HOME="/workspace/rustup-home" "/workspace/cargo-home/bin/cargo" "+beta-2023-12-22" "generate-lockfile" "--manifest-path" "Cargo.toml", kill_on_drop: false }`
[INFO] [stderr]     Updating crates.io index
[INFO] running `Command { std: CARGO_HOME="/workspace/cargo-home" RUSTUP_HOME="/workspace/rustup-home" "/workspace/cargo-home/bin/cargo" "+beta-2023-12-22" "fetch" "--manifest-path" "Cargo.toml", kill_on_drop: false }`
[INFO] running `Command { std: "docker" "create" "-v" "/var/lib/crater-agent-workspace/builds/worker-7-tc2/target:/opt/rustwide/target:rw,Z" "-v" "/var/lib/crater-agent-workspace/builds/worker-7-tc2/source:/opt/rustwide/workdir:ro,Z" "-v" "/var/lib/crater-agent-workspace/cargo-home:/opt/rustwide/cargo-home:ro,Z" "-v" "/var/lib/crater-agent-workspace/rustup-home:/opt/rustwide/rustup-home:ro,Z" "-e" "SOURCE_DIR=/opt/rustwide/workdir" "-e" "CARGO_TARGET_DIR=/opt/rustwide/target" "-e" "CARGO_HOME=/opt/rustwide/cargo-home" "-e" "RUSTUP_HOME=/opt/rustwide/rustup-home" "-w" "/opt/rustwide/workdir" "-m" "1610612736" "--user" "0:0" "--network" "none" "ghcr.io/rust-lang/crates-build-env/linux@sha256:2788e3201cd34a07e3172128adcd8b3090168a8e3bcc40d7c032b9dda1df7d1c" "/opt/rustwide/cargo-home/bin/cargo" "+beta-2023-12-22" "metadata" "--no-deps" "--format-version=1", kill_on_drop: false }`
[INFO] [stdout] 0cc2bbbed5dad43292834818a07335588037e8f95ea7508fb4a9a97e5f66b99d
[INFO] running `Command { std: "docker" "start" "-a" "0cc2bbbed5dad43292834818a07335588037e8f95ea7508fb4a9a97e5f66b99d", kill_on_drop: false }`
[INFO] running `Command { std: "docker" "inspect" "0cc2bbbed5dad43292834818a07335588037e8f95ea7508fb4a9a97e5f66b99d", kill_on_drop: false }`
[INFO] running `Command { std: "docker" "rm" "-f" "0cc2bbbed5dad43292834818a07335588037e8f95ea7508fb4a9a97e5f66b99d", kill_on_drop: false }`
[INFO] [stdout] 0cc2bbbed5dad43292834818a07335588037e8f95ea7508fb4a9a97e5f66b99d
[INFO] running `Command { std: "docker" "create" "-v" "/var/lib/crater-agent-workspace/builds/worker-7-tc2/target:/opt/rustwide/target:rw,Z" "-v" "/var/lib/crater-agent-workspace/builds/worker-7-tc2/source:/opt/rustwide/workdir:ro,Z" "-v" "/var/lib/crater-agent-workspace/cargo-home:/opt/rustwide/cargo-home:ro,Z" "-v" "/var/lib/crater-agent-workspace/rustup-home:/opt/rustwide/rustup-home:ro,Z" "-e" "SOURCE_DIR=/opt/rustwide/workdir" "-e" "CARGO_TARGET_DIR=/opt/rustwide/target" "-e" "CARGO_INCREMENTAL=0" "-e" "RUST_BACKTRACE=full" "-e" "RUSTFLAGS=--cap-lints=warn" "-e" "RUSTDOCFLAGS=--cap-lints=warn" "-e" "CARGO_HOME=/opt/rustwide/cargo-home" "-e" "RUSTUP_HOME=/opt/rustwide/rustup-home" "-w" "/opt/rustwide/workdir" "-m" "1610612736" "--user" "0:0" "--network" "none" "ghcr.io/rust-lang/crates-build-env/linux@sha256:2788e3201cd34a07e3172128adcd8b3090168a8e3bcc40d7c032b9dda1df7d1c" "/opt/rustwide/cargo-home/bin/cargo" "+beta-2023-12-22" "build" "--frozen" "--message-format=json", kill_on_drop: false }`
[INFO] [stdout] 2bc9019d85107f111ec60616d762f9d1fb5cdc14b023458a0098b3ead77a8bff
[INFO] running `Command { std: "docker" "start" "-a" "2bc9019d85107f111ec60616d762f9d1fb5cdc14b023458a0098b3ead77a8bff", kill_on_drop: false }`
[INFO] [stderr]    Compiling libc v0.2.151
[INFO] [stderr]    Compiling futures v0.1.31
[INFO] [stderr]    Compiling semver-parser v0.7.0
[INFO] [stderr]    Compiling memchr v2.7.1
[INFO] [stderr]    Compiling either v1.9.0
[INFO] [stderr]    Compiling tinyvec_macros v0.1.1
[INFO] [stderr]    Compiling crossbeam-utils v0.7.2
[INFO] [stderr]    Compiling slab v0.4.9
[INFO] [stderr]    Compiling autocfg v0.1.8
[INFO] [stderr]    Compiling adler v1.0.2
[INFO] [stderr]    Compiling syn v1.0.109
[INFO] [stderr]    Compiling rand_core v0.4.2
[INFO] [stderr]    Compiling unicode-bidi v0.3.14
[INFO] [stderr]    Compiling memoffset v0.5.6
[INFO] [stderr]    Compiling gimli v0.28.1
[INFO] [stderr]    Compiling syn v2.0.48
[INFO] [stderr]    Compiling tinyvec v1.6.0
[INFO] [stderr]    Compiling vcpkg v0.2.15
[INFO] [stderr]    Compiling miniz_oxide v0.7.1
[INFO] [stderr]    Compiling semver v0.9.0
[INFO] [stderr]    Compiling num-traits v0.2.17
[INFO] [stderr]    Compiling rustc_version v0.2.3
[INFO] [stderr]    Compiling crossbeam-epoch v0.8.2
[INFO] [stderr]    Compiling matches v0.1.10
[INFO] [stderr]    Compiling rustc-demangle v0.1.23
[INFO] [stderr]    Compiling serde v1.0.194
[INFO] [stderr]    Compiling parking_lot_core v0.6.3
[INFO] [stderr]    Compiling object v0.32.2
[INFO] [stderr]    Compiling parking_lot v0.9.0
[INFO] [stderr]    Compiling unicode-normalization v0.1.22
[INFO] [stderr]    Compiling rand_core v0.3.1
[INFO] [stderr]    Compiling lock_api v0.3.4
[INFO] [stderr]    Compiling itoa v0.4.8
[INFO] [stderr]    Compiling proc-macro2 v0.4.30
[INFO] [stderr]    Compiling unicase v2.7.0
[INFO] [stderr]    Compiling indexmap v1.9.3
[INFO] [stderr]    Compiling bitflags v2.4.1
[INFO] [stderr]    Compiling tokio-executor v0.1.10
[INFO] [stderr]    Compiling tokio-sync v0.1.8
[INFO] [stderr]    Compiling crossbeam-queue v0.2.3
[INFO] [stderr]    Compiling crossbeam-deque v0.7.4
[INFO] [stderr]    Compiling rand_chacha v0.1.1
[INFO] [stderr]    Compiling rand_pcg v0.1.2
[INFO] [stderr]    Compiling idna v0.1.5
[INFO] [stderr]    Compiling syn v0.15.44
[INFO] [stderr]    Compiling hashbrown v0.12.3
[INFO] [stderr]    Compiling percent-encoding v1.0.1
[INFO] [stderr]    Compiling openssl v0.10.62
[INFO] [stderr]    Compiling crc32fast v1.3.2
[INFO] [stderr]    Compiling httparse v1.8.0
[INFO] [stderr]    Compiling percent-encoding v2.3.1
[INFO] [stderr]    Compiling form_urlencoded v1.2.1
[INFO] [stderr]    Compiling idna v0.5.0
[INFO] [stderr]    Compiling tokio-timer v0.2.13
[INFO] [stderr]    Compiling tokio-current-thread v0.1.7
[INFO] [stderr]    Compiling cc v1.0.83
[INFO] [stderr]    Compiling iovec v0.1.4
[INFO] [stderr]    Compiling num_cpus v1.16.0
[INFO] [stderr]    Compiling time v0.1.45
[INFO] [stderr]    Compiling bytes v0.4.12
[INFO] [stderr]    Compiling net2 v0.2.39
[INFO] [stderr]    Compiling tokio-threadpool v0.1.18
[INFO] [stderr]    Compiling threadpool v1.8.1
[INFO] [stderr]    Compiling quote v0.6.13
[INFO] [stderr]    Compiling addr2line v0.21.0
[INFO] [stderr]    Compiling tokio-io v0.1.13
[INFO] [stderr]    Compiling mio v0.6.23
[INFO] [stderr]    Compiling http v0.1.21
[INFO] [stderr]    Compiling string v0.2.1
[INFO] [stderr]    Compiling tokio-buf v0.1.1
[INFO] [stderr]    Compiling url v1.7.2
[INFO] [stderr]    Compiling hyper v0.12.36
[INFO] [stderr]    Compiling rand v0.6.5
[INFO] [stderr]    Compiling lexical-core v0.7.6
[INFO] [stderr]    Compiling pdqselect v0.1.1
[INFO] [stderr]    Compiling native-tls v0.2.11
[INFO] [stderr]    Compiling serde_json v1.0.111
[INFO] [stderr]    Compiling try-lock v0.2.5
[INFO] [stderr]    Compiling want v0.2.0
[INFO] [stderr]    Compiling rstar v0.2.0
[INFO] [stderr]    Compiling url v2.5.0
[INFO] [stderr]    Compiling futures-cpupool v0.1.8
[INFO] [stderr]    Compiling mime_guess v2.0.4
[INFO] [stderr]    Compiling atty v0.2.14
[INFO] [stderr]    Compiling tokio-reactor v0.1.12
[INFO] [stderr]    Compiling rand_os v0.1.3
[INFO] [stderr]    Compiling backtrace v0.3.69
[INFO] [stderr]    Compiling openssl-sys v0.9.98
[INFO] [stderr]    Compiling tokio-tcp v0.1.4
[INFO] [stderr]    Compiling bzip2-sys v0.1.11+1.0.8
[INFO] [stderr]    Compiling tokio v0.1.22
[INFO] [stderr]    Compiling idna v0.2.3
[INFO] [stderr]    Compiling rand_hc v0.1.0
[INFO] [stderr]    Compiling rand_isaac v0.1.1
[INFO] [stderr]    Compiling rand_xorshift v0.1.1
[INFO] [stderr]    Compiling aho-corasick v1.1.2
[INFO] [stderr]    Compiling rand_jitter v0.1.4
[INFO] [stderr]    Compiling nom v5.1.3
[INFO] [stderr]    Compiling encoding_rs v0.8.33
[INFO] [stderr]    Compiling synstructure v0.12.6
[INFO] [stderr]    Compiling unicode-xid v0.0.4
[INFO] [stderr]    Compiling arrayvec v0.5.2
[INFO] [stderr]    Compiling unicode-segmentation v1.10.1
[INFO] [stderr]    Compiling openssl-probe v0.1.5
[INFO] [stderr]    Compiling unicode-width v0.1.11
[INFO] [stderr]    Compiling http-body v0.1.0
[INFO] [stderr]    Compiling h2 v0.1.26
[INFO] [stderr]    Compiling rustix v0.38.28
[INFO] [stderr]    Compiling textwrap v0.11.0
[INFO] [stderr]    Compiling heck v0.3.3
[INFO] [stderr]    Compiling synom v0.11.3
[INFO] [stderr]    Compiling publicsuffix v1.5.6
[INFO] [stderr]    Compiling cookie v0.12.0
[INFO] [stderr]    Compiling flate2 v1.0.28
[INFO] [stderr]    Compiling geo-types v0.4.3
[INFO] [stderr]    Compiling regex-automata v0.4.3
[INFO] [stderr]    Compiling try_from v0.3.2
[INFO] [stderr]    Compiling rust_decimal v1.33.1
[INFO] [stderr]    Compiling serde_derive v1.0.194
[INFO] [stderr]    Compiling openssl-macros v0.1.1
[INFO] [stderr]    Compiling quick-error v1.2.3
[INFO] [stderr]    Compiling vec_map v0.8.2
[INFO] [stderr]    Compiling dtoa v0.4.8
[INFO] [stderr]    Compiling quote v0.3.15
[INFO] [stderr]    Compiling ansi_term v0.12.1
[INFO] [stderr]    Compiling strsim v0.8.0
[INFO] [stderr]    Compiling mime v0.3.17
[INFO] [stderr]    Compiling linux-raw-sys v0.4.12
[INFO] [stderr]    Compiling syn v0.11.11
[INFO] [stderr]    Compiling clap v2.34.0
[INFO] [stderr]    Compiling uuid v0.7.4
[INFO] [stderr]    Compiling humantime v1.3.0
[INFO] [stderr]    Compiling bzip2 v0.3.3
[INFO] [stderr]    Compiling msdos_time v0.1.6
[INFO] [stderr]    Compiling structopt-derive v0.2.18
[INFO] [stderr]    Compiling csv-core v0.1.11
[INFO] [stderr]    Compiling base64 v0.10.1
[INFO] [stderr]    Compiling arrayvec v0.7.4
[INFO] [stderr]    Compiling difference v2.0.0
[INFO] [stderr]    Compiling fastrand v2.0.1
[INFO] [stderr]    Compiling podio v0.1.7
[INFO] [stderr]    Compiling same-file v1.0.6
[INFO] [stderr]    Compiling walkdir v2.4.0
[INFO] [stderr]    Compiling zip v0.3.3
[INFO] [stderr]    Compiling pretty_assertions v0.6.1
[INFO] [stderr]    Compiling chrono v0.4.31
[INFO] [stderr]    Compiling failure_derive v0.1.8
[INFO] [stderr]    Compiling derivative v1.0.4
[INFO] [stderr]    Compiling transit_model_procmacro v0.1.1
[INFO] [stderr]    Compiling regex v1.10.2
[INFO] [stderr]    Compiling wkt v0.5.0
[INFO] [stderr]    Compiling iso4217 v0.3.2
[INFO] [stderr]    Compiling tempfile v3.9.0
[INFO] [stderr]    Compiling env_logger v0.5.13
[INFO] [stderr]    Compiling structopt v0.2.18
[INFO] [stderr]    Compiling failure v0.1.8
[INFO] [stderr]    Compiling quick-xml v0.12.4
[INFO] [stderr]    Compiling time-parse v0.1.2
[INFO] [stderr]    Compiling geo v0.12.2
[INFO] [stderr]    Compiling minidom v0.9.1
[INFO] [stderr]    Compiling hyper-tls v0.3.2
[INFO] [stderr]    Compiling serde_urlencoded v0.5.5
[INFO] [stderr]    Compiling csv v1.3.0
[INFO] [stderr]    Compiling cookie_store v0.7.0
[INFO] [stderr]    Compiling reqwest v0.9.24
[INFO] [stderr]    Compiling transit_model v0.6.0
[INFO] [stderr]    Compiling transit_model_builder v0.3.0 (/opt/rustwide/workdir)
[INFO] [stderr]     Finished dev [unoptimized + debuginfo] target(s) in 26.57s
[INFO] [stderr] warning: the following packages contain code that will be rejected by a future version of Rust: quick-xml v0.12.4
[INFO] [stderr] note: to see what the problems were, use the option `--future-incompat-report`, or run `cargo report future-incompatibilities --id 1`
[INFO] running `Command { std: "docker" "inspect" "2bc9019d85107f111ec60616d762f9d1fb5cdc14b023458a0098b3ead77a8bff", kill_on_drop: false }`
[INFO] running `Command { std: "docker" "rm" "-f" "2bc9019d85107f111ec60616d762f9d1fb5cdc14b023458a0098b3ead77a8bff", kill_on_drop: false }`
[INFO] [stdout] 2bc9019d85107f111ec60616d762f9d1fb5cdc14b023458a0098b3ead77a8bff
[INFO] running `Command { std: "docker" "create" "-v" "/var/lib/crater-agent-workspace/builds/worker-7-tc2/target:/opt/rustwide/target:rw,Z" "-v" "/var/lib/crater-agent-workspace/builds/worker-7-tc2/source:/opt/rustwide/workdir:ro,Z" "-v" "/var/lib/crater-agent-workspace/cargo-home:/opt/rustwide/cargo-home:ro,Z" "-v" "/var/lib/crater-agent-workspace/rustup-home:/opt/rustwide/rustup-home:ro,Z" "-e" "SOURCE_DIR=/opt/rustwide/workdir" "-e" "CARGO_TARGET_DIR=/opt/rustwide/target" "-e" "CARGO_INCREMENTAL=0" "-e" "RUST_BACKTRACE=full" "-e" "RUSTFLAGS=--cap-lints=warn" "-e" "RUSTDOCFLAGS=--cap-lints=warn" "-e" "CARGO_HOME=/opt/rustwide/cargo-home" "-e" "RUSTUP_HOME=/opt/rustwide/rustup-home" "-w" "/opt/rustwide/workdir" "-m" "1610612736" "--user" "0:0" "--network" "none" "ghcr.io/rust-lang/crates-build-env/linux@sha256:2788e3201cd34a07e3172128adcd8b3090168a8e3bcc40d7c032b9dda1df7d1c" "/opt/rustwide/cargo-home/bin/cargo" "+beta-2023-12-22" "test" "--frozen" "--no-run" "--message-format=json", kill_on_drop: false }`
[INFO] [stdout] 39c77f2123c5cada5a7cd77a4c12eff3bfbdb053ff9311af73d38a638aa4983b
[INFO] running `Command { std: "docker" "start" "-a" "39c77f2123c5cada5a7cd77a4c12eff3bfbdb053ff9311af73d38a638aa4983b", kill_on_drop: false }`
[INFO] [stderr]    Compiling transit_model_builder v0.3.0 (/opt/rustwide/workdir)
[INFO] [stdout] warning: this method call resolves to `<&[T; N] as IntoIterator>::into_iter` (due to backwards compatibility), but will resolve to <[T; N] as IntoIterator>::into_iter in Rust 2021
[INFO] [stdout]    --> src/builder.rs:347:18
[INFO] [stdout]     |
[INFO] [stdout] 347 |                 .into_iter()
[INFO] [stdout]     |                  ^^^^^^^^^
[INFO] [stdout]     |
[INFO] [stdout]     = warning: this changes meaning in Rust 2021
[INFO] [stdout]     = note: for more information, see <https://doc.rust-lang.org/nightly/edition-guide/rust-2021/IntoIterator-for-arrays.html>
[INFO] [stdout]     = note: `#[warn(array_into_iter)]` on by default
[INFO] [stdout] help: use `.iter()` instead of `.into_iter()` to avoid ambiguity
[INFO] [stdout]     |
[INFO] [stdout] 347 |                 .iter()
[INFO] [stdout]     |                  ~~~~
[INFO] [stdout] help: or use `IntoIterator::into_iter(..)` instead of `.into_iter()` to explicitly iterate by value
[INFO] [stdout]     |
[INFO] [stdout] 346 |             IntoIterator::into_iter(["A", "B"])
[INFO] [stdout]     |             ++++++++++++++++++++++++          ~
[INFO] [stdout] 
[INFO] [stdout] 
[INFO] [stdout] warning: this method call resolves to `<&[T; N] as IntoIterator>::into_iter` (due to backwards compatibility), but will resolve to <[T; N] as IntoIterator>::into_iter in Rust 2021
[INFO] [stdout]    --> src/builder.rs:354:18
[INFO] [stdout]     |
[INFO] [stdout] 354 |                 .into_iter()
[INFO] [stdout]     |                  ^^^^^^^^^
[INFO] [stdout]     |
[INFO] [stdout]     = warning: this changes meaning in Rust 2021
[INFO] [stdout]     = note: for more information, see <https://doc.rust-lang.org/nightly/edition-guide/rust-2021/IntoIterator-for-arrays.html>
[INFO] [stdout] help: use `.iter()` instead of `.into_iter()` to avoid ambiguity
[INFO] [stdout]     |
[INFO] [stdout] 354 |                 .iter()
[INFO] [stdout]     |                  ~~~~
[INFO] [stdout] help: or use `IntoIterator::into_iter(..)` instead of `.into_iter()` to explicitly iterate by value
[INFO] [stdout]     |
[INFO] [stdout] 353 |             IntoIterator::into_iter(["C", "D"])
[INFO] [stdout]     |             ++++++++++++++++++++++++          ~
[INFO] [stdout] 
[INFO] [stdout] 
[INFO] [stdout] warning: this method call resolves to `<&[T; N] as IntoIterator>::into_iter` (due to backwards compatibility), but will resolve to <[T; N] as IntoIterator>::into_iter in Rust 2021
[INFO] [stdout]    --> src/builder.rs:376:18
[INFO] [stdout]     |
[INFO] [stdout] 376 |                 .into_iter()
[INFO] [stdout]     |                  ^^^^^^^^^
[INFO] [stdout]     |
[INFO] [stdout]     = warning: this changes meaning in Rust 2021
[INFO] [stdout]     = note: for more information, see <https://doc.rust-lang.org/nightly/edition-guide/rust-2021/IntoIterator-for-arrays.html>
[INFO] [stdout] help: use `.iter()` instead of `.into_iter()` to avoid ambiguity
[INFO] [stdout]     |
[INFO] [stdout] 376 |                 .iter()
[INFO] [stdout]     |                  ~~~~
[INFO] [stdout] help: or use `IntoIterator::into_iter(..)` instead of `.into_iter()` to explicitly iterate by value
[INFO] [stdout]     |
[INFO] [stdout] 375 |             IntoIterator::into_iter(["A", "B"])
[INFO] [stdout]     |             ++++++++++++++++++++++++          ~
[INFO] [stdout] 
[INFO] [stdout] 
[INFO] [stdout] warning: this method call resolves to `<&[T; N] as IntoIterator>::into_iter` (due to backwards compatibility), but will resolve to <[T; N] as IntoIterator>::into_iter in Rust 2021
[INFO] [stdout]    --> src/builder.rs:383:18
[INFO] [stdout]     |
[INFO] [stdout] 383 |                 .into_iter()
[INFO] [stdout]     |                  ^^^^^^^^^
[INFO] [stdout]     |
[INFO] [stdout]     = warning: this changes meaning in Rust 2021
[INFO] [stdout]     = note: for more information, see <https://doc.rust-lang.org/nightly/edition-guide/rust-2021/IntoIterator-for-arrays.html>
[INFO] [stdout] help: use `.iter()` instead of `.into_iter()` to avoid ambiguity
[INFO] [stdout]     |
[INFO] [stdout] 383 |                 .iter()
[INFO] [stdout]     |                  ~~~~
[INFO] [stdout] help: or use `IntoIterator::into_iter(..)` instead of `.into_iter()` to explicitly iterate by value
[INFO] [stdout]     |
[INFO] [stdout] 382 |             IntoIterator::into_iter(["toto", "tata"])
[INFO] [stdout]     |             ++++++++++++++++++++++++                ~
[INFO] [stdout] 
[INFO] [stdout] 
[INFO] [stdout] warning: this method call resolves to `<&[T; N] as IntoIterator>::into_iter` (due to backwards compatibility), but will resolve to <[T; N] as IntoIterator>::into_iter in Rust 2021
[INFO] [stdout]    --> src/builder.rs:420:18
[INFO] [stdout]     |
[INFO] [stdout] 420 |                 .into_iter()
[INFO] [stdout]     |                  ^^^^^^^^^
[INFO] [stdout]     |
[INFO] [stdout]     = warning: this changes meaning in Rust 2021
[INFO] [stdout]     = note: for more information, see <https://doc.rust-lang.org/nightly/edition-guide/rust-2021/IntoIterator-for-arrays.html>
[INFO] [stdout] help: use `.iter()` instead of `.into_iter()` to avoid ambiguity
[INFO] [stdout]     |
[INFO] [stdout] 420 |                 .iter()
[INFO] [stdout]     |                  ~~~~
[INFO] [stdout] help: or use `IntoIterator::into_iter(..)` instead of `.into_iter()` to explicitly iterate by value
[INFO] [stdout]     |
[INFO] [stdout] 419 |             IntoIterator::into_iter(["A", "B"])
[INFO] [stdout]     |             ++++++++++++++++++++++++          ~
[INFO] [stdout] 
[INFO] [stdout] 
[INFO] [stdout] warning: this method call resolves to `<&[T; N] as IntoIterator>::into_iter` (due to backwards compatibility), but will resolve to <[T; N] as IntoIterator>::into_iter in Rust 2021
[INFO] [stdout]    --> src/builder.rs:427:18
[INFO] [stdout]     |
[INFO] [stdout] 427 |                 .into_iter()
[INFO] [stdout]     |                  ^^^^^^^^^
[INFO] [stdout]     |
[INFO] [stdout]     = warning: this changes meaning in Rust 2021
[INFO] [stdout]     = note: for more information, see <https://doc.rust-lang.org/nightly/edition-guide/rust-2021/IntoIterator-for-arrays.html>
[INFO] [stdout] help: use `.iter()` instead of `.into_iter()` to avoid ambiguity
[INFO] [stdout]     |
[INFO] [stdout] 427 |                 .iter()
[INFO] [stdout]     |                  ~~~~
[INFO] [stdout] help: or use `IntoIterator::into_iter(..)` instead of `.into_iter()` to explicitly iterate by value
[INFO] [stdout]     |
[INFO] [stdout] 426 |             IntoIterator::into_iter(["C", "D"])
[INFO] [stdout]     |             ++++++++++++++++++++++++          ~
[INFO] [stdout] 
[INFO] [stdout] 
[INFO] [stdout] warning: this method call resolves to `<&[T; N] as IntoIterator>::into_iter` (due to backwards compatibility), but will resolve to <[T; N] as IntoIterator>::into_iter in Rust 2021
[INFO] [stdout]    --> src/builder.rs:436:18
[INFO] [stdout]     |
[INFO] [stdout] 436 |                 .into_iter()
[INFO] [stdout]     |                  ^^^^^^^^^
[INFO] [stdout]     |
[INFO] [stdout]     = warning: this changes meaning in Rust 2021
[INFO] [stdout]     = note: for more information, see <https://doc.rust-lang.org/nightly/edition-guide/rust-2021/IntoIterator-for-arrays.html>
[INFO] [stdout] help: use `.iter()` instead of `.into_iter()` to avoid ambiguity
[INFO] [stdout]     |
[INFO] [stdout] 436 |                 .iter()
[INFO] [stdout]     |                  ~~~~
[INFO] [stdout] help: or use `IntoIterator::into_iter(..)` instead of `.into_iter()` to explicitly iterate by value
[INFO] [stdout]     |
[INFO] [stdout] 435 |             IntoIterator::into_iter(["toto"])
[INFO] [stdout]     |             ++++++++++++++++++++++++        ~
[INFO] [stdout] 
[INFO] [stdout] 
[INFO] [stdout] warning: this method call resolves to `<&[T; N] as IntoIterator>::into_iter` (due to backwards compatibility), but will resolve to <[T; N] as IntoIterator>::into_iter in Rust 2021
[INFO] [stdout]    --> src/builder.rs:443:18
[INFO] [stdout]     |
[INFO] [stdout] 443 |                 .into_iter()
[INFO] [stdout]     |                  ^^^^^^^^^
[INFO] [stdout]     |
[INFO] [stdout]     = warning: this changes meaning in Rust 2021
[INFO] [stdout]     = note: for more information, see <https://doc.rust-lang.org/nightly/edition-guide/rust-2021/IntoIterator-for-arrays.html>
[INFO] [stdout] help: use `.iter()` instead of `.into_iter()` to avoid ambiguity
[INFO] [stdout]     |
[INFO] [stdout] 443 |                 .iter()
[INFO] [stdout]     |                  ~~~~
[INFO] [stdout] help: or use `IntoIterator::into_iter(..)` instead of `.into_iter()` to explicitly iterate by value
[INFO] [stdout]     |
[INFO] [stdout] 442 |             IntoIterator::into_iter(["tata"])
[INFO] [stdout]     |             ++++++++++++++++++++++++        ~
[INFO] [stdout] 
[INFO] [stdout] 
[INFO] [stdout] warning: this method call resolves to `<&[T; N] as IntoIterator>::into_iter` (due to backwards compatibility), but will resolve to <[T; N] as IntoIterator>::into_iter in Rust 2021
[INFO] [stdout]    --> src/builder.rs:451:18
[INFO] [stdout]     |
[INFO] [stdout] 451 |                 .into_iter()
[INFO] [stdout]     |                  ^^^^^^^^^
[INFO] [stdout]     |
[INFO] [stdout]     = warning: this changes meaning in Rust 2021
[INFO] [stdout]     = note: for more information, see <https://doc.rust-lang.org/nightly/edition-guide/rust-2021/IntoIterator-for-arrays.html>
[INFO] [stdout] help: use `.iter()` instead of `.into_iter()` to avoid ambiguity
[INFO] [stdout]     |
[INFO] [stdout] 451 |                 .iter()
[INFO] [stdout]     |                  ~~~~
[INFO] [stdout] help: or use `IntoIterator::into_iter(..)` instead of `.into_iter()` to explicitly iterate by value
[INFO] [stdout]     |
[INFO] [stdout] 450 |             IntoIterator::into_iter(["tutu"])
[INFO] [stdout]     |             ++++++++++++++++++++++++        ~
[INFO] [stdout] 
[INFO] [stdout] 
[INFO] [stdout] warning: 9 warnings emitted
[INFO] [stdout] 
[INFO] [stdout] 
[INFO] [stderr]     Finished test [unoptimized + debuginfo] target(s) in 5.63s
[INFO] [stderr] warning: the following packages contain code that will be rejected by a future version of Rust: quick-xml v0.12.4
[INFO] [stderr] note: to see what the problems were, use the option `--future-incompat-report`, or run `cargo report future-incompatibilities --id 1`
[INFO] running `Command { std: "docker" "inspect" "39c77f2123c5cada5a7cd77a4c12eff3bfbdb053ff9311af73d38a638aa4983b", kill_on_drop: false }`
[INFO] running `Command { std: "docker" "rm" "-f" "39c77f2123c5cada5a7cd77a4c12eff3bfbdb053ff9311af73d38a638aa4983b", kill_on_drop: false }`
[INFO] [stdout] 39c77f2123c5cada5a7cd77a4c12eff3bfbdb053ff9311af73d38a638aa4983b
[INFO] running `Command { std: "docker" "create" "-v" "/var/lib/crater-agent-workspace/builds/worker-7-tc2/target:/opt/rustwide/target:rw,Z" "-v" "/var/lib/crater-agent-workspace/builds/worker-7-tc2/source:/opt/rustwide/workdir:ro,Z" "-v" "/var/lib/crater-agent-workspace/cargo-home:/opt/rustwide/cargo-home:ro,Z" "-v" "/var/lib/crater-agent-workspace/rustup-home:/opt/rustwide/rustup-home:ro,Z" "-e" "SOURCE_DIR=/opt/rustwide/workdir" "-e" "CARGO_TARGET_DIR=/opt/rustwide/target" "-e" "CARGO_INCREMENTAL=0" "-e" "RUST_BACKTRACE=full" "-e" "RUSTFLAGS=--cap-lints=warn" "-e" "RUSTDOCFLAGS=--cap-lints=warn" "-e" "CARGO_HOME=/opt/rustwide/cargo-home" "-e" "RUSTUP_HOME=/opt/rustwide/rustup-home" "-w" "/opt/rustwide/workdir" "-m" "1610612736" "--user" "0:0" "--network" "none" "ghcr.io/rust-lang/crates-build-env/linux@sha256:2788e3201cd34a07e3172128adcd8b3090168a8e3bcc40d7c032b9dda1df7d1c" "/opt/rustwide/cargo-home/bin/cargo" "+beta-2023-12-22" "test" "--frozen", kill_on_drop: false }`
[INFO] [stdout] da9d3f9a0912ad577b0f29f4dd9f4b8725bc52def9334dc82d674eb240bbc56b
[INFO] running `Command { std: "docker" "start" "-a" "da9d3f9a0912ad577b0f29f4dd9f4b8725bc52def9334dc82d674eb240bbc56b", kill_on_drop: false }`
[INFO] [stderr] warning: this method call resolves to `<&[T; N] as IntoIterator>::into_iter` (due to backwards compatibility), but will resolve to <[T; N] as IntoIterator>::into_iter in Rust 2021
[INFO] [stderr]    --> src/builder.rs:347:18
[INFO] [stderr]     |
[INFO] [stderr] 347 |                 .into_iter()
[INFO] [stderr]     |                  ^^^^^^^^^
[INFO] [stderr]     |
[INFO] [stderr]     = warning: this changes meaning in Rust 2021
[INFO] [stderr]     = note: for more information, see <https://doc.rust-lang.org/nightly/edition-guide/rust-2021/IntoIterator-for-arrays.html>
[INFO] [stderr]     = note: `#[warn(array_into_iter)]` on by default
[INFO] [stderr] help: use `.iter()` instead of `.into_iter()` to avoid ambiguity
[INFO] [stderr]     |
[INFO] [stderr] 347 |                 .iter()
[INFO] [stderr]     |                  ~~~~
[INFO] [stderr] help: or use `IntoIterator::into_iter(..)` instead of `.into_iter()` to explicitly iterate by value
[INFO] [stderr]     |
[INFO] [stderr] 346 |             IntoIterator::into_iter(["A", "B"])
[INFO] [stderr]     |             ++++++++++++++++++++++++          ~
[INFO] [stderr] 
[INFO] [stderr] warning: this method call resolves to `<&[T; N] as IntoIterator>::into_iter` (due to backwards compatibility), but will resolve to <[T; N] as IntoIterator>::into_iter in Rust 2021
[INFO] [stderr]    --> src/builder.rs:354:18
[INFO] [stderr]     |
[INFO] [stderr] 354 |                 .into_iter()
[INFO] [stderr]     |                  ^^^^^^^^^
[INFO] [stderr]     |
[INFO] [stderr]     = warning: this changes meaning in Rust 2021
[INFO] [stderr]     = note: for more information, see <https://doc.rust-lang.org/nightly/edition-guide/rust-2021/IntoIterator-for-arrays.html>
[INFO] [stderr] help: use `.iter()` instead of `.into_iter()` to avoid ambiguity
[INFO] [stderr]     |
[INFO] [stderr] 354 |                 .iter()
[INFO] [stderr]     |                  ~~~~
[INFO] [stderr] help: or use `IntoIterator::into_iter(..)` instead of `.into_iter()` to explicitly iterate by value
[INFO] [stderr]     |
[INFO] [stderr] 353 |             IntoIterator::into_iter(["C", "D"])
[INFO] [stderr]     |             ++++++++++++++++++++++++          ~
[INFO] [stderr] 
[INFO] [stderr] warning: this method call resolves to `<&[T; N] as IntoIterator>::into_iter` (due to backwards compatibility), but will resolve to <[T; N] as IntoIterator>::into_iter in Rust 2021
[INFO] [stderr]    --> src/builder.rs:376:18
[INFO] [stderr]     |
[INFO] [stderr] 376 |                 .into_iter()
[INFO] [stderr]     |                  ^^^^^^^^^
[INFO] [stderr]     |
[INFO] [stderr]     = warning: this changes meaning in Rust 2021
[INFO] [stderr]     = note: for more information, see <https://doc.rust-lang.org/nightly/edition-guide/rust-2021/IntoIterator-for-arrays.html>
[INFO] [stderr] help: use `.iter()` instead of `.into_iter()` to avoid ambiguity
[INFO] [stderr]     |
[INFO] [stderr] 376 |                 .iter()
[INFO] [stderr]     |                  ~~~~
[INFO] [stderr] help: or use `IntoIterator::into_iter(..)` instead of `.into_iter()` to explicitly iterate by value
[INFO] [stderr]     |
[INFO] [stderr] 375 |             IntoIterator::into_iter(["A", "B"])
[INFO] [stderr]     |             ++++++++++++++++++++++++          ~
[INFO] [stderr] 
[INFO] [stderr] warning: this method call resolves to `<&[T; N] as IntoIterator>::into_iter` (due to backwards compatibility), but will resolve to <[T; N] as IntoIterator>::into_iter in Rust 2021
[INFO] [stderr]    --> src/builder.rs:383:18
[INFO] [stderr]     |
[INFO] [stderr] 383 |                 .into_iter()
[INFO] [stderr]     |                  ^^^^^^^^^
[INFO] [stderr]     |
[INFO] [stderr]     = warning: this changes meaning in Rust 2021
[INFO] [stderr]     = note: for more information, see <https://doc.rust-lang.org/nightly/edition-guide/rust-2021/IntoIterator-for-arrays.html>
[INFO] [stderr] help: use `.iter()` instead of `.into_iter()` to avoid ambiguity
[INFO] [stderr]     |
[INFO] [stderr] 383 |                 .iter()
[INFO] [stderr]     |                  ~~~~
[INFO] [stderr] help: or use `IntoIterator::into_iter(..)` instead of `.into_iter()` to explicitly iterate by value
[INFO] [stderr]     |
[INFO] [stderr] 382 |             IntoIterator::into_iter(["toto", "tata"])
[INFO] [stderr]     |             ++++++++++++++++++++++++                ~
[INFO] [stderr] 
[INFO] [stderr] warning: this method call resolves to `<&[T; N] as IntoIterator>::into_iter` (due to backwards compatibility), but will resolve to <[T; N] as IntoIterator>::into_iter in Rust 2021
[INFO] [stderr]    --> src/builder.rs:420:18
[INFO] [stderr]     |
[INFO] [stderr] 420 |                 .into_iter()
[INFO] [stderr]     |                  ^^^^^^^^^
[INFO] [stderr]     |
[INFO] [stderr]     = warning: this changes meaning in Rust 2021
[INFO] [stderr]     = note: for more information, see <https://doc.rust-lang.org/nightly/edition-guide/rust-2021/IntoIterator-for-arrays.html>
[INFO] [stderr] help: use `.iter()` instead of `.into_iter()` to avoid ambiguity
[INFO] [stderr]     |
[INFO] [stderr] 420 |                 .iter()
[INFO] [stderr]     |                  ~~~~
[INFO] [stderr] help: or use `IntoIterator::into_iter(..)` instead of `.into_iter()` to explicitly iterate by value
[INFO] [stderr]     |
[INFO] [stderr] 419 |             IntoIterator::into_iter(["A", "B"])
[INFO] [stderr]     |             ++++++++++++++++++++++++          ~
[INFO] [stderr] 
[INFO] [stderr] warning: this method call resolves to `<&[T; N] as IntoIterator>::into_iter` (due to backwards compatibility), but will resolve to <[T; N] as IntoIterator>::into_iter in Rust 2021
[INFO] [stderr]    --> src/builder.rs:427:18
[INFO] [stderr]     |
[INFO] [stderr] 427 |                 .into_iter()
[INFO] [stderr]     |                  ^^^^^^^^^
[INFO] [stderr]     |
[INFO] [stderr]     = warning: this changes meaning in Rust 2021
[INFO] [stderr]     = note: for more information, see <https://doc.rust-lang.org/nightly/edition-guide/rust-2021/IntoIterator-for-arrays.html>
[INFO] [stderr] help: use `.iter()` instead of `.into_iter()` to avoid ambiguity
[INFO] [stderr]     |
[INFO] [stderr] 427 |                 .iter()
[INFO] [stderr]     |                  ~~~~
[INFO] [stderr] help: or use `IntoIterator::into_iter(..)` instead of `.into_iter()` to explicitly iterate by value
[INFO] [stderr]     |
[INFO] [stderr] 426 |             IntoIterator::into_iter(["C", "D"])
[INFO] [stderr]     |             ++++++++++++++++++++++++          ~
[INFO] [stderr] 
[INFO] [stderr] warning: this method call resolves to `<&[T; N] as IntoIterator>::into_iter` (due to backwards compatibility), but will resolve to <[T; N] as IntoIterator>::into_iter in Rust 2021
[INFO] [stderr]    --> src/builder.rs:436:18
[INFO] [stderr]     |
[INFO] [stderr] 436 |                 .into_iter()
[INFO] [stderr]     |                  ^^^^^^^^^
[INFO] [stderr]     |
[INFO] [stderr]     = warning: this changes meaning in Rust 2021
[INFO] [stderr]     = note: for more information, see <https://doc.rust-lang.org/nightly/edition-guide/rust-2021/IntoIterator-for-arrays.html>
[INFO] [stderr] help: use `.iter()` instead of `.into_iter()` to avoid ambiguity
[INFO] [stderr]     |
[INFO] [stderr] 436 |                 .iter()
[INFO] [stderr]     |                  ~~~~
[INFO] [stderr] help: or use `IntoIterator::into_iter(..)` instead of `.into_iter()` to explicitly iterate by value
[INFO] [stderr]     |
[INFO] [stderr] 435 |             IntoIterator::into_iter(["toto"])
[INFO] [stderr]     |             ++++++++++++++++++++++++        ~
[INFO] [stderr] 
[INFO] [stderr] warning: this method call resolves to `<&[T; N] as IntoIterator>::into_iter` (due to backwards compatibility), but will resolve to <[T; N] as IntoIterator>::into_iter in Rust 2021
[INFO] [stderr]    --> src/builder.rs:443:18
[INFO] [stderr]     |
[INFO] [stderr] 443 |                 .into_iter()
[INFO] [stderr]     |                  ^^^^^^^^^
[INFO] [stderr]     |
[INFO] [stderr]     = warning: this changes meaning in Rust 2021
[INFO] [stderr]     = note: for more information, see <https://doc.rust-lang.org/nightly/edition-guide/rust-2021/IntoIterator-for-arrays.html>
[INFO] [stderr] help: use `.iter()` instead of `.into_iter()` to avoid ambiguity
[INFO] [stderr]     |
[INFO] [stderr] 443 |                 .iter()
[INFO] [stderr]     |                  ~~~~
[INFO] [stderr] help: or use `IntoIterator::into_iter(..)` instead of `.into_iter()` to explicitly iterate by value
[INFO] [stderr]     |
[INFO] [stderr] 442 |             IntoIterator::into_iter(["tata"])
[INFO] [stderr]     |             ++++++++++++++++++++++++        ~
[INFO] [stderr] 
[INFO] [stderr] warning: this method call resolves to `<&[T; N] as IntoIterator>::into_iter` (due to backwards compatibility), but will resolve to <[T; N] as IntoIterator>::into_iter in Rust 2021
[INFO] [stderr]    --> src/builder.rs:451:18
[INFO] [stderr]     |
[INFO] [stderr] 451 |                 .into_iter()
[INFO] [stderr]     |                  ^^^^^^^^^
[INFO] [stderr]     |
[INFO] [stderr]     = warning: this changes meaning in Rust 2021
[INFO] [stderr]     = note: for more information, see <https://doc.rust-lang.org/nightly/edition-guide/rust-2021/IntoIterator-for-arrays.html>
[INFO] [stderr] help: use `.iter()` instead of `.into_iter()` to avoid ambiguity
[INFO] [stderr]     |
[INFO] [stderr] 451 |                 .iter()
[INFO] [stderr]     |                  ~~~~
[INFO] [stderr] help: or use `IntoIterator::into_iter(..)` instead of `.into_iter()` to explicitly iterate by value
[INFO] [stderr]     |
[INFO] [stderr] 450 |             IntoIterator::into_iter(["tutu"])
[INFO] [stderr]     |             ++++++++++++++++++++++++        ~
[INFO] [stderr] 
[INFO] [stderr] warning: `transit_model_builder` (lib test) generated 9 warnings (run `cargo fix --lib -p transit_model_builder --tests` to apply 9 suggestions)
[INFO] [stderr]     Finished test [unoptimized + debuginfo] target(s) in 0.14s
[INFO] [stderr] warning: the following packages contain code that will be rejected by a future version of Rust: quick-xml v0.12.4
[INFO] [stderr] note: to see what the problems were, use the option `--future-incompat-report`, or run `cargo report future-incompatibilities --id 1`
[INFO] [stderr]      Running unittests src/lib.rs (/opt/rustwide/target/debug/deps/transit_model_builder-8d9c2bbb0b801c7b)
[INFO] [stdout] 
[INFO] [stdout] running 3 tests
[INFO] [stdout] test builder::test::simple_model_creation ... ok
[INFO] [stdout] test builder::test::model_creation_with_lines ... ok
[INFO] [stdout] test builder::test::same_sp_model_creation ... ok
[INFO] [stdout] 
[INFO] [stdout] test result: ok. 3 passed; 0 failed; 0 ignored; 0 measured; 0 filtered out; finished in 0.00s
[INFO] [stdout] 
[INFO] [stderr]    Doc-tests transit_model_builder
[INFO] [stdout] 
[INFO] [stdout] running 7 tests
[INFO] [stdout] test src/builder.rs - builder::ModelBuilder::route (line 92) ... FAILED
[INFO] [stdout] test src/builder.rs - builder::ModelBuilder::calendar (line 120) ... FAILED
[INFO] [stdout] test src/builder.rs - builder (line 19) ... FAILED
[INFO] [stdout] test src/builder.rs - builder::ModelBuilder::vj (line 54) ... FAILED
[INFO] [stdout] test src/builder.rs - builder::VehicleJourneyBuilder<'a>::calendar (line 272) ... ok
[INFO] [stdout] test src/builder.rs - builder::VehicleJourneyBuilder<'a>::st (line 204) ... ok
[INFO] [stdout] test src/builder.rs - builder::VehicleJourneyBuilder<'a>::route (line 245) ... ok
[INFO] [stdout] 
[INFO] [stdout] failures:
[INFO] [stdout] 
[INFO] [stdout] ---- src/builder.rs - builder::ModelBuilder::route (line 92) stdout ----
[INFO] [stdout] error: linking with `cc` failed: exit status: 1
[INFO] [stdout]   |
[INFO] [stdout]   = note: LC_ALL="C" PATH="/opt/rustwide/rustup-home/toolchains/beta-2023-12-22-x86_64-unknown-linux-gnu/lib/rustlib/x86_64-unknown-linux-gnu/bin:/opt/rustwide/cargo-home/bin:/usr/local/sbin:/usr/local/bin:/usr/sbin:/usr/bin:/sbin:/bin" VSLANG="1033" "cc" "-m64" "/tmp/rustcMtmyDM/symbols.o" "/tmp/rustdoctestGbGhBr/rust_out.rust_out.1380c8ea7c88b8e2-cgu.0.rcgu.o" "/tmp/rustdoctestGbGhBr/rust_out.3lr6z6385pynyhem.rcgu.o" "-Wl,--as-needed" "-L" "/opt/rustwide/target/debug/deps" "-L" "/opt/rustwide/target/debug/deps" "-L" "/opt/rustwide/target/debug/build/bzip2-sys-bab3cb3d5e5f6628/out/lib" "-L" "/opt/rustwide/rustup-home/toolchains/beta-2023-12-22-x86_64-unknown-linux-gnu/lib/rustlib/x86_64-unknown-linux-gnu/lib" "-Wl,-Bstatic" "/opt/rustwide/target/debug/deps/libtransit_model_builder-2eb307a6a806eb3c.rlib" "/opt/rustwide/target/debug/deps/libtransit_model-fd6bbd6278f31e02.rlib" "/opt/rustwide/target/debug/deps/libreqwest-77fa75e192b7a4d1.rlib" "/opt/rustwide/target/debug/deps/libuuid-15ae9b3fe86c45ec.rlib" "/opt/rustwide/target/debug/deps/librand-703b2a928402378b.rlib" "/opt/rustwide/target/debug/deps/librand_xorshift-fddfb659da58e4bf.rlib" "/opt/rustwide/target/debug/deps/librand_pcg-469b12f1257a3006.rlib" "/opt/rustwide/target/debug/deps/librand_hc-04e4f418b9ab77db.rlib" "/opt/rustwide/target/debug/deps/librand_chacha-78ae6272db5d33a8.rlib" "/opt/rustwide/target/debug/deps/librand_isaac-0a7dc632816af8d7.rlib" "/opt/rustwide/target/debug/deps/librand_core-93fd6fb9d20da204.rlib" "/opt/rustwide/target/debug/deps/librand_os-89526e7110ae1ee4.rlib" "/opt/rustwide/target/debug/deps/librand_jitter-628645d750895e52.rlib" "/opt/rustwide/target/debug/deps/librand_core-1adf33305417fb82.rlib" "/opt/rustwide/target/debug/deps/libserde_urlencoded-d7b833e995d1b66a.rlib" "/opt/rustwide/target/debug/deps/libdtoa-12091a2276cdb1a6.rlib" "/opt/rustwide/target/debug/deps/libmime_guess-8f52b5360560672e.rlib" "/opt/rustwide/target/debug/deps/libunicase-cb1165946b287cbf.rlib" "/opt/rustwide/target/debug/deps/libmime-a9df5a780629fb7d.rlib" "/opt/rustwide/target/debug/deps/libhyper_tls-01ee91df8af2b7d3.rlib" "/opt/rustwide/target/debug/deps/libnative_tls-27c771cfaf9fbca4.rlib" "/opt/rustwide/target/debug/deps/libopenssl_probe-01da96bec2dfd166.rlib" "/opt/rustwide/target/debug/deps/libopenssl-f052ea9f0a52d891.rlib" "/opt/rustwide/target/debug/deps/libonce_cell-334d739f4e3a4961.rlib" "/opt/rustwide/target/debug/deps/libforeign_types-34162016ad32c65c.rlib" "/opt/rustwide/target/debug/deps/libforeign_types_shared-6c481fa47d8ef87b.rlib" "/opt/rustwide/target/debug/deps/libopenssl_sys-91e4c4d93a344417.rlib" "/opt/rustwide/target/debug/deps/libhyper-1d2f819d5eeae50c.rlib" "/opt/rustwide/target/debug/deps/libwant-f9deb728609e6537.rlib" "/opt/rustwide/target/debug/deps/libtry_lock-61552f3200b10770.rlib" "/opt/rustwide/target/debug/deps/libtokio-4924845de0228c34.rlib" "/opt/rustwide/target/debug/deps/libtokio_timer-95b6883e43f8ae79.rlib" "/opt/rustwide/target/debug/deps/libtokio_threadpool-9702804fa067f93c.rlib" "/opt/rustwide/target/debug/deps/libcrossbeam_queue-69cfc0c615cdfbcb.rlib" "/opt/rustwide/target/debug/deps/libcrossbeam_deque-b5ace0bfc480f607.rlib" "/opt/rustwide/target/debug/deps/libcrossbeam_epoch-0c3985f000be774a.rlib" "/opt/rustwide/target/debug/deps/libmemoffset-6a1519d63a7d13cb.rlib" "/opt/rustwide/target/debug/deps/libtokio_tcp-34920986cc4f6b42.rlib" "/opt/rustwide/target/debug/deps/libtokio_reactor-00f5f3d108a1d7fc.rlib" "/opt/rustwide/target/debug/deps/libtokio_sync-8198c264564a8d25.rlib" "/opt/rustwide/target/debug/deps/libparking_lot-c1b48faddf116c33.rlib" "/opt/rustwide/target/debug/deps/libparking_lot_core-340aa6b240c10465.rlib" "/opt/rustwide/target/debug/deps/libsmallvec-eafb20b88e9b2b51.rlib" "/opt/rustwide/target/debug/deps/libmaybe_uninit-28ff06c455fb66db.rlib" "/opt/rustwide/target/debug/deps/liblock_api-ebbb9309bca5176b.rlib" "/opt/rustwide/target/debug/deps/libscopeguard-f937485db0060aca.rlib" "/opt/rustwide/target/debug/deps/libtokio_current_thread-ff6735076ee4eeb2.rlib" "/opt/rustwide/target/debug/deps/libtokio_executor-fb4c34bb267d814d.rlib" "/opt/rustwide/target/debug/deps/libcrossbeam_utils-52e6e479da9af301.rlib" "/opt/rustwide/target/debug/deps/libmio-5bfa81580e5b8653.rlib" "/opt/rustwide/target/debug/deps/libnet2-a23bfc54abc44489.rlib" "/opt/rustwide/target/debug/deps/libhttparse-2dbc320ca65411a3.rlib" "/opt/rustwide/target/debug/deps/libhttp_body-f36ac2754b715e9f.rlib" "/opt/rustwide/target/debug/deps/libtokio_buf-b03fa751ea918170.rlib" "/opt/rustwide/target/debug/deps/libh2-2551735f4793217a.rlib" "/opt/rustwide/target/debug/deps/libindexmap-62fedebfd28271ec.rlib" "/opt/rustwide/target/debug/deps/libhashbrown-e273ba0f8cdcbe5b.rlib" "/opt/rustwide/target/debug/deps/libstring-f96be8eabff8067b.rlib" "/opt/rustwide/target/debug/deps/libslab-0a39a638bccea296.rlib" "/opt/rustwide/target/debug/deps/libtokio_io-bcc49e7688c2c04d.rlib" "/opt/rustwide/target/debug/deps/libfutures_cpupool-2359cd2bb87da025.rlib" "/opt/rustwide/target/debug/deps/libhttp-8dcd2a5c4570e8ef.rlib" "/opt/rustwide/target/debug/deps/libitoa-a2832f2392deebad.rlib" "/opt/rustwide/target/debug/deps/libfnv-953831fe314029b4.rlib" "/opt/rustwide/target/debug/deps/libfutures-cad31b25443ec5c2.rlib" "/opt/rustwide/target/debug/deps/libcookie_store-2d850a515166c601.rlib" "/opt/rustwide/target/debug/deps/libpublicsuffix-8065df99b14c61c1.rlib" "/opt/rustwide/target/debug/deps/libidna-1bb5aa3007696aca.rlib" "/opt/rustwide/target/debug/deps/liburl-256d5b2214fecede.rlib" "/opt/rustwide/target/debug/deps/libidna-9fbc936cfa26c0d2.rlib" "/opt/rustwide/target/debug/deps/libform_urlencoded-00b3292b537cfa9a.rlib" "/opt/rustwide/target/debug/deps/libpercent_encoding-9ca315f6c750067f.rlib" "/opt/rustwide/target/debug/deps/libtry_from-3e67d348194645bb.rlib" "/opt/rustwide/target/debug/deps/libcfg_if-e83968822db62928.rlib" "/opt/rustwide/target/debug/deps/libcookie-729f65b275141cff.rlib" "/opt/rustwide/target/debug/deps/liburl-b7e8506f15bc6729.rlib" "/opt/rustwide/target/debug/deps/libpercent_encoding-39f007c0633ec8a6.rlib" "/opt/rustwide/target/debug/deps/libidna-9c132200a865b598.rlib" "/opt/rustwide/target/debug/deps/libunicode_normalization-6720ecd938ebfb2b.rlib" "/opt/rustwide/target/debug/deps/libtinyvec-dcbbce603bc23510.rlib" "/opt/rustwide/target/debug/deps/libtinyvec_macros-333661e3b238a9a3.rlib" "/opt/rustwide/target/debug/deps/libunicode_bidi-1d5be417c01f34b2.rlib" "/opt/rustwide/target/debug/deps/libmatches-59081526691d27d6.rlib" "/opt/rustwide/target/debug/deps/libbytes-16e0d6180091cd36.rlib" "/opt/rustwide/target/debug/deps/libeither-bc25dbceced3a40f.rlib" "/opt/rustwide/target/debug/deps/libiovec-70e2ab2d95fddf8e.rlib" "/opt/rustwide/target/debug/deps/libbase64-7ae3f4974b235e08.rlib" "/opt/rustwide/target/debug/deps/libbyteorder-6ac88002c46ec63a.rlib" "/opt/rustwide/target/debug/deps/libiso4217-aeb8f4520aed5965.rlib" "/opt/rustwide/target/debug/deps/libpretty_assertions-8670dd1ca45bcb32.rlib" "/opt/rustwide/target/debug/deps/libdifference-547350eca1f9acdf.rlib" "/opt/rustwide/target/debug/deps/libansi_term-14a6b62054212c8d.rlib" "/opt/rustwide/target/debug/deps/libtempfile-3c92f0bdabe20a70.rlib" "/opt/rustwide/target/debug/deps/libfastrand-c5a132108b9e8ad0.rlib" "/opt/rustwide/target/debug/deps/librustix-0267f2b02c01beef.rlib" "/opt/rustwide/target/debug/deps/libbitflags-52f05aea2267c407.rlib" "/opt/rustwide/target/debug/deps/liblinux_raw_sys-5bf670d0b82b06d1.rlib" "/opt/rustwide/target/debug/deps/libstructopt-3a281be24591cc8d.rlib" "/opt/rustwide/target/debug/deps/libclap-8ec6999e281f4c6c.rlib" "/opt/rustwide/target/debug/deps/libvec_map-5b55b3a0782d93d8.rlib" "/opt/rustwide/target/debug/deps/libtextwrap-098e3ca032784738.rlib" "/opt/rustwide/target/debug/deps/libunicode_width-0ea374cdbf7c3a56.rlib" "/opt/rustwide/target/debug/deps/libstrsim-3564df42f0a90568.rlib" "/opt/rustwide/target/debug/deps/libbitflags-85e13ed1e0c6d910.rlib" "/opt/rustwide/target/debug/deps/libatty-63f22be39ba661e3.rlib" "/opt/rustwide/target/debug/deps/libansi_term-f435e404af61098a.rlib" "/opt/rustwide/target/debug/deps/libserde_json-c47608b218f6df39.rlib" "/opt/rustwide/target/debug/deps/libminidom-16714afe7cdea828.rlib" "/opt/rustwide/target/debug/deps/libquick_xml-b2b134f7d7506c94.rlib" "/opt/rustwide/target/debug/deps/libencoding_rs-4339e23ae7924400.rlib" "/opt/rustwide/target/debug/deps/liblazy_static-efa3519517df6cf0.rlib" "/opt/rustwide/target/debug/deps/libzip-624ca078d581fc08.rlib" "/opt/rustwide/target/debug/deps/libpodio-5180dc203d23ff60.rlib" "/opt/rustwide/target/debug/deps/libmsdos_time-ee6c0df534b326d9.rlib" "/opt/rustwide/target/debug/deps/libtime-6bed3dcdc312a431.rlib" "/opt/rustwide/target/debug/deps/libflate2-1be562fe8436f093.rlib" "/opt/rustwide/target/debug/deps/libcrc32fast-dbea8ee6fb11ce73.rlib" "/opt/rustwide/target/debug/deps/libbzip2-ccc90108775085dc.rlib" "/opt/rustwide/target/debug/deps/libbzip2_sys-bef91eb30ea54ab3.rlib" "/opt/rustwide/target/debug/deps/libwkt-bea1cad2da882ea2.rlib" "/opt/rustwide/target/debug/deps/libwalkdir-55706bb0eac46bcc.rlib" "/opt/rustwide/target/debug/deps/libsame_file-5e62a1af5be346fb.rlib" "/opt/rustwide/target/debug/deps/librust_decimal-839878742d7e24bb.rlib" "/opt/rustwide/target/debug/deps/libarrayvec-8dae9714ba2cbe70.rlib" "/opt/rustwide/target/debug/deps/liblog-2cf4a51dfa4e790a.rlib" "/opt/rustwide/target/debug/deps/libgeo_types-77ab38f5b0686b6a.rlib" "/opt/rustwide/target/debug/deps/librstar-bd4e5e2466251ba7.rlib" "/opt/rustwide/target/debug/deps/libpdqselect-c871144b4067f251.rlib" "/opt/rustwide/target/debug/deps/libthreadpool-3c1a505b91541e73.rlib" "/opt/rustwide/target/debug/deps/libnum_cpus-aef0cfcece38ac8d.rlib" "/opt/rustwide/target/debug/deps/libfailure-1a202e14c0a1118e.rlib" "/opt/rustwide/target/debug/deps/libbacktrace-a91f45e6df86267e.rlib" "/opt/rustwide/target/debug/deps/libminiz_oxide-fdd9e74574a7bd2a.rlib" "/opt/rustwide/target/debug/deps/libadler-eba61f23bb3cdb48.rlib" "/opt/rustwide/target/debug/deps/libobject-9032877007adf15c.rlib" "/opt/rustwide/target/debug/deps/liblibc-a3863744b2422075.rlib" "/opt/rustwide/target/debug/deps/libaddr2line-21893705b0d8abc8.rlib" "/opt/rustwide/target/debug/deps/libgimli-f171d86691d4b49e.rlib" "/opt/rustwide/target/debug/deps/libcfg_if-e7002d307f97bc56.rlib" "/opt/rustwide/target/debug/deps/librustc_demangle-880659badff80dc2.rlib" "/opt/rustwide/target/debug/deps/libcsv-38249eb6ebe3fd47.rlib" "/opt/rustwide/target/debug/deps/libryu-4b03a7708da1319d.rlib" "/opt/rustwide/target/debug/deps/libitoa-34968a9f29c36fec.rlib" "/opt/rustwide/target/debug/deps/libcsv_core-2c88207f8492a655.rlib" "/opt/rustwide/target/debug/deps/libmemchr-7d8051065d0bb56b.rlib" "/opt/rustwide/target/debug/deps/libserde-6f9c6aea593650bc.rlib" "/opt/rustwide/target/debug/deps/libchrono-d83908acf87cc48e.rlib" "/opt/rustwide/target/debug/deps/libnum_traits-cc64df6c73429046.rlib" "/opt/rustwide/target/debug/deps/libiana_time_zone-0d3ced6f0a9aca0f.rlib" "/opt/rustwide/rustup-home/toolchains/beta-2023-12-22-x86_64-unknown-linux-gnu/lib/rustlib/x86_64-unknown-linux-gnu/lib/libstd-0672489a78b613de.rlib" "/opt/rustwide/rustup-home/toolchains/beta-2023-12-22-x86_64-unknown-linux-gnu/lib/rustlib/x86_64-unknown-linux-gnu/lib/libpanic_unwind-7eb3ffc34a49f675.rlib" "/opt/rustwide/rustup-home/toolchains/beta-2023-12-22-x86_64-unknown-linux-gnu/lib/rustlib/x86_64-unknown-linux-gnu/lib/libobject-6478a9daa4bee8e2.rlib" "/opt/rustwide/rustup-home/toolchains/beta-2023-12-22-x86_64-unknown-linux-gnu/lib/rustlib/x86_64-unknown-linux-gnu/lib/libmemchr-0c75d871a5c3923d.rlib" "/opt/rustwide/rustup-home/toolchains/beta-2023-12-22-x86_64-unknown-linux-gnu/lib/rustlib/x86_64-unknown-linux-gnu/lib/libaddr2line-d163ef63ad37bb71.rlib" "/opt/rustwide/rustup-home/toolchains/beta-2023-12-22-x86_64-unknown-linux-gnu/lib/rustlib/x86_64-unknown-linux-gnu/lib/libgimli-8a3fd810a85b9f4c.rlib" "/opt/rustwide/rustup-home/toolchains/beta-2023-12-22-x86_64-unknown-linux-gnu/lib/rustlib/x86_64-unknown-linux-gnu/lib/librustc_demangle-462a2cde8c5dfc10.rlib" "/opt/rustwide/rustup-home/toolchains/beta-2023-12-22-x86_64-unknown-linux-gnu/lib/rustlib/x86_64-unknown-linux-gnu/lib/libstd_detect-cb06ac9f54713f71.rlib" "/opt/rustwide/rustup-home/toolchains/beta-2023-12-22-x86_64-unknown-linux-gnu/lib/rustlib/x86_64-unknown-linux-gnu/lib/libhashbrown-f20bfd1f8e59b393.rlib" "/opt/rustwide/rustup-home/toolchains/beta-2023-12-22-x86_64-unknown-linux-gnu/lib/rustlib/x86_64-unknown-linux-gnu/lib/librustc_std_workspace_alloc-1ef460949b49da4b.rlib" "/opt/rustwide/rustup-home/toolchains/beta-2023-12-22-x86_64-unknown-linux-gnu/lib/rustlib/x86_64-unknown-linux-gnu/lib/libminiz_oxide-2cb0c0ffe4f87514.rlib" "/opt/rustwide/rustup-home/toolchains/beta-2023-12-22-x86_64-unknown-linux-gnu/lib/rustlib/x86_64-unknown-linux-gnu/lib/libadler-58d841eb322a11a2.rlib" "/opt/rustwide/rustup-home/toolchains/beta-2023-12-22-x86_64-unknown-linux-gnu/lib/rustlib/x86_64-unknown-linux-gnu/lib/libunwind-aa2ae0b0a9d11533.rlib" "/opt/rustwide/rustup-home/toolchains/beta-2023-12-22-x86_64-unknown-linux-gnu/lib/rustlib/x86_64-unknown-linux-gnu/lib/libcfg_if-23874e15830ed336.rlib" "/opt/rustwide/rustup-home/toolchains/beta-2023-12-22-x86_64-unknown-linux-gnu/lib/rustlib/x86_64-unknown-linux-gnu/lib/liblibc-e47cddc003bce885.rlib" "/opt/rustwide/rustup-home/toolchains/beta-2023-12-22-x86_64-unknown-linux-gnu/lib/rustlib/x86_64-unknown-linux-gnu/lib/liballoc-c22b13b48a8f128e.rlib" "/opt/rustwide/rustup-home/toolchains/beta-2023-12-22-x86_64-unknown-linux-gnu/lib/rustlib/x86_64-unknown-linux-gnu/lib/librustc_std_workspace_core-e46bc3da6d7c462f.rlib" "/opt/rustwide/rustup-home/toolchains/beta-2023-12-22-x86_64-unknown-linux-gnu/lib/rustlib/x86_64-unknown-linux-gnu/lib/libcore-8d1ac131d3cb2645.rlib" "/opt/rustwide/rustup-home/toolchains/beta-2023-12-22-x86_64-unknown-linux-gnu/lib/rustlib/x86_64-unknown-linux-gnu/lib/libcompiler_builtins-a1b43df8c6899c1f.rlib" "-Wl,-Bdynamic" "-lssl" "-lcrypto" "-lgcc_s" "-lutil" "-lrt" "-lpthread" "-lm" "-ldl" "-lc" "-Wl,--eh-frame-hdr" "-Wl,-z,noexecstack" "-L" "/opt/rustwide/rustup-home/toolchains/beta-2023-12-22-x86_64-unknown-linux-gnu/lib/rustlib/x86_64-unknown-linux-gnu/lib" "-o" "/tmp/rustdoctestGbGhBr/rust_out" "-Wl,--gc-sections" "-pie" "-Wl,-z,relro,-z,now" "-nodefaultlibs"
[INFO] [stdout]   = note: collect2: fatal error: ld terminated with signal 9 [Killed]
[INFO] [stdout]           compilation terminated.
[INFO] [stdout]           
[INFO] [stdout] 
[INFO] [stdout] error: aborting due to 1 previous error
[INFO] [stdout] 
[INFO] [stdout] Couldn't compile the test.
[INFO] [stdout] ---- src/builder.rs - builder::ModelBuilder::calendar (line 120) stdout ----
[INFO] [stdout] warning: use of deprecated associated function `chrono::naive::date::NaiveDate::from_ymd`: use `from_ymd_opt()` instead
[INFO] [stdout]  --> src/builder.rs:127:34
[INFO] [stdout]   |
[INFO] [stdout] 9 |             c.dates.insert(Date::from_ymd(2019, 2, 6));
[INFO] [stdout]   |                                  ^^^^^^^^
[INFO] [stdout]   |
[INFO] [stdout]   = note: `#[warn(deprecated)]` on by default
[INFO] [stdout] 
[INFO] [stdout] error: linking with `cc` failed: exit status: 1
[INFO] [stdout]   |
[INFO] [stdout]   = note: LC_ALL="C" PATH="/opt/rustwide/rustup-home/toolchains/beta-2023-12-22-x86_64-unknown-linux-gnu/lib/rustlib/x86_64-unknown-linux-gnu/bin:/opt/rustwide/cargo-home/bin:/usr/local/sbin:/usr/local/bin:/usr/sbin:/usr/bin:/sbin:/bin" VSLANG="1033" "cc" "-m64" "/tmp/rustc87o4yf/symbols.o" "/tmp/rustdoctestZ9cnpW/rust_out.rust_out.1380c8ea7c88b8e2-cgu.0.rcgu.o" "/tmp/rustdoctestZ9cnpW/rust_out.3lr6z6385pynyhem.rcgu.o" "-Wl,--as-needed" "-L" "/opt/rustwide/target/debug/deps" "-L" "/opt/rustwide/target/debug/deps" "-L" "/opt/rustwide/target/debug/build/bzip2-sys-bab3cb3d5e5f6628/out/lib" "-L" "/opt/rustwide/rustup-home/toolchains/beta-2023-12-22-x86_64-unknown-linux-gnu/lib/rustlib/x86_64-unknown-linux-gnu/lib" "-Wl,-Bstatic" "/opt/rustwide/target/debug/deps/libtransit_model_builder-2eb307a6a806eb3c.rlib" "/opt/rustwide/target/debug/deps/libtransit_model-fd6bbd6278f31e02.rlib" "/opt/rustwide/target/debug/deps/libreqwest-77fa75e192b7a4d1.rlib" "/opt/rustwide/target/debug/deps/libuuid-15ae9b3fe86c45ec.rlib" "/opt/rustwide/target/debug/deps/librand-703b2a928402378b.rlib" "/opt/rustwide/target/debug/deps/librand_xorshift-fddfb659da58e4bf.rlib" "/opt/rustwide/target/debug/deps/librand_pcg-469b12f1257a3006.rlib" "/opt/rustwide/target/debug/deps/librand_hc-04e4f418b9ab77db.rlib" "/opt/rustwide/target/debug/deps/librand_chacha-78ae6272db5d33a8.rlib" "/opt/rustwide/target/debug/deps/librand_isaac-0a7dc632816af8d7.rlib" "/opt/rustwide/target/debug/deps/librand_core-93fd6fb9d20da204.rlib" "/opt/rustwide/target/debug/deps/librand_os-89526e7110ae1ee4.rlib" "/opt/rustwide/target/debug/deps/librand_jitter-628645d750895e52.rlib" "/opt/rustwide/target/debug/deps/librand_core-1adf33305417fb82.rlib" "/opt/rustwide/target/debug/deps/libserde_urlencoded-d7b833e995d1b66a.rlib" "/opt/rustwide/target/debug/deps/libdtoa-12091a2276cdb1a6.rlib" "/opt/rustwide/target/debug/deps/libmime_guess-8f52b5360560672e.rlib" "/opt/rustwide/target/debug/deps/libunicase-cb1165946b287cbf.rlib" "/opt/rustwide/target/debug/deps/libmime-a9df5a780629fb7d.rlib" "/opt/rustwide/target/debug/deps/libhyper_tls-01ee91df8af2b7d3.rlib" "/opt/rustwide/target/debug/deps/libnative_tls-27c771cfaf9fbca4.rlib" "/opt/rustwide/target/debug/deps/libopenssl_probe-01da96bec2dfd166.rlib" "/opt/rustwide/target/debug/deps/libopenssl-f052ea9f0a52d891.rlib" "/opt/rustwide/target/debug/deps/libonce_cell-334d739f4e3a4961.rlib" "/opt/rustwide/target/debug/deps/libforeign_types-34162016ad32c65c.rlib" "/opt/rustwide/target/debug/deps/libforeign_types_shared-6c481fa47d8ef87b.rlib" "/opt/rustwide/target/debug/deps/libopenssl_sys-91e4c4d93a344417.rlib" "/opt/rustwide/target/debug/deps/libhyper-1d2f819d5eeae50c.rlib" "/opt/rustwide/target/debug/deps/libwant-f9deb728609e6537.rlib" "/opt/rustwide/target/debug/deps/libtry_lock-61552f3200b10770.rlib" "/opt/rustwide/target/debug/deps/libtokio-4924845de0228c34.rlib" "/opt/rustwide/target/debug/deps/libtokio_timer-95b6883e43f8ae79.rlib" "/opt/rustwide/target/debug/deps/libtokio_threadpool-9702804fa067f93c.rlib" "/opt/rustwide/target/debug/deps/libcrossbeam_queue-69cfc0c615cdfbcb.rlib" "/opt/rustwide/target/debug/deps/libcrossbeam_deque-b5ace0bfc480f607.rlib" "/opt/rustwide/target/debug/deps/libcrossbeam_epoch-0c3985f000be774a.rlib" "/opt/rustwide/target/debug/deps/libmemoffset-6a1519d63a7d13cb.rlib" "/opt/rustwide/target/debug/deps/libtokio_tcp-34920986cc4f6b42.rlib" "/opt/rustwide/target/debug/deps/libtokio_reactor-00f5f3d108a1d7fc.rlib" "/opt/rustwide/target/debug/deps/libtokio_sync-8198c264564a8d25.rlib" "/opt/rustwide/target/debug/deps/libparking_lot-c1b48faddf116c33.rlib" "/opt/rustwide/target/debug/deps/libparking_lot_core-340aa6b240c10465.rlib" "/opt/rustwide/target/debug/deps/libsmallvec-eafb20b88e9b2b51.rlib" "/opt/rustwide/target/debug/deps/libmaybe_uninit-28ff06c455fb66db.rlib" "/opt/rustwide/target/debug/deps/liblock_api-ebbb9309bca5176b.rlib" "/opt/rustwide/target/debug/deps/libscopeguard-f937485db0060aca.rlib" "/opt/rustwide/target/debug/deps/libtokio_current_thread-ff6735076ee4eeb2.rlib" "/opt/rustwide/target/debug/deps/libtokio_executor-fb4c34bb267d814d.rlib" "/opt/rustwide/target/debug/deps/libcrossbeam_utils-52e6e479da9af301.rlib" "/opt/rustwide/target/debug/deps/libmio-5bfa81580e5b8653.rlib" "/opt/rustwide/target/debug/deps/libnet2-a23bfc54abc44489.rlib" "/opt/rustwide/target/debug/deps/libhttparse-2dbc320ca65411a3.rlib" "/opt/rustwide/target/debug/deps/libhttp_body-f36ac2754b715e9f.rlib" "/opt/rustwide/target/debug/deps/libtokio_buf-b03fa751ea918170.rlib" "/opt/rustwide/target/debug/deps/libh2-2551735f4793217a.rlib" "/opt/rustwide/target/debug/deps/libindexmap-62fedebfd28271ec.rlib" "/opt/rustwide/target/debug/deps/libhashbrown-e273ba0f8cdcbe5b.rlib" "/opt/rustwide/target/debug/deps/libstring-f96be8eabff8067b.rlib" "/opt/rustwide/target/debug/deps/libslab-0a39a638bccea296.rlib" "/opt/rustwide/target/debug/deps/libtokio_io-bcc49e7688c2c04d.rlib" "/opt/rustwide/target/debug/deps/libfutures_cpupool-2359cd2bb87da025.rlib" "/opt/rustwide/target/debug/deps/libhttp-8dcd2a5c4570e8ef.rlib" "/opt/rustwide/target/debug/deps/libitoa-a2832f2392deebad.rlib" "/opt/rustwide/target/debug/deps/libfnv-953831fe314029b4.rlib" "/opt/rustwide/target/debug/deps/libfutures-cad31b25443ec5c2.rlib" "/opt/rustwide/target/debug/deps/libcookie_store-2d850a515166c601.rlib" "/opt/rustwide/target/debug/deps/libpublicsuffix-8065df99b14c61c1.rlib" "/opt/rustwide/target/debug/deps/libidna-1bb5aa3007696aca.rlib" "/opt/rustwide/target/debug/deps/liburl-256d5b2214fecede.rlib" "/opt/rustwide/target/debug/deps/libidna-9fbc936cfa26c0d2.rlib" "/opt/rustwide/target/debug/deps/libform_urlencoded-00b3292b537cfa9a.rlib" "/opt/rustwide/target/debug/deps/libpercent_encoding-9ca315f6c750067f.rlib" "/opt/rustwide/target/debug/deps/libtry_from-3e67d348194645bb.rlib" "/opt/rustwide/target/debug/deps/libcfg_if-e83968822db62928.rlib" "/opt/rustwide/target/debug/deps/libcookie-729f65b275141cff.rlib" "/opt/rustwide/target/debug/deps/liburl-b7e8506f15bc6729.rlib" "/opt/rustwide/target/debug/deps/libpercent_encoding-39f007c0633ec8a6.rlib" "/opt/rustwide/target/debug/deps/libidna-9c132200a865b598.rlib" "/opt/rustwide/target/debug/deps/libunicode_normalization-6720ecd938ebfb2b.rlib" "/opt/rustwide/target/debug/deps/libtinyvec-dcbbce603bc23510.rlib" "/opt/rustwide/target/debug/deps/libtinyvec_macros-333661e3b238a9a3.rlib" "/opt/rustwide/target/debug/deps/libunicode_bidi-1d5be417c01f34b2.rlib" "/opt/rustwide/target/debug/deps/libmatches-59081526691d27d6.rlib" "/opt/rustwide/target/debug/deps/libbytes-16e0d6180091cd36.rlib" "/opt/rustwide/target/debug/deps/libeither-bc25dbceced3a40f.rlib" "/opt/rustwide/target/debug/deps/libiovec-70e2ab2d95fddf8e.rlib" "/opt/rustwide/target/debug/deps/libbase64-7ae3f4974b235e08.rlib" "/opt/rustwide/target/debug/deps/libbyteorder-6ac88002c46ec63a.rlib" "/opt/rustwide/target/debug/deps/libiso4217-aeb8f4520aed5965.rlib" "/opt/rustwide/target/debug/deps/libpretty_assertions-8670dd1ca45bcb32.rlib" "/opt/rustwide/target/debug/deps/libdifference-547350eca1f9acdf.rlib" "/opt/rustwide/target/debug/deps/libansi_term-14a6b62054212c8d.rlib" "/opt/rustwide/target/debug/deps/libtempfile-3c92f0bdabe20a70.rlib" "/opt/rustwide/target/debug/deps/libfastrand-c5a132108b9e8ad0.rlib" "/opt/rustwide/target/debug/deps/librustix-0267f2b02c01beef.rlib" "/opt/rustwide/target/debug/deps/libbitflags-52f05aea2267c407.rlib" "/opt/rustwide/target/debug/deps/liblinux_raw_sys-5bf670d0b82b06d1.rlib" "/opt/rustwide/target/debug/deps/libstructopt-3a281be24591cc8d.rlib" "/opt/rustwide/target/debug/deps/libclap-8ec6999e281f4c6c.rlib" "/opt/rustwide/target/debug/deps/libvec_map-5b55b3a0782d93d8.rlib" "/opt/rustwide/target/debug/deps/libtextwrap-098e3ca032784738.rlib" "/opt/rustwide/target/debug/deps/libunicode_width-0ea374cdbf7c3a56.rlib" "/opt/rustwide/target/debug/deps/libstrsim-3564df42f0a90568.rlib" "/opt/rustwide/target/debug/deps/libbitflags-85e13ed1e0c6d910.rlib" "/opt/rustwide/target/debug/deps/libatty-63f22be39ba661e3.rlib" "/opt/rustwide/target/debug/deps/libansi_term-f435e404af61098a.rlib" "/opt/rustwide/target/debug/deps/libserde_json-c47608b218f6df39.rlib" "/opt/rustwide/target/debug/deps/libminidom-16714afe7cdea828.rlib" "/opt/rustwide/target/debug/deps/libquick_xml-b2b134f7d7506c94.rlib" "/opt/rustwide/target/debug/deps/libencoding_rs-4339e23ae7924400.rlib" "/opt/rustwide/target/debug/deps/liblazy_static-efa3519517df6cf0.rlib" "/opt/rustwide/target/debug/deps/libzip-624ca078d581fc08.rlib" "/opt/rustwide/target/debug/deps/libpodio-5180dc203d23ff60.rlib" "/opt/rustwide/target/debug/deps/libmsdos_time-ee6c0df534b326d9.rlib" "/opt/rustwide/target/debug/deps/libtime-6bed3dcdc312a431.rlib" "/opt/rustwide/target/debug/deps/libflate2-1be562fe8436f093.rlib" "/opt/rustwide/target/debug/deps/libcrc32fast-dbea8ee6fb11ce73.rlib" "/opt/rustwide/target/debug/deps/libbzip2-ccc90108775085dc.rlib" "/opt/rustwide/target/debug/deps/libbzip2_sys-bef91eb30ea54ab3.rlib" "/opt/rustwide/target/debug/deps/libwkt-bea1cad2da882ea2.rlib" "/opt/rustwide/target/debug/deps/libwalkdir-55706bb0eac46bcc.rlib" "/opt/rustwide/target/debug/deps/libsame_file-5e62a1af5be346fb.rlib" "/opt/rustwide/target/debug/deps/librust_decimal-839878742d7e24bb.rlib" "/opt/rustwide/target/debug/deps/libarrayvec-8dae9714ba2cbe70.rlib" "/opt/rustwide/target/debug/deps/liblog-2cf4a51dfa4e790a.rlib" "/opt/rustwide/target/debug/deps/libgeo_types-77ab38f5b0686b6a.rlib" "/opt/rustwide/target/debug/deps/librstar-bd4e5e2466251ba7.rlib" "/opt/rustwide/target/debug/deps/libpdqselect-c871144b4067f251.rlib" "/opt/rustwide/target/debug/deps/libthreadpool-3c1a505b91541e73.rlib" "/opt/rustwide/target/debug/deps/libnum_cpus-aef0cfcece38ac8d.rlib" "/opt/rustwide/target/debug/deps/libfailure-1a202e14c0a1118e.rlib" "/opt/rustwide/target/debug/deps/libbacktrace-a91f45e6df86267e.rlib" "/opt/rustwide/target/debug/deps/libminiz_oxide-fdd9e74574a7bd2a.rlib" "/opt/rustwide/target/debug/deps/libadler-eba61f23bb3cdb48.rlib" "/opt/rustwide/target/debug/deps/libobject-9032877007adf15c.rlib" "/opt/rustwide/target/debug/deps/liblibc-a3863744b2422075.rlib" "/opt/rustwide/target/debug/deps/libaddr2line-21893705b0d8abc8.rlib" "/opt/rustwide/target/debug/deps/libgimli-f171d86691d4b49e.rlib" "/opt/rustwide/target/debug/deps/libcfg_if-e7002d307f97bc56.rlib" "/opt/rustwide/target/debug/deps/librustc_demangle-880659badff80dc2.rlib" "/opt/rustwide/target/debug/deps/libcsv-38249eb6ebe3fd47.rlib" "/opt/rustwide/target/debug/deps/libryu-4b03a7708da1319d.rlib" "/opt/rustwide/target/debug/deps/libitoa-34968a9f29c36fec.rlib" "/opt/rustwide/target/debug/deps/libcsv_core-2c88207f8492a655.rlib" "/opt/rustwide/target/debug/deps/libmemchr-7d8051065d0bb56b.rlib" "/opt/rustwide/target/debug/deps/libserde-6f9c6aea593650bc.rlib" "/opt/rustwide/target/debug/deps/libchrono-d83908acf87cc48e.rlib" "/opt/rustwide/target/debug/deps/libnum_traits-cc64df6c73429046.rlib" "/opt/rustwide/target/debug/deps/libiana_time_zone-0d3ced6f0a9aca0f.rlib" "/opt/rustwide/rustup-home/toolchains/beta-2023-12-22-x86_64-unknown-linux-gnu/lib/rustlib/x86_64-unknown-linux-gnu/lib/libstd-0672489a78b613de.rlib" "/opt/rustwide/rustup-home/toolchains/beta-2023-12-22-x86_64-unknown-linux-gnu/lib/rustlib/x86_64-unknown-linux-gnu/lib/libpanic_unwind-7eb3ffc34a49f675.rlib" "/opt/rustwide/rustup-home/toolchains/beta-2023-12-22-x86_64-unknown-linux-gnu/lib/rustlib/x86_64-unknown-linux-gnu/lib/libobject-6478a9daa4bee8e2.rlib" "/opt/rustwide/rustup-home/toolchains/beta-2023-12-22-x86_64-unknown-linux-gnu/lib/rustlib/x86_64-unknown-linux-gnu/lib/libmemchr-0c75d871a5c3923d.rlib" "/opt/rustwide/rustup-home/toolchains/beta-2023-12-22-x86_64-unknown-linux-gnu/lib/rustlib/x86_64-unknown-linux-gnu/lib/libaddr2line-d163ef63ad37bb71.rlib" "/opt/rustwide/rustup-home/toolchains/beta-2023-12-22-x86_64-unknown-linux-gnu/lib/rustlib/x86_64-unknown-linux-gnu/lib/libgimli-8a3fd810a85b9f4c.rlib" "/opt/rustwide/rustup-home/toolchains/beta-2023-12-22-x86_64-unknown-linux-gnu/lib/rustlib/x86_64-unknown-linux-gnu/lib/librustc_demangle-462a2cde8c5dfc10.rlib" "/opt/rustwide/rustup-home/toolchains/beta-2023-12-22-x86_64-unknown-linux-gnu/lib/rustlib/x86_64-unknown-linux-gnu/lib/libstd_detect-cb06ac9f54713f71.rlib" "/opt/rustwide/rustup-home/toolchains/beta-2023-12-22-x86_64-unknown-linux-gnu/lib/rustlib/x86_64-unknown-linux-gnu/lib/libhashbrown-f20bfd1f8e59b393.rlib" "/opt/rustwide/rustup-home/toolchains/beta-2023-12-22-x86_64-unknown-linux-gnu/lib/rustlib/x86_64-unknown-linux-gnu/lib/librustc_std_workspace_alloc-1ef460949b49da4b.rlib" "/opt/rustwide/rustup-home/toolchains/beta-2023-12-22-x86_64-unknown-linux-gnu/lib/rustlib/x86_64-unknown-linux-gnu/lib/libminiz_oxide-2cb0c0ffe4f87514.rlib" "/opt/rustwide/rustup-home/toolchains/beta-2023-12-22-x86_64-unknown-linux-gnu/lib/rustlib/x86_64-unknown-linux-gnu/lib/libadler-58d841eb322a11a2.rlib" "/opt/rustwide/rustup-home/toolchains/beta-2023-12-22-x86_64-unknown-linux-gnu/lib/rustlib/x86_64-unknown-linux-gnu/lib/libunwind-aa2ae0b0a9d11533.rlib" "/opt/rustwide/rustup-home/toolchains/beta-2023-12-22-x86_64-unknown-linux-gnu/lib/rustlib/x86_64-unknown-linux-gnu/lib/libcfg_if-23874e15830ed336.rlib" "/opt/rustwide/rustup-home/toolchains/beta-2023-12-22-x86_64-unknown-linux-gnu/lib/rustlib/x86_64-unknown-linux-gnu/lib/liblibc-e47cddc003bce885.rlib" "/opt/rustwide/rustup-home/toolchains/beta-2023-12-22-x86_64-unknown-linux-gnu/lib/rustlib/x86_64-unknown-linux-gnu/lib/liballoc-c22b13b48a8f128e.rlib" "/opt/rustwide/rustup-home/toolchains/beta-2023-12-22-x86_64-unknown-linux-gnu/lib/rustlib/x86_64-unknown-linux-gnu/lib/librustc_std_workspace_core-e46bc3da6d7c462f.rlib" "/opt/rustwide/rustup-home/toolchains/beta-2023-12-22-x86_64-unknown-linux-gnu/lib/rustlib/x86_64-unknown-linux-gnu/lib/libcore-8d1ac131d3cb2645.rlib" "/opt/rustwide/rustup-home/toolchains/beta-2023-12-22-x86_64-unknown-linux-gnu/lib/rustlib/x86_64-unknown-linux-gnu/lib/libcompiler_builtins-a1b43df8c6899c1f.rlib" "-Wl,-Bdynamic" "-lssl" "-lcrypto" "-lgcc_s" "-lutil" "-lrt" "-lpthread" "-lm" "-ldl" "-lc" "-Wl,--eh-frame-hdr" "-Wl,-z,noexecstack" "-L" "/opt/rustwide/rustup-home/toolchains/beta-2023-12-22-x86_64-unknown-linux-gnu/lib/rustlib/x86_64-unknown-linux-gnu/lib" "-o" "/tmp/rustdoctestZ9cnpW/rust_out" "-Wl,--gc-sections" "-pie" "-Wl,-z,relro,-z,now" "-nodefaultlibs"
[INFO] [stdout]   = note: collect2: fatal error: ld terminated with signal 9 [Killed]
[INFO] [stdout]           compilation terminated.
[INFO] [stdout]           
[INFO] [stdout] 
[INFO] [stdout] error: aborting due to 1 previous error; 1 warning emitted
[INFO] [stdout] 
[INFO] [stdout] Couldn't compile the test.
[INFO] [stdout] ---- src/builder.rs - builder (line 19) stdout ----
[INFO] [stdout] error: linking with `cc` failed: exit status: 1
[INFO] [stdout]   |
[INFO] [stdout]   = note: LC_ALL="C" PATH="/opt/rustwide/rustup-home/toolchains/beta-2023-12-22-x86_64-unknown-linux-gnu/lib/rustlib/x86_64-unknown-linux-gnu/bin:/opt/rustwide/cargo-home/bin:/usr/local/sbin:/usr/local/bin:/usr/sbin:/usr/bin:/sbin:/bin" VSLANG="1033" "cc" "-m64" "/tmp/rustcWk9F1X/symbols.o" "/tmp/rustdoctestnfcw3C/rust_out.rust_out.1380c8ea7c88b8e2-cgu.0.rcgu.o" "/tmp/rustdoctestnfcw3C/rust_out.3lr6z6385pynyhem.rcgu.o" "-Wl,--as-needed" "-L" "/opt/rustwide/target/debug/deps" "-L" "/opt/rustwide/target/debug/deps" "-L" "/opt/rustwide/target/debug/build/bzip2-sys-bab3cb3d5e5f6628/out/lib" "-L" "/opt/rustwide/rustup-home/toolchains/beta-2023-12-22-x86_64-unknown-linux-gnu/lib/rustlib/x86_64-unknown-linux-gnu/lib" "-Wl,-Bstatic" "/opt/rustwide/target/debug/deps/libtransit_model_builder-2eb307a6a806eb3c.rlib" "/opt/rustwide/target/debug/deps/libtransit_model-fd6bbd6278f31e02.rlib" "/opt/rustwide/target/debug/deps/libreqwest-77fa75e192b7a4d1.rlib" "/opt/rustwide/target/debug/deps/libuuid-15ae9b3fe86c45ec.rlib" "/opt/rustwide/target/debug/deps/librand-703b2a928402378b.rlib" "/opt/rustwide/target/debug/deps/librand_xorshift-fddfb659da58e4bf.rlib" "/opt/rustwide/target/debug/deps/librand_pcg-469b12f1257a3006.rlib" "/opt/rustwide/target/debug/deps/librand_hc-04e4f418b9ab77db.rlib" "/opt/rustwide/target/debug/deps/librand_chacha-78ae6272db5d33a8.rlib" "/opt/rustwide/target/debug/deps/librand_isaac-0a7dc632816af8d7.rlib" "/opt/rustwide/target/debug/deps/librand_core-93fd6fb9d20da204.rlib" "/opt/rustwide/target/debug/deps/librand_os-89526e7110ae1ee4.rlib" "/opt/rustwide/target/debug/deps/librand_jitter-628645d750895e52.rlib" "/opt/rustwide/target/debug/deps/librand_core-1adf33305417fb82.rlib" "/opt/rustwide/target/debug/deps/libserde_urlencoded-d7b833e995d1b66a.rlib" "/opt/rustwide/target/debug/deps/libdtoa-12091a2276cdb1a6.rlib" "/opt/rustwide/target/debug/deps/libmime_guess-8f52b5360560672e.rlib" "/opt/rustwide/target/debug/deps/libunicase-cb1165946b287cbf.rlib" "/opt/rustwide/target/debug/deps/libmime-a9df5a780629fb7d.rlib" "/opt/rustwide/target/debug/deps/libhyper_tls-01ee91df8af2b7d3.rlib" "/opt/rustwide/target/debug/deps/libnative_tls-27c771cfaf9fbca4.rlib" "/opt/rustwide/target/debug/deps/libopenssl_probe-01da96bec2dfd166.rlib" "/opt/rustwide/target/debug/deps/libopenssl-f052ea9f0a52d891.rlib" "/opt/rustwide/target/debug/deps/libonce_cell-334d739f4e3a4961.rlib" "/opt/rustwide/target/debug/deps/libforeign_types-34162016ad32c65c.rlib" "/opt/rustwide/target/debug/deps/libforeign_types_shared-6c481fa47d8ef87b.rlib" "/opt/rustwide/target/debug/deps/libopenssl_sys-91e4c4d93a344417.rlib" "/opt/rustwide/target/debug/deps/libhyper-1d2f819d5eeae50c.rlib" "/opt/rustwide/target/debug/deps/libwant-f9deb728609e6537.rlib" "/opt/rustwide/target/debug/deps/libtry_lock-61552f3200b10770.rlib" "/opt/rustwide/target/debug/deps/libtokio-4924845de0228c34.rlib" "/opt/rustwide/target/debug/deps/libtokio_timer-95b6883e43f8ae79.rlib" "/opt/rustwide/target/debug/deps/libtokio_threadpool-9702804fa067f93c.rlib" "/opt/rustwide/target/debug/deps/libcrossbeam_queue-69cfc0c615cdfbcb.rlib" "/opt/rustwide/target/debug/deps/libcrossbeam_deque-b5ace0bfc480f607.rlib" "/opt/rustwide/target/debug/deps/libcrossbeam_epoch-0c3985f000be774a.rlib" "/opt/rustwide/target/debug/deps/libmemoffset-6a1519d63a7d13cb.rlib" "/opt/rustwide/target/debug/deps/libtokio_tcp-34920986cc4f6b42.rlib" "/opt/rustwide/target/debug/deps/libtokio_reactor-00f5f3d108a1d7fc.rlib" "/opt/rustwide/target/debug/deps/libtokio_sync-8198c264564a8d25.rlib" "/opt/rustwide/target/debug/deps/libparking_lot-c1b48faddf116c33.rlib" "/opt/rustwide/target/debug/deps/libparking_lot_core-340aa6b240c10465.rlib" "/opt/rustwide/target/debug/deps/libsmallvec-eafb20b88e9b2b51.rlib" "/opt/rustwide/target/debug/deps/libmaybe_uninit-28ff06c455fb66db.rlib" "/opt/rustwide/target/debug/deps/liblock_api-ebbb9309bca5176b.rlib" "/opt/rustwide/target/debug/deps/libscopeguard-f937485db0060aca.rlib" "/opt/rustwide/target/debug/deps/libtokio_current_thread-ff6735076ee4eeb2.rlib" "/opt/rustwide/target/debug/deps/libtokio_executor-fb4c34bb267d814d.rlib" "/opt/rustwide/target/debug/deps/libcrossbeam_utils-52e6e479da9af301.rlib" "/opt/rustwide/target/debug/deps/libmio-5bfa81580e5b8653.rlib" "/opt/rustwide/target/debug/deps/libnet2-a23bfc54abc44489.rlib" "/opt/rustwide/target/debug/deps/libhttparse-2dbc320ca65411a3.rlib" "/opt/rustwide/target/debug/deps/libhttp_body-f36ac2754b715e9f.rlib" "/opt/rustwide/target/debug/deps/libtokio_buf-b03fa751ea918170.rlib" "/opt/rustwide/target/debug/deps/libh2-2551735f4793217a.rlib" "/opt/rustwide/target/debug/deps/libindexmap-62fedebfd28271ec.rlib" "/opt/rustwide/target/debug/deps/libhashbrown-e273ba0f8cdcbe5b.rlib" "/opt/rustwide/target/debug/deps/libstring-f96be8eabff8067b.rlib" "/opt/rustwide/target/debug/deps/libslab-0a39a638bccea296.rlib" "/opt/rustwide/target/debug/deps/libtokio_io-bcc49e7688c2c04d.rlib" "/opt/rustwide/target/debug/deps/libfutures_cpupool-2359cd2bb87da025.rlib" "/opt/rustwide/target/debug/deps/libhttp-8dcd2a5c4570e8ef.rlib" "/opt/rustwide/target/debug/deps/libitoa-a2832f2392deebad.rlib" "/opt/rustwide/target/debug/deps/libfnv-953831fe314029b4.rlib" "/opt/rustwide/target/debug/deps/libfutures-cad31b25443ec5c2.rlib" "/opt/rustwide/target/debug/deps/libcookie_store-2d850a515166c601.rlib" "/opt/rustwide/target/debug/deps/libpublicsuffix-8065df99b14c61c1.rlib" "/opt/rustwide/target/debug/deps/libidna-1bb5aa3007696aca.rlib" "/opt/rustwide/target/debug/deps/liburl-256d5b2214fecede.rlib" "/opt/rustwide/target/debug/deps/libidna-9fbc936cfa26c0d2.rlib" "/opt/rustwide/target/debug/deps/libform_urlencoded-00b3292b537cfa9a.rlib" "/opt/rustwide/target/debug/deps/libpercent_encoding-9ca315f6c750067f.rlib" "/opt/rustwide/target/debug/deps/libtry_from-3e67d348194645bb.rlib" "/opt/rustwide/target/debug/deps/libcfg_if-e83968822db62928.rlib" "/opt/rustwide/target/debug/deps/libcookie-729f65b275141cff.rlib" "/opt/rustwide/target/debug/deps/liburl-b7e8506f15bc6729.rlib" "/opt/rustwide/target/debug/deps/libpercent_encoding-39f007c0633ec8a6.rlib" "/opt/rustwide/target/debug/deps/libidna-9c132200a865b598.rlib" "/opt/rustwide/target/debug/deps/libunicode_normalization-6720ecd938ebfb2b.rlib" "/opt/rustwide/target/debug/deps/libtinyvec-dcbbce603bc23510.rlib" "/opt/rustwide/target/debug/deps/libtinyvec_macros-333661e3b238a9a3.rlib" "/opt/rustwide/target/debug/deps/libunicode_bidi-1d5be417c01f34b2.rlib" "/opt/rustwide/target/debug/deps/libmatches-59081526691d27d6.rlib" "/opt/rustwide/target/debug/deps/libbytes-16e0d6180091cd36.rlib" "/opt/rustwide/target/debug/deps/libeither-bc25dbceced3a40f.rlib" "/opt/rustwide/target/debug/deps/libiovec-70e2ab2d95fddf8e.rlib" "/opt/rustwide/target/debug/deps/libbase64-7ae3f4974b235e08.rlib" "/opt/rustwide/target/debug/deps/libbyteorder-6ac88002c46ec63a.rlib" "/opt/rustwide/target/debug/deps/libiso4217-aeb8f4520aed5965.rlib" "/opt/rustwide/target/debug/deps/libpretty_assertions-8670dd1ca45bcb32.rlib" "/opt/rustwide/target/debug/deps/libdifference-547350eca1f9acdf.rlib" "/opt/rustwide/target/debug/deps/libansi_term-14a6b62054212c8d.rlib" "/opt/rustwide/target/debug/deps/libtempfile-3c92f0bdabe20a70.rlib" "/opt/rustwide/target/debug/deps/libfastrand-c5a132108b9e8ad0.rlib" "/opt/rustwide/target/debug/deps/librustix-0267f2b02c01beef.rlib" "/opt/rustwide/target/debug/deps/libbitflags-52f05aea2267c407.rlib" "/opt/rustwide/target/debug/deps/liblinux_raw_sys-5bf670d0b82b06d1.rlib" "/opt/rustwide/target/debug/deps/libstructopt-3a281be24591cc8d.rlib" "/opt/rustwide/target/debug/deps/libclap-8ec6999e281f4c6c.rlib" "/opt/rustwide/target/debug/deps/libvec_map-5b55b3a0782d93d8.rlib" "/opt/rustwide/target/debug/deps/libtextwrap-098e3ca032784738.rlib" "/opt/rustwide/target/debug/deps/libunicode_width-0ea374cdbf7c3a56.rlib" "/opt/rustwide/target/debug/deps/libstrsim-3564df42f0a90568.rlib" "/opt/rustwide/target/debug/deps/libbitflags-85e13ed1e0c6d910.rlib" "/opt/rustwide/target/debug/deps/libatty-63f22be39ba661e3.rlib" "/opt/rustwide/target/debug/deps/libansi_term-f435e404af61098a.rlib" "/opt/rustwide/target/debug/deps/libserde_json-c47608b218f6df39.rlib" "/opt/rustwide/target/debug/deps/libminidom-16714afe7cdea828.rlib" "/opt/rustwide/target/debug/deps/libquick_xml-b2b134f7d7506c94.rlib" "/opt/rustwide/target/debug/deps/libencoding_rs-4339e23ae7924400.rlib" "/opt/rustwide/target/debug/deps/liblazy_static-efa3519517df6cf0.rlib" "/opt/rustwide/target/debug/deps/libzip-624ca078d581fc08.rlib" "/opt/rustwide/target/debug/deps/libpodio-5180dc203d23ff60.rlib" "/opt/rustwide/target/debug/deps/libmsdos_time-ee6c0df534b326d9.rlib" "/opt/rustwide/target/debug/deps/libtime-6bed3dcdc312a431.rlib" "/opt/rustwide/target/debug/deps/libflate2-1be562fe8436f093.rlib" "/opt/rustwide/target/debug/deps/libcrc32fast-dbea8ee6fb11ce73.rlib" "/opt/rustwide/target/debug/deps/libbzip2-ccc90108775085dc.rlib" "/opt/rustwide/target/debug/deps/libbzip2_sys-bef91eb30ea54ab3.rlib" "/opt/rustwide/target/debug/deps/libwkt-bea1cad2da882ea2.rlib" "/opt/rustwide/target/debug/deps/libwalkdir-55706bb0eac46bcc.rlib" "/opt/rustwide/target/debug/deps/libsame_file-5e62a1af5be346fb.rlib" "/opt/rustwide/target/debug/deps/librust_decimal-839878742d7e24bb.rlib" "/opt/rustwide/target/debug/deps/libarrayvec-8dae9714ba2cbe70.rlib" "/opt/rustwide/target/debug/deps/liblog-2cf4a51dfa4e790a.rlib" "/opt/rustwide/target/debug/deps/libgeo_types-77ab38f5b0686b6a.rlib" "/opt/rustwide/target/debug/deps/librstar-bd4e5e2466251ba7.rlib" "/opt/rustwide/target/debug/deps/libpdqselect-c871144b4067f251.rlib" "/opt/rustwide/target/debug/deps/libthreadpool-3c1a505b91541e73.rlib" "/opt/rustwide/target/debug/deps/libnum_cpus-aef0cfcece38ac8d.rlib" "/opt/rustwide/target/debug/deps/libfailure-1a202e14c0a1118e.rlib" "/opt/rustwide/target/debug/deps/libbacktrace-a91f45e6df86267e.rlib" "/opt/rustwide/target/debug/deps/libminiz_oxide-fdd9e74574a7bd2a.rlib" "/opt/rustwide/target/debug/deps/libadler-eba61f23bb3cdb48.rlib" "/opt/rustwide/target/debug/deps/libobject-9032877007adf15c.rlib" "/opt/rustwide/target/debug/deps/liblibc-a3863744b2422075.rlib" "/opt/rustwide/target/debug/deps/libaddr2line-21893705b0d8abc8.rlib" "/opt/rustwide/target/debug/deps/libgimli-f171d86691d4b49e.rlib" "/opt/rustwide/target/debug/deps/libcfg_if-e7002d307f97bc56.rlib" "/opt/rustwide/target/debug/deps/librustc_demangle-880659badff80dc2.rlib" "/opt/rustwide/target/debug/deps/libcsv-38249eb6ebe3fd47.rlib" "/opt/rustwide/target/debug/deps/libryu-4b03a7708da1319d.rlib" "/opt/rustwide/target/debug/deps/libitoa-34968a9f29c36fec.rlib" "/opt/rustwide/target/debug/deps/libcsv_core-2c88207f8492a655.rlib" "/opt/rustwide/target/debug/deps/libmemchr-7d8051065d0bb56b.rlib" "/opt/rustwide/target/debug/deps/libserde-6f9c6aea593650bc.rlib" "/opt/rustwide/target/debug/deps/libchrono-d83908acf87cc48e.rlib" "/opt/rustwide/target/debug/deps/libnum_traits-cc64df6c73429046.rlib" "/opt/rustwide/target/debug/deps/libiana_time_zone-0d3ced6f0a9aca0f.rlib" "/opt/rustwide/rustup-home/toolchains/beta-2023-12-22-x86_64-unknown-linux-gnu/lib/rustlib/x86_64-unknown-linux-gnu/lib/libstd-0672489a78b613de.rlib" "/opt/rustwide/rustup-home/toolchains/beta-2023-12-22-x86_64-unknown-linux-gnu/lib/rustlib/x86_64-unknown-linux-gnu/lib/libpanic_unwind-7eb3ffc34a49f675.rlib" "/opt/rustwide/rustup-home/toolchains/beta-2023-12-22-x86_64-unknown-linux-gnu/lib/rustlib/x86_64-unknown-linux-gnu/lib/libobject-6478a9daa4bee8e2.rlib" "/opt/rustwide/rustup-home/toolchains/beta-2023-12-22-x86_64-unknown-linux-gnu/lib/rustlib/x86_64-unknown-linux-gnu/lib/libmemchr-0c75d871a5c3923d.rlib" "/opt/rustwide/rustup-home/toolchains/beta-2023-12-22-x86_64-unknown-linux-gnu/lib/rustlib/x86_64-unknown-linux-gnu/lib/libaddr2line-d163ef63ad37bb71.rlib" "/opt/rustwide/rustup-home/toolchains/beta-2023-12-22-x86_64-unknown-linux-gnu/lib/rustlib/x86_64-unknown-linux-gnu/lib/libgimli-8a3fd810a85b9f4c.rlib" "/opt/rustwide/rustup-home/toolchains/beta-2023-12-22-x86_64-unknown-linux-gnu/lib/rustlib/x86_64-unknown-linux-gnu/lib/librustc_demangle-462a2cde8c5dfc10.rlib" "/opt/rustwide/rustup-home/toolchains/beta-2023-12-22-x86_64-unknown-linux-gnu/lib/rustlib/x86_64-unknown-linux-gnu/lib/libstd_detect-cb06ac9f54713f71.rlib" "/opt/rustwide/rustup-home/toolchains/beta-2023-12-22-x86_64-unknown-linux-gnu/lib/rustlib/x86_64-unknown-linux-gnu/lib/libhashbrown-f20bfd1f8e59b393.rlib" "/opt/rustwide/rustup-home/toolchains/beta-2023-12-22-x86_64-unknown-linux-gnu/lib/rustlib/x86_64-unknown-linux-gnu/lib/librustc_std_workspace_alloc-1ef460949b49da4b.rlib" "/opt/rustwide/rustup-home/toolchains/beta-2023-12-22-x86_64-unknown-linux-gnu/lib/rustlib/x86_64-unknown-linux-gnu/lib/libminiz_oxide-2cb0c0ffe4f87514.rlib" "/opt/rustwide/rustup-home/toolchains/beta-2023-12-22-x86_64-unknown-linux-gnu/lib/rustlib/x86_64-unknown-linux-gnu/lib/libadler-58d841eb322a11a2.rlib" "/opt/rustwide/rustup-home/toolchains/beta-2023-12-22-x86_64-unknown-linux-gnu/lib/rustlib/x86_64-unknown-linux-gnu/lib/libunwind-aa2ae0b0a9d11533.rlib" "/opt/rustwide/rustup-home/toolchains/beta-2023-12-22-x86_64-unknown-linux-gnu/lib/rustlib/x86_64-unknown-linux-gnu/lib/libcfg_if-23874e15830ed336.rlib" "/opt/rustwide/rustup-home/toolchains/beta-2023-12-22-x86_64-unknown-linux-gnu/lib/rustlib/x86_64-unknown-linux-gnu/lib/liblibc-e47cddc003bce885.rlib" "/opt/rustwide/rustup-home/toolchains/beta-2023-12-22-x86_64-unknown-linux-gnu/lib/rustlib/x86_64-unknown-linux-gnu/lib/liballoc-c22b13b48a8f128e.rlib" "/opt/rustwide/rustup-home/toolchains/beta-2023-12-22-x86_64-unknown-linux-gnu/lib/rustlib/x86_64-unknown-linux-gnu/lib/librustc_std_workspace_core-e46bc3da6d7c462f.rlib" "/opt/rustwide/rustup-home/toolchains/beta-2023-12-22-x86_64-unknown-linux-gnu/lib/rustlib/x86_64-unknown-linux-gnu/lib/libcore-8d1ac131d3cb2645.rlib" "/opt/rustwide/rustup-home/toolchains/beta-2023-12-22-x86_64-unknown-linux-gnu/lib/rustlib/x86_64-unknown-linux-gnu/lib/libcompiler_builtins-a1b43df8c6899c1f.rlib" "-Wl,-Bdynamic" "-lssl" "-lcrypto" "-lgcc_s" "-lutil" "-lrt" "-lpthread" "-lm" "-ldl" "-lc" "-Wl,--eh-frame-hdr" "-Wl,-z,noexecstack" "-L" "/opt/rustwide/rustup-home/toolchains/beta-2023-12-22-x86_64-unknown-linux-gnu/lib/rustlib/x86_64-unknown-linux-gnu/lib" "-o" "/tmp/rustdoctestnfcw3C/rust_out" "-Wl,--gc-sections" "-pie" "-Wl,-z,relro,-z,now" "-nodefaultlibs"
[INFO] [stdout]   = note: collect2: fatal error: ld terminated with signal 9 [Killed]
[INFO] [stdout]           compilation terminated.
[INFO] [stdout]           
[INFO] [stdout] 
[INFO] [stdout] error: aborting due to 1 previous error
[INFO] [stdout] 
[INFO] [stdout] Couldn't compile the test.
[INFO] [stdout] ---- src/builder.rs - builder::ModelBuilder::vj (line 54) stdout ----
[INFO] [stdout] error: linking with `cc` failed: exit status: 1
[INFO] [stdout]   |
[INFO] [stdout]   = note: LC_ALL="C" PATH="/opt/rustwide/rustup-home/toolchains/beta-2023-12-22-x86_64-unknown-linux-gnu/lib/rustlib/x86_64-unknown-linux-gnu/bin:/opt/rustwide/cargo-home/bin:/usr/local/sbin:/usr/local/bin:/usr/sbin:/usr/bin:/sbin:/bin" VSLANG="1033" "cc" "-m64" "/tmp/rustcfWyK6p/symbols.o" "/tmp/rustdoctestsBg4XD/rust_out.rust_out.1380c8ea7c88b8e2-cgu.0.rcgu.o" "/tmp/rustdoctestsBg4XD/rust_out.3lr6z6385pynyhem.rcgu.o" "-Wl,--as-needed" "-L" "/opt/rustwide/target/debug/deps" "-L" "/opt/rustwide/target/debug/deps" "-L" "/opt/rustwide/target/debug/build/bzip2-sys-bab3cb3d5e5f6628/out/lib" "-L" "/opt/rustwide/rustup-home/toolchains/beta-2023-12-22-x86_64-unknown-linux-gnu/lib/rustlib/x86_64-unknown-linux-gnu/lib" "-Wl,-Bstatic" "/opt/rustwide/target/debug/deps/libtransit_model_builder-2eb307a6a806eb3c.rlib" "/opt/rustwide/target/debug/deps/libtransit_model-fd6bbd6278f31e02.rlib" "/opt/rustwide/target/debug/deps/libreqwest-77fa75e192b7a4d1.rlib" "/opt/rustwide/target/debug/deps/libuuid-15ae9b3fe86c45ec.rlib" "/opt/rustwide/target/debug/deps/librand-703b2a928402378b.rlib" "/opt/rustwide/target/debug/deps/librand_xorshift-fddfb659da58e4bf.rlib" "/opt/rustwide/target/debug/deps/librand_pcg-469b12f1257a3006.rlib" "/opt/rustwide/target/debug/deps/librand_hc-04e4f418b9ab77db.rlib" "/opt/rustwide/target/debug/deps/librand_chacha-78ae6272db5d33a8.rlib" "/opt/rustwide/target/debug/deps/librand_isaac-0a7dc632816af8d7.rlib" "/opt/rustwide/target/debug/deps/librand_core-93fd6fb9d20da204.rlib" "/opt/rustwide/target/debug/deps/librand_os-89526e7110ae1ee4.rlib" "/opt/rustwide/target/debug/deps/librand_jitter-628645d750895e52.rlib" "/opt/rustwide/target/debug/deps/librand_core-1adf33305417fb82.rlib" "/opt/rustwide/target/debug/deps/libserde_urlencoded-d7b833e995d1b66a.rlib" "/opt/rustwide/target/debug/deps/libdtoa-12091a2276cdb1a6.rlib" "/opt/rustwide/target/debug/deps/libmime_guess-8f52b5360560672e.rlib" "/opt/rustwide/target/debug/deps/libunicase-cb1165946b287cbf.rlib" "/opt/rustwide/target/debug/deps/libmime-a9df5a780629fb7d.rlib" "/opt/rustwide/target/debug/deps/libhyper_tls-01ee91df8af2b7d3.rlib" "/opt/rustwide/target/debug/deps/libnative_tls-27c771cfaf9fbca4.rlib" "/opt/rustwide/target/debug/deps/libopenssl_probe-01da96bec2dfd166.rlib" "/opt/rustwide/target/debug/deps/libopenssl-f052ea9f0a52d891.rlib" "/opt/rustwide/target/debug/deps/libonce_cell-334d739f4e3a4961.rlib" "/opt/rustwide/target/debug/deps/libforeign_types-34162016ad32c65c.rlib" "/opt/rustwide/target/debug/deps/libforeign_types_shared-6c481fa47d8ef87b.rlib" "/opt/rustwide/target/debug/deps/libopenssl_sys-91e4c4d93a344417.rlib" "/opt/rustwide/target/debug/deps/libhyper-1d2f819d5eeae50c.rlib" "/opt/rustwide/target/debug/deps/libwant-f9deb728609e6537.rlib" "/opt/rustwide/target/debug/deps/libtry_lock-61552f3200b10770.rlib" "/opt/rustwide/target/debug/deps/libtokio-4924845de0228c34.rlib" "/opt/rustwide/target/debug/deps/libtokio_timer-95b6883e43f8ae79.rlib" "/opt/rustwide/target/debug/deps/libtokio_threadpool-9702804fa067f93c.rlib" "/opt/rustwide/target/debug/deps/libcrossbeam_queue-69cfc0c615cdfbcb.rlib" "/opt/rustwide/target/debug/deps/libcrossbeam_deque-b5ace0bfc480f607.rlib" "/opt/rustwide/target/debug/deps/libcrossbeam_epoch-0c3985f000be774a.rlib" "/opt/rustwide/target/debug/deps/libmemoffset-6a1519d63a7d13cb.rlib" "/opt/rustwide/target/debug/deps/libtokio_tcp-34920986cc4f6b42.rlib" "/opt/rustwide/target/debug/deps/libtokio_reactor-00f5f3d108a1d7fc.rlib" "/opt/rustwide/target/debug/deps/libtokio_sync-8198c264564a8d25.rlib" "/opt/rustwide/target/debug/deps/libparking_lot-c1b48faddf116c33.rlib" "/opt/rustwide/target/debug/deps/libparking_lot_core-340aa6b240c10465.rlib" "/opt/rustwide/target/debug/deps/libsmallvec-eafb20b88e9b2b51.rlib" "/opt/rustwide/target/debug/deps/libmaybe_uninit-28ff06c455fb66db.rlib" "/opt/rustwide/target/debug/deps/liblock_api-ebbb9309bca5176b.rlib" "/opt/rustwide/target/debug/deps/libscopeguard-f937485db0060aca.rlib" "/opt/rustwide/target/debug/deps/libtokio_current_thread-ff6735076ee4eeb2.rlib" "/opt/rustwide/target/debug/deps/libtokio_executor-fb4c34bb267d814d.rlib" "/opt/rustwide/target/debug/deps/libcrossbeam_utils-52e6e479da9af301.rlib" "/opt/rustwide/target/debug/deps/libmio-5bfa81580e5b8653.rlib" "/opt/rustwide/target/debug/deps/libnet2-a23bfc54abc44489.rlib" "/opt/rustwide/target/debug/deps/libhttparse-2dbc320ca65411a3.rlib" "/opt/rustwide/target/debug/deps/libhttp_body-f36ac2754b715e9f.rlib" "/opt/rustwide/target/debug/deps/libtokio_buf-b03fa751ea918170.rlib" "/opt/rustwide/target/debug/deps/libh2-2551735f4793217a.rlib" "/opt/rustwide/target/debug/deps/libindexmap-62fedebfd28271ec.rlib" "/opt/rustwide/target/debug/deps/libhashbrown-e273ba0f8cdcbe5b.rlib" "/opt/rustwide/target/debug/deps/libstring-f96be8eabff8067b.rlib" "/opt/rustwide/target/debug/deps/libslab-0a39a638bccea296.rlib" "/opt/rustwide/target/debug/deps/libtokio_io-bcc49e7688c2c04d.rlib" "/opt/rustwide/target/debug/deps/libfutures_cpupool-2359cd2bb87da025.rlib" "/opt/rustwide/target/debug/deps/libhttp-8dcd2a5c4570e8ef.rlib" "/opt/rustwide/target/debug/deps/libitoa-a2832f2392deebad.rlib" "/opt/rustwide/target/debug/deps/libfnv-953831fe314029b4.rlib" "/opt/rustwide/target/debug/deps/libfutures-cad31b25443ec5c2.rlib" "/opt/rustwide/target/debug/deps/libcookie_store-2d850a515166c601.rlib" "/opt/rustwide/target/debug/deps/libpublicsuffix-8065df99b14c61c1.rlib" "/opt/rustwide/target/debug/deps/libidna-1bb5aa3007696aca.rlib" "/opt/rustwide/target/debug/deps/liburl-256d5b2214fecede.rlib" "/opt/rustwide/target/debug/deps/libidna-9fbc936cfa26c0d2.rlib" "/opt/rustwide/target/debug/deps/libform_urlencoded-00b3292b537cfa9a.rlib" "/opt/rustwide/target/debug/deps/libpercent_encoding-9ca315f6c750067f.rlib" "/opt/rustwide/target/debug/deps/libtry_from-3e67d348194645bb.rlib" "/opt/rustwide/target/debug/deps/libcfg_if-e83968822db62928.rlib" "/opt/rustwide/target/debug/deps/libcookie-729f65b275141cff.rlib" "/opt/rustwide/target/debug/deps/liburl-b7e8506f15bc6729.rlib" "/opt/rustwide/target/debug/deps/libpercent_encoding-39f007c0633ec8a6.rlib" "/opt/rustwide/target/debug/deps/libidna-9c132200a865b598.rlib" "/opt/rustwide/target/debug/deps/libunicode_normalization-6720ecd938ebfb2b.rlib" "/opt/rustwide/target/debug/deps/libtinyvec-dcbbce603bc23510.rlib" "/opt/rustwide/target/debug/deps/libtinyvec_macros-333661e3b238a9a3.rlib" "/opt/rustwide/target/debug/deps/libunicode_bidi-1d5be417c01f34b2.rlib" "/opt/rustwide/target/debug/deps/libmatches-59081526691d27d6.rlib" "/opt/rustwide/target/debug/deps/libbytes-16e0d6180091cd36.rlib" "/opt/rustwide/target/debug/deps/libeither-bc25dbceced3a40f.rlib" "/opt/rustwide/target/debug/deps/libiovec-70e2ab2d95fddf8e.rlib" "/opt/rustwide/target/debug/deps/libbase64-7ae3f4974b235e08.rlib" "/opt/rustwide/target/debug/deps/libbyteorder-6ac88002c46ec63a.rlib" "/opt/rustwide/target/debug/deps/libiso4217-aeb8f4520aed5965.rlib" "/opt/rustwide/target/debug/deps/libpretty_assertions-8670dd1ca45bcb32.rlib" "/opt/rustwide/target/debug/deps/libdifference-547350eca1f9acdf.rlib" "/opt/rustwide/target/debug/deps/libansi_term-14a6b62054212c8d.rlib" "/opt/rustwide/target/debug/deps/libtempfile-3c92f0bdabe20a70.rlib" "/opt/rustwide/target/debug/deps/libfastrand-c5a132108b9e8ad0.rlib" "/opt/rustwide/target/debug/deps/librustix-0267f2b02c01beef.rlib" "/opt/rustwide/target/debug/deps/libbitflags-52f05aea2267c407.rlib" "/opt/rustwide/target/debug/deps/liblinux_raw_sys-5bf670d0b82b06d1.rlib" "/opt/rustwide/target/debug/deps/libstructopt-3a281be24591cc8d.rlib" "/opt/rustwide/target/debug/deps/libclap-8ec6999e281f4c6c.rlib" "/opt/rustwide/target/debug/deps/libvec_map-5b55b3a0782d93d8.rlib" "/opt/rustwide/target/debug/deps/libtextwrap-098e3ca032784738.rlib" "/opt/rustwide/target/debug/deps/libunicode_width-0ea374cdbf7c3a56.rlib" "/opt/rustwide/target/debug/deps/libstrsim-3564df42f0a90568.rlib" "/opt/rustwide/target/debug/deps/libbitflags-85e13ed1e0c6d910.rlib" "/opt/rustwide/target/debug/deps/libatty-63f22be39ba661e3.rlib" "/opt/rustwide/target/debug/deps/libansi_term-f435e404af61098a.rlib" "/opt/rustwide/target/debug/deps/libserde_json-c47608b218f6df39.rlib" "/opt/rustwide/target/debug/deps/libminidom-16714afe7cdea828.rlib" "/opt/rustwide/target/debug/deps/libquick_xml-b2b134f7d7506c94.rlib" "/opt/rustwide/target/debug/deps/libencoding_rs-4339e23ae7924400.rlib" "/opt/rustwide/target/debug/deps/liblazy_static-efa3519517df6cf0.rlib" "/opt/rustwide/target/debug/deps/libzip-624ca078d581fc08.rlib" "/opt/rustwide/target/debug/deps/libpodio-5180dc203d23ff60.rlib" "/opt/rustwide/target/debug/deps/libmsdos_time-ee6c0df534b326d9.rlib" "/opt/rustwide/target/debug/deps/libtime-6bed3dcdc312a431.rlib" "/opt/rustwide/target/debug/deps/libflate2-1be562fe8436f093.rlib" "/opt/rustwide/target/debug/deps/libcrc32fast-dbea8ee6fb11ce73.rlib" "/opt/rustwide/target/debug/deps/libbzip2-ccc90108775085dc.rlib" "/opt/rustwide/target/debug/deps/libbzip2_sys-bef91eb30ea54ab3.rlib" "/opt/rustwide/target/debug/deps/libwkt-bea1cad2da882ea2.rlib" "/opt/rustwide/target/debug/deps/libwalkdir-55706bb0eac46bcc.rlib" "/opt/rustwide/target/debug/deps/libsame_file-5e62a1af5be346fb.rlib" "/opt/rustwide/target/debug/deps/librust_decimal-839878742d7e24bb.rlib" "/opt/rustwide/target/debug/deps/libarrayvec-8dae9714ba2cbe70.rlib" "/opt/rustwide/target/debug/deps/liblog-2cf4a51dfa4e790a.rlib" "/opt/rustwide/target/debug/deps/libgeo_types-77ab38f5b0686b6a.rlib" "/opt/rustwide/target/debug/deps/librstar-bd4e5e2466251ba7.rlib" "/opt/rustwide/target/debug/deps/libpdqselect-c871144b4067f251.rlib" "/opt/rustwide/target/debug/deps/libthreadpool-3c1a505b91541e73.rlib" "/opt/rustwide/target/debug/deps/libnum_cpus-aef0cfcece38ac8d.rlib" "/opt/rustwide/target/debug/deps/libfailure-1a202e14c0a1118e.rlib" "/opt/rustwide/target/debug/deps/libbacktrace-a91f45e6df86267e.rlib" "/opt/rustwide/target/debug/deps/libminiz_oxide-fdd9e74574a7bd2a.rlib" "/opt/rustwide/target/debug/deps/libadler-eba61f23bb3cdb48.rlib" "/opt/rustwide/target/debug/deps/libobject-9032877007adf15c.rlib" "/opt/rustwide/target/debug/deps/liblibc-a3863744b2422075.rlib" "/opt/rustwide/target/debug/deps/libaddr2line-21893705b0d8abc8.rlib" "/opt/rustwide/target/debug/deps/libgimli-f171d86691d4b49e.rlib" "/opt/rustwide/target/debug/deps/libcfg_if-e7002d307f97bc56.rlib" "/opt/rustwide/target/debug/deps/librustc_demangle-880659badff80dc2.rlib" "/opt/rustwide/target/debug/deps/libcsv-38249eb6ebe3fd47.rlib" "/opt/rustwide/target/debug/deps/libryu-4b03a7708da1319d.rlib" "/opt/rustwide/target/debug/deps/libitoa-34968a9f29c36fec.rlib" "/opt/rustwide/target/debug/deps/libcsv_core-2c88207f8492a655.rlib" "/opt/rustwide/target/debug/deps/libmemchr-7d8051065d0bb56b.rlib" "/opt/rustwide/target/debug/deps/libserde-6f9c6aea593650bc.rlib" "/opt/rustwide/target/debug/deps/libchrono-d83908acf87cc48e.rlib" "/opt/rustwide/target/debug/deps/libnum_traits-cc64df6c73429046.rlib" "/opt/rustwide/target/debug/deps/libiana_time_zone-0d3ced6f0a9aca0f.rlib" "/opt/rustwide/rustup-home/toolchains/beta-2023-12-22-x86_64-unknown-linux-gnu/lib/rustlib/x86_64-unknown-linux-gnu/lib/libstd-0672489a78b613de.rlib" "/opt/rustwide/rustup-home/toolchains/beta-2023-12-22-x86_64-unknown-linux-gnu/lib/rustlib/x86_64-unknown-linux-gnu/lib/libpanic_unwind-7eb3ffc34a49f675.rlib" "/opt/rustwide/rustup-home/toolchains/beta-2023-12-22-x86_64-unknown-linux-gnu/lib/rustlib/x86_64-unknown-linux-gnu/lib/libobject-6478a9daa4bee8e2.rlib" "/opt/rustwide/rustup-home/toolchains/beta-2023-12-22-x86_64-unknown-linux-gnu/lib/rustlib/x86_64-unknown-linux-gnu/lib/libmemchr-0c75d871a5c3923d.rlib" "/opt/rustwide/rustup-home/toolchains/beta-2023-12-22-x86_64-unknown-linux-gnu/lib/rustlib/x86_64-unknown-linux-gnu/lib/libaddr2line-d163ef63ad37bb71.rlib" "/opt/rustwide/rustup-home/toolchains/beta-2023-12-22-x86_64-unknown-linux-gnu/lib/rustlib/x86_64-unknown-linux-gnu/lib/libgimli-8a3fd810a85b9f4c.rlib" "/opt/rustwide/rustup-home/toolchains/beta-2023-12-22-x86_64-unknown-linux-gnu/lib/rustlib/x86_64-unknown-linux-gnu/lib/librustc_demangle-462a2cde8c5dfc10.rlib" "/opt/rustwide/rustup-home/toolchains/beta-2023-12-22-x86_64-unknown-linux-gnu/lib/rustlib/x86_64-unknown-linux-gnu/lib/libstd_detect-cb06ac9f54713f71.rlib" "/opt/rustwide/rustup-home/toolchains/beta-2023-12-22-x86_64-unknown-linux-gnu/lib/rustlib/x86_64-unknown-linux-gnu/lib/libhashbrown-f20bfd1f8e59b393.rlib" "/opt/rustwide/rustup-home/toolchains/beta-2023-12-22-x86_64-unknown-linux-gnu/lib/rustlib/x86_64-unknown-linux-gnu/lib/librustc_std_workspace_alloc-1ef460949b49da4b.rlib" "/opt/rustwide/rustup-home/toolchains/beta-2023-12-22-x86_64-unknown-linux-gnu/lib/rustlib/x86_64-unknown-linux-gnu/lib/libminiz_oxide-2cb0c0ffe4f87514.rlib" "/opt/rustwide/rustup-home/toolchains/beta-2023-12-22-x86_64-unknown-linux-gnu/lib/rustlib/x86_64-unknown-linux-gnu/lib/libadler-58d841eb322a11a2.rlib" "/opt/rustwide/rustup-home/toolchains/beta-2023-12-22-x86_64-unknown-linux-gnu/lib/rustlib/x86_64-unknown-linux-gnu/lib/libunwind-aa2ae0b0a9d11533.rlib" "/opt/rustwide/rustup-home/toolchains/beta-2023-12-22-x86_64-unknown-linux-gnu/lib/rustlib/x86_64-unknown-linux-gnu/lib/libcfg_if-23874e15830ed336.rlib" "/opt/rustwide/rustup-home/toolchains/beta-2023-12-22-x86_64-unknown-linux-gnu/lib/rustlib/x86_64-unknown-linux-gnu/lib/liblibc-e47cddc003bce885.rlib" "/opt/rustwide/rustup-home/toolchains/beta-2023-12-22-x86_64-unknown-linux-gnu/lib/rustlib/x86_64-unknown-linux-gnu/lib/liballoc-c22b13b48a8f128e.rlib" "/opt/rustwide/rustup-home/toolchains/beta-2023-12-22-x86_64-unknown-linux-gnu/lib/rustlib/x86_64-unknown-linux-gnu/lib/librustc_std_workspace_core-e46bc3da6d7c462f.rlib" "/opt/rustwide/rustup-home/toolchains/beta-2023-12-22-x86_64-unknown-linux-gnu/lib/rustlib/x86_64-unknown-linux-gnu/lib/libcore-8d1ac131d3cb2645.rlib" "/opt/rustwide/rustup-home/toolchains/beta-2023-12-22-x86_64-unknown-linux-gnu/lib/rustlib/x86_64-unknown-linux-gnu/lib/libcompiler_builtins-a1b43df8c6899c1f.rlib" "-Wl,-Bdynamic" "-lssl" "-lcrypto" "-lgcc_s" "-lutil" "-lrt" "-lpthread" "-lm" "-ldl" "-lc" "-Wl,--eh-frame-hdr" "-Wl,-z,noexecstack" "-L" "/opt/rustwide/rustup-home/toolchains/beta-2023-12-22-x86_64-unknown-linux-gnu/lib/rustlib/x86_64-unknown-linux-gnu/lib" "-o" "/tmp/rustdoctestsBg4XD/rust_out" "-Wl,--gc-sections" "-pie" "-Wl,-z,relro,-z,now" "-nodefaultlibs"
[INFO] [stdout]   = note: collect2: fatal error: ld terminated with signal 9 [Killed]
[INFO] [stdout]           compilation terminated.
[INFO] [stdout]           
[INFO] [stdout] 
[INFO] [stdout] error: aborting due to 1 previous error
[INFO] [stdout] 
[INFO] [stdout] Couldn't compile the test.
[INFO] [stdout] 
[INFO] [stdout] failures:
[INFO] [stdout]     src/builder.rs - builder (line 19)
[INFO] [stdout]     src/builder.rs - builder::ModelBuilder::calendar (line 120)
[INFO] [stdout]     src/builder.rs - builder::ModelBuilder::route (line 92)
[INFO] [stdout]     src/builder.rs - builder::ModelBuilder::vj (line 54)
[INFO] [stdout] 
[INFO] [stdout] test result: FAILED. 3 passed; 4 failed; 0 ignored; 0 measured; 0 filtered out; finished in 6.49s
[INFO] [stdout] 
[INFO] [stderr] error: doctest failed, to rerun pass `--doc`
[INFO] running `Command { std: "docker" "inspect" "da9d3f9a0912ad577b0f29f4dd9f4b8725bc52def9334dc82d674eb240bbc56b", kill_on_drop: false }`
[INFO] running `Command { std: "docker" "rm" "-f" "da9d3f9a0912ad577b0f29f4dd9f4b8725bc52def9334dc82d674eb240bbc56b", kill_on_drop: false }`
[INFO] [stdout] da9d3f9a0912ad577b0f29f4dd9f4b8725bc52def9334dc82d674eb240bbc56b
