[INFO] fetching crate tracing-cloudwatch 0.1.4...
[INFO] testing tracing-cloudwatch-0.1.4 against 1.75.0 for beta-1.76-1
[INFO] extracting crate tracing-cloudwatch 0.1.4 into /workspace/builds/worker-1-tc1/source
[INFO] validating manifest of crates.io crate tracing-cloudwatch 0.1.4 on toolchain 1.75.0
[INFO] running `Command { std: CARGO_HOME="/workspace/cargo-home" RUSTUP_HOME="/workspace/rustup-home" "/workspace/cargo-home/bin/cargo" "+1.75.0" "metadata" "--manifest-path" "Cargo.toml" "--no-deps", kill_on_drop: false }`
[INFO] started tweaking crates.io crate tracing-cloudwatch 0.1.4
[INFO] finished tweaking crates.io crate tracing-cloudwatch 0.1.4
[INFO] tweaked toml for crates.io crate tracing-cloudwatch 0.1.4 written to /workspace/builds/worker-1-tc1/source/Cargo.toml
[INFO] crate crates.io crate tracing-cloudwatch 0.1.4 already has a lockfile, it will not be regenerated
[INFO] running `Command { std: CARGO_HOME="/workspace/cargo-home" RUSTUP_HOME="/workspace/rustup-home" "/workspace/cargo-home/bin/cargo" "+1.75.0" "fetch" "--manifest-path" "Cargo.toml", kill_on_drop: false }`
[INFO] [stderr]     Updating crates.io index
[INFO] [stderr]  Downloading crates ...
[INFO] [stderr]   Downloaded rusoto_logs v0.48.0
[INFO] [stderr]   Downloaded ring v0.17.4
[INFO] [stderr]   Downloaded aws-sdk-cloudwatchlogs v0.31.2
[INFO] running `Command { std: "docker" "create" "-v" "/var/lib/crater-agent-workspace/builds/worker-1-tc1/target:/opt/rustwide/target:rw,Z" "-v" "/var/lib/crater-agent-workspace/builds/worker-1-tc1/source:/opt/rustwide/workdir:ro,Z" "-v" "/var/lib/crater-agent-workspace/cargo-home:/opt/rustwide/cargo-home:ro,Z" "-v" "/var/lib/crater-agent-workspace/rustup-home:/opt/rustwide/rustup-home:ro,Z" "-e" "SOURCE_DIR=/opt/rustwide/workdir" "-e" "CARGO_TARGET_DIR=/opt/rustwide/target" "-e" "CARGO_HOME=/opt/rustwide/cargo-home" "-e" "RUSTUP_HOME=/opt/rustwide/rustup-home" "-w" "/opt/rustwide/workdir" "-m" "1610612736" "--user" "0:0" "--network" "none" "ghcr.io/rust-lang/crates-build-env/linux@sha256:2788e3201cd34a07e3172128adcd8b3090168a8e3bcc40d7c032b9dda1df7d1c" "/opt/rustwide/cargo-home/bin/cargo" "+1.75.0" "metadata" "--no-deps" "--format-version=1", kill_on_drop: false }`
[INFO] [stdout] f4b72963f5a837eef475839b9f62bcf620ec11b47027925ec1f1c066ff922ee2
[INFO] running `Command { std: "docker" "start" "-a" "f4b72963f5a837eef475839b9f62bcf620ec11b47027925ec1f1c066ff922ee2", kill_on_drop: false }`
[INFO] running `Command { std: "docker" "inspect" "f4b72963f5a837eef475839b9f62bcf620ec11b47027925ec1f1c066ff922ee2", kill_on_drop: false }`
[INFO] running `Command { std: "docker" "rm" "-f" "f4b72963f5a837eef475839b9f62bcf620ec11b47027925ec1f1c066ff922ee2", kill_on_drop: false }`
[INFO] [stdout] f4b72963f5a837eef475839b9f62bcf620ec11b47027925ec1f1c066ff922ee2
[INFO] running `Command { std: "docker" "create" "-v" "/var/lib/crater-agent-workspace/builds/worker-1-tc1/target:/opt/rustwide/target:rw,Z" "-v" "/var/lib/crater-agent-workspace/builds/worker-1-tc1/source:/opt/rustwide/workdir:ro,Z" "-v" "/var/lib/crater-agent-workspace/cargo-home:/opt/rustwide/cargo-home:ro,Z" "-v" "/var/lib/crater-agent-workspace/rustup-home:/opt/rustwide/rustup-home:ro,Z" "-e" "SOURCE_DIR=/opt/rustwide/workdir" "-e" "CARGO_TARGET_DIR=/opt/rustwide/target" "-e" "CARGO_INCREMENTAL=0" "-e" "RUST_BACKTRACE=full" "-e" "RUSTFLAGS=--cap-lints=warn" "-e" "RUSTDOCFLAGS=--cap-lints=warn" "-e" "CARGO_HOME=/opt/rustwide/cargo-home" "-e" "RUSTUP_HOME=/opt/rustwide/rustup-home" "-w" "/opt/rustwide/workdir" "-m" "1610612736" "--user" "0:0" "--network" "none" "ghcr.io/rust-lang/crates-build-env/linux@sha256:2788e3201cd34a07e3172128adcd8b3090168a8e3bcc40d7c032b9dda1df7d1c" "/opt/rustwide/cargo-home/bin/cargo" "+1.75.0" "build" "--frozen" "--message-format=json", kill_on_drop: false }`
[INFO] [stdout] 98203935b517beec4260b12436f708b53cd943761cb56cddf74dc416e7c2514e
[INFO] running `Command { std: "docker" "start" "-a" "98203935b517beec4260b12436f708b53cd943761cb56cddf74dc416e7c2514e", kill_on_drop: false }`
[INFO] [stderr]    Compiling once_cell v1.18.0
[INFO] [stderr]    Compiling thiserror v1.0.49
[INFO] [stderr]    Compiling num-traits v0.2.17
[INFO] [stderr]    Compiling async-trait v0.1.74
[INFO] [stderr]    Compiling iana-time-zone v0.1.58
[INFO] [stderr]    Compiling sharded-slab v0.1.7
[INFO] [stderr]    Compiling syn v2.0.38
[INFO] [stderr]    Compiling tracing-core v0.1.32
[INFO] [stderr]    Compiling thread_local v1.1.7
[INFO] [stderr]    Compiling tracing v0.1.40
[INFO] [stderr]    Compiling tracing-subscriber v0.3.17
[INFO] [stderr]    Compiling chrono v0.4.31
[INFO] [stderr]    Compiling tokio-macros v2.1.0
[INFO] [stderr]    Compiling thiserror-impl v1.0.49
[INFO] [stderr]    Compiling tokio v1.33.0
[INFO] [stderr]    Compiling tracing-cloudwatch v0.1.4 (/opt/rustwide/workdir)
[INFO] [stderr]     Finished dev [unoptimized + debuginfo] target(s) in 5.53s
[INFO] running `Command { std: "docker" "inspect" "98203935b517beec4260b12436f708b53cd943761cb56cddf74dc416e7c2514e", kill_on_drop: false }`
[INFO] running `Command { std: "docker" "rm" "-f" "98203935b517beec4260b12436f708b53cd943761cb56cddf74dc416e7c2514e", kill_on_drop: false }`
[INFO] [stdout] 98203935b517beec4260b12436f708b53cd943761cb56cddf74dc416e7c2514e
[INFO] running `Command { std: "docker" "create" "-v" "/var/lib/crater-agent-workspace/builds/worker-1-tc1/target:/opt/rustwide/target:rw,Z" "-v" "/var/lib/crater-agent-workspace/builds/worker-1-tc1/source:/opt/rustwide/workdir:ro,Z" "-v" "/var/lib/crater-agent-workspace/cargo-home:/opt/rustwide/cargo-home:ro,Z" "-v" "/var/lib/crater-agent-workspace/rustup-home:/opt/rustwide/rustup-home:ro,Z" "-e" "SOURCE_DIR=/opt/rustwide/workdir" "-e" "CARGO_TARGET_DIR=/opt/rustwide/target" "-e" "CARGO_INCREMENTAL=0" "-e" "RUST_BACKTRACE=full" "-e" "RUSTFLAGS=--cap-lints=warn" "-e" "RUSTDOCFLAGS=--cap-lints=warn" "-e" "CARGO_HOME=/opt/rustwide/cargo-home" "-e" "RUSTUP_HOME=/opt/rustwide/rustup-home" "-w" "/opt/rustwide/workdir" "-m" "1610612736" "--user" "0:0" "--network" "none" "ghcr.io/rust-lang/crates-build-env/linux@sha256:2788e3201cd34a07e3172128adcd8b3090168a8e3bcc40d7c032b9dda1df7d1c" "/opt/rustwide/cargo-home/bin/cargo" "+1.75.0" "test" "--frozen" "--no-run" "--message-format=json", kill_on_drop: false }`
[INFO] [stdout] 92f8151ed2a6949bd43f0dc138e8bcd243fc6f9a55a44007cf74abb1156229af
[INFO] running `Command { std: "docker" "start" "-a" "92f8151ed2a6949bd43f0dc138e8bcd243fc6f9a55a44007cf74abb1156229af", kill_on_drop: false }`
[INFO] [stderr]    Compiling libc v0.2.149
[INFO] [stderr]    Compiling futures-core v0.3.28
[INFO] [stderr]    Compiling futures-task v0.3.28
[INFO] [stderr]    Compiling futures-util v0.3.28
[INFO] [stderr]    Compiling outref v0.5.1
[INFO] [stderr]    Compiling num-traits v0.2.17
[INFO] [stderr]    Compiling num-integer v0.1.45
[INFO] [stderr]    Compiling indexmap v1.9.3
[INFO] [stderr]    Compiling deranged v0.3.9
[INFO] [stderr]    Compiling fnv v1.0.7
[INFO] [stderr]    Compiling vsimd v0.8.0
[INFO] [stderr]    Compiling futures-sink v0.3.28
[INFO] [stderr]    Compiling hashbrown v0.12.3
[INFO] [stderr]    Compiling syn v2.0.38
[INFO] [stderr]    Compiling httparse v1.8.0
[INFO] [stderr]    Compiling http v0.2.9
[INFO] [stderr]    Compiling futures-channel v0.3.28
[INFO] [stderr]    Compiling try-lock v0.2.4
[INFO] [stderr]    Compiling tower-service v0.3.2
[INFO] [stderr]    Compiling want v0.3.1
[INFO] [stderr]    Compiling httpdate v1.0.3
[INFO] [stderr]    Compiling untrusted v0.7.1
[INFO] [stderr]    Compiling percent-encoding v2.3.0
[INFO] [stderr]    Compiling bytes-utils v0.1.3
[INFO] [stderr]    Compiling rustls v0.21.7
[INFO] [stderr]    Compiling semver v1.0.20
[INFO] [stderr]    Compiling base64-simd v0.8.0
[INFO] [stderr]    Compiling rustls-pemfile v1.0.3
[INFO] [stderr]    Compiling openssl-probe v0.1.5
[INFO] [stderr]    Compiling tower-layer v0.3.2
[INFO] [stderr]    Compiling fastrand v2.0.1
[INFO] [stderr]    Compiling subtle v2.4.1
[INFO] [stderr]    Compiling rustls-native-certs v0.6.3
[INFO] [stderr]    Compiling zeroize v1.6.0
[INFO] [stderr]    Compiling digest v0.10.7
[INFO] [stderr]    Compiling regex-syntax v0.8.2
[INFO] [stderr]    Compiling form_urlencoded v1.2.0
[INFO] [stderr]    Compiling uuid v1.5.0
[INFO] [stderr]    Compiling xmlparser v0.13.6
[INFO] [stderr]    Compiling http-body v0.4.5
[INFO] [stderr]    Compiling sha2 v0.10.8
[INFO] [stderr]    Compiling hmac v0.12.1
[INFO] [stderr]    Compiling time v0.3.30
[INFO] [stderr]    Compiling overload v0.1.1
[INFO] [stderr]    Compiling tracing-log v0.1.3
[INFO] [stderr]    Compiling rustc_version v0.4.0
[INFO] [stderr]    Compiling nu-ansi-term v0.46.0
[INFO] [stderr]    Compiling aws-smithy-xml v0.56.1
[INFO] [stderr]    Compiling socket2 v0.5.4
[INFO] [stderr]    Compiling num_cpus v1.16.0
[INFO] [stderr]    Compiling mio v0.8.8
[INFO] [stderr]    Compiling cc v1.0.83
[INFO] [stderr]    Compiling socket2 v0.4.9
[INFO] [stderr]    Compiling aws-types v0.56.1
[INFO] [stderr]    Compiling tracing-subscriber v0.3.17
[INFO] [stderr]    Compiling chrono v0.4.31
[INFO] [stderr]    Compiling ring v0.16.20
[INFO] [stderr]    Compiling aws-smithy-types v0.56.1
[INFO] [stderr]    Compiling regex-automata v0.4.3
[INFO] [stderr]    Compiling aws-smithy-json v0.56.1
[INFO] [stderr]    Compiling aws-smithy-query v0.56.1
[INFO] [stderr]    Compiling tokio-macros v2.1.0
[INFO] [stderr]    Compiling tracing-attributes v0.1.27
[INFO] [stderr]    Compiling futures-macro v0.3.28
[INFO] [stderr]    Compiling pin-project-internal v1.1.3
[INFO] [stderr]    Compiling thiserror-impl v1.0.49
[INFO] [stderr]    Compiling async-trait v0.1.74
[INFO] [stderr]    Compiling regex v1.10.2
[INFO] [stderr]    Compiling tokio v1.33.0
[INFO] [stderr]    Compiling thiserror v1.0.49
[INFO] [stderr]    Compiling pin-project v1.1.3
[INFO] [stderr]    Compiling tracing v0.1.40
[INFO] [stderr]    Compiling rustls-webpki v0.101.6
[INFO] [stderr]    Compiling sct v0.7.0
[INFO] [stderr]    Compiling tokio-util v0.7.9
[INFO] [stderr]    Compiling tokio-stream v0.1.14
[INFO] [stderr]    Compiling tower v0.4.13
[INFO] [stderr]    Compiling tracing-cloudwatch v0.1.4 (/opt/rustwide/workdir)
[INFO] [stderr]    Compiling aws-smithy-async v0.56.1
[INFO] [stderr]    Compiling aws-credential-types v0.56.1
[INFO] [stderr]    Compiling tokio-rustls v0.24.1
[INFO] [stderr]    Compiling h2 v0.3.21
[INFO] [stderr]    Compiling hyper v0.14.27
[INFO] [stderr]    Compiling aws-smithy-http v0.56.1
[INFO] [stderr]    Compiling hyper-rustls v0.24.1
[INFO] [stderr]    Compiling aws-smithy-http-tower v0.56.1
[INFO] [stderr]    Compiling aws-smithy-runtime-api v0.56.1
[INFO] [stderr]    Compiling aws-sigv4 v0.56.1
[INFO] [stderr]    Compiling aws-smithy-client v0.56.1
[INFO] [stderr]    Compiling aws-smithy-runtime v0.56.1
[INFO] [stderr]    Compiling aws-http v0.56.1
[INFO] [stderr]    Compiling aws-runtime v0.56.1
[INFO] [stderr]    Compiling aws-sdk-sso v0.30.0
[INFO] [stderr]    Compiling aws-sdk-sts v0.30.0
[INFO] [stderr]    Compiling aws-config v0.56.1
[INFO] [stderr]     Finished test [unoptimized + debuginfo] target(s) in 31.06s
[INFO] running `Command { std: "docker" "inspect" "92f8151ed2a6949bd43f0dc138e8bcd243fc6f9a55a44007cf74abb1156229af", kill_on_drop: false }`
[INFO] running `Command { std: "docker" "rm" "-f" "92f8151ed2a6949bd43f0dc138e8bcd243fc6f9a55a44007cf74abb1156229af", kill_on_drop: false }`
[INFO] [stdout] 92f8151ed2a6949bd43f0dc138e8bcd243fc6f9a55a44007cf74abb1156229af
[INFO] running `Command { std: "docker" "create" "-v" "/var/lib/crater-agent-workspace/builds/worker-1-tc1/target:/opt/rustwide/target:rw,Z" "-v" "/var/lib/crater-agent-workspace/builds/worker-1-tc1/source:/opt/rustwide/workdir:ro,Z" "-v" "/var/lib/crater-agent-workspace/cargo-home:/opt/rustwide/cargo-home:ro,Z" "-v" "/var/lib/crater-agent-workspace/rustup-home:/opt/rustwide/rustup-home:ro,Z" "-e" "SOURCE_DIR=/opt/rustwide/workdir" "-e" "CARGO_TARGET_DIR=/opt/rustwide/target" "-e" "CARGO_INCREMENTAL=0" "-e" "RUST_BACKTRACE=full" "-e" "RUSTFLAGS=--cap-lints=warn" "-e" "RUSTDOCFLAGS=--cap-lints=warn" "-e" "CARGO_HOME=/opt/rustwide/cargo-home" "-e" "RUSTUP_HOME=/opt/rustwide/rustup-home" "-w" "/opt/rustwide/workdir" "-m" "1610612736" "--user" "0:0" "--network" "none" "ghcr.io/rust-lang/crates-build-env/linux@sha256:2788e3201cd34a07e3172128adcd8b3090168a8e3bcc40d7c032b9dda1df7d1c" "/opt/rustwide/cargo-home/bin/cargo" "+1.75.0" "test" "--frozen", kill_on_drop: false }`
[INFO] [stdout] f4e6c1412b96b04caca43a8368af7b532fcc32051cd467a5af90e9b5459fe0f2
[INFO] running `Command { std: "docker" "start" "-a" "f4e6c1412b96b04caca43a8368af7b532fcc32051cd467a5af90e9b5459fe0f2", kill_on_drop: false }`
[INFO] [stderr]     Finished test [unoptimized + debuginfo] target(s) in 0.24s
[INFO] [stderr]      Running unittests src/lib.rs (/opt/rustwide/target/debug/deps/tracing_cloudwatch-7e1393c18906586d)
[INFO] [stdout] 
[INFO] [stdout] running 1 test
[INFO] [stdout] test layer::tests::format ... ok
[INFO] [stdout] 
[INFO] [stdout] test result: ok. 1 passed; 0 failed; 0 ignored; 0 measured; 0 filtered out; finished in 0.00s
[INFO] [stdout] 
[INFO] [stderr]    Doc-tests tracing-cloudwatch
[INFO] [stdout] 
[INFO] [stdout] running 2 tests
[INFO] [stdout] test src/lib.rs - (line 37) ... FAILED
[INFO] [stdout] test src/lib.rs - (line 11) ... FAILED
[INFO] [stdout] 
[INFO] [stdout] failures:
[INFO] [stdout] 
[INFO] [stdout] ---- src/lib.rs - (line 37) stdout ----
[INFO] [stdout] error[E0433]: failed to resolve: use of undeclared crate or module `aws_sdk_cloudwatchlogs`
[INFO] [stdout]  --> src/lib.rs:44:21
[INFO] [stdout]   |
[INFO] [stdout] 9 |     let cw_client = aws_sdk_cloudwatchlogs::Client::new(&config);
[INFO] [stdout]   |                     ^^^^^^^^^^^^^^^^^^^^^^ use of undeclared crate or module `aws_sdk_cloudwatchlogs`
[INFO] [stdout]   |
[INFO] [stdout] help: consider importing this struct
[INFO] [stdout]   |
[INFO] [stdout] 4 + use aws_config::imds::Client;
[INFO] [stdout]   |
[INFO] [stdout] help: if you import `Client`, refer to it directly
[INFO] [stdout]   |
[INFO] [stdout] 9 -     let cw_client = aws_sdk_cloudwatchlogs::Client::new(&config);
[INFO] [stdout] 9 +     let cw_client = Client::new(&config);
[INFO] [stdout]   |
[INFO] [stdout] 
[INFO] [stdout] error: aborting due to previous error
[INFO] [stdout] 
[INFO] [stdout] For more information about this error, try `rustc --explain E0433`.
[INFO] [stdout] Couldn't compile the test.
[INFO] [stdout] ---- src/lib.rs - (line 11) stdout ----
[INFO] [stdout] error[E0433]: failed to resolve: use of undeclared crate or module `rusoto_logs`
[INFO] [stdout]  --> src/lib.rs:17:21
[INFO] [stdout]   |
[INFO] [stdout] 8 |     let cw_client = rusoto_logs::CloudWatchLogsClient::new(rusoto_core::Region::ApNortheast1);
[INFO] [stdout]   |                     ^^^^^^^^^^^ use of undeclared crate or module `rusoto_logs`
[INFO] [stdout] 
[INFO] [stdout] error[E0433]: failed to resolve: use of undeclared crate or module `rusoto_core`
[INFO] [stdout]  --> src/lib.rs:17:60
[INFO] [stdout]   |
[INFO] [stdout] 8 |     let cw_client = rusoto_logs::CloudWatchLogsClient::new(rusoto_core::Region::ApNortheast1);
[INFO] [stdout]   |                                                            ^^^^^^^^^^^ use of undeclared crate or module `rusoto_core`
[INFO] [stdout] 
[INFO] [stdout] error: aborting due to 2 previous errors
[INFO] [stdout] 
[INFO] [stdout] For more information about this error, try `rustc --explain E0433`.
[INFO] [stdout] Couldn't compile the test.
[INFO] [stdout] 
[INFO] [stdout] failures:
[INFO] [stdout]     src/lib.rs - (line 11)
[INFO] [stdout]     src/lib.rs - (line 37)
[INFO] [stdout] 
[INFO] [stdout] test result: FAILED. 0 passed; 2 failed; 0 ignored; 0 measured; 0 filtered out; finished in 0.19s
[INFO] [stdout] 
[INFO] [stderr] error: doctest failed, to rerun pass `--doc`
[INFO] running `Command { std: "docker" "inspect" "f4e6c1412b96b04caca43a8368af7b532fcc32051cd467a5af90e9b5459fe0f2", kill_on_drop: false }`
[INFO] running `Command { std: "docker" "rm" "-f" "f4e6c1412b96b04caca43a8368af7b532fcc32051cd467a5af90e9b5459fe0f2", kill_on_drop: false }`
[INFO] [stdout] f4e6c1412b96b04caca43a8368af7b532fcc32051cd467a5af90e9b5459fe0f2
