[INFO] fetching crate traceback-error 0.1.9...
[INFO] testing traceback-error-0.1.9 against 1.75.0 for beta-1.76-1
[INFO] extracting crate traceback-error 0.1.9 into /workspace/builds/worker-7-tc1/source
[INFO] validating manifest of crates.io crate traceback-error 0.1.9 on toolchain 1.75.0
[INFO] running `Command { std: CARGO_HOME="/workspace/cargo-home" RUSTUP_HOME="/workspace/rustup-home" "/workspace/cargo-home/bin/cargo" "+1.75.0" "metadata" "--manifest-path" "Cargo.toml" "--no-deps", kill_on_drop: false }`
[INFO] started tweaking crates.io crate traceback-error 0.1.9
[INFO] finished tweaking crates.io crate traceback-error 0.1.9
[INFO] tweaked toml for crates.io crate traceback-error 0.1.9 written to /workspace/builds/worker-7-tc1/source/Cargo.toml
[INFO] running `Command { std: CARGO_HOME="/workspace/cargo-home" RUSTUP_HOME="/workspace/rustup-home" "/workspace/cargo-home/bin/cargo" "+1.75.0" "generate-lockfile" "--manifest-path" "Cargo.toml", kill_on_drop: false }`
[INFO] [stderr]     Updating crates.io index
[INFO] running `Command { std: CARGO_HOME="/workspace/cargo-home" RUSTUP_HOME="/workspace/rustup-home" "/workspace/cargo-home/bin/cargo" "+1.75.0" "fetch" "--manifest-path" "Cargo.toml", kill_on_drop: false }`
[INFO] [stderr]  Downloading crates ...
[INFO] [stderr]   Downloaded unique-paste v0.1.0
[INFO] running `Command { std: "docker" "create" "-v" "/var/lib/crater-agent-workspace/builds/worker-7-tc1/target:/opt/rustwide/target:rw,Z" "-v" "/var/lib/crater-agent-workspace/builds/worker-7-tc1/source:/opt/rustwide/workdir:ro,Z" "-v" "/var/lib/crater-agent-workspace/cargo-home:/opt/rustwide/cargo-home:ro,Z" "-v" "/var/lib/crater-agent-workspace/rustup-home:/opt/rustwide/rustup-home:ro,Z" "-e" "SOURCE_DIR=/opt/rustwide/workdir" "-e" "CARGO_TARGET_DIR=/opt/rustwide/target" "-e" "CARGO_HOME=/opt/rustwide/cargo-home" "-e" "RUSTUP_HOME=/opt/rustwide/rustup-home" "-w" "/opt/rustwide/workdir" "-m" "1610612736" "--user" "0:0" "--network" "none" "ghcr.io/rust-lang/crates-build-env/linux@sha256:2788e3201cd34a07e3172128adcd8b3090168a8e3bcc40d7c032b9dda1df7d1c" "/opt/rustwide/cargo-home/bin/cargo" "+1.75.0" "metadata" "--no-deps" "--format-version=1", kill_on_drop: false }`
[INFO] [stdout] 28743cc33cd5f66baa2ede136079a1925191bee25ff6b5710d3490ff8f83b96b
[INFO] running `Command { std: "docker" "start" "-a" "28743cc33cd5f66baa2ede136079a1925191bee25ff6b5710d3490ff8f83b96b", kill_on_drop: false }`
[INFO] running `Command { std: "docker" "inspect" "28743cc33cd5f66baa2ede136079a1925191bee25ff6b5710d3490ff8f83b96b", kill_on_drop: false }`
[INFO] running `Command { std: "docker" "rm" "-f" "28743cc33cd5f66baa2ede136079a1925191bee25ff6b5710d3490ff8f83b96b", kill_on_drop: false }`
[INFO] [stdout] 28743cc33cd5f66baa2ede136079a1925191bee25ff6b5710d3490ff8f83b96b
[INFO] running `Command { std: "docker" "create" "-v" "/var/lib/crater-agent-workspace/builds/worker-7-tc1/target:/opt/rustwide/target:rw,Z" "-v" "/var/lib/crater-agent-workspace/builds/worker-7-tc1/source:/opt/rustwide/workdir:ro,Z" "-v" "/var/lib/crater-agent-workspace/cargo-home:/opt/rustwide/cargo-home:ro,Z" "-v" "/var/lib/crater-agent-workspace/rustup-home:/opt/rustwide/rustup-home:ro,Z" "-e" "SOURCE_DIR=/opt/rustwide/workdir" "-e" "CARGO_TARGET_DIR=/opt/rustwide/target" "-e" "CARGO_INCREMENTAL=0" "-e" "RUST_BACKTRACE=full" "-e" "RUSTFLAGS=--cap-lints=warn" "-e" "RUSTDOCFLAGS=--cap-lints=warn" "-e" "CARGO_HOME=/opt/rustwide/cargo-home" "-e" "RUSTUP_HOME=/opt/rustwide/rustup-home" "-w" "/opt/rustwide/workdir" "-m" "1610612736" "--user" "0:0" "--network" "none" "ghcr.io/rust-lang/crates-build-env/linux@sha256:2788e3201cd34a07e3172128adcd8b3090168a8e3bcc40d7c032b9dda1df7d1c" "/opt/rustwide/cargo-home/bin/cargo" "+1.75.0" "build" "--frozen" "--message-format=json", kill_on_drop: false }`
[INFO] [stdout] f4ac0aa01601f08a047e958fa391007aa33f7b89e58bf3e1b6fe0a02eb125247
[INFO] running `Command { std: "docker" "start" "-a" "f4ac0aa01601f08a047e958fa391007aa33f7b89e58bf3e1b6fe0a02eb125247", kill_on_drop: false }`
[INFO] [stderr]    Compiling serde v1.0.194
[INFO] [stderr]    Compiling unique-paste v0.1.0
[INFO] [stderr]    Compiling serde_json v1.0.111
[INFO] [stderr]    Compiling once_cell v1.19.0
[INFO] [stderr]    Compiling num-traits v0.2.17
[INFO] [stderr]    Compiling iana-time-zone v0.1.59
[INFO] [stderr]    Compiling ryu v1.0.16
[INFO] [stderr]    Compiling syn v2.0.48
[INFO] [stderr]    Compiling serde_derive v1.0.194
[INFO] [stderr]    Compiling chrono v0.4.31
[INFO] [stderr]    Compiling traceback-error v0.1.9 (/opt/rustwide/workdir)
[INFO] [stdout] warning: use of deprecated associated function `chrono::DateTime::<Tz>::from_utc`: Use TimeZone::from_utc_datetime() or DateTime::from_naive_utc_and_offset instead
[INFO] [stdout]    --> src/lib.rs:189:37
[INFO] [stdout]     |
[INFO] [stdout] 189 |             time_created: DateTime::from_utc(
[INFO] [stdout]     |                                     ^^^^^^^^
[INFO] [stdout]     |
[INFO] [stdout]     = note: `#[warn(deprecated)]` on by default
[INFO] [stdout] 
[INFO] [stdout] 
[INFO] [stdout] warning: use of deprecated method `chrono::DateTime::<Tz>::timestamp_nanos`: use `timestamp_nanos_opt()` instead
[INFO] [stdout]    --> src/lib.rs:482:33
[INFO] [stdout]     |
[INFO] [stdout] 482 |     let nanosecs = current_time.timestamp_nanos();
[INFO] [stdout]     |                                 ^^^^^^^^^^^^^^^
[INFO] [stdout] 
[INFO] [stdout] 
[INFO] [stdout] warning: 2 warnings emitted
[INFO] [stdout] 
[INFO] [stdout] 
[INFO] [stderr]     Finished dev [unoptimized + debuginfo] target(s) in 10.26s
[INFO] running `Command { std: "docker" "inspect" "f4ac0aa01601f08a047e958fa391007aa33f7b89e58bf3e1b6fe0a02eb125247", kill_on_drop: false }`
[INFO] running `Command { std: "docker" "rm" "-f" "f4ac0aa01601f08a047e958fa391007aa33f7b89e58bf3e1b6fe0a02eb125247", kill_on_drop: false }`
[INFO] [stdout] f4ac0aa01601f08a047e958fa391007aa33f7b89e58bf3e1b6fe0a02eb125247
[INFO] running `Command { std: "docker" "create" "-v" "/var/lib/crater-agent-workspace/builds/worker-7-tc1/target:/opt/rustwide/target:rw,Z" "-v" "/var/lib/crater-agent-workspace/builds/worker-7-tc1/source:/opt/rustwide/workdir:ro,Z" "-v" "/var/lib/crater-agent-workspace/cargo-home:/opt/rustwide/cargo-home:ro,Z" "-v" "/var/lib/crater-agent-workspace/rustup-home:/opt/rustwide/rustup-home:ro,Z" "-e" "SOURCE_DIR=/opt/rustwide/workdir" "-e" "CARGO_TARGET_DIR=/opt/rustwide/target" "-e" "CARGO_INCREMENTAL=0" "-e" "RUST_BACKTRACE=full" "-e" "RUSTFLAGS=--cap-lints=warn" "-e" "RUSTDOCFLAGS=--cap-lints=warn" "-e" "CARGO_HOME=/opt/rustwide/cargo-home" "-e" "RUSTUP_HOME=/opt/rustwide/rustup-home" "-w" "/opt/rustwide/workdir" "-m" "1610612736" "--user" "0:0" "--network" "none" "ghcr.io/rust-lang/crates-build-env/linux@sha256:2788e3201cd34a07e3172128adcd8b3090168a8e3bcc40d7c032b9dda1df7d1c" "/opt/rustwide/cargo-home/bin/cargo" "+1.75.0" "test" "--frozen" "--no-run" "--message-format=json", kill_on_drop: false }`
[INFO] [stdout] 65f9ca9948b9759b639f16c6becebed54cc13afebe457615a8d64e87862037c2
[INFO] running `Command { std: "docker" "start" "-a" "65f9ca9948b9759b639f16c6becebed54cc13afebe457615a8d64e87862037c2", kill_on_drop: false }`
[INFO] [stdout] warning: use of deprecated associated function `chrono::DateTime::<Tz>::from_utc`: Use TimeZone::from_utc_datetime() or DateTime::from_naive_utc_and_offset instead
[INFO] [stdout]    --> src/lib.rs:189:37
[INFO] [stdout]     |
[INFO] [stdout] 189 |             time_created: DateTime::from_utc(
[INFO] [stdout]     |                                     ^^^^^^^^
[INFO] [stdout]     |
[INFO] [stdout]     = note: `#[warn(deprecated)]` on by default
[INFO] [stdout] 
[INFO] [stdout] 
[INFO] [stdout] warning: use of deprecated method `chrono::DateTime::<Tz>::timestamp_nanos`: use `timestamp_nanos_opt()` instead
[INFO] [stdout]    --> src/lib.rs:482:33
[INFO] [stdout]     |
[INFO] [stdout] 482 |     let nanosecs = current_time.timestamp_nanos();
[INFO] [stdout]     |                                 ^^^^^^^^^^^^^^^
[INFO] [stdout] 
[INFO] [stdout] 
[INFO] [stderr]    Compiling traceback-error v0.1.9 (/opt/rustwide/workdir)
[INFO] [stdout] warning: 2 warnings emitted
[INFO] [stdout] 
[INFO] [stdout] 
[INFO] [stdout] warning: use of deprecated associated function `chrono::DateTime::<Tz>::from_utc`: Use TimeZone::from_utc_datetime() or DateTime::from_naive_utc_and_offset instead
[INFO] [stdout]    --> src/lib.rs:189:37
[INFO] [stdout]     |
[INFO] [stdout] 189 |             time_created: DateTime::from_utc(
[INFO] [stdout]     |                                     ^^^^^^^^
[INFO] [stdout]     |
[INFO] [stdout]     = note: `#[warn(deprecated)]` on by default
[INFO] [stdout] 
[INFO] [stdout] 
[INFO] [stdout] warning: use of deprecated method `chrono::DateTime::<Tz>::timestamp_nanos`: use `timestamp_nanos_opt()` instead
[INFO] [stdout]    --> src/lib.rs:482:33
[INFO] [stdout]     |
[INFO] [stdout] 482 |     let nanosecs = current_time.timestamp_nanos();
[INFO] [stdout]     |                                 ^^^^^^^^^^^^^^^
[INFO] [stdout] 
[INFO] [stdout] 
[INFO] [stdout] warning: 2 warnings emitted
[INFO] [stdout] 
[INFO] [stdout] 
[INFO] [stderr]     Finished test [unoptimized + debuginfo] target(s) in 0.32s
[INFO] running `Command { std: "docker" "inspect" "65f9ca9948b9759b639f16c6becebed54cc13afebe457615a8d64e87862037c2", kill_on_drop: false }`
[INFO] running `Command { std: "docker" "rm" "-f" "65f9ca9948b9759b639f16c6becebed54cc13afebe457615a8d64e87862037c2", kill_on_drop: false }`
[INFO] [stdout] 65f9ca9948b9759b639f16c6becebed54cc13afebe457615a8d64e87862037c2
[INFO] running `Command { std: "docker" "create" "-v" "/var/lib/crater-agent-workspace/builds/worker-7-tc1/target:/opt/rustwide/target:rw,Z" "-v" "/var/lib/crater-agent-workspace/builds/worker-7-tc1/source:/opt/rustwide/workdir:ro,Z" "-v" "/var/lib/crater-agent-workspace/cargo-home:/opt/rustwide/cargo-home:ro,Z" "-v" "/var/lib/crater-agent-workspace/rustup-home:/opt/rustwide/rustup-home:ro,Z" "-e" "SOURCE_DIR=/opt/rustwide/workdir" "-e" "CARGO_TARGET_DIR=/opt/rustwide/target" "-e" "CARGO_INCREMENTAL=0" "-e" "RUST_BACKTRACE=full" "-e" "RUSTFLAGS=--cap-lints=warn" "-e" "RUSTDOCFLAGS=--cap-lints=warn" "-e" "CARGO_HOME=/opt/rustwide/cargo-home" "-e" "RUSTUP_HOME=/opt/rustwide/rustup-home" "-w" "/opt/rustwide/workdir" "-m" "1610612736" "--user" "0:0" "--network" "none" "ghcr.io/rust-lang/crates-build-env/linux@sha256:2788e3201cd34a07e3172128adcd8b3090168a8e3bcc40d7c032b9dda1df7d1c" "/opt/rustwide/cargo-home/bin/cargo" "+1.75.0" "test" "--frozen", kill_on_drop: false }`
[INFO] [stdout] 2a335f72c30149f520f1cbe42f507df73176b3ef954b182dca38a9a5668f0496
[INFO] running `Command { std: "docker" "start" "-a" "2a335f72c30149f520f1cbe42f507df73176b3ef954b182dca38a9a5668f0496", kill_on_drop: false }`
[INFO] [stderr] warning: use of deprecated associated function `chrono::DateTime::<Tz>::from_utc`: Use TimeZone::from_utc_datetime() or DateTime::from_naive_utc_and_offset instead
[INFO] [stderr]    --> src/lib.rs:189:37
[INFO] [stderr]     |
[INFO] [stderr] 189 |             time_created: DateTime::from_utc(
[INFO] [stderr]     |                                     ^^^^^^^^
[INFO] [stderr]     |
[INFO] [stderr]     = note: `#[warn(deprecated)]` on by default
[INFO] [stderr] 
[INFO] [stderr] warning: use of deprecated method `chrono::DateTime::<Tz>::timestamp_nanos`: use `timestamp_nanos_opt()` instead
[INFO] [stderr]    --> src/lib.rs:482:33
[INFO] [stderr]     |
[INFO] [stderr] 482 |     let nanosecs = current_time.timestamp_nanos();
[INFO] [stderr]     |                                 ^^^^^^^^^^^^^^^
[INFO] [stderr] 
[INFO] [stderr] warning: `traceback-error` (lib) generated 2 warnings
[INFO] [stderr] warning: `traceback-error` (lib test) generated 2 warnings (2 duplicates)
[INFO] [stderr]     Finished test [unoptimized + debuginfo] target(s) in 0.01s
[INFO] [stderr]      Running unittests src/lib.rs (/opt/rustwide/target/debug/deps/traceback_error-7a7ef0925b68e47b)
[INFO] [stdout] 
[INFO] [stdout] running 0 tests
[INFO] [stdout] 
[INFO] [stdout] test result: ok. 0 passed; 0 failed; 0 ignored; 0 measured; 0 filtered out; finished in 0.00s
[INFO] [stdout] 
[INFO] [stderr]    Doc-tests traceback-error
[INFO] [stdout] 
[INFO] [stdout] running 11 tests
[INFO] [stdout] test src/lib.rs - TRACEBACK_ERROR_CALLBACK (line 36) ... FAILED
[INFO] [stdout] test src/lib.rs - default_callback (line 469) ... FAILED
[INFO] [stdout] test src/lib.rs - TRACEBACK_ERROR_CALLBACK (line 56) ... FAILED
[INFO] [stdout] test src/set_callback.rs - set_callback::set_traceback (line 49) ... FAILED
[INFO] [stdout] test src/set_callback.rs - set_callback::set_traceback (line 62) ... FAILED
[INFO] [stdout] test src/lib.rs - traceback (line 552) ... ok
[INFO] [stdout] test src/lib.rs - traceback (line 541) ... ok
[INFO] [stdout] test src/lib.rs - traceback (line 534) ... ok
[INFO] [stdout] test src/lib.rs - TracebackError (line 77) ... ok
[INFO] [stdout] test src/lib.rs - TracebackError::with_env_vars (line 305) ... ok
[INFO] [stdout] test src/lib.rs - traceback (line 562) ... ok
[INFO] [stdout] 
[INFO] [stdout] failures:
[INFO] [stdout] 
[INFO] [stdout] ---- src/lib.rs - TRACEBACK_ERROR_CALLBACK (line 36) stdout ----
[INFO] [stdout] error[E0425]: cannot find function `my_traceback_callback` in module `super`
[INFO] [stdout]   --> src/lib.rs:45:33
[INFO] [stdout]    |
[INFO] [stdout] 12 | traceback_error::set_traceback!(my_traceback_callback);
[INFO] [stdout]    |                                 ^^^^^^^^^^^^^^^^^^^^^ not found in `super`
[INFO] [stdout] 
[INFO] [stdout] error: aborting due to previous error
[INFO] [stdout] 
[INFO] [stdout] For more information about this error, try `rustc --explain E0425`.
[INFO] [stdout] Couldn't compile the test.
[INFO] [stdout] ---- src/lib.rs - default_callback (line 469) stdout ----
[INFO] [stdout] error[E0425]: cannot find function, tuple struct or tuple variant `None` in module `super`
[INFO] [stdout]  --> src/lib.rs:472:33
[INFO] [stdout]   |
[INFO] [stdout] 6 | traceback_error::set_traceback!(None);
[INFO] [stdout]   |                                 ^^^^ not found in `super`
[INFO] [stdout]   |
[INFO] [stdout]   = help: consider importing one of these items:
[INFO] [stdout]           chrono::LocalResult::None
[INFO] [stdout]           chrono::format::Colons::None
[INFO] [stdout]           chrono::format::Pad::None
[INFO] [stdout]           serde::__private::None
[INFO] [stdout]           serde::__private::de::Content::None
[INFO] [stdout]           std::option::Option::None
[INFO] [stdout]           core::option::Option::None
[INFO] [stdout] 
[INFO] [stdout] error: aborting due to previous error
[INFO] [stdout] 
[INFO] [stdout] For more information about this error, try `rustc --explain E0425`.
[INFO] [stdout] Couldn't compile the test.
[INFO] [stdout] ---- src/lib.rs - TRACEBACK_ERROR_CALLBACK (line 56) stdout ----
[INFO] [stdout] error[E0425]: cannot find function `my_async_traceback_callback` in module `super`
[INFO] [stdout]   --> src/lib.rs:65:39
[INFO] [stdout]    |
[INFO] [stdout] 12 | traceback_error::set_traceback!(async my_async_traceback_callback);
[INFO] [stdout]    |                                       ^^^^^^^^^^^^^^^^^^^^^^^^^^^ not found in `super`
[INFO] [stdout] 
[INFO] [stdout] error: aborting due to previous error
[INFO] [stdout] 
[INFO] [stdout] For more information about this error, try `rustc --explain E0425`.
[INFO] [stdout] Couldn't compile the test.
[INFO] [stdout] ---- src/set_callback.rs - set_callback::set_traceback (line 49) stdout ----
[INFO] [stdout] error[E0425]: cannot find function `my_traceback_callback` in module `super`
[INFO] [stdout]   --> src/set_callback.rs:58:33
[INFO] [stdout]    |
[INFO] [stdout] 12 | traceback_error::set_traceback!(my_traceback_callback);
[INFO] [stdout]    |                                 ^^^^^^^^^^^^^^^^^^^^^ not found in `super`
[INFO] [stdout] 
[INFO] [stdout] error: aborting due to previous error
[INFO] [stdout] 
[INFO] [stdout] For more information about this error, try `rustc --explain E0425`.
[INFO] [stdout] Couldn't compile the test.
[INFO] [stdout] ---- src/set_callback.rs - set_callback::set_traceback (line 62) stdout ----
[INFO] [stdout] error[E0425]: cannot find function `my_traceback_callback` in module `super`
[INFO] [stdout]   --> src/set_callback.rs:71:39
[INFO] [stdout]    |
[INFO] [stdout] 12 | traceback_error::set_traceback!(async my_traceback_callback);
[INFO] [stdout]    |                                       ^^^^^^^^^^^^^^^^^^^^^ not found in `super`
[INFO] [stdout] 
[INFO] [stdout] error: aborting due to previous error
[INFO] [stdout] 
[INFO] [stdout] For more information about this error, try `rustc --explain E0425`.
[INFO] [stdout] Couldn't compile the test.
[INFO] [stdout] 
[INFO] [stdout] failures:
[INFO] [stdout]     src/lib.rs - TRACEBACK_ERROR_CALLBACK (line 36)
[INFO] [stdout]     src/lib.rs - TRACEBACK_ERROR_CALLBACK (line 56)
[INFO] [stdout]     src/lib.rs - default_callback (line 469)
[INFO] [stdout]     src/set_callback.rs - set_callback::set_traceback (line 49)
[INFO] [stdout]     src/set_callback.rs - set_callback::set_traceback (line 62)
[INFO] [stdout] 
[INFO] [stdout] test result: FAILED. 6 passed; 5 failed; 0 ignored; 0 measured; 0 filtered out; finished in 0.36s
[INFO] [stdout] 
[INFO] [stderr] error: doctest failed, to rerun pass `--doc`
[INFO] running `Command { std: "docker" "inspect" "2a335f72c30149f520f1cbe42f507df73176b3ef954b182dca38a9a5668f0496", kill_on_drop: false }`
[INFO] running `Command { std: "docker" "rm" "-f" "2a335f72c30149f520f1cbe42f507df73176b3ef954b182dca38a9a5668f0496", kill_on_drop: false }`
[INFO] [stdout] 2a335f72c30149f520f1cbe42f507df73176b3ef954b182dca38a9a5668f0496
[INFO] testing traceback-error-0.1.9 against beta-2023-12-22 for beta-1.76-1
[INFO] extracting crate traceback-error 0.1.9 into /workspace/builds/worker-7-tc2/source
[INFO] validating manifest of crates.io crate traceback-error 0.1.9 on toolchain beta-2023-12-22
[INFO] running `Command { std: CARGO_HOME="/workspace/cargo-home" RUSTUP_HOME="/workspace/rustup-home" "/workspace/cargo-home/bin/cargo" "+beta-2023-12-22" "metadata" "--manifest-path" "Cargo.toml" "--no-deps", kill_on_drop: false }`
[INFO] started tweaking crates.io crate traceback-error 0.1.9
[INFO] finished tweaking crates.io crate traceback-error 0.1.9
[INFO] tweaked toml for crates.io crate traceback-error 0.1.9 written to /workspace/builds/worker-7-tc2/source/Cargo.toml
[INFO] running `Command { std: CARGO_HOME="/workspace/cargo-home" RUSTUP_HOME="/workspace/rustup-home" "/workspace/cargo-home/bin/cargo" "+beta-2023-12-22" "generate-lockfile" "--manifest-path" "Cargo.toml", kill_on_drop: false }`
[INFO] [stderr]     Updating crates.io index
[INFO] running `Command { std: CARGO_HOME="/workspace/cargo-home" RUSTUP_HOME="/workspace/rustup-home" "/workspace/cargo-home/bin/cargo" "+beta-2023-12-22" "fetch" "--manifest-path" "Cargo.toml", kill_on_drop: false }`
[INFO] running `Command { std: "docker" "create" "-v" "/var/lib/crater-agent-workspace/builds/worker-7-tc2/target:/opt/rustwide/target:rw,Z" "-v" "/var/lib/crater-agent-workspace/builds/worker-7-tc2/source:/opt/rustwide/workdir:ro,Z" "-v" "/var/lib/crater-agent-workspace/cargo-home:/opt/rustwide/cargo-home:ro,Z" "-v" "/var/lib/crater-agent-workspace/rustup-home:/opt/rustwide/rustup-home:ro,Z" "-e" "SOURCE_DIR=/opt/rustwide/workdir" "-e" "CARGO_TARGET_DIR=/opt/rustwide/target" "-e" "CARGO_HOME=/opt/rustwide/cargo-home" "-e" "RUSTUP_HOME=/opt/rustwide/rustup-home" "-w" "/opt/rustwide/workdir" "-m" "1610612736" "--user" "0:0" "--network" "none" "ghcr.io/rust-lang/crates-build-env/linux@sha256:2788e3201cd34a07e3172128adcd8b3090168a8e3bcc40d7c032b9dda1df7d1c" "/opt/rustwide/cargo-home/bin/cargo" "+beta-2023-12-22" "metadata" "--no-deps" "--format-version=1", kill_on_drop: false }`
[INFO] [stdout] 3495862377c620a18f0a5a348c29718968ed6dd97083d710e64ba1da95445060
[INFO] running `Command { std: "docker" "start" "-a" "3495862377c620a18f0a5a348c29718968ed6dd97083d710e64ba1da95445060", kill_on_drop: false }`
[INFO] running `Command { std: "docker" "inspect" "3495862377c620a18f0a5a348c29718968ed6dd97083d710e64ba1da95445060", kill_on_drop: false }`
[INFO] running `Command { std: "docker" "rm" "-f" "3495862377c620a18f0a5a348c29718968ed6dd97083d710e64ba1da95445060", kill_on_drop: false }`
[INFO] [stdout] 3495862377c620a18f0a5a348c29718968ed6dd97083d710e64ba1da95445060
[INFO] running `Command { std: "docker" "create" "-v" "/var/lib/crater-agent-workspace/builds/worker-7-tc2/target:/opt/rustwide/target:rw,Z" "-v" "/var/lib/crater-agent-workspace/builds/worker-7-tc2/source:/opt/rustwide/workdir:ro,Z" "-v" "/var/lib/crater-agent-workspace/cargo-home:/opt/rustwide/cargo-home:ro,Z" "-v" "/var/lib/crater-agent-workspace/rustup-home:/opt/rustwide/rustup-home:ro,Z" "-e" "SOURCE_DIR=/opt/rustwide/workdir" "-e" "CARGO_TARGET_DIR=/opt/rustwide/target" "-e" "CARGO_INCREMENTAL=0" "-e" "RUST_BACKTRACE=full" "-e" "RUSTFLAGS=--cap-lints=warn" "-e" "RUSTDOCFLAGS=--cap-lints=warn" "-e" "CARGO_HOME=/opt/rustwide/cargo-home" "-e" "RUSTUP_HOME=/opt/rustwide/rustup-home" "-w" "/opt/rustwide/workdir" "-m" "1610612736" "--user" "0:0" "--network" "none" "ghcr.io/rust-lang/crates-build-env/linux@sha256:2788e3201cd34a07e3172128adcd8b3090168a8e3bcc40d7c032b9dda1df7d1c" "/opt/rustwide/cargo-home/bin/cargo" "+beta-2023-12-22" "build" "--frozen" "--message-format=json", kill_on_drop: false }`
[INFO] [stdout] 6b33074de90b9fe8f8843a6775b2393206e97cd35059643203eb000d1242731a
[INFO] running `Command { std: "docker" "start" "-a" "6b33074de90b9fe8f8843a6775b2393206e97cd35059643203eb000d1242731a", kill_on_drop: false }`
[INFO] [stderr]    Compiling serde v1.0.194
[INFO] [stderr]    Compiling serde_json v1.0.111
[INFO] [stderr]    Compiling unique-paste v0.1.0
[INFO] [stderr]    Compiling ryu v1.0.16
[INFO] [stderr]    Compiling iana-time-zone v0.1.59
[INFO] [stderr]    Compiling num-traits v0.2.17
[INFO] [stderr]    Compiling once_cell v1.19.0
[INFO] [stderr]    Compiling syn v2.0.48
[INFO] [stderr]    Compiling serde_derive v1.0.194
[INFO] [stderr]    Compiling chrono v0.4.31
[INFO] [stderr]    Compiling traceback-error v0.1.9 (/opt/rustwide/workdir)
[INFO] [stdout] warning: use of deprecated associated function `chrono::DateTime::<Tz>::from_utc`: Use TimeZone::from_utc_datetime() or DateTime::from_naive_utc_and_offset instead
[INFO] [stdout]    --> src/lib.rs:189:37
[INFO] [stdout]     |
[INFO] [stdout] 189 |             time_created: DateTime::from_utc(
[INFO] [stdout]     |                                     ^^^^^^^^
[INFO] [stdout]     |
[INFO] [stdout]     = note: `#[warn(deprecated)]` on by default
[INFO] [stdout] 
[INFO] [stdout] 
[INFO] [stdout] warning: use of deprecated method `chrono::DateTime::<Tz>::timestamp_nanos`: use `timestamp_nanos_opt()` instead
[INFO] [stdout]    --> src/lib.rs:482:33
[INFO] [stdout]     |
[INFO] [stdout] 482 |     let nanosecs = current_time.timestamp_nanos();
[INFO] [stdout]     |                                 ^^^^^^^^^^^^^^^
[INFO] [stdout] 
[INFO] [stdout] 
[INFO] [stdout] warning: 2 warnings emitted
[INFO] [stdout] 
[INFO] [stdout] 
[INFO] [stderr]     Finished dev [unoptimized + debuginfo] target(s) in 7.48s
[INFO] running `Command { std: "docker" "inspect" "6b33074de90b9fe8f8843a6775b2393206e97cd35059643203eb000d1242731a", kill_on_drop: false }`
[INFO] running `Command { std: "docker" "rm" "-f" "6b33074de90b9fe8f8843a6775b2393206e97cd35059643203eb000d1242731a", kill_on_drop: false }`
[INFO] [stdout] 6b33074de90b9fe8f8843a6775b2393206e97cd35059643203eb000d1242731a
[INFO] running `Command { std: "docker" "create" "-v" "/var/lib/crater-agent-workspace/builds/worker-7-tc2/target:/opt/rustwide/target:rw,Z" "-v" "/var/lib/crater-agent-workspace/builds/worker-7-tc2/source:/opt/rustwide/workdir:ro,Z" "-v" "/var/lib/crater-agent-workspace/cargo-home:/opt/rustwide/cargo-home:ro,Z" "-v" "/var/lib/crater-agent-workspace/rustup-home:/opt/rustwide/rustup-home:ro,Z" "-e" "SOURCE_DIR=/opt/rustwide/workdir" "-e" "CARGO_TARGET_DIR=/opt/rustwide/target" "-e" "CARGO_INCREMENTAL=0" "-e" "RUST_BACKTRACE=full" "-e" "RUSTFLAGS=--cap-lints=warn" "-e" "RUSTDOCFLAGS=--cap-lints=warn" "-e" "CARGO_HOME=/opt/rustwide/cargo-home" "-e" "RUSTUP_HOME=/opt/rustwide/rustup-home" "-w" "/opt/rustwide/workdir" "-m" "1610612736" "--user" "0:0" "--network" "none" "ghcr.io/rust-lang/crates-build-env/linux@sha256:2788e3201cd34a07e3172128adcd8b3090168a8e3bcc40d7c032b9dda1df7d1c" "/opt/rustwide/cargo-home/bin/cargo" "+beta-2023-12-22" "test" "--frozen" "--no-run" "--message-format=json", kill_on_drop: false }`
[INFO] [stdout] 4ec863180fa2da92db0c017c0dd3d65c1132bcf900f225e7e2cad1221dbcea28
[INFO] running `Command { std: "docker" "start" "-a" "4ec863180fa2da92db0c017c0dd3d65c1132bcf900f225e7e2cad1221dbcea28", kill_on_drop: false }`
[INFO] [stdout] warning: use of deprecated associated function `chrono::DateTime::<Tz>::from_utc`: Use TimeZone::from_utc_datetime() or DateTime::from_naive_utc_and_offset instead
[INFO] [stdout]    --> src/lib.rs:189:37
[INFO] [stdout]     |
[INFO] [stdout] 189 |             time_created: DateTime::from_utc(
[INFO] [stdout]     |                                     ^^^^^^^^
[INFO] [stdout]     |
[INFO] [stdout]     = note: `#[warn(deprecated)]` on by default
[INFO] [stdout] 
[INFO] [stdout] 
[INFO] [stdout] warning: use of deprecated method `chrono::DateTime::<Tz>::timestamp_nanos`: use `timestamp_nanos_opt()` instead
[INFO] [stdout]    --> src/lib.rs:482:33
[INFO] [stdout]     |
[INFO] [stdout] 482 |     let nanosecs = current_time.timestamp_nanos();
[INFO] [stdout]     |                                 ^^^^^^^^^^^^^^^
[INFO] [stdout] 
[INFO] [stdout] 
[INFO] [stdout] warning: 2 warnings emitted
[INFO] [stdout] 
[INFO] [stdout] 
[INFO] [stderr]    Compiling traceback-error v0.1.9 (/opt/rustwide/workdir)
[INFO] [stdout] warning: use of deprecated associated function `chrono::DateTime::<Tz>::from_utc`: Use TimeZone::from_utc_datetime() or DateTime::from_naive_utc_and_offset instead
[INFO] [stdout]    --> src/lib.rs:189:37
[INFO] [stdout]     |
[INFO] [stdout] 189 |             time_created: DateTime::from_utc(
[INFO] [stdout]     |                                     ^^^^^^^^
[INFO] [stdout]     |
[INFO] [stdout]     = note: `#[warn(deprecated)]` on by default
[INFO] [stdout] 
[INFO] [stdout] 
[INFO] [stdout] warning: use of deprecated method `chrono::DateTime::<Tz>::timestamp_nanos`: use `timestamp_nanos_opt()` instead
[INFO] [stdout]    --> src/lib.rs:482:33
[INFO] [stdout]     |
[INFO] [stdout] 482 |     let nanosecs = current_time.timestamp_nanos();
[INFO] [stdout]     |                                 ^^^^^^^^^^^^^^^
[INFO] [stdout] 
[INFO] [stdout] 
[INFO] [stdout] warning: 2 warnings emitted
[INFO] [stdout] 
[INFO] [stdout] 
[INFO] [stderr]     Finished test [unoptimized + debuginfo] target(s) in 0.55s
[INFO] running `Command { std: "docker" "inspect" "4ec863180fa2da92db0c017c0dd3d65c1132bcf900f225e7e2cad1221dbcea28", kill_on_drop: false }`
[INFO] running `Command { std: "docker" "rm" "-f" "4ec863180fa2da92db0c017c0dd3d65c1132bcf900f225e7e2cad1221dbcea28", kill_on_drop: false }`
[INFO] [stdout] 4ec863180fa2da92db0c017c0dd3d65c1132bcf900f225e7e2cad1221dbcea28
[INFO] running `Command { std: "docker" "create" "-v" "/var/lib/crater-agent-workspace/builds/worker-7-tc2/target:/opt/rustwide/target:rw,Z" "-v" "/var/lib/crater-agent-workspace/builds/worker-7-tc2/source:/opt/rustwide/workdir:ro,Z" "-v" "/var/lib/crater-agent-workspace/cargo-home:/opt/rustwide/cargo-home:ro,Z" "-v" "/var/lib/crater-agent-workspace/rustup-home:/opt/rustwide/rustup-home:ro,Z" "-e" "SOURCE_DIR=/opt/rustwide/workdir" "-e" "CARGO_TARGET_DIR=/opt/rustwide/target" "-e" "CARGO_INCREMENTAL=0" "-e" "RUST_BACKTRACE=full" "-e" "RUSTFLAGS=--cap-lints=warn" "-e" "RUSTDOCFLAGS=--cap-lints=warn" "-e" "CARGO_HOME=/opt/rustwide/cargo-home" "-e" "RUSTUP_HOME=/opt/rustwide/rustup-home" "-w" "/opt/rustwide/workdir" "-m" "1610612736" "--user" "0:0" "--network" "none" "ghcr.io/rust-lang/crates-build-env/linux@sha256:2788e3201cd34a07e3172128adcd8b3090168a8e3bcc40d7c032b9dda1df7d1c" "/opt/rustwide/cargo-home/bin/cargo" "+beta-2023-12-22" "test" "--frozen", kill_on_drop: false }`
[INFO] [stdout] 9302d255b8579356afbad325bd5ef3af79d97ba0ba30a536e5a7355f6a3c5f40
[INFO] running `Command { std: "docker" "start" "-a" "9302d255b8579356afbad325bd5ef3af79d97ba0ba30a536e5a7355f6a3c5f40", kill_on_drop: false }`
[INFO] [stderr] warning: use of deprecated associated function `chrono::DateTime::<Tz>::from_utc`: Use TimeZone::from_utc_datetime() or DateTime::from_naive_utc_and_offset instead
[INFO] [stderr]    --> src/lib.rs:189:37
[INFO] [stderr]     |
[INFO] [stderr] 189 |             time_created: DateTime::from_utc(
[INFO] [stderr]     |                                     ^^^^^^^^
[INFO] [stderr]     |
[INFO] [stderr]     = note: `#[warn(deprecated)]` on by default
[INFO] [stderr] 
[INFO] [stderr] warning: use of deprecated method `chrono::DateTime::<Tz>::timestamp_nanos`: use `timestamp_nanos_opt()` instead
[INFO] [stderr]    --> src/lib.rs:482:33
[INFO] [stderr]     |
[INFO] [stderr] 482 |     let nanosecs = current_time.timestamp_nanos();
[INFO] [stderr]     |                                 ^^^^^^^^^^^^^^^
[INFO] [stderr] 
[INFO] [stderr] warning: `traceback-error` (lib) generated 2 warnings
[INFO] [stderr] warning: `traceback-error` (lib test) generated 2 warnings (2 duplicates)
[INFO] [stderr]     Finished test [unoptimized + debuginfo] target(s) in 0.02s
[INFO] [stderr]      Running unittests src/lib.rs (/opt/rustwide/target/debug/deps/traceback_error-d95815aa0912fc8e)
[INFO] [stdout] 
[INFO] [stdout] running 0 tests
[INFO] [stdout] 
[INFO] [stdout] test result: ok. 0 passed; 0 failed; 0 ignored; 0 measured; 0 filtered out; finished in 0.00s
[INFO] [stdout] 
[INFO] [stderr]    Doc-tests traceback-error
[INFO] [stdout] 
[INFO] [stdout] running 11 tests
[INFO] [stdout] test src/lib.rs - TRACEBACK_ERROR_CALLBACK (line 36) ... FAILED
[INFO] [stdout] test src/lib.rs - default_callback (line 469) ... FAILED
[INFO] [stdout] test src/lib.rs - TRACEBACK_ERROR_CALLBACK (line 56) ... FAILED
[INFO] [stdout] test src/set_callback.rs - set_callback::set_traceback (line 49) ... FAILED
[INFO] [stdout] test src/set_callback.rs - set_callback::set_traceback (line 62) ... FAILED
[INFO] [stdout] test src/lib.rs - traceback (line 541) ... ok
[INFO] [stdout] test src/lib.rs - traceback (line 552) ... ok
[INFO] [stdout] test src/lib.rs - TracebackError::with_env_vars (line 305) ... ok
[INFO] [stdout] test src/lib.rs - TracebackError (line 77) ... ok
[INFO] [stdout] test src/lib.rs - traceback (line 534) ... ok
[INFO] [stdout] test src/lib.rs - traceback (line 562) ... ok
[INFO] [stdout] 
[INFO] [stdout] failures:
[INFO] [stdout] 
[INFO] [stdout] ---- src/lib.rs - TRACEBACK_ERROR_CALLBACK (line 36) stdout ----
[INFO] [stdout] error[E0425]: cannot find function `my_traceback_callback` in module `super`
[INFO] [stdout]   --> src/lib.rs:45:33
[INFO] [stdout]    |
[INFO] [stdout] 12 | traceback_error::set_traceback!(my_traceback_callback);
[INFO] [stdout]    |                                 ^^^^^^^^^^^^^^^^^^^^^ not found in `super`
[INFO] [stdout] 
[INFO] [stdout] error: aborting due to 1 previous error
[INFO] [stdout] 
[INFO] [stdout] For more information about this error, try `rustc --explain E0425`.
[INFO] [stdout] Couldn't compile the test.
[INFO] [stdout] ---- src/lib.rs - default_callback (line 469) stdout ----
[INFO] [stdout] error[E0425]: cannot find function, tuple struct or tuple variant `None` in module `super`
[INFO] [stdout]  --> src/lib.rs:472:33
[INFO] [stdout]   |
[INFO] [stdout] 6 | traceback_error::set_traceback!(None);
[INFO] [stdout]   |                                 ^^^^ not found in `super`
[INFO] [stdout]   |
[INFO] [stdout]   = help: consider importing one of these items:
[INFO] [stdout]           chrono::LocalResult::None
[INFO] [stdout]           chrono::format::Colons::None
[INFO] [stdout]           chrono::format::Pad::None
[INFO] [stdout]           core::option::Option::None
[INFO] [stdout]           serde::__private::None
[INFO] [stdout]           serde::__private::de::Content::None
[INFO] [stdout]           std::option::Option::None
[INFO] [stdout] 
[INFO] [stdout] error: aborting due to 1 previous error
[INFO] [stdout] 
[INFO] [stdout] For more information about this error, try `rustc --explain E0425`.
[INFO] [stdout] Couldn't compile the test.
[INFO] [stdout] ---- src/lib.rs - TRACEBACK_ERROR_CALLBACK (line 56) stdout ----
[INFO] [stdout] error[E0425]: cannot find function `my_async_traceback_callback` in module `super`
[INFO] [stdout]   --> src/lib.rs:65:39
[INFO] [stdout]    |
[INFO] [stdout] 12 | traceback_error::set_traceback!(async my_async_traceback_callback);
[INFO] [stdout]    |                                       ^^^^^^^^^^^^^^^^^^^^^^^^^^^ not found in `super`
[INFO] [stdout] 
[INFO] [stdout] error: aborting due to 1 previous error
[INFO] [stdout] 
[INFO] [stdout] For more information about this error, try `rustc --explain E0425`.
[INFO] [stdout] Couldn't compile the test.
[INFO] [stdout] ---- src/set_callback.rs - set_callback::set_traceback (line 49) stdout ----
[INFO] [stdout] error[E0425]: cannot find function `my_traceback_callback` in module `super`
[INFO] [stdout]   --> src/set_callback.rs:58:33
[INFO] [stdout]    |
[INFO] [stdout] 12 | traceback_error::set_traceback!(my_traceback_callback);
[INFO] [stdout]    |                                 ^^^^^^^^^^^^^^^^^^^^^ not found in `super`
[INFO] [stdout] 
[INFO] [stdout] error: aborting due to 1 previous error
[INFO] [stdout] 
[INFO] [stdout] For more information about this error, try `rustc --explain E0425`.
[INFO] [stdout] Couldn't compile the test.
[INFO] [stdout] ---- src/set_callback.rs - set_callback::set_traceback (line 62) stdout ----
[INFO] [stdout] error[E0425]: cannot find function `my_traceback_callback` in module `super`
[INFO] [stdout]   --> src/set_callback.rs:71:39
[INFO] [stdout]    |
[INFO] [stdout] 12 | traceback_error::set_traceback!(async my_traceback_callback);
[INFO] [stdout]    |                                       ^^^^^^^^^^^^^^^^^^^^^ not found in `super`
[INFO] [stdout] 
[INFO] [stdout] error: aborting due to 1 previous error
[INFO] [stdout] 
[INFO] [stdout] For more information about this error, try `rustc --explain E0425`.
[INFO] [stdout] Couldn't compile the test.
[INFO] [stdout] 
[INFO] [stdout] failures:
[INFO] [stdout]     src/lib.rs - TRACEBACK_ERROR_CALLBACK (line 36)
[INFO] [stdout]     src/lib.rs - TRACEBACK_ERROR_CALLBACK (line 56)
[INFO] [stdout]     src/lib.rs - default_callback (line 469)
[INFO] [stdout]     src/set_callback.rs - set_callback::set_traceback (line 49)
[INFO] [stdout]     src/set_callback.rs - set_callback::set_traceback (line 62)
[INFO] [stdout] 
[INFO] [stdout] test result: FAILED. 6 passed; 5 failed; 0 ignored; 0 measured; 0 filtered out; finished in 0.65s
[INFO] [stdout] 
[INFO] [stderr] error: doctest failed, to rerun pass `--doc`
[INFO] running `Command { std: "docker" "inspect" "9302d255b8579356afbad325bd5ef3af79d97ba0ba30a536e5a7355f6a3c5f40", kill_on_drop: false }`
[INFO] running `Command { std: "docker" "rm" "-f" "9302d255b8579356afbad325bd5ef3af79d97ba0ba30a536e5a7355f6a3c5f40", kill_on_drop: false }`
[INFO] [stdout] 9302d255b8579356afbad325bd5ef3af79d97ba0ba30a536e5a7355f6a3c5f40
